Jul 31 23:31:29.405124 np0000006293 devstack@g-api.service[99796]: DEBUG glance.api.middleware.version_negotiation [None req-af0ac8ea-a3ac-4f2a-87ec-c7fe19bfb6be tempest-TaggedBootDevicesTest_v242-460567849 tempest-TaggedBootDevicesTest_v242-460567849-project-member] new path /v2/schemas/image {{(pid=99796) process_request /opt/stack/glance/glance/api/middleware/version_negotiation.py:70}}
Jul 31 23:31:29.407848 np0000006293 devstack@g-api.service[99796]: [pid: 99796|app: 0|req: 18/47] 127.0.0.1 () {44 vars in 1055 bytes} [Fri Jul 31 23:31:29 2026] GET /v2/schemas/image => generated 6083 bytes in 4 msecs (HTTP/1.1 200) 4 headers in 158 bytes (1 switches on core 0)
Jul 31 23:31:29.655911 np0000006293 devstack@g-api.service[99797]: [pid: 99797|app: 0|req: 14/48] 127.0.0.1 () {42 vars in 786 bytes} [Fri Jul 31 23:31:28 2026] POST /v2/images => generated 690 bytes in 847 msecs (HTTP/1.1 201) 6 headers in 315 bytes (1 switches on core 0)
Jul 31 23:31:29.668756 np0000006293 devstack@g-api.service[99796]: DEBUG glance.api.middleware.version_negotiation [None req-af0ac8ea-a3ac-4f2a-87ec-c7fe19bfb6be tempest-TaggedBootDevicesTest_v242-460567849 tempest-TaggedBootDevicesTest_v242-460567849-project-member] Determining version of request: PUT /v2/images/a97b99ce-37b1-471f-9592-31bb096c2070/file Accept: {{(pid=99796) process_request /opt/stack/glance/glance/api/middleware/version_negotiation.py:44}}
Jul 31 23:31:29.668756 np0000006293 devstack@g-api.service[99796]: DEBUG glance.api.middleware.version_negotiation [None req-af0ac8ea-a3ac-4f2a-87ec-c7fe19bfb6be tempest-TaggedBootDevicesTest_v242-460567849 tempest-TaggedBootDevicesTest_v242-460567849-project-member] Using url versioning {{(pid=99796) process_request /opt/stack/glance/glance/api/middleware/version_negotiation.py:57}}
Jul 31 23:31:29.668756 np0000006293 devstack@g-api.service[99796]: DEBUG glance.api.middleware.version_negotiation [None req-af0ac8ea-a3ac-4f2a-87ec-c7fe19bfb6be tempest-TaggedBootDevicesTest_v242-460567849 tempest-TaggedBootDevicesTest_v242-460567849-project-member] Matched version: v2 {{(pid=99796) process_request /opt/stack/glance/glance/api/middleware/version_negotiation.py:69}}
Jul 31 23:31:29.668756 np0000006293 devstack@g-api.service[99796]: DEBUG glance.api.middleware.version_negotiation [None req-af0ac8ea-a3ac-4f2a-87ec-c7fe19bfb6be tempest-TaggedBootDevicesTest_v242-460567849 tempest-TaggedBootDevicesTest_v242-460567849-project-member] new path /v2/images/a97b99ce-37b1-471f-9592-31bb096c2070/file {{(pid=99796) process_request /opt/stack/glance/glance/api/middleware/version_negotiation.py:70}}
Jul 31 23:31:29.745103 np0000006293 devstack@g-api.service[99798]: [pid: 99798|app: 0|req: 17/49] 127.0.0.1 () {40 vars in 848 bytes} [Fri Jul 31 23:31:28 2026] GET /v2/images/d45783c3-2361-4156-97ec-7729b87c6233/file => generated 21692416 bytes in 1289 msecs (HTTP/1.1 200) 5 headers in 217 bytes (341 switches on core 0)
Jul 31 23:31:30.438791 np0000006293 devstack@g-api.service[99797]: DEBUG glance.api.middleware.version_negotiation [None req-579d8aa2-d343-4b9a-99fc-184557818fa6 tempest-AttachSCSIVolumeTestJSON-1699037616 tempest-AttachSCSIVolumeTestJSON-1699037616-project-admin] Determining version of request: GET /v2/images/d45783c3-2361-4156-97ec-7729b87c6233 Accept: */* {{(pid=99797) process_request /opt/stack/glance/glance/api/middleware/version_negotiation.py:44}}
Jul 31 23:31:30.439228 np0000006293 devstack@g-api.service[99797]: DEBUG glance.api.middleware.version_negotiation [None req-579d8aa2-d343-4b9a-99fc-184557818fa6 tempest-AttachSCSIVolumeTestJSON-1699037616 tempest-AttachSCSIVolumeTestJSON-1699037616-project-admin] Using url versioning {{(pid=99797) process_request /opt/stack/glance/glance/api/middleware/version_negotiation.py:57}}
Jul 31 23:31:30.439228 np0000006293 devstack@g-api.service[99797]: DEBUG glance.api.middleware.version_negotiation [None req-579d8aa2-d343-4b9a-99fc-184557818fa6 tempest-AttachSCSIVolumeTestJSON-1699037616 tempest-AttachSCSIVolumeTestJSON-1699037616-project-admin] Matched version: v2 {{(pid=99797) process_request /opt/stack/glance/glance/api/middleware/version_negotiation.py:69}}
Jul 31 23:31:30.439603 np0000006293 devstack@g-api.service[99797]: DEBUG glance.api.middleware.version_negotiation [None req-579d8aa2-d343-4b9a-99fc-184557818fa6 tempest-AttachSCSIVolumeTestJSON-1699037616 tempest-AttachSCSIVolumeTestJSON-1699037616-project-admin] new path /v2/images/d45783c3-2361-4156-97ec-7729b87c6233 {{(pid=99797) process_request /opt/stack/glance/glance/api/middleware/version_negotiation.py:70}}
Jul 31 23:31:30.461762 np0000006293 devstack@g-api.service[99797]: [pid: 99797|app: 0|req: 15/50] 127.0.0.1 () {44 vars in 1115 bytes} [Fri Jul 31 23:31:30 2026] GET /v2/images/d45783c3-2361-4156-97ec-7729b87c6233 => generated 1044 bytes in 23 msecs (HTTP/1.1 200) 4 headers in 158 bytes (1 switches on core 0)
Jul 31 23:31:30.472888 np0000006293 devstack@g-api.service[99798]: DEBUG glance.api.middleware.version_negotiation [None req-86e2ff80-960e-4cb7-b1b1-062a1004f3a4 tempest-AttachSCSIVolumeTestJSON-1699037616 tempest-AttachSCSIVolumeTestJSON-1699037616-project-admin] Determining version of request: GET /v2/schemas/image Accept: */* {{(pid=99798) process_request /opt/stack/glance/glance/api/middleware/version_negotiation.py:44}}
Jul 31 23:31:30.473148 np0000006293 devstack@g-api.service[99798]: DEBUG glance.api.middleware.version_negotiation [None req-86e2ff80-960e-4cb7-b1b1-062a1004f3a4 tempest-AttachSCSIVolumeTestJSON-1699037616 tempest-AttachSCSIVolumeTestJSON-1699037616-project-admin] Using url versioning {{(pid=99798) process_request /opt/stack/glance/glance/api/middleware/version_negotiation.py:57}}
Jul 31 23:31:30.473610 np0000006293 devstack@g-api.service[99798]: DEBUG glance.api.middleware.version_negotiation [None req-86e2ff80-960e-4cb7-b1b1-062a1004f3a4 tempest-AttachSCSIVolumeTestJSON-1699037616 tempest-AttachSCSIVolumeTestJSON-1699037616-project-admin] Matched version: v2 {{(pid=99798) process_request /opt/stack/glance/glance/api/middleware/version_negotiation.py:69}}
Jul 31 23:31:30.473801 np0000006293 devstack@g-api.service[99798]: DEBUG glance.api.middleware.version_negotiation [None req-86e2ff80-960e-4cb7-b1b1-062a1004f3a4 tempest-AttachSCSIVolumeTestJSON-1699037616 tempest-AttachSCSIVolumeTestJSON-1699037616-project-admin] new path /v2/schemas/image {{(pid=99798) process_request /opt/stack/glance/glance/api/middleware/version_negotiation.py:70}}
Jul 31 23:31:30.479130 np0000006293 devstack@g-api.service[99798]: [pid: 99798|app: 0|req: 18/51] 127.0.0.1 () {44 vars in 1055 bytes} [Fri Jul 31 23:31:30 2026] GET /v2/schemas/image => generated 6083 bytes in 8 msecs (HTTP/1.1 200) 4 headers in 158 bytes (1 switches on core 0)
Jul 31 23:31:30.622348 np0000006293 devstack@g-api.service[99796]: INFO glance.api.v2.image_data [None req-46040836-74ab-48d9-9010-59286bed80b8 tempest-AttachSCSIVolumeTestJSON-1699037616 tempest-AttachSCSIVolumeTestJSON-1699037616-project-admin] Unable to create trust: no such option collect_timing in group [keystone_authtoken] Use the existing user token.
Jul 31 23:31:30.825339 np0000006293 devstack@g-api.service[99797]: DEBUG glance.api.middleware.version_negotiation [None req-af0ac8ea-a3ac-4f2a-87ec-c7fe19bfb6be tempest-TaggedBootDevicesTest_v242-460567849 tempest-TaggedBootDevicesTest_v242-460567849-project-member] Determining version of request: GET /v2/images/d45783c3-2361-4156-97ec-7729b87c6233 Accept: */* {{(pid=99797) process_request /opt/stack/glance/glance/api/middleware/version_negotiation.py:44}}
Jul 31 23:31:30.825489 np0000006293 devstack@g-api.service[99797]: DEBUG glance.api.middleware.version_negotiation [None req-af0ac8ea-a3ac-4f2a-87ec-c7fe19bfb6be tempest-TaggedBootDevicesTest_v242-460567849 tempest-TaggedBootDevicesTest_v242-460567849-project-member] Using url versioning {{(pid=99797) process_request /opt/stack/glance/glance/api/middleware/version_negotiation.py:57}}
Jul 31 23:31:30.825647 np0000006293 devstack@g-api.service[99797]: DEBUG glance.api.middleware.version_negotiation [None req-af0ac8ea-a3ac-4f2a-87ec-c7fe19bfb6be tempest-TaggedBootDevicesTest_v242-460567849 tempest-TaggedBootDevicesTest_v242-460567849-project-member] Matched version: v2 {{(pid=99797) process_request /opt/stack/glance/glance/api/middleware/version_negotiation.py:69}}
Jul 31 23:31:30.826395 np0000006293 devstack@g-api.service[99797]: DEBUG glance.api.middleware.version_negotiation [None req-af0ac8ea-a3ac-4f2a-87ec-c7fe19bfb6be tempest-TaggedBootDevicesTest_v242-460567849 tempest-TaggedBootDevicesTest_v242-460567849-project-member] new path /v2/images/d45783c3-2361-4156-97ec-7729b87c6233 {{(pid=99797) process_request /opt/stack/glance/glance/api/middleware/version_negotiation.py:70}}
Jul 31 23:31:31.201548 np0000006293 devstack@g-api.service[99797]: [pid: 99797|app: 0|req: 16/52] 127.0.0.1 () {44 vars in 1115 bytes} [Fri Jul 31 23:31:30 2026] GET /v2/images/d45783c3-2361-4156-97ec-7729b87c6233 => generated 1044 bytes in 376 msecs (HTTP/1.1 200) 4 headers in 158 bytes (1 switches on core 0)
Jul 31 23:31:31.214815 np0000006293 devstack@g-api.service[99798]: DEBUG glance.api.middleware.version_negotiation [None req-af0ac8ea-a3ac-4f2a-87ec-c7fe19bfb6be tempest-TaggedBootDevicesTest_v242-460567849 tempest-TaggedBootDevicesTest_v242-460567849-project-member] Determining version of request: GET /v2/schemas/image Accept: */* {{(pid=99798) process_request /opt/stack/glance/glance/api/middleware/version_negotiation.py:44}}
Jul 31 23:31:31.215221 np0000006293 devstack@g-api.service[99798]: DEBUG glance.api.middleware.version_negotiation [None req-af0ac8ea-a3ac-4f2a-87ec-c7fe19bfb6be tempest-TaggedBootDevicesTest_v242-460567849 tempest-TaggedBootDevicesTest_v242-460567849-project-member] Using url versioning {{(pid=99798) process_request /opt/stack/glance/glance/api/middleware/version_negotiation.py:57}}
Jul 31 23:31:31.215221 np0000006293 devstack@g-api.service[99798]: DEBUG glance.api.middleware.version_negotiation [None req-af0ac8ea-a3ac-4f2a-87ec-c7fe19bfb6be tempest-TaggedBootDevicesTest_v242-460567849 tempest-TaggedBootDevicesTest_v242-460567849-project-member] Matched version: v2 {{(pid=99798) process_request /opt/stack/glance/glance/api/middleware/version_negotiation.py:69}}
Jul 31 23:31:31.215221 np0000006293 devstack@g-api.service[99798]: DEBUG glance.api.middleware.version_negotiation [None req-af0ac8ea-a3ac-4f2a-87ec-c7fe19bfb6be tempest-TaggedBootDevicesTest_v242-460567849 tempest-TaggedBootDevicesTest_v242-460567849-project-member] new path /v2/schemas/image {{(pid=99798) process_request /opt/stack/glance/glance/api/middleware/version_negotiation.py:70}}
Jul 31 23:31:31.219176 np0000006293 devstack@g-api.service[99798]: [pid: 99798|app: 0|req: 19/53] 127.0.0.1 () {44 vars in 1055 bytes} [Fri Jul 31 23:31:31 2026] GET /v2/schemas/image => generated 6083 bytes in 4 msecs (HTTP/1.1 200) 4 headers in 158 bytes (1 switches on core 0)
Jul 31 23:31:31.230204 np0000006293 devstack@g-api.service[99797]: DEBUG glance.api.middleware.version_negotiation [None req-7ec6813d-7def-4f62-9ce8-b9c673809b89 tempest-TaggedBootDevicesTest-519992878 tempest-TaggedBootDevicesTest-519992878-project-member] Determining version of request: GET /v2/schemas/image Accept: */* {{(pid=99797) process_request /opt/stack/glance/glance/api/middleware/version_negotiation.py:44}}
Jul 31 23:31:31.230514 np0000006293 devstack@g-api.service[99797]: DEBUG glance.api.middleware.version_negotiation [None req-7ec6813d-7def-4f62-9ce8-b9c673809b89 tempest-TaggedBootDevicesTest-519992878 tempest-TaggedBootDevicesTest-519992878-project-member] Using url versioning {{(pid=99797) process_request /opt/stack/glance/glance/api/middleware/version_negotiation.py:57}}
Jul 31 23:31:31.230682 np0000006293 devstack@g-api.service[99797]: DEBUG glance.api.middleware.version_negotiation [None req-7ec6813d-7def-4f62-9ce8-b9c673809b89 tempest-TaggedBootDevicesTest-519992878 tempest-TaggedBootDevicesTest-519992878-project-member] Matched version: v2 {{(pid=99797) process_request /opt/stack/glance/glance/api/middleware/version_negotiation.py:69}}
Jul 31 23:31:31.230816 np0000006293 devstack@g-api.service[99797]: DEBUG glance.api.middleware.version_negotiation [None req-7ec6813d-7def-4f62-9ce8-b9c673809b89 tempest-TaggedBootDevicesTest-519992878 tempest-TaggedBootDevicesTest-519992878-project-member] new path /v2/schemas/image {{(pid=99797) process_request /opt/stack/glance/glance/api/middleware/version_negotiation.py:70}}
Jul 31 23:31:31.236855 np0000006293 devstack@g-api.service[99797]: [pid: 99797|app: 0|req: 17/54] 127.0.0.1 () {44 vars in 1055 bytes} [Fri Jul 31 23:31:31 2026] GET /v2/schemas/image => generated 6083 bytes in 4 msecs (HTTP/1.1 200) 4 headers in 158 bytes (1 switches on core 0)
Jul 31 23:31:31.243899 np0000006293 devstack@g-api.service[99798]: DEBUG glance.api.middleware.version_negotiation [None req-7ec6813d-7def-4f62-9ce8-b9c673809b89 tempest-TaggedBootDevicesTest-519992878 tempest-TaggedBootDevicesTest-519992878-project-member] Determining version of request: GET /v2/images/d45783c3-2361-4156-97ec-7729b87c6233 Accept: */* {{(pid=99798) process_request /opt/stack/glance/glance/api/middleware/version_negotiation.py:44}}
Jul 31 23:31:31.244071 np0000006293 devstack@g-api.service[99798]: DEBUG glance.api.middleware.version_negotiation [None req-7ec6813d-7def-4f62-9ce8-b9c673809b89 tempest-TaggedBootDevicesTest-519992878 tempest-TaggedBootDevicesTest-519992878-project-member] Using url versioning {{(pid=99798) process_request /opt/stack/glance/glance/api/middleware/version_negotiation.py:57}}
Jul 31 23:31:31.244228 np0000006293 devstack@g-api.service[99798]: DEBUG glance.api.middleware.version_negotiation [None req-7ec6813d-7def-4f62-9ce8-b9c673809b89 tempest-TaggedBootDevicesTest-519992878 tempest-TaggedBootDevicesTest-519992878-project-member] Matched version: v2 {{(pid=99798) process_request /opt/stack/glance/glance/api/middleware/version_negotiation.py:69}}
Jul 31 23:31:31.245121 np0000006293 devstack@g-api.service[99798]: DEBUG glance.api.middleware.version_negotiation [None req-7ec6813d-7def-4f62-9ce8-b9c673809b89 tempest-TaggedBootDevicesTest-519992878 tempest-TaggedBootDevicesTest-519992878-project-member] new path /v2/images/d45783c3-2361-4156-97ec-7729b87c6233 {{(pid=99798) process_request /opt/stack/glance/glance/api/middleware/version_negotiation.py:70}}
Jul 31 23:31:31.263804 np0000006293 devstack@g-api.service[99798]: [pid: 99798|app: 0|req: 20/55] 127.0.0.1 () {44 vars in 1115 bytes} [Fri Jul 31 23:31:31 2026] GET /v2/images/d45783c3-2361-4156-97ec-7729b87c6233 => generated 1044 bytes in 20 msecs (HTTP/1.1 200) 4 headers in 158 bytes (1 switches on core 0)
Jul 31 23:31:31.272909 np0000006293 devstack@g-api.service[99797]: DEBUG glance.api.middleware.version_negotiation [None req-7ec6813d-7def-4f62-9ce8-b9c673809b89 tempest-TaggedBootDevicesTest-519992878 tempest-TaggedBootDevicesTest-519992878-project-member] Determining version of request: GET /v2/schemas/image Accept: */* {{(pid=99797) process_request /opt/stack/glance/glance/api/middleware/version_negotiation.py:44}}
Jul 31 23:31:31.273094 np0000006293 devstack@g-api.service[99797]: DEBUG glance.api.middleware.version_negotiation [None req-7ec6813d-7def-4f62-9ce8-b9c673809b89 tempest-TaggedBootDevicesTest-519992878 tempest-TaggedBootDevicesTest-519992878-project-member] Using url versioning {{(pid=99797) process_request /opt/stack/glance/glance/api/middleware/version_negotiation.py:57}}
Jul 31 23:31:31.273246 np0000006293 devstack@g-api.service[99797]: DEBUG glance.api.middleware.version_negotiation [None req-7ec6813d-7def-4f62-9ce8-b9c673809b89 tempest-TaggedBootDevicesTest-519992878 tempest-TaggedBootDevicesTest-519992878-project-member] Matched version: v2 {{(pid=99797) process_request /opt/stack/glance/glance/api/middleware/version_negotiation.py:69}}
Jul 31 23:31:31.273364 np0000006293 devstack@g-api.service[99797]: DEBUG glance.api.middleware.version_negotiation [None req-7ec6813d-7def-4f62-9ce8-b9c673809b89 tempest-TaggedBootDevicesTest-519992878 tempest-TaggedBootDevicesTest-519992878-project-member] new path /v2/schemas/image {{(pid=99797) process_request /opt/stack/glance/glance/api/middleware/version_negotiation.py:70}}
Jul 31 23:31:31.276206 np0000006293 devstack@g-api.service[99797]: [pid: 99797|app: 0|req: 18/56] 127.0.0.1 () {44 vars in 1055 bytes} [Fri Jul 31 23:31:31 2026] GET /v2/schemas/image => generated 6083 bytes in 3 msecs (HTTP/1.1 200) 4 headers in 158 bytes (1 switches on core 0)
Jul 31 23:31:31.288259 np0000006293 devstack@g-api.service[99798]: DEBUG glance.api.middleware.version_negotiation [None req-7ec6813d-7def-4f62-9ce8-b9c673809b89 tempest-TaggedBootDevicesTest-519992878 tempest-TaggedBootDevicesTest-519992878-project-member] Determining version of request: GET /v2/schemas/image Accept: */* {{(pid=99798) process_request /opt/stack/glance/glance/api/middleware/version_negotiation.py:44}}
Jul 31 23:31:31.288504 np0000006293 devstack@g-api.service[99798]: DEBUG glance.api.middleware.version_negotiation [None req-7ec6813d-7def-4f62-9ce8-b9c673809b89 tempest-TaggedBootDevicesTest-519992878 tempest-TaggedBootDevicesTest-519992878-project-member] Using url versioning {{(pid=99798) process_request /opt/stack/glance/glance/api/middleware/version_negotiation.py:57}}
Jul 31 23:31:31.288919 np0000006293 devstack@g-api.service[99798]: DEBUG glance.api.middleware.version_negotiation [None req-7ec6813d-7def-4f62-9ce8-b9c673809b89 tempest-TaggedBootDevicesTest-519992878 tempest-TaggedBootDevicesTest-519992878-project-member] Matched version: v2 {{(pid=99798) process_request /opt/stack/glance/glance/api/middleware/version_negotiation.py:69}}
Jul 31 23:31:31.288919 np0000006293 devstack@g-api.service[99798]: DEBUG glance.api.middleware.version_negotiation [None req-7ec6813d-7def-4f62-9ce8-b9c673809b89 tempest-TaggedBootDevicesTest-519992878 tempest-TaggedBootDevicesTest-519992878-project-member] new path /v2/schemas/image {{(pid=99798) process_request /opt/stack/glance/glance/api/middleware/version_negotiation.py:70}}
Jul 31 23:31:31.291227 np0000006293 devstack@g-api.service[99798]: [pid: 99798|app: 0|req: 21/57] 127.0.0.1 () {44 vars in 1055 bytes} [Fri Jul 31 23:31:31 2026] GET /v2/schemas/image => generated 6083 bytes in 3 msecs (HTTP/1.1 200) 4 headers in 158 bytes (1 switches on core 0)
Jul 31 23:31:31.348260 np0000006293 devstack@g-api.service[99797]: DEBUG glance.api.middleware.version_negotiation [None req-7ec6813d-7def-4f62-9ce8-b9c673809b89 tempest-TaggedBootDevicesTest-519992878 tempest-TaggedBootDevicesTest-519992878-project-member] Determining version of request: GET /v2/images/d45783c3-2361-4156-97ec-7729b87c6233 Accept: */* {{(pid=99797) process_request /opt/stack/glance/glance/api/middleware/version_negotiation.py:44}}
Jul 31 23:31:31.348457 np0000006293 devstack@g-api.service[99797]: DEBUG glance.api.middleware.version_negotiation [None req-7ec6813d-7def-4f62-9ce8-b9c673809b89 tempest-TaggedBootDevicesTest-519992878 tempest-TaggedBootDevicesTest-519992878-project-member] Using url versioning {{(pid=99797) process_request /opt/stack/glance/glance/api/middleware/version_negotiation.py:57}}
Jul 31 23:31:31.349075 np0000006293 devstack@g-api.service[99797]: DEBUG glance.api.middleware.version_negotiation [None req-7ec6813d-7def-4f62-9ce8-b9c673809b89 tempest-TaggedBootDevicesTest-519992878 tempest-TaggedBootDevicesTest-519992878-project-member] Matched version: v2 {{(pid=99797) process_request /opt/stack/glance/glance/api/middleware/version_negotiation.py:69}}
Jul 31 23:31:31.349075 np0000006293 devstack@g-api.service[99797]: DEBUG glance.api.middleware.version_negotiation [None req-7ec6813d-7def-4f62-9ce8-b9c673809b89 tempest-TaggedBootDevicesTest-519992878 tempest-TaggedBootDevicesTest-519992878-project-member] new path /v2/images/d45783c3-2361-4156-97ec-7729b87c6233 {{(pid=99797) process_request /opt/stack/glance/glance/api/middleware/version_negotiation.py:70}}
Jul 31 23:31:31.365254 np0000006293 devstack@g-api.service[99797]: [pid: 99797|app: 0|req: 19/58] 127.0.0.1 () {44 vars in 1115 bytes} [Fri Jul 31 23:31:31 2026] GET /v2/images/d45783c3-2361-4156-97ec-7729b87c6233 => generated 1044 bytes in 17 msecs (HTTP/1.1 200) 4 headers in 158 bytes (1 switches on core 0)
Jul 31 23:31:31.377409 np0000006293 devstack@g-api.service[99798]: DEBUG glance.api.middleware.version_negotiation [None req-7ec6813d-7def-4f62-9ce8-b9c673809b89 tempest-TaggedBootDevicesTest-519992878 tempest-TaggedBootDevicesTest-519992878-project-member] Determining version of request: GET /v2/schemas/image Accept: */* {{(pid=99798) process_request /opt/stack/glance/glance/api/middleware/version_negotiation.py:44}}
Jul 31 23:31:31.377561 np0000006293 devstack@g-api.service[99798]: DEBUG glance.api.middleware.version_negotiation [None req-7ec6813d-7def-4f62-9ce8-b9c673809b89 tempest-TaggedBootDevicesTest-519992878 tempest-TaggedBootDevicesTest-519992878-project-member] Using url versioning {{(pid=99798) process_request /opt/stack/glance/glance/api/middleware/version_negotiation.py:57}}
Jul 31 23:31:31.377693 np0000006293 devstack@g-api.service[99798]: DEBUG glance.api.middleware.version_negotiation [None req-7ec6813d-7def-4f62-9ce8-b9c673809b89 tempest-TaggedBootDevicesTest-519992878 tempest-TaggedBootDevicesTest-519992878-project-member] Matched version: v2 {{(pid=99798) process_request /opt/stack/glance/glance/api/middleware/version_negotiation.py:69}}
Jul 31 23:31:31.377813 np0000006293 devstack@g-api.service[99798]: DEBUG glance.api.middleware.version_negotiation [None req-7ec6813d-7def-4f62-9ce8-b9c673809b89 tempest-TaggedBootDevicesTest-519992878 tempest-TaggedBootDevicesTest-519992878-project-member] new path /v2/schemas/image {{(pid=99798) process_request /opt/stack/glance/glance/api/middleware/version_negotiation.py:70}}
Jul 31 23:31:31.381652 np0000006293 devstack@g-api.service[99798]: [pid: 99798|app: 0|req: 22/59] 127.0.0.1 () {44 vars in 1055 bytes} [Fri Jul 31 23:31:31 2026] GET /v2/schemas/image => generated 6083 bytes in 4 msecs (HTTP/1.1 200) 4 headers in 158 bytes (1 switches on core 0)
Jul 31 23:31:31.392699 np0000006293 devstack@g-api.service[99797]: DEBUG glance.api.middleware.version_negotiation [None req-7ec6813d-7def-4f62-9ce8-b9c673809b89 tempest-TaggedBootDevicesTest-519992878 tempest-TaggedBootDevicesTest-519992878-project-member] Determining version of request: GET /v2/schemas/image Accept: */* {{(pid=99797) process_request /opt/stack/glance/glance/api/middleware/version_negotiation.py:44}}
Jul 31 23:31:31.392699 np0000006293 devstack@g-api.service[99797]: DEBUG glance.api.middleware.version_negotiation [None req-7ec6813d-7def-4f62-9ce8-b9c673809b89 tempest-TaggedBootDevicesTest-519992878 tempest-TaggedBootDevicesTest-519992878-project-member] Using url versioning {{(pid=99797) process_request /opt/stack/glance/glance/api/middleware/version_negotiation.py:57}}
Jul 31 23:31:31.392699 np0000006293 devstack@g-api.service[99797]: DEBUG glance.api.middleware.version_negotiation [None req-7ec6813d-7def-4f62-9ce8-b9c673809b89 tempest-TaggedBootDevicesTest-519992878 tempest-TaggedBootDevicesTest-519992878-project-member] Matched version: v2 {{(pid=99797) process_request /opt/stack/glance/glance/api/middleware/version_negotiation.py:69}}
Jul 31 23:31:31.392699 np0000006293 devstack@g-api.service[99797]: DEBUG glance.api.middleware.version_negotiation [None req-7ec6813d-7def-4f62-9ce8-b9c673809b89 tempest-TaggedBootDevicesTest-519992878 tempest-TaggedBootDevicesTest-519992878-project-member] new path /v2/schemas/image {{(pid=99797) process_request /opt/stack/glance/glance/api/middleware/version_negotiation.py:70}}
Jul 31 23:31:31.395909 np0000006293 devstack@g-api.service[99797]: [pid: 99797|app: 0|req: 20/60] 127.0.0.1 () {44 vars in 1055 bytes} [Fri Jul 31 23:31:31 2026] GET /v2/schemas/image => generated 6083 bytes in 4 msecs (HTTP/1.1 200) 4 headers in 158 bytes (1 switches on core 0)
Jul 31 23:31:31.464135 np0000006293 devstack@g-api.service[99796]: DEBUG glance.location [None req-46040836-74ab-48d9-9010-59286bed80b8 tempest-AttachSCSIVolumeTestJSON-1699037616 tempest-AttachSCSIVolumeTestJSON-1699037616-project-admin] Enabling in-flight format inspection for qcow2 {{(pid=99796) set_data /opt/stack/glance/glance/location.py:596}}
Jul 31 23:31:31.464135 np0000006293 devstack@g-api.service[99796]: DEBUG glance_store.backend [None req-46040836-74ab-48d9-9010-59286bed80b8 tempest-AttachSCSIVolumeTestJSON-1699037616 tempest-AttachSCSIVolumeTestJSON-1699037616-project-admin] Attempting to import store swift {{(pid=99796) _load_store /opt/stack/data/venv/lib/python3.12/site-packages/glance_store/backend.py:215}}
Jul 31 23:31:31.464135 np0000006293 devstack@g-api.service[99796]: DEBUG glance_store.capabilities [None req-46040836-74ab-48d9-9010-59286bed80b8 tempest-AttachSCSIVolumeTestJSON-1699037616 tempest-AttachSCSIVolumeTestJSON-1699037616-project-admin] Store glance_store._drivers.swift.store.SingleTenantStore doesn't support updating dynamic storage capabilities. Please overwrite 'update_capabilities' method of the store to implement updating logics if needed. {{(pid=99796) update_capabilities /opt/stack/data/venv/lib/python3.12/site-packages/glance_store/capabilities.py:91}}
Jul 31 23:31:31.464135 np0000006293 devstack@g-api.service[99796]: DEBUG glance_store.driver [None req-46040836-74ab-48d9-9010-59286bed80b8 tempest-AttachSCSIVolumeTestJSON-1699037616 tempest-AttachSCSIVolumeTestJSON-1699037616-project-admin] Late loading location class glance_store._drivers.swift.store.StoreLocation {{(pid=99796) get_store_location_class /opt/stack/data/venv/lib/python3.12/site-packages/glance_store/driver.py:134}}
Jul 31 23:31:31.464356 np0000006293 devstack@g-api.service[99796]: DEBUG glance_store.location [None req-46040836-74ab-48d9-9010-59286bed80b8 tempest-AttachSCSIVolumeTestJSON-1699037616 tempest-AttachSCSIVolumeTestJSON-1699037616-project-admin] Registering scheme swift+https with {'store': , 'location_class': , 'store_entry': 'swift'} {{(pid=99796) register_scheme_map /opt/stack/data/venv/lib/python3.12/site-packages/glance_store/location.py:146}}
Jul 31 23:31:31.464356 np0000006293 devstack@g-api.service[99796]: DEBUG glance_store.location [None req-46040836-74ab-48d9-9010-59286bed80b8 tempest-AttachSCSIVolumeTestJSON-1699037616 tempest-AttachSCSIVolumeTestJSON-1699037616-project-admin] Registering scheme swift+https with {'store': , 'location_class': , 'store_entry': 'swift'} {{(pid=99796) register_scheme_map /opt/stack/data/venv/lib/python3.12/site-packages/glance_store/location.py:146}}
Jul 31 23:31:31.464356 np0000006293 devstack@g-api.service[99796]: DEBUG glance_store.location [None req-46040836-74ab-48d9-9010-59286bed80b8 tempest-AttachSCSIVolumeTestJSON-1699037616 tempest-AttachSCSIVolumeTestJSON-1699037616-project-admin] Registering scheme swift with {'store': , 'location_class': , 'store_entry': 'swift'} {{(pid=99796) register_scheme_map /opt/stack/data/venv/lib/python3.12/site-packages/glance_store/location.py:146}}
Jul 31 23:31:31.464503 np0000006293 devstack@g-api.service[99796]: DEBUG glance_store.location [None req-46040836-74ab-48d9-9010-59286bed80b8 tempest-AttachSCSIVolumeTestJSON-1699037616 tempest-AttachSCSIVolumeTestJSON-1699037616-project-admin] Registering scheme swift+https with {'store': , 'location_class': , 'store_entry': 'swift'} {{(pid=99796) register_scheme_map /opt/stack/data/venv/lib/python3.12/site-packages/glance_store/location.py:146}}
Jul 31 23:31:31.464503 np0000006293 devstack@g-api.service[99796]: DEBUG glance_store.location [None req-46040836-74ab-48d9-9010-59286bed80b8 tempest-AttachSCSIVolumeTestJSON-1699037616 tempest-AttachSCSIVolumeTestJSON-1699037616-project-admin] Registering scheme swift with {'store': , 'location_class': , 'store_entry': 'swift'} {{(pid=99796) register_scheme_map /opt/stack/data/venv/lib/python3.12/site-packages/glance_store/location.py:146}}
Jul 31 23:31:31.464657 np0000006293 devstack@g-api.service[99796]: DEBUG glance_store.location [None req-46040836-74ab-48d9-9010-59286bed80b8 tempest-AttachSCSIVolumeTestJSON-1699037616 tempest-AttachSCSIVolumeTestJSON-1699037616-project-admin] Registering scheme swift+http with {'store': , 'location_class': , 'store_entry': 'swift'} {{(pid=99796) register_scheme_map /opt/stack/data/venv/lib/python3.12/site-packages/glance_store/location.py:146}}
Jul 31 23:31:31.464891 np0000006293 devstack@g-api.service[99796]: DEBUG glance_store.location [None req-46040836-74ab-48d9-9010-59286bed80b8 tempest-AttachSCSIVolumeTestJSON-1699037616 tempest-AttachSCSIVolumeTestJSON-1699037616-project-admin] Registering scheme swift+https with {'store': , 'location_class': , 'store_entry': 'swift'} {{(pid=99796) register_scheme_map /opt/stack/data/venv/lib/python3.12/site-packages/glance_store/location.py:146}}
Jul 31 23:31:31.465094 np0000006293 devstack@g-api.service[99796]: DEBUG glance_store.location [None req-46040836-74ab-48d9-9010-59286bed80b8 tempest-AttachSCSIVolumeTestJSON-1699037616 tempest-AttachSCSIVolumeTestJSON-1699037616-project-admin] Registering scheme swift with {'store': , 'location_class': , 'store_entry': 'swift'} {{(pid=99796) register_scheme_map /opt/stack/data/venv/lib/python3.12/site-packages/glance_store/location.py:146}}
Jul 31 23:31:31.465298 np0000006293 devstack@g-api.service[99796]: DEBUG glance_store.location [None req-46040836-74ab-48d9-9010-59286bed80b8 tempest-AttachSCSIVolumeTestJSON-1699037616 tempest-AttachSCSIVolumeTestJSON-1699037616-project-admin] Registering scheme swift+http with {'store': , 'location_class': , 'store_entry': 'swift'} {{(pid=99796) register_scheme_map /opt/stack/data/venv/lib/python3.12/site-packages/glance_store/location.py:146}}
Jul 31 23:31:31.465472 np0000006293 devstack@g-api.service[99796]: DEBUG glance_store.location [None req-46040836-74ab-48d9-9010-59286bed80b8 tempest-AttachSCSIVolumeTestJSON-1699037616 tempest-AttachSCSIVolumeTestJSON-1699037616-project-admin] Registering scheme swift+config with {'store': , 'location_class': , 'store_entry': 'swift'} {{(pid=99796) register_scheme_map /opt/stack/data/venv/lib/python3.12/site-packages/glance_store/location.py:146}}
Jul 31 23:31:31.743472 np0000006293 devstack@g-api.service[99798]: DEBUG glance.api.middleware.version_negotiation [None req-7ec6813d-7def-4f62-9ce8-b9c673809b89 tempest-TaggedBootDevicesTest-519992878 tempest-TaggedBootDevicesTest-519992878-project-member] Determining version of request: GET /v2/images/d45783c3-2361-4156-97ec-7729b87c6233 Accept: */* {{(pid=99798) process_request /opt/stack/glance/glance/api/middleware/version_negotiation.py:44}}
Jul 31 23:31:31.743633 np0000006293 devstack@g-api.service[99798]: DEBUG glance.api.middleware.version_negotiation [None req-7ec6813d-7def-4f62-9ce8-b9c673809b89 tempest-TaggedBootDevicesTest-519992878 tempest-TaggedBootDevicesTest-519992878-project-member] Using url versioning {{(pid=99798) process_request /opt/stack/glance/glance/api/middleware/version_negotiation.py:57}}
Jul 31 23:31:31.743772 np0000006293 devstack@g-api.service[99798]: DEBUG glance.api.middleware.version_negotiation [None req-7ec6813d-7def-4f62-9ce8-b9c673809b89 tempest-TaggedBootDevicesTest-519992878 tempest-TaggedBootDevicesTest-519992878-project-member] Matched version: v2 {{(pid=99798) process_request /opt/stack/glance/glance/api/middleware/version_negotiation.py:69}}
Jul 31 23:31:31.745407 np0000006293 devstack@g-api.service[99798]: DEBUG glance.api.middleware.version_negotiation [None req-7ec6813d-7def-4f62-9ce8-b9c673809b89 tempest-TaggedBootDevicesTest-519992878 tempest-TaggedBootDevicesTest-519992878-project-member] new path /v2/images/d45783c3-2361-4156-97ec-7729b87c6233 {{(pid=99798) process_request /opt/stack/glance/glance/api/middleware/version_negotiation.py:70}}
Jul 31 23:31:31.759327 np0000006293 devstack@g-api.service[99798]: [pid: 99798|app: 0|req: 23/61] 127.0.0.1 () {44 vars in 1115 bytes} [Fri Jul 31 23:31:31 2026] GET /v2/images/d45783c3-2361-4156-97ec-7729b87c6233 => generated 1044 bytes in 16 msecs (HTTP/1.1 200) 4 headers in 158 bytes (1 switches on core 0)
Jul 31 23:31:31.772683 np0000006293 devstack@g-api.service[99797]: DEBUG glance.api.middleware.version_negotiation [None req-7ec6813d-7def-4f62-9ce8-b9c673809b89 tempest-TaggedBootDevicesTest-519992878 tempest-TaggedBootDevicesTest-519992878-project-member] Determining version of request: GET /v2/schemas/image Accept: */* {{(pid=99797) process_request /opt/stack/glance/glance/api/middleware/version_negotiation.py:44}}
Jul 31 23:31:31.773172 np0000006293 devstack@g-api.service[99797]: DEBUG glance.api.middleware.version_negotiation [None req-7ec6813d-7def-4f62-9ce8-b9c673809b89 tempest-TaggedBootDevicesTest-519992878 tempest-TaggedBootDevicesTest-519992878-project-member] Using url versioning {{(pid=99797) process_request /opt/stack/glance/glance/api/middleware/version_negotiation.py:57}}
Jul 31 23:31:31.773749 np0000006293 devstack@g-api.service[99797]: DEBUG glance.api.middleware.version_negotiation [None req-7ec6813d-7def-4f62-9ce8-b9c673809b89 tempest-TaggedBootDevicesTest-519992878 tempest-TaggedBootDevicesTest-519992878-project-member] Matched version: v2 {{(pid=99797) process_request /opt/stack/glance/glance/api/middleware/version_negotiation.py:69}}
Jul 31 23:31:31.773749 np0000006293 devstack@g-api.service[99797]: DEBUG glance.api.middleware.version_negotiation [None req-7ec6813d-7def-4f62-9ce8-b9c673809b89 tempest-TaggedBootDevicesTest-519992878 tempest-TaggedBootDevicesTest-519992878-project-member] new path /v2/schemas/image {{(pid=99797) process_request /opt/stack/glance/glance/api/middleware/version_negotiation.py:70}}
Jul 31 23:31:31.778217 np0000006293 devstack@g-api.service[99797]: [pid: 99797|app: 0|req: 21/62] 127.0.0.1 () {44 vars in 1055 bytes} [Fri Jul 31 23:31:31 2026] GET /v2/schemas/image => generated 6083 bytes in 4 msecs (HTTP/1.1 200) 4 headers in 158 bytes (1 switches on core 0)
Jul 31 23:31:32.034003 np0000006293 devstack@g-api.service[99796]: DEBUG swiftclient [None req-46040836-74ab-48d9-9010-59286bed80b8 tempest-AttachSCSIVolumeTestJSON-1699037616 tempest-AttachSCSIVolumeTestJSON-1699037616-project-admin] REQ: curl -i https://10.4.3.190:8080/v1/AUTH_f4902d05b2584e61ad879d62548df867/glance -I -H "X-Auth-Token: gAAAAABqbTBTObBp..." {{(pid=99796) http_log /opt/stack/data/venv/lib/python3.12/site-packages/swiftclient/client.py:160}}
Jul 31 23:31:32.034319 np0000006293 devstack@g-api.service[99796]: DEBUG swiftclient [None req-46040836-74ab-48d9-9010-59286bed80b8 tempest-AttachSCSIVolumeTestJSON-1699037616 tempest-AttachSCSIVolumeTestJSON-1699037616-project-admin] RESP STATUS: 204 No Content {{(pid=99796) http_log /opt/stack/data/venv/lib/python3.12/site-packages/swiftclient/client.py:161}}
Jul 31 23:31:32.034319 np0000006293 devstack@g-api.service[99796]: DEBUG swiftclient [None req-46040836-74ab-48d9-9010-59286bed80b8 tempest-AttachSCSIVolumeTestJSON-1699037616 tempest-AttachSCSIVolumeTestJSON-1699037616-project-admin] RESP HEADERS: {'Date': 'Fri, 31 Jul 2026 23:31:32 GMT', 'Server': 'Apache/2.4.58 (Ubuntu)', 'Content-Type': 'text/plain; charset=utf-8', 'X-Container-Object-Count': '3', 'X-Container-Bytes-Used': '64356352', 'X-Timestamp': '1785540546.89130', 'Last-Modified': 'Fri, 31 Jul 2026 23:29:07 GMT', 'Accept-Ranges': 'bytes', 'X-Storage-Policy': 'Policy-0', 'X-Container-Sharding': 'False', 'Vary': 'Accept', 'X-Trans-Id': 'tx93d2d27844e94784a4042-006a6d3053', 'X-Openstack-Request-Id': 'tx93d2d27844e94784a4042-006a6d3053', 'Connection': 'close'} {{(pid=99796) http_log /opt/stack/data/venv/lib/python3.12/site-packages/swiftclient/client.py:162}}
Jul 31 23:31:32.034450 np0000006293 devstack@g-api.service[99796]: DEBUG glance_store._drivers.swift.store [None req-46040836-74ab-48d9-9010-59286bed80b8 tempest-AttachSCSIVolumeTestJSON-1699037616 tempest-AttachSCSIVolumeTestJSON-1699037616-project-admin] Adding image object 'a97b99ce-37b1-471f-9592-31bb096c2070' to Swift {{(pid=99796) add /opt/stack/data/venv/lib/python3.12/site-packages/glance_store/_drivers/swift/store.py:970}}
Jul 31 23:31:32.034528 np0000006293 devstack@g-api.service[99796]: DEBUG glance_store._drivers.swift.store [None req-46040836-74ab-48d9-9010-59286bed80b8 tempest-AttachSCSIVolumeTestJSON-1699037616 tempest-AttachSCSIVolumeTestJSON-1699037616-project-admin] Cannot determine image size because it is either not provided in the request or chunked-transfer encoding is used. Adding image as a segmented object to Swift. {{(pid=99796) add /opt/stack/data/venv/lib/python3.12/site-packages/glance_store/_drivers/swift/store.py:994}}
Jul 31 23:31:32.042989 np0000006293 devstack@g-api.service[99796]: DEBUG oslo_utils.imageutils.format_inspector [None req-46040836-74ab-48d9-9010-59286bed80b8 tempest-AttachSCSIVolumeTestJSON-1699037616 tempest-AttachSCSIVolumeTestJSON-1699037616-project-admin] Format inspector for vmdk does not match, excluding from consideration (Signature KDMV not found: b'QFI\xfb') {{(pid=99796) _process_chunk /opt/stack/data/venv/lib/python3.12/site-packages/oslo_utils/imageutils/format_inspector.py:1758}}
Jul 31 23:31:32.047610 np0000006293 devstack@g-api.service[99796]: DEBUG oslo_utils.imageutils.format_inspector [None req-46040836-74ab-48d9-9010-59286bed80b8 tempest-AttachSCSIVolumeTestJSON-1699037616 tempest-AttachSCSIVolumeTestJSON-1699037616-project-admin] Format inspector for vhdx does not match, excluding from consideration (Region signature not found at 30000) {{(pid=99796) _process_chunk /opt/stack/data/venv/lib/python3.12/site-packages/oslo_utils/imageutils/format_inspector.py:1758}}
Jul 31 23:31:32.083063 np0000006293 devstack@g-api.service[99798]: DEBUG glance.api.middleware.version_negotiation [None req-af0ac8ea-a3ac-4f2a-87ec-c7fe19bfb6be tempest-TaggedBootDevicesTest_v242-460567849 tempest-TaggedBootDevicesTest_v242-460567849-project-member] Determining version of request: GET /versions Accept: */* {{(pid=99798) process_request /opt/stack/glance/glance/api/middleware/version_negotiation.py:44}}
Jul 31 23:31:32.084312 np0000006293 devstack@g-api.service[99798]: [pid: 99798|app: 0|req: 24/63] 127.0.0.1 () {44 vars in 1039 bytes} [Fri Jul 31 23:31:32 2026] GET /versions => generated 1515 bytes in 1 msecs (HTTP/1.1 200) 3 headers in 92 bytes (1 switches on core 0)
Jul 31 23:31:32.094135 np0000006293 devstack@g-api.service[99797]: DEBUG glance.api.middleware.version_negotiation [None req-af0ac8ea-a3ac-4f2a-87ec-c7fe19bfb6be tempest-TaggedBootDevicesTest_v242-460567849 tempest-TaggedBootDevicesTest_v242-460567849-project-member] Determining version of request: GET /v2/images/d45783c3-2361-4156-97ec-7729b87c6233/locations Accept: */* {{(pid=99797) process_request /opt/stack/glance/glance/api/middleware/version_negotiation.py:44}}
Jul 31 23:31:32.094135 np0000006293 devstack@g-api.service[99797]: DEBUG glance.api.middleware.version_negotiation [None req-af0ac8ea-a3ac-4f2a-87ec-c7fe19bfb6be tempest-TaggedBootDevicesTest_v242-460567849 tempest-TaggedBootDevicesTest_v242-460567849-project-member] Using url versioning {{(pid=99797) process_request /opt/stack/glance/glance/api/middleware/version_negotiation.py:57}}
Jul 31 23:31:32.094135 np0000006293 devstack@g-api.service[99797]: DEBUG glance.api.middleware.version_negotiation [None req-af0ac8ea-a3ac-4f2a-87ec-c7fe19bfb6be tempest-TaggedBootDevicesTest_v242-460567849 tempest-TaggedBootDevicesTest_v242-460567849-project-member] Matched version: v2 {{(pid=99797) process_request /opt/stack/glance/glance/api/middleware/version_negotiation.py:69}}
Jul 31 23:31:32.094135 np0000006293 devstack@g-api.service[99797]: DEBUG glance.api.middleware.version_negotiation [None req-af0ac8ea-a3ac-4f2a-87ec-c7fe19bfb6be tempest-TaggedBootDevicesTest_v242-460567849 tempest-TaggedBootDevicesTest_v242-460567849-project-member] new path /v2/images/d45783c3-2361-4156-97ec-7729b87c6233/locations {{(pid=99797) process_request /opt/stack/glance/glance/api/middleware/version_negotiation.py:70}}
Jul 31 23:31:32.328193 np0000006293 devstack@g-api.service[99796]: DEBUG swiftclient [None req-46040836-74ab-48d9-9010-59286bed80b8 tempest-AttachSCSIVolumeTestJSON-1699037616 tempest-AttachSCSIVolumeTestJSON-1699037616-project-admin] REQ: curl -i https://10.4.3.190:8080/v1/AUTH_f4902d05b2584e61ad879d62548df867/glance/a97b99ce-37b1-471f-9592-31bb096c2070-00001 -X PUT -H "X-Auth-Token: gAAAAABqbTBTObBp..." {{(pid=99796) http_log /opt/stack/data/venv/lib/python3.12/site-packages/swiftclient/client.py:160}}
Jul 31 23:31:32.328900 np0000006293 devstack@g-api.service[99796]: DEBUG swiftclient [None req-46040836-74ab-48d9-9010-59286bed80b8 tempest-AttachSCSIVolumeTestJSON-1699037616 tempest-AttachSCSIVolumeTestJSON-1699037616-project-admin] RESP STATUS: 201 Created {{(pid=99796) http_log /opt/stack/data/venv/lib/python3.12/site-packages/swiftclient/client.py:161}}
Jul 31 23:31:32.328900 np0000006293 devstack@g-api.service[99796]: DEBUG swiftclient [None req-46040836-74ab-48d9-9010-59286bed80b8 tempest-AttachSCSIVolumeTestJSON-1699037616 tempest-AttachSCSIVolumeTestJSON-1699037616-project-admin] RESP HEADERS: {'Date': 'Fri, 31 Jul 2026 23:31:32 GMT', 'Server': 'Apache/2.4.58 (Ubuntu)', 'Content-Type': 'text/html; charset=UTF-8', 'Content-Length': '0', 'Etag': '87617e24a5e30cb3b87fda8c0764838f', 'Last-Modified': 'Fri, 31 Jul 2026 23:31:33 GMT', 'X-Trans-Id': 'tx72a8023bc32249ad9f53d-006a6d3054', 'X-Openstack-Request-Id': 'tx72a8023bc32249ad9f53d-006a6d3054', 'Connection': 'close'} {{(pid=99796) http_log /opt/stack/data/venv/lib/python3.12/site-packages/swiftclient/client.py:162}}
Jul 31 23:31:32.328900 np0000006293 devstack@g-api.service[99796]: DEBUG glance_store._drivers.swift.store [None req-46040836-74ab-48d9-9010-59286bed80b8 tempest-AttachSCSIVolumeTestJSON-1699037616 tempest-AttachSCSIVolumeTestJSON-1699037616-project-admin] Wrote chunk a97b99ce-37b1-471f-9592-31bb096c2070-00001 (1/?) of length 21692416 to Swift returning MD5 of content: 87617e24a5e30cb3b87fda8c0764838f {{(pid=99796) add /opt/stack/data/venv/lib/python3.12/site-packages/glance_store/_drivers/swift/store.py:1059}}
Jul 31 23:31:32.329159 np0000006293 devstack@g-api.service[99796]: DEBUG glance_store._drivers.swift.store [None req-46040836-74ab-48d9-9010-59286bed80b8 tempest-AttachSCSIVolumeTestJSON-1699037616 tempest-AttachSCSIVolumeTestJSON-1699037616-project-admin] Not writing zero-length chunk. {{(pid=99796) add /opt/stack/data/venv/lib/python3.12/site-packages/glance_store/_drivers/swift/store.py:1028}}
Jul 31 23:31:32.362740 np0000006293 devstack@g-api.service[99796]: DEBUG swiftclient [None req-46040836-74ab-48d9-9010-59286bed80b8 tempest-AttachSCSIVolumeTestJSON-1699037616 tempest-AttachSCSIVolumeTestJSON-1699037616-project-admin] REQ: curl -i https://10.4.3.190:8080/v1/AUTH_f4902d05b2584e61ad879d62548df867/glance/a97b99ce-37b1-471f-9592-31bb096c2070 -X PUT -H "X-Object-Manifest: glance/a97b99ce-37b1-471f-9592-31bb096c2070-" -H "X-Auth-Token: gAAAAABqbTBTObBp..." -H "Content-Length: 0" {{(pid=99796) http_log /opt/stack/data/venv/lib/python3.12/site-packages/swiftclient/client.py:160}}
Jul 31 23:31:32.362873 np0000006293 devstack@g-api.service[99796]: DEBUG swiftclient [None req-46040836-74ab-48d9-9010-59286bed80b8 tempest-AttachSCSIVolumeTestJSON-1699037616 tempest-AttachSCSIVolumeTestJSON-1699037616-project-admin] RESP STATUS: 201 Created {{(pid=99796) http_log /opt/stack/data/venv/lib/python3.12/site-packages/swiftclient/client.py:161}}
Jul 31 23:31:32.362991 np0000006293 devstack@g-api.service[99796]: DEBUG swiftclient [None req-46040836-74ab-48d9-9010-59286bed80b8 tempest-AttachSCSIVolumeTestJSON-1699037616 tempest-AttachSCSIVolumeTestJSON-1699037616-project-admin] RESP HEADERS: {'Date': 'Fri, 31 Jul 2026 23:31:32 GMT', 'Server': 'Apache/2.4.58 (Ubuntu)', 'Content-Type': 'text/html; charset=UTF-8', 'Content-Length': '0', 'Etag': 'd41d8cd98f00b204e9800998ecf8427e', 'Last-Modified': 'Fri, 31 Jul 2026 23:31:33 GMT', 'X-Trans-Id': 'txf353161249cd4811a7452-006a6d3054', 'X-Openstack-Request-Id': 'txf353161249cd4811a7452-006a6d3054', 'Connection': 'close'} {{(pid=99796) http_log /opt/stack/data/venv/lib/python3.12/site-packages/swiftclient/client.py:162}}
Jul 31 23:31:32.364074 np0000006293 devstack@g-api.service[99796]: INFO glance.location [None req-46040836-74ab-48d9-9010-59286bed80b8 tempest-AttachSCSIVolumeTestJSON-1699037616 tempest-AttachSCSIVolumeTestJSON-1699037616-project-admin] Image format matched and virtual size computed: 117440512
Jul 31 23:31:32.369282 np0000006293 devstack@g-api.service[99797]: [pid: 99797|app: 0|req: 22/64] 127.0.0.1 () {44 vars in 1135 bytes} [Fri Jul 31 23:31:32 2026] GET /v2/images/d45783c3-2361-4156-97ec-7729b87c6233/locations => generated 92 bytes in 276 msecs (HTTP/1.1 200) 4 headers in 156 bytes (1 switches on core 0)
Jul 31 23:31:32.379074 np0000006293 devstack@g-api.service[99798]: DEBUG glance.api.middleware.version_negotiation [None req-af0ac8ea-a3ac-4f2a-87ec-c7fe19bfb6be tempest-TaggedBootDevicesTest_v242-460567849 tempest-TaggedBootDevicesTest_v242-460567849-project-member] Determining version of request: GET /v2/images/d45783c3-2361-4156-97ec-7729b87c6233 Accept: */* {{(pid=99798) process_request /opt/stack/glance/glance/api/middleware/version_negotiation.py:44}}
Jul 31 23:31:32.379609 np0000006293 devstack@g-api.service[99798]: DEBUG glance.api.middleware.version_negotiation [None req-af0ac8ea-a3ac-4f2a-87ec-c7fe19bfb6be tempest-TaggedBootDevicesTest_v242-460567849 tempest-TaggedBootDevicesTest_v242-460567849-project-member] Using url versioning {{(pid=99798) process_request /opt/stack/glance/glance/api/middleware/version_negotiation.py:57}}
Jul 31 23:31:32.379688 np0000006293 devstack@g-api.service[99798]: DEBUG glance.api.middleware.version_negotiation [None req-af0ac8ea-a3ac-4f2a-87ec-c7fe19bfb6be tempest-TaggedBootDevicesTest_v242-460567849 tempest-TaggedBootDevicesTest_v242-460567849-project-member] Matched version: v2 {{(pid=99798) process_request /opt/stack/glance/glance/api/middleware/version_negotiation.py:69}}
Jul 31 23:31:32.380016 np0000006293 devstack@g-api.service[99798]: DEBUG glance.api.middleware.version_negotiation [None req-af0ac8ea-a3ac-4f2a-87ec-c7fe19bfb6be tempest-TaggedBootDevicesTest_v242-460567849 tempest-TaggedBootDevicesTest_v242-460567849-project-member] new path /v2/images/d45783c3-2361-4156-97ec-7729b87c6233 {{(pid=99798) process_request /opt/stack/glance/glance/api/middleware/version_negotiation.py:70}}
Jul 31 23:31:32.393796 np0000006293 devstack@g-api.service[99798]: [pid: 99798|app: 0|req: 25/65] 127.0.0.1 () {44 vars in 1115 bytes} [Fri Jul 31 23:31:32 2026] GET /v2/images/d45783c3-2361-4156-97ec-7729b87c6233 => generated 1044 bytes in 15 msecs (HTTP/1.1 200) 4 headers in 158 bytes (1 switches on core 0)
Jul 31 23:31:32.397255 np0000006293 devstack@g-api.service[99796]: DEBUG glance_store.backend [None req-46040836-74ab-48d9-9010-59286bed80b8 tempest-AttachSCSIVolumeTestJSON-1699037616 tempest-AttachSCSIVolumeTestJSON-1699037616-project-admin] Attempting to import store swift {{(pid=99796) _load_store /opt/stack/data/venv/lib/python3.12/site-packages/glance_store/backend.py:215}}
Jul 31 23:31:32.399395 np0000006293 devstack@g-api.service[99796]: DEBUG glance_store.capabilities [None req-46040836-74ab-48d9-9010-59286bed80b8 tempest-AttachSCSIVolumeTestJSON-1699037616 tempest-AttachSCSIVolumeTestJSON-1699037616-project-admin] Store glance_store._drivers.swift.store.SingleTenantStore doesn't support updating dynamic storage capabilities. Please overwrite 'update_capabilities' method of the store to implement updating logics if needed. {{(pid=99796) update_capabilities /opt/stack/data/venv/lib/python3.12/site-packages/glance_store/capabilities.py:91}}
Jul 31 23:31:32.399545 np0000006293 devstack@g-api.service[99796]: DEBUG glance_store.driver [None req-46040836-74ab-48d9-9010-59286bed80b8 tempest-AttachSCSIVolumeTestJSON-1699037616 tempest-AttachSCSIVolumeTestJSON-1699037616-project-admin] Late loading location class glance_store._drivers.swift.store.StoreLocation {{(pid=99796) get_store_location_class /opt/stack/data/venv/lib/python3.12/site-packages/glance_store/driver.py:134}}
Jul 31 23:31:32.399703 np0000006293 devstack@g-api.service[99796]: DEBUG glance_store.location [None req-46040836-74ab-48d9-9010-59286bed80b8 tempest-AttachSCSIVolumeTestJSON-1699037616 tempest-AttachSCSIVolumeTestJSON-1699037616-project-admin] Registering scheme swift+https with {'store': , 'location_class': , 'store_entry': 'swift'} {{(pid=99796) register_scheme_map /opt/stack/data/venv/lib/python3.12/site-packages/glance_store/location.py:146}}
Jul 31 23:31:32.399870 np0000006293 devstack@g-api.service[99796]: DEBUG glance_store.location [None req-46040836-74ab-48d9-9010-59286bed80b8 tempest-AttachSCSIVolumeTestJSON-1699037616 tempest-AttachSCSIVolumeTestJSON-1699037616-project-admin] Registering scheme swift+https with {'store': , 'location_class': , 'store_entry': 'swift'} {{(pid=99796) register_scheme_map /opt/stack/data/venv/lib/python3.12/site-packages/glance_store/location.py:146}}
Jul 31 23:31:32.400001 np0000006293 devstack@g-api.service[99796]: DEBUG glance_store.location [None req-46040836-74ab-48d9-9010-59286bed80b8 tempest-AttachSCSIVolumeTestJSON-1699037616 tempest-AttachSCSIVolumeTestJSON-1699037616-project-admin] Registering scheme swift with {'store': , 'location_class': , 'store_entry': 'swift'} {{(pid=99796) register_scheme_map /opt/stack/data/venv/lib/python3.12/site-packages/glance_store/location.py:146}}
