May 26 18:18:26.909638 np0000001448 systemd[1]: Starting devstack@n-api.service - Devstack devstack@n-api.service...
May 26 18:18:26.916044 np0000001448 devstack@n-api.service[86646]: [uWSGI] getting INI configuration from /etc/nova/nova-api-uwsgi.ini
May 26 18:18:26.918458 np0000001448 devstack@n-api.service[86646]: *** Starting uWSGI 2.0.24-debian (64bit) on [Tue May 26 18:18:26 2026] ***
May 26 18:18:26.918458 np0000001448 devstack@n-api.service[86646]: compiled with version: 13.2.0 on 17 April 2024 16:23:48
May 26 18:18:26.918458 np0000001448 devstack@n-api.service[86646]: os: Linux-6.8.0-100-generic #100-Ubuntu SMP PREEMPT_DYNAMIC Tue Jan 13 16:40:06 UTC 2026
May 26 18:18:26.918458 np0000001448 devstack@n-api.service[86646]: nodename: np0000001448
May 26 18:18:26.918458 np0000001448 devstack@n-api.service[86646]: machine: x86_64
May 26 18:18:26.918458 np0000001448 devstack@n-api.service[86646]: clock source: unix
May 26 18:18:26.918458 np0000001448 devstack@n-api.service[86646]: pcre jit disabled
May 26 18:18:26.918458 np0000001448 devstack@n-api.service[86646]: detected number of CPU cores: 12
May 26 18:18:26.918458 np0000001448 devstack@n-api.service[86646]: current working directory: /
May 26 18:18:26.918458 np0000001448 devstack@n-api.service[86646]: detected binary path: /usr/bin/uwsgi-core
May 26 18:18:26.918667 np0000001448 devstack@n-api.service[86646]: your processes number limit is 95969
May 26 18:18:26.918667 np0000001448 devstack@n-api.service[86646]: your memory page size is 4096 bytes
May 26 18:18:26.918667 np0000001448 devstack@n-api.service[86646]: detected max file descriptor number: 2048
May 26 18:18:26.918667 np0000001448 devstack@n-api.service[86646]: lock engine: pthread robust mutexes
May 26 18:18:26.918750 np0000001448 devstack@n-api.service[86646]: thunder lock: enabled
May 26 18:18:26.918903 np0000001448 devstack@n-api.service[86646]: uwsgi socket 0 bound to UNIX address /var/run/uwsgi/nova-api.socket fd 4
May 26 18:18:26.918903 np0000001448 devstack@n-api.service[86646]: Python version: 3.12.3 (main, Mar 23 2026, 19:04:32) [GCC 13.3.0]
May 26 18:18:26.918903 np0000001448 devstack@n-api.service[86646]: PEP 405 virtualenv detected: /opt/stack/data/venv
May 26 18:18:26.918903 np0000001448 devstack@n-api.service[86646]: Set PythonHome to /opt/stack/data/venv
May 26 18:18:26.949744 np0000001448 devstack@n-api.service[86646]: Python main interpreter initialized at 0x77ab926a3668
May 26 18:18:26.949744 np0000001448 devstack@n-api.service[86646]: python threads support enabled
May 26 18:18:26.949744 np0000001448 devstack@n-api.service[86646]: your server socket listen backlog is limited to 100 connections
May 26 18:18:26.949744 np0000001448 devstack@n-api.service[86646]: your mercy for graceful operations on workers is 80 seconds
May 26 18:18:26.950159 np0000001448 devstack@n-api.service[86646]: mapped 537436 bytes (524 KB) for 3 cores
May 26 18:18:26.950279 np0000001448 devstack@n-api.service[86646]: *** Operational MODE: preforking ***
May 26 18:18:26.950489 np0000001448 devstack@n-api.service[86646]: *** uWSGI is running in multiple interpreter mode ***
May 26 18:18:26.950489 np0000001448 devstack@n-api.service[86646]: spawned uWSGI master process (pid: 86646)
May 26 18:18:26.950633 np0000001448 systemd[1]: Started devstack@n-api.service - Devstack devstack@n-api.service.
May 26 18:18:26.951112 np0000001448 devstack@n-api.service[86646]: spawned uWSGI worker 1 (pid: 86647, cores: 1)
May 26 18:18:26.951546 np0000001448 devstack@n-api.service[86646]: spawned uWSGI worker 2 (pid: 86648, cores: 1)
May 26 18:18:26.951950 np0000001448 devstack@n-api.service[86646]: spawned uWSGI worker 3 (pid: 86649, cores: 1)
May 26 18:18:26.952012 np0000001448 devstack@n-api.service[86646]: running "unix_signal:15 gracefully_kill_them_all" (master-start)...
May 26 18:18:28.632952 np0000001448 devstack@n-api.service[86649]: INFO dbcounter [None req-15db4c6d-0aaf-4ae0-9a63-febf9cc3d59e None None] Registered counter for database nova_api
May 26 18:18:28.655569 np0000001448 devstack@n-api.service[86648]: INFO dbcounter [None req-71399272-dca7-480d-b85b-71bd0b453bb7 None None] Registered counter for database nova_api
May 26 18:18:28.674231 np0000001448 devstack@n-api.service[86649]: DEBUG oslo_db.sqlalchemy.engines [None req-15db4c6d-0aaf-4ae0-9a63-febf9cc3d59e None None] MySQL server mode set to STRICT_TRANS_TABLES,STRICT_ALL_TABLES,NO_ZERO_IN_DATE,NO_ZERO_DATE,ERROR_FOR_DIVISION_BY_ZERO,TRADITIONAL,NO_ENGINE_SUBSTITUTION {{(pid=86649) _check_effective_sql_mode /opt/stack/data/venv/lib/python3.12/site-packages/oslo_db/sqlalchemy/engines.py:325}}
May 26 18:18:28.695395 np0000001448 devstack@n-api.service[86648]: DEBUG oslo_db.sqlalchemy.engines [None req-71399272-dca7-480d-b85b-71bd0b453bb7 None None] MySQL server mode set to STRICT_TRANS_TABLES,STRICT_ALL_TABLES,NO_ZERO_IN_DATE,NO_ZERO_DATE,ERROR_FOR_DIVISION_BY_ZERO,TRADITIONAL,NO_ENGINE_SUBSTITUTION {{(pid=86648) _check_effective_sql_mode /opt/stack/data/venv/lib/python3.12/site-packages/oslo_db/sqlalchemy/engines.py:325}}
May 26 18:18:28.696736 np0000001448 devstack@n-api.service[86647]: INFO dbcounter [None req-c59be10b-c5f5-44b5-a6e3-38c81306a1fa None None] Registered counter for database nova_api
May 26 18:18:28.702732 np0000001448 devstack@n-api.service[86649]: DEBUG dbcounter [-] [86649] Writer thread running {{(pid=86649) stat_writer /opt/stack/data/venv/lib/python3.12/site-packages/dbcounter.py:102}}
May 26 18:18:28.705055 np0000001448 devstack@n-api.service[86649]: DEBUG nova.context [None req-15db4c6d-0aaf-4ae0-9a63-febf9cc3d59e None None] Found 2 cells: 00000000-0000-0000-0000-000000000000(cell0),67203242-8ce0-4c25-96c0-dda3c4753e39(cell1) {{(pid=86649) load_cells /opt/stack/nova/nova/context.py:509}}
May 26 18:18:28.705299 np0000001448 devstack@n-api.service[86649]: INFO nova.utils [None req-15db4c6d-0aaf-4ae0-9a63-febf9cc3d59e None None] The cell worker thread pool MainProcess.cell_worker is initialized
May 26 18:18:28.707004 np0000001448 devstack@n-api.service[86649]: DEBUG oslo_concurrency.lockutils [None req-15db4c6d-0aaf-4ae0-9a63-febf9cc3d59e None None] Acquiring lock "00000000-0000-0000-0000-000000000000" by "nova.context.set_target_cell..get_or_set_cached_cell_and_set_connections" {{(pid=86649) inner /opt/stack/data/venv/lib/python3.12/site-packages/oslo_concurrency/lockutils.py:511}}
May 26 18:18:28.707174 np0000001448 devstack@n-api.service[86649]: DEBUG oslo_concurrency.lockutils [None req-15db4c6d-0aaf-4ae0-9a63-febf9cc3d59e None None] Lock "00000000-0000-0000-0000-000000000000" acquired by "nova.context.set_target_cell..get_or_set_cached_cell_and_set_connections" :: waited 0.000s {{(pid=86649) inner /opt/stack/data/venv/lib/python3.12/site-packages/oslo_concurrency/lockutils.py:524}}
May 26 18:18:28.707578 np0000001448 devstack@n-api.service[86649]: DEBUG oslo_concurrency.lockutils [None req-15db4c6d-0aaf-4ae0-9a63-febf9cc3d59e None None] Lock "00000000-0000-0000-0000-000000000000" "released" by "nova.context.set_target_cell..get_or_set_cached_cell_and_set_connections" :: held 0.000s {{(pid=86649) inner /opt/stack/data/venv/lib/python3.12/site-packages/oslo_concurrency/lockutils.py:543}}
May 26 18:18:28.708206 np0000001448 devstack@n-api.service[86649]: DEBUG oslo_concurrency.lockutils [None req-15db4c6d-0aaf-4ae0-9a63-febf9cc3d59e None None] Acquiring lock "67203242-8ce0-4c25-96c0-dda3c4753e39" by "nova.context.set_target_cell..get_or_set_cached_cell_and_set_connections" {{(pid=86649) inner /opt/stack/data/venv/lib/python3.12/site-packages/oslo_concurrency/lockutils.py:511}}
May 26 18:18:28.708344 np0000001448 devstack@n-api.service[86649]: DEBUG oslo_concurrency.lockutils [None req-15db4c6d-0aaf-4ae0-9a63-febf9cc3d59e None None] Lock "67203242-8ce0-4c25-96c0-dda3c4753e39" acquired by "nova.context.set_target_cell..get_or_set_cached_cell_and_set_connections" :: waited 0.000s {{(pid=86649) inner /opt/stack/data/venv/lib/python3.12/site-packages/oslo_concurrency/lockutils.py:524}}
May 26 18:18:28.709137 np0000001448 devstack@n-api.service[86649]: DEBUG oslo_concurrency.lockutils [None req-15db4c6d-0aaf-4ae0-9a63-febf9cc3d59e None None] Lock "67203242-8ce0-4c25-96c0-dda3c4753e39" "released" by "nova.context.set_target_cell..get_or_set_cached_cell_and_set_connections" :: held 0.001s {{(pid=86649) inner /opt/stack/data/venv/lib/python3.12/site-packages/oslo_concurrency/lockutils.py:543}}
May 26 18:18:28.710991 np0000001448 devstack@n-api.service[86649]: INFO dbcounter [None req-15db4c6d-0aaf-4ae0-9a63-febf9cc3d59e None None] Registered counter for database nova_cell0
May 26 18:18:28.713960 np0000001448 devstack@n-api.service[86649]: INFO dbcounter [None req-15db4c6d-0aaf-4ae0-9a63-febf9cc3d59e None None] Registered counter for database nova_cell1
May 26 18:18:28.723388 np0000001448 devstack@n-api.service[86648]: DEBUG dbcounter [-] [86648] Writer thread running {{(pid=86648) stat_writer /opt/stack/data/venv/lib/python3.12/site-packages/dbcounter.py:102}}
May 26 18:18:28.725774 np0000001448 devstack@n-api.service[86648]: DEBUG nova.context [None req-71399272-dca7-480d-b85b-71bd0b453bb7 None None] Found 2 cells: 00000000-0000-0000-0000-000000000000(cell0),67203242-8ce0-4c25-96c0-dda3c4753e39(cell1) {{(pid=86648) load_cells /opt/stack/nova/nova/context.py:509}}
May 26 18:18:28.726004 np0000001448 devstack@n-api.service[86648]: INFO nova.utils [None req-71399272-dca7-480d-b85b-71bd0b453bb7 None None] The cell worker thread pool MainProcess.cell_worker is initialized
May 26 18:18:28.727641 np0000001448 devstack@n-api.service[86648]: DEBUG oslo_concurrency.lockutils [None req-71399272-dca7-480d-b85b-71bd0b453bb7 None None] Acquiring lock "00000000-0000-0000-0000-000000000000" by "nova.context.set_target_cell..get_or_set_cached_cell_and_set_connections" {{(pid=86648) inner /opt/stack/data/venv/lib/python3.12/site-packages/oslo_concurrency/lockutils.py:511}}
May 26 18:18:28.727812 np0000001448 devstack@n-api.service[86648]: DEBUG oslo_concurrency.lockutils [None req-71399272-dca7-480d-b85b-71bd0b453bb7 None None] Lock "00000000-0000-0000-0000-000000000000" acquired by "nova.context.set_target_cell..get_or_set_cached_cell_and_set_connections" :: waited 0.000s {{(pid=86648) inner /opt/stack/data/venv/lib/python3.12/site-packages/oslo_concurrency/lockutils.py:524}}
May 26 18:18:28.728159 np0000001448 devstack@n-api.service[86648]: DEBUG oslo_concurrency.lockutils [None req-71399272-dca7-480d-b85b-71bd0b453bb7 None None] Lock "00000000-0000-0000-0000-000000000000" "released" by "nova.context.set_target_cell..get_or_set_cached_cell_and_set_connections" :: held 0.000s {{(pid=86648) inner /opt/stack/data/venv/lib/python3.12/site-packages/oslo_concurrency/lockutils.py:543}}
May 26 18:18:28.728937 np0000001448 devstack@n-api.service[86648]: DEBUG oslo_concurrency.lockutils [None req-71399272-dca7-480d-b85b-71bd0b453bb7 None None] Acquiring lock "67203242-8ce0-4c25-96c0-dda3c4753e39" by "nova.context.set_target_cell..get_or_set_cached_cell_and_set_connections" {{(pid=86648) inner /opt/stack/data/venv/lib/python3.12/site-packages/oslo_concurrency/lockutils.py:511}}
May 26 18:18:28.730870 np0000001448 devstack@n-api.service[86648]: INFO dbcounter [None req-71399272-dca7-480d-b85b-71bd0b453bb7 None None] Registered counter for database nova_cell0
May 26 18:18:28.731790 np0000001448 devstack@n-api.service[86648]: DEBUG oslo_concurrency.lockutils [None req-71399272-dca7-480d-b85b-71bd0b453bb7 None None] Lock "67203242-8ce0-4c25-96c0-dda3c4753e39" acquired by "nova.context.set_target_cell..get_or_set_cached_cell_and_set_connections" :: waited 0.001s {{(pid=86648) inner /opt/stack/data/venv/lib/python3.12/site-packages/oslo_concurrency/lockutils.py:524}}
May 26 18:18:28.733109 np0000001448 devstack@n-api.service[86648]: DEBUG oslo_concurrency.lockutils [None req-71399272-dca7-480d-b85b-71bd0b453bb7 None None] Lock "67203242-8ce0-4c25-96c0-dda3c4753e39" "released" by "nova.context.set_target_cell..get_or_set_cached_cell_and_set_connections" :: held 0.003s {{(pid=86648) inner /opt/stack/data/venv/lib/python3.12/site-packages/oslo_concurrency/lockutils.py:543}}
May 26 18:18:28.734857 np0000001448 devstack@n-api.service[86647]: DEBUG oslo_db.sqlalchemy.engines [None req-c59be10b-c5f5-44b5-a6e3-38c81306a1fa None None] MySQL server mode set to STRICT_TRANS_TABLES,STRICT_ALL_TABLES,NO_ZERO_IN_DATE,NO_ZERO_DATE,ERROR_FOR_DIVISION_BY_ZERO,TRADITIONAL,NO_ENGINE_SUBSTITUTION {{(pid=86647) _check_effective_sql_mode /opt/stack/data/venv/lib/python3.12/site-packages/oslo_db/sqlalchemy/engines.py:325}}
May 26 18:18:28.735111 np0000001448 devstack@n-api.service[86648]: INFO dbcounter [None req-71399272-dca7-480d-b85b-71bd0b453bb7 None None] Registered counter for database nova_cell1
May 26 18:18:28.762340 np0000001448 devstack@n-api.service[86647]: DEBUG dbcounter [-] [86647] Writer thread running {{(pid=86647) stat_writer /opt/stack/data/venv/lib/python3.12/site-packages/dbcounter.py:102}}
May 26 18:18:28.764666 np0000001448 devstack@n-api.service[86647]: DEBUG nova.context [None req-c59be10b-c5f5-44b5-a6e3-38c81306a1fa None None] Found 2 cells: 00000000-0000-0000-0000-000000000000(cell0),67203242-8ce0-4c25-96c0-dda3c4753e39(cell1) {{(pid=86647) load_cells /opt/stack/nova/nova/context.py:509}}
May 26 18:18:28.764891 np0000001448 devstack@n-api.service[86647]: INFO nova.utils [None req-c59be10b-c5f5-44b5-a6e3-38c81306a1fa None None] The cell worker thread pool MainProcess.cell_worker is initialized
May 26 18:18:28.765811 np0000001448 devstack@n-api.service[86649]: DEBUG oslo_db.sqlalchemy.engines [None req-15db4c6d-0aaf-4ae0-9a63-febf9cc3d59e None None] MySQL server mode set to STRICT_TRANS_TABLES,STRICT_ALL_TABLES,NO_ZERO_IN_DATE,NO_ZERO_DATE,ERROR_FOR_DIVISION_BY_ZERO,TRADITIONAL,NO_ENGINE_SUBSTITUTION {{(pid=86649) _check_effective_sql_mode /opt/stack/data/venv/lib/python3.12/site-packages/oslo_db/sqlalchemy/engines.py:325}}
May 26 18:18:28.766519 np0000001448 devstack@n-api.service[86647]: DEBUG oslo_concurrency.lockutils [None req-c59be10b-c5f5-44b5-a6e3-38c81306a1fa None None] Acquiring lock "00000000-0000-0000-0000-000000000000" by "nova.context.set_target_cell..get_or_set_cached_cell_and_set_connections" {{(pid=86647) inner /opt/stack/data/venv/lib/python3.12/site-packages/oslo_concurrency/lockutils.py:511}}
May 26 18:18:28.766705 np0000001448 devstack@n-api.service[86647]: DEBUG oslo_concurrency.lockutils [None req-c59be10b-c5f5-44b5-a6e3-38c81306a1fa None None] Lock "00000000-0000-0000-0000-000000000000" acquired by "nova.context.set_target_cell..get_or_set_cached_cell_and_set_connections" :: waited 0.000s {{(pid=86647) inner /opt/stack/data/venv/lib/python3.12/site-packages/oslo_concurrency/lockutils.py:524}}
May 26 18:18:28.767049 np0000001448 devstack@n-api.service[86647]: DEBUG oslo_concurrency.lockutils [None req-c59be10b-c5f5-44b5-a6e3-38c81306a1fa None None] Lock "00000000-0000-0000-0000-000000000000" "released" by "nova.context.set_target_cell..get_or_set_cached_cell_and_set_connections" :: held 0.000s {{(pid=86647) inner /opt/stack/data/venv/lib/python3.12/site-packages/oslo_concurrency/lockutils.py:543}}
May 26 18:18:28.767681 np0000001448 devstack@n-api.service[86647]: DEBUG oslo_concurrency.lockutils [None req-c59be10b-c5f5-44b5-a6e3-38c81306a1fa None None] Acquiring lock "67203242-8ce0-4c25-96c0-dda3c4753e39" by "nova.context.set_target_cell..get_or_set_cached_cell_and_set_connections" {{(pid=86647) inner /opt/stack/data/venv/lib/python3.12/site-packages/oslo_concurrency/lockutils.py:511}}
May 26 18:18:28.767847 np0000001448 devstack@n-api.service[86647]: DEBUG oslo_concurrency.lockutils [None req-c59be10b-c5f5-44b5-a6e3-38c81306a1fa None None] Lock "67203242-8ce0-4c25-96c0-dda3c4753e39" acquired by "nova.context.set_target_cell..get_or_set_cached_cell_and_set_connections" :: waited 0.000s {{(pid=86647) inner /opt/stack/data/venv/lib/python3.12/site-packages/oslo_concurrency/lockutils.py:524}}
May 26 18:18:28.768602 np0000001448 devstack@n-api.service[86647]: DEBUG oslo_concurrency.lockutils [None req-c59be10b-c5f5-44b5-a6e3-38c81306a1fa None None] Lock "67203242-8ce0-4c25-96c0-dda3c4753e39" "released" by "nova.context.set_target_cell..get_or_set_cached_cell_and_set_connections" :: held 0.001s {{(pid=86647) inner /opt/stack/data/venv/lib/python3.12/site-packages/oslo_concurrency/lockutils.py:543}}
May 26 18:18:28.770457 np0000001448 devstack@n-api.service[86647]: INFO dbcounter [None req-c59be10b-c5f5-44b5-a6e3-38c81306a1fa None None] Registered counter for database nova_cell0
May 26 18:18:28.770584 np0000001448 devstack@n-api.service[86649]: DEBUG oslo_db.sqlalchemy.engines [None req-15db4c6d-0aaf-4ae0-9a63-febf9cc3d59e None None] MySQL server mode set to STRICT_TRANS_TABLES,STRICT_ALL_TABLES,NO_ZERO_IN_DATE,NO_ZERO_DATE,ERROR_FOR_DIVISION_BY_ZERO,TRADITIONAL,NO_ENGINE_SUBSTITUTION {{(pid=86649) _check_effective_sql_mode /opt/stack/data/venv/lib/python3.12/site-packages/oslo_db/sqlalchemy/engines.py:325}}
May 26 18:18:28.773225 np0000001448 devstack@n-api.service[86647]: INFO dbcounter [None req-c59be10b-c5f5-44b5-a6e3-38c81306a1fa None None] Registered counter for database nova_cell1
May 26 18:18:28.779949 np0000001448 devstack@n-api.service[86648]: DEBUG oslo_db.sqlalchemy.engines [None req-71399272-dca7-480d-b85b-71bd0b453bb7 None None] MySQL server mode set to STRICT_TRANS_TABLES,STRICT_ALL_TABLES,NO_ZERO_IN_DATE,NO_ZERO_DATE,ERROR_FOR_DIVISION_BY_ZERO,TRADITIONAL,NO_ENGINE_SUBSTITUTION {{(pid=86648) _check_effective_sql_mode /opt/stack/data/venv/lib/python3.12/site-packages/oslo_db/sqlalchemy/engines.py:325}}
May 26 18:18:28.826898 np0000001448 devstack@n-api.service[86647]: DEBUG oslo_db.sqlalchemy.engines [None req-c59be10b-c5f5-44b5-a6e3-38c81306a1fa None None] MySQL server mode set to STRICT_TRANS_TABLES,STRICT_ALL_TABLES,NO_ZERO_IN_DATE,NO_ZERO_DATE,ERROR_FOR_DIVISION_BY_ZERO,TRADITIONAL,NO_ENGINE_SUBSTITUTION {{(pid=86647) _check_effective_sql_mode /opt/stack/data/venv/lib/python3.12/site-packages/oslo_db/sqlalchemy/engines.py:325}}
May 26 18:18:28.830747 np0000001448 devstack@n-api.service[86647]: DEBUG oslo_db.sqlalchemy.engines [None req-c59be10b-c5f5-44b5-a6e3-38c81306a1fa None None] MySQL server mode set to STRICT_TRANS_TABLES,STRICT_ALL_TABLES,NO_ZERO_IN_DATE,NO_ZERO_DATE,ERROR_FOR_DIVISION_BY_ZERO,TRADITIONAL,NO_ENGINE_SUBSTITUTION {{(pid=86647) _check_effective_sql_mode /opt/stack/data/venv/lib/python3.12/site-packages/oslo_db/sqlalchemy/engines.py:325}}
May 26 18:18:28.840054 np0000001448 devstack@n-api.service[86648]: DEBUG oslo_db.sqlalchemy.engines [None req-71399272-dca7-480d-b85b-71bd0b453bb7 None None] MySQL server mode set to STRICT_TRANS_TABLES,STRICT_ALL_TABLES,NO_ZERO_IN_DATE,NO_ZERO_DATE,ERROR_FOR_DIVISION_BY_ZERO,TRADITIONAL,NO_ENGINE_SUBSTITUTION {{(pid=86648) _check_effective_sql_mode /opt/stack/data/venv/lib/python3.12/site-packages/oslo_db/sqlalchemy/engines.py:325}}
May 26 18:18:28.854060 np0000001448 devstack@n-api.service[86649]: DEBUG dbcounter [-] [86649] Writer thread running {{(pid=86649) stat_writer /opt/stack/data/venv/lib/python3.12/site-packages/dbcounter.py:102}}
May 26 18:18:28.857593 np0000001448 devstack@n-api.service[86649]: DEBUG dbcounter [-] [86649] Writer thread running {{(pid=86649) stat_writer /opt/stack/data/venv/lib/python3.12/site-packages/dbcounter.py:102}}
May 26 18:18:28.860637 np0000001448 devstack@n-api.service[86649]: INFO dbcounter [None req-15db4c6d-0aaf-4ae0-9a63-febf9cc3d59e None None] Registered counter for database nova_cell0
May 26 18:18:28.860814 np0000001448 devstack@n-api.service[86648]: DEBUG dbcounter [-] [86648] Writer thread running {{(pid=86648) stat_writer /opt/stack/data/venv/lib/python3.12/site-packages/dbcounter.py:102}}
May 26 18:18:28.867143 np0000001448 devstack@n-api.service[86648]: DEBUG dbcounter [-] [86648] Writer thread running {{(pid=86648) stat_writer /opt/stack/data/venv/lib/python3.12/site-packages/dbcounter.py:102}}
May 26 18:18:28.869902 np0000001448 devstack@n-api.service[86648]: INFO dbcounter [None req-71399272-dca7-480d-b85b-71bd0b453bb7 None None] Registered counter for database nova_cell0
May 26 18:18:28.899039 np0000001448 devstack@n-api.service[86649]: DEBUG oslo_db.sqlalchemy.engines [None req-15db4c6d-0aaf-4ae0-9a63-febf9cc3d59e None None] MySQL server mode set to STRICT_TRANS_TABLES,STRICT_ALL_TABLES,NO_ZERO_IN_DATE,NO_ZERO_DATE,ERROR_FOR_DIVISION_BY_ZERO,TRADITIONAL,NO_ENGINE_SUBSTITUTION {{(pid=86649) _check_effective_sql_mode /opt/stack/data/venv/lib/python3.12/site-packages/oslo_db/sqlalchemy/engines.py:325}}
May 26 18:18:28.905290 np0000001448 devstack@n-api.service[86649]: DEBUG dbcounter [-] [86649] Writer thread running {{(pid=86649) stat_writer /opt/stack/data/venv/lib/python3.12/site-packages/dbcounter.py:102}}
May 26 18:18:28.905701 np0000001448 devstack@n-api.service[86648]: DEBUG oslo_db.sqlalchemy.engines [None req-71399272-dca7-480d-b85b-71bd0b453bb7 None None] MySQL server mode set to STRICT_TRANS_TABLES,STRICT_ALL_TABLES,NO_ZERO_IN_DATE,NO_ZERO_DATE,ERROR_FOR_DIVISION_BY_ZERO,TRADITIONAL,NO_ENGINE_SUBSTITUTION {{(pid=86648) _check_effective_sql_mode /opt/stack/data/venv/lib/python3.12/site-packages/oslo_db/sqlalchemy/engines.py:325}}
May 26 18:18:28.911742 np0000001448 devstack@n-api.service[86648]: DEBUG dbcounter [-] [86648] Writer thread running {{(pid=86648) stat_writer /opt/stack/data/venv/lib/python3.12/site-packages/dbcounter.py:102}}
May 26 18:18:28.917986 np0000001448 devstack@n-api.service[86647]: DEBUG dbcounter [-] [86647] Writer thread running {{(pid=86647) stat_writer /opt/stack/data/venv/lib/python3.12/site-packages/dbcounter.py:102}}
May 26 18:18:28.922438 np0000001448 devstack@n-api.service[86647]: DEBUG dbcounter [-] [86647] Writer thread running {{(pid=86647) stat_writer /opt/stack/data/venv/lib/python3.12/site-packages/dbcounter.py:102}}
May 26 18:18:28.968602 np0000001448 devstack@n-api.service[86647]: INFO dbcounter [None req-c59be10b-c5f5-44b5-a6e3-38c81306a1fa None None] Registered counter for database nova_cell0
May 26 18:18:29.002687 np0000001448 devstack@n-api.service[86647]: DEBUG oslo_db.sqlalchemy.engines [None req-c59be10b-c5f5-44b5-a6e3-38c81306a1fa None None] MySQL server mode set to STRICT_TRANS_TABLES,STRICT_ALL_TABLES,NO_ZERO_IN_DATE,NO_ZERO_DATE,ERROR_FOR_DIVISION_BY_ZERO,TRADITIONAL,NO_ENGINE_SUBSTITUTION {{(pid=86647) _check_effective_sql_mode /opt/stack/data/venv/lib/python3.12/site-packages/oslo_db/sqlalchemy/engines.py:325}}
May 26 18:18:29.008309 np0000001448 devstack@n-api.service[86647]: DEBUG dbcounter [-] [86647] Writer thread running {{(pid=86647) stat_writer /opt/stack/data/venv/lib/python3.12/site-packages/dbcounter.py:102}}
May 26 18:18:29.329639 np0000001448 devstack@n-api.service[86649]: DEBUG oslo_concurrency.processutils [None req-15db4c6d-0aaf-4ae0-9a63-febf9cc3d59e None None] Running cmd (subprocess): grep -F node.session.scan /sbin/iscsiadm {{(pid=86649) execute /opt/stack/data/venv/lib/python3.12/site-packages/oslo_concurrency/processutils.py:440}}
May 26 18:18:29.334212 np0000001448 devstack@n-api.service[86648]: DEBUG oslo_concurrency.processutils [None req-71399272-dca7-480d-b85b-71bd0b453bb7 None None] Running cmd (subprocess): grep -F node.session.scan /sbin/iscsiadm {{(pid=86648) execute /opt/stack/data/venv/lib/python3.12/site-packages/oslo_concurrency/processutils.py:440}}
May 26 18:18:29.341978 np0000001448 devstack@n-api.service[86649]: DEBUG oslo_concurrency.processutils [None req-15db4c6d-0aaf-4ae0-9a63-febf9cc3d59e None None] CMD "grep -F node.session.scan /sbin/iscsiadm" returned: 0 in 0.013s {{(pid=86649) execute /opt/stack/data/venv/lib/python3.12/site-packages/oslo_concurrency/processutils.py:468}}
May 26 18:18:29.346302 np0000001448 devstack@n-api.service[86648]: DEBUG oslo_concurrency.processutils [None req-71399272-dca7-480d-b85b-71bd0b453bb7 None None] CMD "grep -F node.session.scan /sbin/iscsiadm" returned: 0 in 0.012s {{(pid=86648) execute /opt/stack/data/venv/lib/python3.12/site-packages/oslo_concurrency/processutils.py:468}}
May 26 18:18:29.424205 np0000001448 devstack@n-api.service[86647]: DEBUG oslo_concurrency.processutils [None req-c59be10b-c5f5-44b5-a6e3-38c81306a1fa None None] Running cmd (subprocess): grep -F node.session.scan /sbin/iscsiadm {{(pid=86647) execute /opt/stack/data/venv/lib/python3.12/site-packages/oslo_concurrency/processutils.py:440}}
May 26 18:18:29.435578 np0000001448 devstack@n-api.service[86647]: DEBUG oslo_concurrency.processutils [None req-c59be10b-c5f5-44b5-a6e3-38c81306a1fa None None] CMD "grep -F node.session.scan /sbin/iscsiadm" returned: 0 in 0.011s {{(pid=86647) execute /opt/stack/data/venv/lib/python3.12/site-packages/oslo_concurrency/processutils.py:468}}
May 26 18:18:29.910948 np0000001448 devstack@n-api.service[86647]: DEBUG nova.api.openstack.wsgi_app [None req-c59be10b-c5f5-44b5-a6e3-38c81306a1fa None None] ******************************************************************************** {{(pid=86647) log_opt_values /opt/stack/data/venv/lib/python3.12/site-packages/oslo_config/cfg.py:3229}}
May 26 18:18:29.911504 np0000001448 devstack@n-api.service[86647]: DEBUG nova.api.openstack.wsgi_app [None req-c59be10b-c5f5-44b5-a6e3-38c81306a1fa None None] Configuration options gathered from: {{(pid=86647) log_opt_values /opt/stack/data/venv/lib/python3.12/site-packages/oslo_config/cfg.py:3230}}
May 26 18:18:29.911504 np0000001448 devstack@n-api.service[86647]: DEBUG nova.api.openstack.wsgi_app [None req-c59be10b-c5f5-44b5-a6e3-38c81306a1fa None None] command line args: [] {{(pid=86647) log_opt_values /opt/stack/data/venv/lib/python3.12/site-packages/oslo_config/cfg.py:3231}}
May 26 18:18:29.911602 np0000001448 devstack@n-api.service[86647]: DEBUG nova.api.openstack.wsgi_app [None req-c59be10b-c5f5-44b5-a6e3-38c81306a1fa None None] config files: ['/etc/nova/api-paste.ini', '/etc/nova/nova.conf'] {{(pid=86647) log_opt_values /opt/stack/data/venv/lib/python3.12/site-packages/oslo_config/cfg.py:3232}}
May 26 18:18:29.911808 np0000001448 devstack@n-api.service[86647]: DEBUG nova.api.openstack.wsgi_app [None req-c59be10b-c5f5-44b5-a6e3-38c81306a1fa None None] ================================================================================ {{(pid=86647) log_opt_values /opt/stack/data/venv/lib/python3.12/site-packages/oslo_config/cfg.py:3237}}
May 26 18:18:29.911881 np0000001448 devstack@n-api.service[86647]: DEBUG nova.api.openstack.wsgi_app [None req-c59be10b-c5f5-44b5-a6e3-38c81306a1fa None None] allow_resize_to_same_host = True {{(pid=86647) log_opt_values /opt/stack/data/venv/lib/python3.12/site-packages/oslo_config/cfg.py:3245}}
May 26 18:18:29.911962 np0000001448 devstack@n-api.service[86647]: DEBUG nova.api.openstack.wsgi_app [None req-c59be10b-c5f5-44b5-a6e3-38c81306a1fa None None] arq_binding_timeout = 300 {{(pid=86647) log_opt_values /opt/stack/data/venv/lib/python3.12/site-packages/oslo_config/cfg.py:3245}}
May 26 18:18:29.912080 np0000001448 devstack@n-api.service[86647]: DEBUG nova.api.openstack.wsgi_app [None req-c59be10b-c5f5-44b5-a6e3-38c81306a1fa None None] block_device_allocate_retries = 60 {{(pid=86647) log_opt_values /opt/stack/data/venv/lib/python3.12/site-packages/oslo_config/cfg.py:3245}}
May 26 18:18:29.912250 np0000001448 devstack@n-api.service[86647]: DEBUG nova.api.openstack.wsgi_app [None req-c59be10b-c5f5-44b5-a6e3-38c81306a1fa None None] block_device_allocate_retries_interval = 3 {{(pid=86647) log_opt_values /opt/stack/data/venv/lib/python3.12/site-packages/oslo_config/cfg.py:3245}}
May 26 18:18:29.912418 np0000001448 devstack@n-api.service[86647]: DEBUG nova.api.openstack.wsgi_app [None req-c59be10b-c5f5-44b5-a6e3-38c81306a1fa None None] cell_worker_thread_pool_size = 5 {{(pid=86647) log_opt_values /opt/stack/data/venv/lib/python3.12/site-packages/oslo_config/cfg.py:3245}}
May 26 18:18:29.912562 np0000001448 devstack@n-api.service[86647]: DEBUG nova.api.openstack.wsgi_app [None req-c59be10b-c5f5-44b5-a6e3-38c81306a1fa None None] cert = self.pem {{(pid=86647) log_opt_values /opt/stack/data/venv/lib/python3.12/site-packages/oslo_config/cfg.py:3245}}
May 26 18:18:29.912696 np0000001448 devstack@n-api.service[86647]: DEBUG nova.api.openstack.wsgi_app [None req-c59be10b-c5f5-44b5-a6e3-38c81306a1fa None None] compute_driver = libvirt.LibvirtDriver {{(pid=86647) log_opt_values /opt/stack/data/venv/lib/python3.12/site-packages/oslo_config/cfg.py:3245}}
May 26 18:18:29.912840 np0000001448 devstack@n-api.service[86647]: DEBUG nova.api.openstack.wsgi_app [None req-c59be10b-c5f5-44b5-a6e3-38c81306a1fa None None] compute_monitors = [] {{(pid=86647) log_opt_values /opt/stack/data/venv/lib/python3.12/site-packages/oslo_config/cfg.py:3245}}
May 26 18:18:29.912963 np0000001448 devstack@n-api.service[86647]: DEBUG nova.api.openstack.wsgi_app [None req-c59be10b-c5f5-44b5-a6e3-38c81306a1fa None None] config_dir = [] {{(pid=86647) log_opt_values /opt/stack/data/venv/lib/python3.12/site-packages/oslo_config/cfg.py:3245}}
May 26 18:18:29.913093 np0000001448 devstack@n-api.service[86647]: DEBUG nova.api.openstack.wsgi_app [None req-c59be10b-c5f5-44b5-a6e3-38c81306a1fa None None] config_drive_format = iso9660 {{(pid=86647) log_opt_values /opt/stack/data/venv/lib/python3.12/site-packages/oslo_config/cfg.py:3245}}
May 26 18:18:29.913210 np0000001448 devstack@n-api.service[86647]: DEBUG nova.api.openstack.wsgi_app [None req-c59be10b-c5f5-44b5-a6e3-38c81306a1fa None None] config_file = ['/etc/nova/api-paste.ini', '/etc/nova/nova.conf'] {{(pid=86647) log_opt_values /opt/stack/data/venv/lib/python3.12/site-packages/oslo_config/cfg.py:3245}}
May 26 18:18:29.913347 np0000001448 devstack@n-api.service[86647]: DEBUG nova.api.openstack.wsgi_app [None req-c59be10b-c5f5-44b5-a6e3-38c81306a1fa None None] config_source = [] {{(pid=86647) log_opt_values /opt/stack/data/venv/lib/python3.12/site-packages/oslo_config/cfg.py:3245}}
May 26 18:18:29.913493 np0000001448 devstack@n-api.service[86647]: DEBUG nova.api.openstack.wsgi_app [None req-c59be10b-c5f5-44b5-a6e3-38c81306a1fa None None] console_host = np0000001448 {{(pid=86647) log_opt_values /opt/stack/data/venv/lib/python3.12/site-packages/oslo_config/cfg.py:3245}}
May 26 18:18:29.913627 np0000001448 devstack@n-api.service[86647]: DEBUG nova.api.openstack.wsgi_app [None req-c59be10b-c5f5-44b5-a6e3-38c81306a1fa None None] control_exchange = nova {{(pid=86647) log_opt_values /opt/stack/data/venv/lib/python3.12/site-packages/oslo_config/cfg.py:3245}}
May 26 18:18:29.913763 np0000001448 devstack@n-api.service[86647]: DEBUG nova.api.openstack.wsgi_app [None req-c59be10b-c5f5-44b5-a6e3-38c81306a1fa None None] cpu_allocation_ratio = None {{(pid=86647) log_opt_values /opt/stack/data/venv/lib/python3.12/site-packages/oslo_config/cfg.py:3245}}
May 26 18:18:29.913905 np0000001448 devstack@n-api.service[86647]: DEBUG nova.api.openstack.wsgi_app [None req-c59be10b-c5f5-44b5-a6e3-38c81306a1fa None None] daemon = False {{(pid=86647) log_opt_values /opt/stack/data/venv/lib/python3.12/site-packages/oslo_config/cfg.py:3245}}
May 26 18:18:29.914029 np0000001448 devstack@n-api.service[86647]: DEBUG nova.api.openstack.wsgi_app [None req-c59be10b-c5f5-44b5-a6e3-38c81306a1fa None None] debug = True {{(pid=86647) log_opt_values /opt/stack/data/venv/lib/python3.12/site-packages/oslo_config/cfg.py:3245}}
May 26 18:18:29.914167 np0000001448 devstack@n-api.service[86647]: DEBUG nova.api.openstack.wsgi_app [None req-c59be10b-c5f5-44b5-a6e3-38c81306a1fa None None] default_access_ip_network_name = None {{(pid=86647) log_opt_values /opt/stack/data/venv/lib/python3.12/site-packages/oslo_config/cfg.py:3245}}
May 26 18:18:29.914291 np0000001448 devstack@n-api.service[86647]: DEBUG nova.api.openstack.wsgi_app [None req-c59be10b-c5f5-44b5-a6e3-38c81306a1fa None None] default_availability_zone = nova {{(pid=86647) log_opt_values /opt/stack/data/venv/lib/python3.12/site-packages/oslo_config/cfg.py:3245}}
May 26 18:18:29.914432 np0000001448 devstack@n-api.service[86647]: DEBUG nova.api.openstack.wsgi_app [None req-c59be10b-c5f5-44b5-a6e3-38c81306a1fa None None] default_ephemeral_format = ext4 {{(pid=86647) log_opt_values /opt/stack/data/venv/lib/python3.12/site-packages/oslo_config/cfg.py:3245}}
May 26 18:18:29.914566 np0000001448 devstack@n-api.service[86647]: DEBUG nova.api.openstack.wsgi_app [None req-c59be10b-c5f5-44b5-a6e3-38c81306a1fa None None] default_green_pool_size = 1000 {{(pid=86647) log_opt_values /opt/stack/data/venv/lib/python3.12/site-packages/oslo_config/cfg.py:3245}}
May 26 18:18:29.914757 np0000001448 devstack@n-api.service[86647]: DEBUG nova.api.openstack.wsgi_app [None req-c59be10b-c5f5-44b5-a6e3-38c81306a1fa None None] default_log_levels = ['amqp=WARN', 'boto=WARN', 'sqlalchemy=WARN', 'suds=INFO', 'oslo.messaging=INFO', 'oslo_messaging=INFO', 'iso8601=WARN', 'requests.packages.urllib3.connectionpool=WARN', 'urllib3.connectionpool=WARN', 'websocket=WARN', 'requests.packages.urllib3.util.retry=WARN', 'urllib3.util.retry=WARN', 'keystonemiddleware=WARN', 'routes.middleware=WARN', 'stevedore=WARN', 'taskflow=WARN', 'keystoneauth=WARN', 'oslo.cache=INFO', 'oslo_policy=INFO', 'dogpile.core.dogpile=INFO', 'glanceclient=WARN', 'oslo.privsep.daemon=INFO'] {{(pid=86647) log_opt_values /opt/stack/data/venv/lib/python3.12/site-packages/oslo_config/cfg.py:3245}}
May 26 18:18:29.914886 np0000001448 devstack@n-api.service[86647]: DEBUG nova.api.openstack.wsgi_app [None req-c59be10b-c5f5-44b5-a6e3-38c81306a1fa None None] default_schedule_zone = None {{(pid=86647) log_opt_values /opt/stack/data/venv/lib/python3.12/site-packages/oslo_config/cfg.py:3245}}
May 26 18:18:29.915003 np0000001448 devstack@n-api.service[86647]: DEBUG nova.api.openstack.wsgi_app [None req-c59be10b-c5f5-44b5-a6e3-38c81306a1fa None None] default_thread_pool_size = 10 {{(pid=86647) log_opt_values /opt/stack/data/venv/lib/python3.12/site-packages/oslo_config/cfg.py:3245}}
May 26 18:18:29.915131 np0000001448 devstack@n-api.service[86647]: DEBUG nova.api.openstack.wsgi_app [None req-c59be10b-c5f5-44b5-a6e3-38c81306a1fa None None] disk_allocation_ratio = None {{(pid=86647) log_opt_values /opt/stack/data/venv/lib/python3.12/site-packages/oslo_config/cfg.py:3245}}
May 26 18:18:29.915249 np0000001448 devstack@n-api.service[86647]: DEBUG nova.api.openstack.wsgi_app [None req-c59be10b-c5f5-44b5-a6e3-38c81306a1fa None None] enable_new_services = True {{(pid=86647) log_opt_values /opt/stack/data/venv/lib/python3.12/site-packages/oslo_config/cfg.py:3245}}
May 26 18:18:29.915364 np0000001448 devstack@n-api.service[86647]: DEBUG nova.api.openstack.wsgi_app [None req-c59be10b-c5f5-44b5-a6e3-38c81306a1fa None None] flat_injected = False {{(pid=86647) log_opt_values /opt/stack/data/venv/lib/python3.12/site-packages/oslo_config/cfg.py:3245}}
May 26 18:18:29.915505 np0000001448 devstack@n-api.service[86647]: DEBUG nova.api.openstack.wsgi_app [None req-c59be10b-c5f5-44b5-a6e3-38c81306a1fa None None] force_config_drive = True {{(pid=86647) log_opt_values /opt/stack/data/venv/lib/python3.12/site-packages/oslo_config/cfg.py:3245}}
May 26 18:18:29.915631 np0000001448 devstack@n-api.service[86647]: DEBUG nova.api.openstack.wsgi_app [None req-c59be10b-c5f5-44b5-a6e3-38c81306a1fa None None] force_raw_images = True {{(pid=86647) log_opt_values /opt/stack/data/venv/lib/python3.12/site-packages/oslo_config/cfg.py:3245}}
May 26 18:18:29.915753 np0000001448 devstack@n-api.service[86647]: DEBUG nova.api.openstack.wsgi_app [None req-c59be10b-c5f5-44b5-a6e3-38c81306a1fa None None] graceful_shutdown_timeout = 5 {{(pid=86647) log_opt_values /opt/stack/data/venv/lib/python3.12/site-packages/oslo_config/cfg.py:3245}}
May 26 18:18:29.915890 np0000001448 devstack@n-api.service[86647]: DEBUG nova.api.openstack.wsgi_app [None req-c59be10b-c5f5-44b5-a6e3-38c81306a1fa None None] heal_instance_info_cache_interval = -1 {{(pid=86647) log_opt_values /opt/stack/data/venv/lib/python3.12/site-packages/oslo_config/cfg.py:3245}}
May 26 18:18:29.916052 np0000001448 devstack@n-api.service[86647]: DEBUG nova.api.openstack.wsgi_app [None req-c59be10b-c5f5-44b5-a6e3-38c81306a1fa None None] host = np0000001448 {{(pid=86647) log_opt_values /opt/stack/data/venv/lib/python3.12/site-packages/oslo_config/cfg.py:3245}}
May 26 18:18:29.916196 np0000001448 devstack@n-api.service[86647]: DEBUG nova.api.openstack.wsgi_app [None req-c59be10b-c5f5-44b5-a6e3-38c81306a1fa None None] initial_cpu_allocation_ratio = 4.0 {{(pid=86647) log_opt_values /opt/stack/data/venv/lib/python3.12/site-packages/oslo_config/cfg.py:3245}}
May 26 18:18:29.916311 np0000001448 devstack@n-api.service[86647]: DEBUG nova.api.openstack.wsgi_app [None req-c59be10b-c5f5-44b5-a6e3-38c81306a1fa None None] initial_disk_allocation_ratio = 1.0 {{(pid=86647) log_opt_values /opt/stack/data/venv/lib/python3.12/site-packages/oslo_config/cfg.py:3245}}
May 26 18:18:29.916488 np0000001448 devstack@n-api.service[86647]: DEBUG nova.api.openstack.wsgi_app [None req-c59be10b-c5f5-44b5-a6e3-38c81306a1fa None None] initial_ram_allocation_ratio = 1.0 {{(pid=86647) log_opt_values /opt/stack/data/venv/lib/python3.12/site-packages/oslo_config/cfg.py:3245}}
May 26 18:18:29.916702 np0000001448 devstack@n-api.service[86647]: DEBUG nova.api.openstack.wsgi_app [None req-c59be10b-c5f5-44b5-a6e3-38c81306a1fa None None] injected_network_template = /opt/stack/nova/nova/virt/interfaces.template {{(pid=86647) log_opt_values /opt/stack/data/venv/lib/python3.12/site-packages/oslo_config/cfg.py:3245}}
May 26 18:18:29.916823 np0000001448 devstack@n-api.service[86647]: DEBUG nova.api.openstack.wsgi_app [None req-c59be10b-c5f5-44b5-a6e3-38c81306a1fa None None] instance_build_timeout = 0 {{(pid=86647) log_opt_values /opt/stack/data/venv/lib/python3.12/site-packages/oslo_config/cfg.py:3245}}
May 26 18:18:29.916955 np0000001448 devstack@n-api.service[86647]: DEBUG nova.api.openstack.wsgi_app [None req-c59be10b-c5f5-44b5-a6e3-38c81306a1fa None None] instance_delete_interval = 300 {{(pid=86647) log_opt_values /opt/stack/data/venv/lib/python3.12/site-packages/oslo_config/cfg.py:3245}}
May 26 18:18:29.917074 np0000001448 devstack@n-api.service[86647]: DEBUG nova.api.openstack.wsgi_app [None req-c59be10b-c5f5-44b5-a6e3-38c81306a1fa None None] instance_format = [instance: %(uuid)s] {{(pid=86647) log_opt_values /opt/stack/data/venv/lib/python3.12/site-packages/oslo_config/cfg.py:3245}}
May 26 18:18:29.917210 np0000001448 devstack@n-api.service[86647]: DEBUG nova.api.openstack.wsgi_app [None req-c59be10b-c5f5-44b5-a6e3-38c81306a1fa None None] instance_name_template = instance-%08x {{(pid=86647) log_opt_values /opt/stack/data/venv/lib/python3.12/site-packages/oslo_config/cfg.py:3245}}
May 26 18:18:29.917324 np0000001448 devstack@n-api.service[86647]: DEBUG nova.api.openstack.wsgi_app [None req-c59be10b-c5f5-44b5-a6e3-38c81306a1fa None None] instance_usage_audit = False {{(pid=86647) log_opt_values /opt/stack/data/venv/lib/python3.12/site-packages/oslo_config/cfg.py:3245}}
May 26 18:18:29.917471 np0000001448 devstack@n-api.service[86647]: DEBUG nova.api.openstack.wsgi_app [None req-c59be10b-c5f5-44b5-a6e3-38c81306a1fa None None] instance_usage_audit_period = month {{(pid=86647) log_opt_values /opt/stack/data/venv/lib/python3.12/site-packages/oslo_config/cfg.py:3245}}
May 26 18:18:29.917605 np0000001448 devstack@n-api.service[86647]: DEBUG nova.api.openstack.wsgi_app [None req-c59be10b-c5f5-44b5-a6e3-38c81306a1fa None None] instance_uuid_format = [instance: %(uuid)s] {{(pid=86647) log_opt_values /opt/stack/data/venv/lib/python3.12/site-packages/oslo_config/cfg.py:3245}}
May 26 18:18:29.917724 np0000001448 devstack@n-api.service[86647]: DEBUG nova.api.openstack.wsgi_app [None req-c59be10b-c5f5-44b5-a6e3-38c81306a1fa None None] instances_path = /opt/stack/data/nova/instances {{(pid=86647) log_opt_values /opt/stack/data/venv/lib/python3.12/site-packages/oslo_config/cfg.py:3245}}
May 26 18:18:29.917843 np0000001448 devstack@n-api.service[86647]: DEBUG nova.api.openstack.wsgi_app [None req-c59be10b-c5f5-44b5-a6e3-38c81306a1fa None None] internal_service_availability_zone = internal {{(pid=86647) log_opt_values /opt/stack/data/venv/lib/python3.12/site-packages/oslo_config/cfg.py:3245}}
May 26 18:18:29.917973 np0000001448 devstack@n-api.service[86647]: DEBUG nova.api.openstack.wsgi_app [None req-c59be10b-c5f5-44b5-a6e3-38c81306a1fa None None] key = None {{(pid=86647) log_opt_values /opt/stack/data/venv/lib/python3.12/site-packages/oslo_config/cfg.py:3245}}
May 26 18:18:29.918084 np0000001448 devstack@n-api.service[86647]: DEBUG nova.api.openstack.wsgi_app [None req-c59be10b-c5f5-44b5-a6e3-38c81306a1fa None None] live_migration_retry_count = 30 {{(pid=86647) log_opt_values /opt/stack/data/venv/lib/python3.12/site-packages/oslo_config/cfg.py:3245}}
May 26 18:18:29.918253 np0000001448 devstack@n-api.service[86647]: DEBUG nova.api.openstack.wsgi_app [None req-c59be10b-c5f5-44b5-a6e3-38c81306a1fa None None] log_color = False {{(pid=86647) log_opt_values /opt/stack/data/venv/lib/python3.12/site-packages/oslo_config/cfg.py:3245}}
May 26 18:18:29.918382 np0000001448 devstack@n-api.service[86647]: DEBUG nova.api.openstack.wsgi_app [None req-c59be10b-c5f5-44b5-a6e3-38c81306a1fa None None] log_config_append = None {{(pid=86647) log_opt_values /opt/stack/data/venv/lib/python3.12/site-packages/oslo_config/cfg.py:3245}}
May 26 18:18:29.918511 np0000001448 devstack@n-api.service[86647]: DEBUG nova.api.openstack.wsgi_app [None req-c59be10b-c5f5-44b5-a6e3-38c81306a1fa None None] log_date_format = %Y-%m-%d %H:%M:%S {{(pid=86647) log_opt_values /opt/stack/data/venv/lib/python3.12/site-packages/oslo_config/cfg.py:3245}}
May 26 18:18:29.918644 np0000001448 devstack@n-api.service[86647]: DEBUG nova.api.openstack.wsgi_app [None req-c59be10b-c5f5-44b5-a6e3-38c81306a1fa None None] log_dir = None {{(pid=86647) log_opt_values /opt/stack/data/venv/lib/python3.12/site-packages/oslo_config/cfg.py:3245}}
May 26 18:18:29.918758 np0000001448 devstack@n-api.service[86647]: DEBUG nova.api.openstack.wsgi_app [None req-c59be10b-c5f5-44b5-a6e3-38c81306a1fa None None] log_file = None {{(pid=86647) log_opt_values /opt/stack/data/venv/lib/python3.12/site-packages/oslo_config/cfg.py:3245}}
May 26 18:18:29.918847 np0000001448 devstack@n-api.service[86647]: DEBUG nova.api.openstack.wsgi_app [None req-c59be10b-c5f5-44b5-a6e3-38c81306a1fa None None] log_options = True {{(pid=86647) log_opt_values /opt/stack/data/venv/lib/python3.12/site-packages/oslo_config/cfg.py:3245}}
May 26 18:18:29.918976 np0000001448 devstack@n-api.service[86647]: DEBUG nova.api.openstack.wsgi_app [None req-c59be10b-c5f5-44b5-a6e3-38c81306a1fa None None] log_rotate_interval = 1 {{(pid=86647) log_opt_values /opt/stack/data/venv/lib/python3.12/site-packages/oslo_config/cfg.py:3245}}
May 26 18:18:29.919097 np0000001448 devstack@n-api.service[86647]: DEBUG nova.api.openstack.wsgi_app [None req-c59be10b-c5f5-44b5-a6e3-38c81306a1fa None None] log_rotate_interval_type = days {{(pid=86647) log_opt_values /opt/stack/data/venv/lib/python3.12/site-packages/oslo_config/cfg.py:3245}}
May 26 18:18:29.919212 np0000001448 devstack@n-api.service[86647]: DEBUG nova.api.openstack.wsgi_app [None req-c59be10b-c5f5-44b5-a6e3-38c81306a1fa None None] log_rotation_type = none {{(pid=86647) log_opt_values /opt/stack/data/venv/lib/python3.12/site-packages/oslo_config/cfg.py:3245}}
May 26 18:18:29.919304 np0000001448 devstack@n-api.service[86647]: DEBUG nova.api.openstack.wsgi_app [None req-c59be10b-c5f5-44b5-a6e3-38c81306a1fa None None] logging_context_format_string = %(color)s%(levelname)s %(name)s [%(global_request_id)s %(request_id)s %(project_name)s %(user_name)s%(color)s] %(instance)s%(color)s%(message)s {{(pid=86647) log_opt_values /opt/stack/data/venv/lib/python3.12/site-packages/oslo_config/cfg.py:3245}}
May 26 18:18:29.919410 np0000001448 devstack@n-api.service[86647]: DEBUG nova.api.openstack.wsgi_app [None req-c59be10b-c5f5-44b5-a6e3-38c81306a1fa None None] logging_debug_format_suffix = {{(pid=%(process)d) %(funcName)s %(pathname)s:%(lineno)d}} {{(pid=86647) log_opt_values /opt/stack/data/venv/lib/python3.12/site-packages/oslo_config/cfg.py:3245}}
May 26 18:18:29.919546 np0000001448 devstack@n-api.service[86647]: DEBUG nova.api.openstack.wsgi_app [None req-c59be10b-c5f5-44b5-a6e3-38c81306a1fa None None] logging_default_format_string = %(color)s%(levelname)s %(name)s [-%(color)s] %(instance)s%(color)s%(message)s {{(pid=86647) log_opt_values /opt/stack/data/venv/lib/python3.12/site-packages/oslo_config/cfg.py:3245}}
May 26 18:18:29.919717 np0000001448 devstack@n-api.service[86647]: DEBUG nova.api.openstack.wsgi_app [None req-c59be10b-c5f5-44b5-a6e3-38c81306a1fa None None] logging_exception_prefix = ERROR %(name)s %(instance)s {{(pid=86647) log_opt_values /opt/stack/data/venv/lib/python3.12/site-packages/oslo_config/cfg.py:3245}}
May 26 18:18:29.919828 np0000001448 devstack@n-api.service[86647]: DEBUG nova.api.openstack.wsgi_app [None req-c59be10b-c5f5-44b5-a6e3-38c81306a1fa None None] logging_user_identity_format = %(user)s %(project)s %(domain)s %(system_scope)s %(user_domain)s %(project_domain)s {{(pid=86647) log_opt_values /opt/stack/data/venv/lib/python3.12/site-packages/oslo_config/cfg.py:3245}}
May 26 18:18:29.919971 np0000001448 devstack@n-api.service[86647]: DEBUG nova.api.openstack.wsgi_app [None req-c59be10b-c5f5-44b5-a6e3-38c81306a1fa None None] long_rpc_timeout = 1800 {{(pid=86647) log_opt_values /opt/stack/data/venv/lib/python3.12/site-packages/oslo_config/cfg.py:3245}}
May 26 18:18:29.920089 np0000001448 devstack@n-api.service[86647]: DEBUG nova.api.openstack.wsgi_app [None req-c59be10b-c5f5-44b5-a6e3-38c81306a1fa None None] manager_shutdown_timeout = 160 {{(pid=86647) log_opt_values /opt/stack/data/venv/lib/python3.12/site-packages/oslo_config/cfg.py:3245}}
May 26 18:18:29.920201 np0000001448 devstack@n-api.service[86647]: DEBUG nova.api.openstack.wsgi_app [None req-c59be10b-c5f5-44b5-a6e3-38c81306a1fa None None] max_concurrent_builds = 10 {{(pid=86647) log_opt_values /opt/stack/data/venv/lib/python3.12/site-packages/oslo_config/cfg.py:3245}}
May 26 18:18:29.920312 np0000001448 devstack@n-api.service[86647]: DEBUG nova.api.openstack.wsgi_app [None req-c59be10b-c5f5-44b5-a6e3-38c81306a1fa None None] max_concurrent_live_migrations = 1 {{(pid=86647) log_opt_values /opt/stack/data/venv/lib/python3.12/site-packages/oslo_config/cfg.py:3245}}
May 26 18:18:29.920443 np0000001448 devstack@n-api.service[86647]: DEBUG nova.api.openstack.wsgi_app [None req-c59be10b-c5f5-44b5-a6e3-38c81306a1fa None None] max_concurrent_snapshots = 5 {{(pid=86647) log_opt_values /opt/stack/data/venv/lib/python3.12/site-packages/oslo_config/cfg.py:3245}}
May 26 18:18:29.920516 np0000001448 devstack@n-api.service[86648]: DEBUG nova.api.openstack.wsgi_app [None req-71399272-dca7-480d-b85b-71bd0b453bb7 None None] ******************************************************************************** {{(pid=86648) log_opt_values /opt/stack/data/venv/lib/python3.12/site-packages/oslo_config/cfg.py:3229}}
May 26 18:18:29.920754 np0000001448 devstack@n-api.service[86647]: DEBUG nova.api.openstack.wsgi_app [None req-c59be10b-c5f5-44b5-a6e3-38c81306a1fa None None] max_local_block_devices = 3 {{(pid=86647) log_opt_values /opt/stack/data/venv/lib/python3.12/site-packages/oslo_config/cfg.py:3245}}
May 26 18:18:29.920786 np0000001448 devstack@n-api.service[86648]: DEBUG nova.api.openstack.wsgi_app [None req-71399272-dca7-480d-b85b-71bd0b453bb7 None None] Configuration options gathered from: {{(pid=86648) log_opt_values /opt/stack/data/venv/lib/python3.12/site-packages/oslo_config/cfg.py:3230}}
May 26 18:18:29.920809 np0000001448 devstack@n-api.service[86647]: DEBUG nova.api.openstack.wsgi_app [None req-c59be10b-c5f5-44b5-a6e3-38c81306a1fa None None] max_logfile_count = 30 {{(pid=86647) log_opt_values /opt/stack/data/venv/lib/python3.12/site-packages/oslo_config/cfg.py:3245}}
May 26 18:18:29.920809 np0000001448 devstack@n-api.service[86647]: DEBUG nova.api.openstack.wsgi_app [None req-c59be10b-c5f5-44b5-a6e3-38c81306a1fa None None] max_logfile_size_mb = 200 {{(pid=86647) log_opt_values /opt/stack/data/venv/lib/python3.12/site-packages/oslo_config/cfg.py:3245}}
May 26 18:18:29.920912 np0000001448 devstack@n-api.service[86647]: DEBUG nova.api.openstack.wsgi_app [None req-c59be10b-c5f5-44b5-a6e3-38c81306a1fa None None] maximum_instance_delete_attempts = 5 {{(pid=86647) log_opt_values /opt/stack/data/venv/lib/python3.12/site-packages/oslo_config/cfg.py:3245}}
May 26 18:18:29.920985 np0000001448 devstack@n-api.service[86648]: DEBUG nova.api.openstack.wsgi_app [None req-71399272-dca7-480d-b85b-71bd0b453bb7 None None] command line args: [] {{(pid=86648) log_opt_values /opt/stack/data/venv/lib/python3.12/site-packages/oslo_config/cfg.py:3231}}
May 26 18:18:29.921041 np0000001448 devstack@n-api.service[86647]: DEBUG nova.api.openstack.wsgi_app [None req-c59be10b-c5f5-44b5-a6e3-38c81306a1fa None None] migrate_max_retries = -1 {{(pid=86647) log_opt_values /opt/stack/data/venv/lib/python3.12/site-packages/oslo_config/cfg.py:3245}}
May 26 18:18:29.921129 np0000001448 devstack@n-api.service[86647]: DEBUG nova.api.openstack.wsgi_app [None req-c59be10b-c5f5-44b5-a6e3-38c81306a1fa None None] mkisofs_cmd = genisoimage {{(pid=86647) log_opt_values /opt/stack/data/venv/lib/python3.12/site-packages/oslo_config/cfg.py:3245}}
May 26 18:18:29.921183 np0000001448 devstack@n-api.service[86648]: DEBUG nova.api.openstack.wsgi_app [None req-71399272-dca7-480d-b85b-71bd0b453bb7 None None] config files: ['/etc/nova/api-paste.ini', '/etc/nova/nova.conf'] {{(pid=86648) log_opt_values /opt/stack/data/venv/lib/python3.12/site-packages/oslo_config/cfg.py:3232}}
