May 26 18:19:16.967726 np0000001448 nova-scheduler[95729]: DEBUG cotyledon.oslo_config_glue [-] oslo_limit.connect_retry_delay = None {{(pid=95729) log_opt_values /opt/stack/data/venv/lib/python3.12/site-packages/oslo_config/cfg.py:3256}}
May 26 18:19:16.967726 np0000001448 nova-scheduler[95729]: DEBUG cotyledon.oslo_config_glue [-] oslo_limit.endpoint_id = None {{(pid=95729) log_opt_values /opt/stack/data/venv/lib/python3.12/site-packages/oslo_config/cfg.py:3256}}
May 26 18:19:16.967726 np0000001448 nova-scheduler[95729]: DEBUG cotyledon.oslo_config_glue [-] oslo_limit.endpoint_interface = public {{(pid=95729) log_opt_values /opt/stack/data/venv/lib/python3.12/site-packages/oslo_config/cfg.py:3256}}
May 26 18:19:16.967726 np0000001448 nova-scheduler[95729]: DEBUG cotyledon.oslo_config_glue [-] oslo_limit.endpoint_override = None {{(pid=95729) log_opt_values /opt/stack/data/venv/lib/python3.12/site-packages/oslo_config/cfg.py:3256}}
May 26 18:19:16.967726 np0000001448 nova-scheduler[95729]: DEBUG cotyledon.oslo_config_glue [-] oslo_limit.endpoint_region_name = None {{(pid=95729) log_opt_values /opt/stack/data/venv/lib/python3.12/site-packages/oslo_config/cfg.py:3256}}
May 26 18:19:16.967726 np0000001448 nova-scheduler[95729]: DEBUG cotyledon.oslo_config_glue [-] oslo_limit.endpoint_service_name = None {{(pid=95729) log_opt_values /opt/stack/data/venv/lib/python3.12/site-packages/oslo_config/cfg.py:3256}}
May 26 18:19:16.967726 np0000001448 nova-scheduler[95729]: DEBUG cotyledon.oslo_config_glue [-] oslo_limit.endpoint_service_type = None {{(pid=95729) log_opt_values /opt/stack/data/venv/lib/python3.12/site-packages/oslo_config/cfg.py:3256}}
May 26 18:19:16.967726 np0000001448 nova-scheduler[95729]: DEBUG cotyledon.oslo_config_glue [-] oslo_limit.insecure = False {{(pid=95729) log_opt_values /opt/stack/data/venv/lib/python3.12/site-packages/oslo_config/cfg.py:3256}}
May 26 18:19:16.968012 np0000001448 nova-scheduler[95729]: DEBUG cotyledon.oslo_config_glue [-] oslo_limit.keyfile = None {{(pid=95729) log_opt_values /opt/stack/data/venv/lib/python3.12/site-packages/oslo_config/cfg.py:3256}}
May 26 18:19:16.968012 np0000001448 nova-scheduler[95729]: DEBUG cotyledon.oslo_config_glue [-] oslo_limit.max_version = None {{(pid=95729) log_opt_values /opt/stack/data/venv/lib/python3.12/site-packages/oslo_config/cfg.py:3256}}
May 26 18:19:16.968012 np0000001448 nova-scheduler[95729]: DEBUG cotyledon.oslo_config_glue [-] oslo_limit.min_version = None {{(pid=95729) log_opt_values /opt/stack/data/venv/lib/python3.12/site-packages/oslo_config/cfg.py:3256}}
May 26 18:19:16.968012 np0000001448 nova-scheduler[95729]: DEBUG cotyledon.oslo_config_glue [-] oslo_limit.region_name = None {{(pid=95729) log_opt_values /opt/stack/data/venv/lib/python3.12/site-packages/oslo_config/cfg.py:3256}}
May 26 18:19:16.968012 np0000001448 nova-scheduler[95729]: DEBUG cotyledon.oslo_config_glue [-] oslo_limit.retriable_status_codes = None {{(pid=95729) log_opt_values /opt/stack/data/venv/lib/python3.12/site-packages/oslo_config/cfg.py:3256}}
May 26 18:19:16.968012 np0000001448 nova-scheduler[95729]: DEBUG cotyledon.oslo_config_glue [-] oslo_limit.service_name = None {{(pid=95729) log_opt_values /opt/stack/data/venv/lib/python3.12/site-packages/oslo_config/cfg.py:3256}}
May 26 18:19:16.968012 np0000001448 nova-scheduler[95729]: DEBUG cotyledon.oslo_config_glue [-] oslo_limit.service_type = None {{(pid=95729) log_opt_values /opt/stack/data/venv/lib/python3.12/site-packages/oslo_config/cfg.py:3256}}
May 26 18:19:16.968012 np0000001448 nova-scheduler[95729]: DEBUG cotyledon.oslo_config_glue [-] oslo_limit.split_loggers = False {{(pid=95729) log_opt_values /opt/stack/data/venv/lib/python3.12/site-packages/oslo_config/cfg.py:3256}}
May 26 18:19:16.968012 np0000001448 nova-scheduler[95729]: DEBUG cotyledon.oslo_config_glue [-] oslo_limit.status_code_retries = None {{(pid=95729) log_opt_values /opt/stack/data/venv/lib/python3.12/site-packages/oslo_config/cfg.py:3256}}
May 26 18:19:16.968306 np0000001448 nova-scheduler[95729]: DEBUG cotyledon.oslo_config_glue [-] oslo_limit.status_code_retry_delay = None {{(pid=95729) log_opt_values /opt/stack/data/venv/lib/python3.12/site-packages/oslo_config/cfg.py:3256}}
May 26 18:19:16.968306 np0000001448 nova-scheduler[95729]: DEBUG cotyledon.oslo_config_glue [-] oslo_limit.timeout = None {{(pid=95729) log_opt_values /opt/stack/data/venv/lib/python3.12/site-packages/oslo_config/cfg.py:3256}}
May 26 18:19:16.968306 np0000001448 nova-scheduler[95729]: DEBUG cotyledon.oslo_config_glue [-] oslo_limit.valid_interfaces = None {{(pid=95729) log_opt_values /opt/stack/data/venv/lib/python3.12/site-packages/oslo_config/cfg.py:3256}}
May 26 18:19:16.968306 np0000001448 nova-scheduler[95729]: DEBUG cotyledon.oslo_config_glue [-] oslo_limit.version = None {{(pid=95729) log_opt_values /opt/stack/data/venv/lib/python3.12/site-packages/oslo_config/cfg.py:3256}}
May 26 18:19:16.968306 np0000001448 nova-scheduler[95729]: DEBUG cotyledon.oslo_config_glue [-] oslo_reports.file_event_handler = None {{(pid=95729) log_opt_values /opt/stack/data/venv/lib/python3.12/site-packages/oslo_config/cfg.py:3256}}
May 26 18:19:16.968306 np0000001448 nova-scheduler[95729]: DEBUG cotyledon.oslo_config_glue [-] oslo_reports.file_event_handler_interval = 1 {{(pid=95729) log_opt_values /opt/stack/data/venv/lib/python3.12/site-packages/oslo_config/cfg.py:3256}}
May 26 18:19:16.968306 np0000001448 nova-scheduler[95729]: DEBUG cotyledon.oslo_config_glue [-] oslo_reports.log_dir = None {{(pid=95729) log_opt_values /opt/stack/data/venv/lib/python3.12/site-packages/oslo_config/cfg.py:3256}}
May 26 18:19:16.968306 np0000001448 nova-scheduler[95729]: DEBUG cotyledon.oslo_config_glue [-] ******************************************************************************** {{(pid=95729) log_opt_values /opt/stack/data/venv/lib/python3.12/site-packages/oslo_config/cfg.py:3263}}
May 26 18:19:16.968306 np0000001448 nova-scheduler[95729]: DEBUG cotyledon._service_worker [-] Run service ServiceWrapper(2) [95729] {{(pid=95729) wait_forever /opt/stack/data/venv/lib/python3.12/site-packages/cotyledon/_service_worker.py:218}}
May 26 18:19:16.968611 np0000001448 nova-scheduler[95729]: INFO nova.service [-] Starting scheduler node (version 33.1.0)
May 26 18:19:16.968611 np0000001448 nova-scheduler[95729]: INFO dbcounter [None req-086057b9-aff0-41f6-8832-3e6f7c03fb40 None None] Registered counter for database nova_cell0
May 26 18:19:16.968678 np0000001448 nova-scheduler[95717]: DEBUG oslo_db.sqlalchemy.engines [None req-1b59347c-0fc1-4f5d-8ded-5fd879ef775f None None] MySQL server mode set to STRICT_TRANS_TABLES,STRICT_ALL_TABLES,NO_ZERO_IN_DATE,NO_ZERO_DATE,ERROR_FOR_DIVISION_BY_ZERO,TRADITIONAL,NO_ENGINE_SUBSTITUTION {{(pid=95717) _check_effective_sql_mode /opt/stack/data/venv/lib/python3.12/site-packages/oslo_db/sqlalchemy/engines.py:325}}
May 26 18:19:16.974637 np0000001448 nova-scheduler[95717]: DEBUG dbcounter [-] [95717] Writer thread running {{(pid=95717) stat_writer /opt/stack/data/venv/lib/python3.12/site-packages/dbcounter.py:102}}
May 26 18:19:16.978105 np0000001448 nova-scheduler[95727]: DEBUG oslo_db.sqlalchemy.engines [None req-fa91b9b0-8b12-47df-8ac7-34ea3e081d96 None None] MySQL server mode set to STRICT_TRANS_TABLES,STRICT_ALL_TABLES,NO_ZERO_IN_DATE,NO_ZERO_DATE,ERROR_FOR_DIVISION_BY_ZERO,TRADITIONAL,NO_ENGINE_SUBSTITUTION {{(pid=95727) _check_effective_sql_mode /opt/stack/data/venv/lib/python3.12/site-packages/oslo_db/sqlalchemy/engines.py:325}}
May 26 18:19:16.987112 np0000001448 nova-scheduler[95727]: DEBUG dbcounter [-] [95727] Writer thread running {{(pid=95727) stat_writer /opt/stack/data/venv/lib/python3.12/site-packages/dbcounter.py:102}}
May 26 18:19:16.993186 np0000001448 nova-scheduler[95717]: DEBUG nova.service [None req-1b59347c-0fc1-4f5d-8ded-5fd879ef775f None None] Creating RPC server for service: nova-scheduler on topic: scheduler {{(pid=95717) start /opt/stack/nova/nova/service.py:195}}
May 26 18:19:16.997075 np0000001448 nova-scheduler[95727]: DEBUG nova.service [None req-fa91b9b0-8b12-47df-8ac7-34ea3e081d96 None None] Creating RPC server for service: nova-scheduler on topic: scheduler {{(pid=95727) start /opt/stack/nova/nova/service.py:195}}
May 26 18:19:16.998092 np0000001448 nova-scheduler[95729]: DEBUG oslo_db.sqlalchemy.engines [None req-086057b9-aff0-41f6-8832-3e6f7c03fb40 None None] MySQL server mode set to STRICT_TRANS_TABLES,STRICT_ALL_TABLES,NO_ZERO_IN_DATE,NO_ZERO_DATE,ERROR_FOR_DIVISION_BY_ZERO,TRADITIONAL,NO_ENGINE_SUBSTITUTION {{(pid=95729) _check_effective_sql_mode /opt/stack/data/venv/lib/python3.12/site-packages/oslo_db/sqlalchemy/engines.py:325}}
May 26 18:19:17.008728 np0000001448 nova-scheduler[95729]: DEBUG dbcounter [-] [95729] Writer thread running {{(pid=95729) stat_writer /opt/stack/data/venv/lib/python3.12/site-packages/dbcounter.py:102}}
May 26 18:19:17.014429 np0000001448 nova-scheduler[95729]: DEBUG nova.service [None req-086057b9-aff0-41f6-8832-3e6f7c03fb40 None None] Creating RPC server for service: nova-scheduler on topic: scheduler {{(pid=95729) start /opt/stack/nova/nova/service.py:195}}
May 26 18:19:17.022409 np0000001448 nova-scheduler[95727]: DEBUG nova.service [None req-fa91b9b0-8b12-47df-8ac7-34ea3e081d96 None None] Join ServiceGroup membership for this service scheduler {{(pid=95727) start /opt/stack/nova/nova/service.py:221}}
May 26 18:19:17.022409 np0000001448 nova-scheduler[95727]: DEBUG nova.servicegroup.drivers.db [None req-fa91b9b0-8b12-47df-8ac7-34ea3e081d96 None None] DB_Driver: join new ServiceGroup member np0000001448 to the scheduler group, service = {{(pid=95727) join /opt/stack/nova/nova/servicegroup/drivers/db.py:44}}
May 26 18:19:17.024388 np0000001448 nova-scheduler[95717]: DEBUG nova.service [None req-1b59347c-0fc1-4f5d-8ded-5fd879ef775f None None] Join ServiceGroup membership for this service scheduler {{(pid=95717) start /opt/stack/nova/nova/service.py:221}}
May 26 18:19:17.024388 np0000001448 nova-scheduler[95717]: DEBUG nova.servicegroup.drivers.db [None req-1b59347c-0fc1-4f5d-8ded-5fd879ef775f None None] DB_Driver: join new ServiceGroup member np0000001448 to the scheduler group, service = {{(pid=95717) join /opt/stack/nova/nova/servicegroup/drivers/db.py:44}}
May 26 18:19:17.036486 np0000001448 nova-scheduler[95729]: DEBUG nova.service [None req-086057b9-aff0-41f6-8832-3e6f7c03fb40 None None] Join ServiceGroup membership for this service scheduler {{(pid=95729) start /opt/stack/nova/nova/service.py:221}}
May 26 18:19:17.036486 np0000001448 nova-scheduler[95729]: DEBUG nova.servicegroup.drivers.db [None req-086057b9-aff0-41f6-8832-3e6f7c03fb40 None None] DB_Driver: join new ServiceGroup member np0000001448 to the scheduler group, service = {{(pid=95729) join /opt/stack/nova/nova/servicegroup/drivers/db.py:44}}
May 26 18:19:22.043068 np0000001448 nova-scheduler[95717]: DEBUG oslo.service.backend._threading.loopingcall [-] Fixed interval looping call 'nova.servicegroup.drivers.db.DbDriver._report_state' sleeping for 119.98 seconds {{(pid=95717) _run_loop /opt/stack/data/venv/lib/python3.12/site-packages/oslo_service/backend/_threading/loopingcall.py:125}}
May 26 18:19:22.044475 np0000001448 nova-scheduler[95727]: DEBUG oslo.service.backend._threading.loopingcall [-] Fixed interval looping call 'nova.servicegroup.drivers.db.DbDriver._report_state' sleeping for 119.98 seconds {{(pid=95727) _run_loop /opt/stack/data/venv/lib/python3.12/site-packages/oslo_service/backend/_threading/loopingcall.py:125}}
May 26 18:19:22.047828 np0000001448 nova-scheduler[95729]: DEBUG oslo.service.backend._threading.loopingcall [-] Fixed interval looping call 'nova.servicegroup.drivers.db.DbDriver._report_state' sleeping for 119.99 seconds {{(pid=95729) _run_loop /opt/stack/data/venv/lib/python3.12/site-packages/oslo_service/backend/_threading/loopingcall.py:125}}
May 26 18:19:25.535337 np0000001448 nova-scheduler[94459]: DEBUG dbcounter [-] [94459] Writing DB stats nova_api:SELECT=3 {{(pid=94459) stat_writer /opt/stack/data/venv/lib/python3.12/site-packages/dbcounter.py:115}}
May 26 18:19:25.671466 np0000001448 nova-scheduler[94459]: DEBUG dbcounter [-] [94459] Writing DB stats nova_cell1:SELECT=1 {{(pid=94459) stat_writer /opt/stack/data/venv/lib/python3.12/site-packages/dbcounter.py:115}}
May 26 18:19:25.679271 np0000001448 nova-scheduler[94459]: DEBUG dbcounter [-] [94459] Writing DB stats nova_cell0:SELECT=1 {{(pid=94459) stat_writer /opt/stack/data/venv/lib/python3.12/site-packages/dbcounter.py:115}}
May 26 18:19:27.025390 np0000001448 nova-scheduler[95727]: DEBUG oslo.service.backend._threading.loopingcall [None req-f681f705-d7d8-4c36-8928-3a5bc31240d4 None None] Dynamic interval looping call 'nova.service.Service.periodic_tasks' sleeping for 60.00 seconds {{(pid=95727) _run_loop /opt/stack/data/venv/lib/python3.12/site-packages/oslo_service/backend/_threading/loopingcall.py:125}}
May 26 18:19:32.036658 np0000001448 nova-scheduler[95717]: DEBUG dbcounter [-] [95717] Writing DB stats nova_cell0:SELECT=4,nova_cell0:INSERT=1,nova_cell0:UPDATE=1 {{(pid=95717) stat_writer /opt/stack/data/venv/lib/python3.12/site-packages/dbcounter.py:115}}
May 26 18:19:32.037841 np0000001448 nova-scheduler[95727]: DEBUG dbcounter [-] [95727] Writing DB stats nova_cell0:SELECT=3,nova_cell0:UPDATE=1 {{(pid=95727) stat_writer /opt/stack/data/venv/lib/python3.12/site-packages/dbcounter.py:115}}
May 26 18:19:32.044047 np0000001448 nova-scheduler[95729]: DEBUG dbcounter [-] [95729] Writing DB stats nova_cell0:SELECT=3 {{(pid=95729) stat_writer /opt/stack/data/venv/lib/python3.12/site-packages/dbcounter.py:115}}
May 26 18:19:36.034825 np0000001448 nova-scheduler[95729]: DEBUG oslo.service.backend._threading.loopingcall [None req-7a44aaa1-38e9-4d84-898a-5236421d362b None None] Dynamic interval looping call 'nova.service.Service.periodic_tasks' sleeping for 60.00 seconds {{(pid=95729) _run_loop /opt/stack/data/venv/lib/python3.12/site-packages/oslo_service/backend/_threading/loopingcall.py:125}}
May 26 18:19:54.026710 np0000001448 nova-scheduler[95717]: DEBUG oslo.service.backend._threading.loopingcall [None req-65c57701-c514-403d-ae77-5136643a29e3 None None] Dynamic interval looping call 'nova.service.Service.periodic_tasks' sleeping for 60.00 seconds {{(pid=95717) _run_loop /opt/stack/data/venv/lib/python3.12/site-packages/oslo_service/backend/_threading/loopingcall.py:125}}
May 26 18:20:27.025779 np0000001448 nova-scheduler[95727]: DEBUG oslo.service.backend._threading.loopingcall [None req-f681f705-d7d8-4c36-8928-3a5bc31240d4 None None] Dynamic interval looping call 'nova.service.Service.periodic_tasks' sleeping for 60.00 seconds {{(pid=95727) _run_loop /opt/stack/data/venv/lib/python3.12/site-packages/oslo_service/backend/_threading/loopingcall.py:125}}
May 26 18:20:36.035340 np0000001448 nova-scheduler[95729]: DEBUG oslo.service.backend._threading.loopingcall [None req-7a44aaa1-38e9-4d84-898a-5236421d362b None None] Dynamic interval looping call 'nova.service.Service.periodic_tasks' sleeping for 60.00 seconds {{(pid=95729) _run_loop /opt/stack/data/venv/lib/python3.12/site-packages/oslo_service/backend/_threading/loopingcall.py:125}}
May 26 18:20:54.027327 np0000001448 nova-scheduler[95717]: DEBUG oslo.service.backend._threading.loopingcall [None req-65c57701-c514-403d-ae77-5136643a29e3 None None] Dynamic interval looping call 'nova.service.Service.periodic_tasks' sleeping for 60.00 seconds {{(pid=95717) _run_loop /opt/stack/data/venv/lib/python3.12/site-packages/oslo_service/backend/_threading/loopingcall.py:125}}
May 26 18:21:22.030397 np0000001448 nova-scheduler[95717]: DEBUG oslo.service.backend._threading.loopingcall [-] Fixed interval looping call 'nova.servicegroup.drivers.db.DbDriver._report_state' sleeping for 119.99 seconds {{(pid=95717) _run_loop /opt/stack/data/venv/lib/python3.12/site-packages/oslo_service/backend/_threading/loopingcall.py:125}}
May 26 18:21:22.030885 np0000001448 nova-scheduler[95727]: DEBUG oslo.service.backend._threading.loopingcall [-] Fixed interval looping call 'nova.servicegroup.drivers.db.DbDriver._report_state' sleeping for 119.99 seconds {{(pid=95727) _run_loop /opt/stack/data/venv/lib/python3.12/site-packages/oslo_service/backend/_threading/loopingcall.py:125}}
May 26 18:21:22.041079 np0000001448 nova-scheduler[95729]: DEBUG oslo.service.backend._threading.loopingcall [-] Fixed interval looping call 'nova.servicegroup.drivers.db.DbDriver._report_state' sleeping for 120.00 seconds {{(pid=95729) _run_loop /opt/stack/data/venv/lib/python3.12/site-packages/oslo_service/backend/_threading/loopingcall.py:125}}
May 26 18:21:27.026734 np0000001448 nova-scheduler[95727]: DEBUG oslo.service.backend._threading.loopingcall [None req-f681f705-d7d8-4c36-8928-3a5bc31240d4 None None] Dynamic interval looping call 'nova.service.Service.periodic_tasks' sleeping for 60.00 seconds {{(pid=95727) _run_loop /opt/stack/data/venv/lib/python3.12/site-packages/oslo_service/backend/_threading/loopingcall.py:125}}
May 26 18:21:32.027277 np0000001448 nova-scheduler[95717]: DEBUG dbcounter [-] [95717] Writing DB stats nova_cell0:SELECT=1,nova_cell0:UPDATE=1 {{(pid=95717) stat_writer /opt/stack/data/venv/lib/python3.12/site-packages/dbcounter.py:115}}
May 26 18:21:32.027916 np0000001448 nova-scheduler[95727]: DEBUG dbcounter [-] [95727] Writing DB stats nova_cell0:SELECT=1,nova_cell0:UPDATE=1 {{(pid=95727) stat_writer /opt/stack/data/venv/lib/python3.12/site-packages/dbcounter.py:115}}
May 26 18:21:32.039594 np0000001448 nova-scheduler[95729]: DEBUG dbcounter [-] [95729] Writing DB stats nova_cell0:SELECT=1 {{(pid=95729) stat_writer /opt/stack/data/venv/lib/python3.12/site-packages/dbcounter.py:115}}
May 26 18:21:36.035806 np0000001448 nova-scheduler[95729]: DEBUG oslo.service.backend._threading.loopingcall [None req-7a44aaa1-38e9-4d84-898a-5236421d362b None None] Dynamic interval looping call 'nova.service.Service.periodic_tasks' sleeping for 60.00 seconds {{(pid=95729) _run_loop /opt/stack/data/venv/lib/python3.12/site-packages/oslo_service/backend/_threading/loopingcall.py:125}}
May 26 18:21:54.027921 np0000001448 nova-scheduler[95717]: DEBUG oslo.service.backend._threading.loopingcall [None req-65c57701-c514-403d-ae77-5136643a29e3 None None] Dynamic interval looping call 'nova.service.Service.periodic_tasks' sleeping for 60.00 seconds {{(pid=95717) _run_loop /opt/stack/data/venv/lib/python3.12/site-packages/oslo_service/backend/_threading/loopingcall.py:125}}
May 26 18:22:18.224455 np0000001448 nova-scheduler[95727]: DEBUG nova.scheduler.manager [None req-b94b64db-d9b8-4d98-ae40-e09735dab6c0 tempest-DeleteServersTestJSON-190750421 tempest-DeleteServersTestJSON-190750421-project-member] Starting to schedule for instances: ['97aacad7-c7e1-4b95-a478-9a4ef377a840'] {{(pid=95727) select_destinations /opt/stack/nova/nova/scheduler/manager.py:210}}
May 26 18:22:18.225785 np0000001448 nova-scheduler[95727]: DEBUG nova.scheduler.request_filter [None req-b94b64db-d9b8-4d98-ae40-e09735dab6c0 tempest-DeleteServersTestJSON-190750421 tempest-DeleteServersTestJSON-190750421-project-member] compute_status_filter request filter added forbidden trait COMPUTE_STATUS_DISABLED {{(pid=95727) compute_status_filter /opt/stack/nova/nova/scheduler/request_filter.py:253}}
May 26 18:22:18.225785 np0000001448 nova-scheduler[95727]: DEBUG nova.scheduler.request_filter [None req-b94b64db-d9b8-4d98-ae40-e09735dab6c0 tempest-DeleteServersTestJSON-190750421 tempest-DeleteServersTestJSON-190750421-project-member] Request filter 'compute_status_filter' took 0.0 seconds {{(pid=95727) wrapper /opt/stack/nova/nova/scheduler/request_filter.py:46}}
May 26 18:22:18.225785 np0000001448 nova-scheduler[95727]: DEBUG nova.scheduler.request_filter [None req-b94b64db-d9b8-4d98-ae40-e09735dab6c0 tempest-DeleteServersTestJSON-190750421 tempest-DeleteServersTestJSON-190750421-project-member] Request filter 'accelerators_filter' took 0.0 seconds {{(pid=95727) wrapper /opt/stack/nova/nova/scheduler/request_filter.py:46}}
May 26 18:22:18.225785 np0000001448 nova-scheduler[95727]: DEBUG nova.scheduler.request_filter [None req-b94b64db-d9b8-4d98-ae40-e09735dab6c0 tempest-DeleteServersTestJSON-190750421 tempest-DeleteServersTestJSON-190750421-project-member] Request filter 'packed_virtqueue_filter' took 0.0 seconds {{(pid=95727) wrapper /opt/stack/nova/nova/scheduler/request_filter.py:46}}
May 26 18:22:18.225785 np0000001448 nova-scheduler[95727]: DEBUG nova.scheduler.request_filter [None req-b94b64db-d9b8-4d98-ae40-e09735dab6c0 tempest-DeleteServersTestJSON-190750421 tempest-DeleteServersTestJSON-190750421-project-member] Request filter 'remote_managed_ports_filter' took 0.0 seconds {{(pid=95727) wrapper /opt/stack/nova/nova/scheduler/request_filter.py:46}}
May 26 18:22:18.225920 np0000001448 nova-scheduler[95727]: DEBUG nova.scheduler.request_filter [None req-b94b64db-d9b8-4d98-ae40-e09735dab6c0 tempest-DeleteServersTestJSON-190750421 tempest-DeleteServersTestJSON-190750421-project-member] ephemeral_encryption_filter skipped {{(pid=95727) ephemeral_encryption_filter /opt/stack/nova/nova/scheduler/request_filter.py:426}}
May 26 18:22:18.226082 np0000001448 nova-scheduler[95727]: DEBUG nova.scheduler.request_filter [None req-b94b64db-d9b8-4d98-ae40-e09735dab6c0 tempest-DeleteServersTestJSON-190750421 tempest-DeleteServersTestJSON-190750421-project-member] virtio_sound_filter skipped {{(pid=95727) virtio_sound_filter /opt/stack/nova/nova/scheduler/request_filter.py:460}}
May 26 18:22:18.227931 np0000001448 nova-scheduler[95727]: DEBUG nova.scheduler.request_filter [None req-b94b64db-d9b8-4d98-ae40-e09735dab6c0 tempest-DeleteServersTestJSON-190750421 tempest-DeleteServersTestJSON-190750421-project-member] tpm_secret_security_filter skipped {{(pid=95727) tpm_secret_security_filter /opt/stack/nova/nova/scheduler/request_filter.py:477}}
May 26 18:22:18.892540 np0000001448 nova-scheduler[95727]: INFO nova.utils [None req-b94b64db-d9b8-4d98-ae40-e09735dab6c0 tempest-DeleteServersTestJSON-190750421 tempest-DeleteServersTestJSON-190750421-project-member] The cell worker thread pool ForkProcess-2.cell_worker is initialized
May 26 18:22:18.892976 np0000001448 nova-scheduler[95727]: DEBUG oslo_concurrency.lockutils [None req-b94b64db-d9b8-4d98-ae40-e09735dab6c0 tempest-DeleteServersTestJSON-190750421 tempest-DeleteServersTestJSON-190750421-project-member] Acquiring lock "67203242-8ce0-4c25-96c0-dda3c4753e39" by "nova.context.set_target_cell..get_or_set_cached_cell_and_set_connections" {{(pid=95727) inner /opt/stack/data/venv/lib/python3.12/site-packages/oslo_concurrency/lockutils.py:511}}
May 26 18:22:18.893301 np0000001448 nova-scheduler[95727]: DEBUG oslo_concurrency.lockutils [None req-b94b64db-d9b8-4d98-ae40-e09735dab6c0 tempest-DeleteServersTestJSON-190750421 tempest-DeleteServersTestJSON-190750421-project-member] Lock "67203242-8ce0-4c25-96c0-dda3c4753e39" acquired by "nova.context.set_target_cell..get_or_set_cached_cell_and_set_connections" :: waited 0.000s {{(pid=95727) inner /opt/stack/data/venv/lib/python3.12/site-packages/oslo_concurrency/lockutils.py:524}}
May 26 18:22:18.894815 np0000001448 nova-scheduler[95727]: DEBUG oslo_concurrency.lockutils [None req-b94b64db-d9b8-4d98-ae40-e09735dab6c0 tempest-DeleteServersTestJSON-190750421 tempest-DeleteServersTestJSON-190750421-project-member] Lock "67203242-8ce0-4c25-96c0-dda3c4753e39" "released" by "nova.context.set_target_cell..get_or_set_cached_cell_and_set_connections" :: held 0.002s {{(pid=95727) inner /opt/stack/data/venv/lib/python3.12/site-packages/oslo_concurrency/lockutils.py:543}}
May 26 18:22:18.897906 np0000001448 nova-scheduler[95727]: INFO dbcounter [None req-b94b64db-d9b8-4d98-ae40-e09735dab6c0 tempest-DeleteServersTestJSON-190750421 tempest-DeleteServersTestJSON-190750421-project-member] Registered counter for database nova_cell1
May 26 18:22:18.945654 np0000001448 nova-scheduler[95727]: DEBUG oslo_db.sqlalchemy.engines [None req-b94b64db-d9b8-4d98-ae40-e09735dab6c0 tempest-DeleteServersTestJSON-190750421 tempest-DeleteServersTestJSON-190750421-project-member] MySQL server mode set to STRICT_TRANS_TABLES,STRICT_ALL_TABLES,NO_ZERO_IN_DATE,NO_ZERO_DATE,ERROR_FOR_DIVISION_BY_ZERO,TRADITIONAL,NO_ENGINE_SUBSTITUTION {{(pid=95727) _check_effective_sql_mode /opt/stack/data/venv/lib/python3.12/site-packages/oslo_db/sqlalchemy/engines.py:325}}
May 26 18:22:18.956344 np0000001448 nova-scheduler[95727]: DEBUG dbcounter [-] [95727] Writer thread running {{(pid=95727) stat_writer /opt/stack/data/venv/lib/python3.12/site-packages/dbcounter.py:102}}
May 26 18:22:18.974544 np0000001448 nova-scheduler[95727]: DEBUG oslo_db.sqlalchemy.engines [None req-b94b64db-d9b8-4d98-ae40-e09735dab6c0 tempest-DeleteServersTestJSON-190750421 tempest-DeleteServersTestJSON-190750421-project-member] Parent process 94459 forked (95727) with an open database connection, which is being discarded and recreated. {{(pid=95727) checkout /opt/stack/data/venv/lib/python3.12/site-packages/oslo_db/sqlalchemy/engines.py:402}}
May 26 18:22:19.043698 np0000001448 nova-scheduler[95727]: DEBUG dbcounter [-] [95727] Writer thread running {{(pid=95727) stat_writer /opt/stack/data/venv/lib/python3.12/site-packages/dbcounter.py:102}}
May 26 18:22:19.050273 np0000001448 nova-scheduler[95727]: DEBUG oslo_concurrency.lockutils [None req-b94b64db-d9b8-4d98-ae40-e09735dab6c0 tempest-DeleteServersTestJSON-190750421 tempest-DeleteServersTestJSON-190750421-project-member] Acquiring lock "67203242-8ce0-4c25-96c0-dda3c4753e39" by "nova.context.set_target_cell..get_or_set_cached_cell_and_set_connections" {{(pid=95727) inner /opt/stack/data/venv/lib/python3.12/site-packages/oslo_concurrency/lockutils.py:511}}
May 26 18:22:19.050955 np0000001448 nova-scheduler[95727]: DEBUG oslo_concurrency.lockutils [None req-b94b64db-d9b8-4d98-ae40-e09735dab6c0 tempest-DeleteServersTestJSON-190750421 tempest-DeleteServersTestJSON-190750421-project-member] Lock "67203242-8ce0-4c25-96c0-dda3c4753e39" acquired by "nova.context.set_target_cell..get_or_set_cached_cell_and_set_connections" :: waited 0.000s {{(pid=95727) inner /opt/stack/data/venv/lib/python3.12/site-packages/oslo_concurrency/lockutils.py:524}}
May 26 18:22:19.050955 np0000001448 nova-scheduler[95727]: DEBUG oslo_concurrency.lockutils [None req-b94b64db-d9b8-4d98-ae40-e09735dab6c0 tempest-DeleteServersTestJSON-190750421 tempest-DeleteServersTestJSON-190750421-project-member] Lock "67203242-8ce0-4c25-96c0-dda3c4753e39" "released" by "nova.context.set_target_cell..get_or_set_cached_cell_and_set_connections" :: held 0.000s {{(pid=95727) inner /opt/stack/data/venv/lib/python3.12/site-packages/oslo_concurrency/lockutils.py:543}}
May 26 18:22:19.056508 np0000001448 nova-scheduler[95727]: DEBUG oslo_concurrency.lockutils [None req-b94b64db-d9b8-4d98-ae40-e09735dab6c0 tempest-DeleteServersTestJSON-190750421 tempest-DeleteServersTestJSON-190750421-project-member] Acquiring lock "('np0000001448', 'np0000001448')" by "nova.scheduler.host_manager.HostState.update.._locked_update" {{(pid=95727) inner /opt/stack/data/venv/lib/python3.12/site-packages/oslo_concurrency/lockutils.py:511}}
May 26 18:22:19.056712 np0000001448 nova-scheduler[95727]: DEBUG oslo_concurrency.lockutils [None req-b94b64db-d9b8-4d98-ae40-e09735dab6c0 tempest-DeleteServersTestJSON-190750421 tempest-DeleteServersTestJSON-190750421-project-member] Lock "('np0000001448', 'np0000001448')" acquired by "nova.scheduler.host_manager.HostState.update.._locked_update" :: waited 0.000s {{(pid=95727) inner /opt/stack/data/venv/lib/python3.12/site-packages/oslo_concurrency/lockutils.py:524}}
May 26 18:22:19.058318 np0000001448 nova-scheduler[95727]: DEBUG nova.scheduler.host_manager [None req-b94b64db-d9b8-4d98-ae40-e09735dab6c0 tempest-DeleteServersTestJSON-190750421 tempest-DeleteServersTestJSON-190750421-project-member] Update host state from compute node: ComputeNode(cpu_allocation_ratio=4.0,cpu_info='{"arch": "x86_64", "model": "EPYC-Milan", "vendor": "AMD", "topology": {"cells": 1, "sockets": 12, "cores": 1, "threads": 1}, "maxphysaddr": {"mode": "emulate", "bits": 40}, "features": ["3dnowprefetch", "pschange-mc-no", "smap", "bmi2", "clflush", "vgif", "tsc-deadline", "apic", "pause-filter", "x2apic", "nrip-save", "cmov", "fpu", "pge", "xsaveopt", "erms", "fsgsbase", "smep", "xsave", "stibp-always-on", "adx", "rdtscp", "fxsr_opt", "umip", "pdpe1gb", "mtrr", "misalignsse", "mmx", "amd-psfd", "xsavec", "pfthreshold", "pse", "sse4a", "vme", "amd-ssbd", "ssse3", "pae", "sep", "sse4.1", "cx16", "svm", "aes", "hypervisor", "rdpid", "avx", "tsc_adjust", "tsc-scale", "pku", "flushbyasid", "msr", "arch-capabilities", "lm", "svme-addr-chk", "fsrm", "perfctr_core", "stibp", "ssbd", "spec-ctrl", "pse36", "ibpb", "gds-no", "nx", "xsaveerptr", "lahf_lm", "no-nested-data-bp", "vmcb-clean", "clwb", "pcid", "rdseed", "sse4.2", "cmp_legacy", "cx8", "avx2", "pclmuldq", "de", "sse", "cr8legacy", "ibrs", "f16c", "xsaves", "arat", "abm", "xgetbv1", "sse2", "lfence-always-serializing", "mca", "amd-stibp", "fxsr", "v-vmsave-vmload", "skip-l1dfl-vmentry", "osvw", "lbrv", "virt-ssbd", "rdrand", "mmxext", "vaes", "syscall", "null-sel-clr-base", "invpcid", "pni", "sha-ni", "wbnoinvd", "movbe", "clzero", "mds-no", "fma", "mce", "popcnt", "pat", "tsc", "npt", "rdctl-no", "clflushopt", "topoext", "vpclmulqdq", "bmi1"]}',created_at=2026-05-26T18:19:43Z,current_workload=0,deleted=False,deleted_at=None,disk_allocation_ratio=1.0,disk_available_least=74,free_disk_gb=95,free_ram_mb=23518,host='np0000001448',host_ip=10.4.3.54,hypervisor_hostname='np0000001448',hypervisor_type='QEMU',hypervisor_version=8002002,id=1,local_gb=95,local_gb_used=0,mapped=1,memory_mb=24030,memory_mb_used=512,metrics='[]',numa_topology='{"nova_object.name": "NUMATopology", "nova_object.namespace": "nova", "nova_object.version": "1.2", "nova_object.data": {"cells": [{"nova_object.name": "NUMACell", "nova_object.namespace": "nova", "nova_object.version": "1.5", "nova_object.data": {"id": 0, "cpuset": [0, 1, 2, 3, 4, 5, 6, 7, 8, 9, 10, 11], "pcpuset": [0, 1, 2, 3, 4, 5, 6, 7, 8, 9, 10, 11], "memory": 24030, "cpu_usage": 0, "memory_usage": 0, "pinned_cpus": [], "siblings": [[6], [2], [5], [11], [8], [4], [1], [7], [10], [0], [3], [9]], "mempages": [{"nova_object.name": "NUMAPagesTopology", "nova_object.namespace": "nova", "nova_object.version": "1.1", "nova_object.data": {"size_kb": 4, "total": 6151798, "used": 0, "reserved": 0}, "nova_object.changes": ["total", "used", "size_kb", "reserved"]}, {"nova_object.name": "NUMAPagesTopology", "nova_object.namespace": "nova", "nova_object.version": "1.1", "nova_object.data": {"size_kb": 2048, "total": 0, "used": 0, "reserved": 0}, "nova_object.changes": ["total", "used", "size_kb", "reserved"]}, {"nova_object.name": "NUMAPagesTopology", "nova_object.namespace": "nova", "nova_object.version": "1.1", "nova_object.data": {"size_kb": 1048576, "total": 0, "used": 0, "reserved": 0}, "nova_object.changes": ["total", "used", "size_kb", "reserved"]}], "network_metadata": {"nova_object.name": "NetworkMetadata", "nova_object.namespace": "nova", "nova_object.version": "1.0", "nova_object.data": {"physnets": [], "tunneled": false}, "nova_object.changes": ["tunneled", "physnets"]}, "socket": null}, "nova_object.changes": ["pcpuset", "id", "pinned_cpus", "cpu_usage", "memory", "memory_usage", "cpuset", "network_metadata", "siblings", "mempages", "socket"]}]}, "nova_object.changes": ["cells"]}',pci_device_pools=PciDevicePoolList,ram_allocation_ratio=1.0,running_vms=0,service_id=2,stats={failed_builds='0',uptime=' 18:21:28 up 26 min, 2 users, load average: 1.06, 1.22, 0.75
May 26 18:22:19.058318 np0000001448 nova-scheduler[95727]: '},supported_hv_specs=[HVSpec,HVSpec,HVSpec,HVSpec,HVSpec,HVSpec,HVSpec,HVSpec,HVSpec,HVSpec,HVSpec,HVSpec,HVSpec,HVSpec,HVSpec,HVSpec,HVSpec,HVSpec,HVSpec,HVSpec,HVSpec,HVSpec,HVSpec,HVSpec,HVSpec],updated_at=2026-05-26T18:21:30Z,uuid=116784c0-9b1c-40b3-bc0d-6fe0b332f822,vcpus=12,vcpus_used=0) {{(pid=95727) _locked_update /opt/stack/nova/nova/scheduler/host_manager.py:168}}
May 26 18:22:19.059579 np0000001448 nova-scheduler[95727]: DEBUG nova.scheduler.host_manager [None req-b94b64db-d9b8-4d98-ae40-e09735dab6c0 tempest-DeleteServersTestJSON-190750421 tempest-DeleteServersTestJSON-190750421-project-member] Update host state with aggregates: [] {{(pid=95727) _locked_update /opt/stack/nova/nova/scheduler/host_manager.py:171}}
May 26 18:22:19.059771 np0000001448 nova-scheduler[95727]: DEBUG nova.scheduler.host_manager [None req-b94b64db-d9b8-4d98-ae40-e09735dab6c0 tempest-DeleteServersTestJSON-190750421 tempest-DeleteServersTestJSON-190750421-project-member] Update host state with service dict: {'id': 2, 'uuid': '90b88ffe-7013-481b-bf88-973cae4ef4e3', 'host': 'np0000001448', 'binary': 'nova-compute', 'topic': 'compute', 'report_count': 2, 'disabled': False, 'disabled_reason': None, 'last_seen_up': datetime.datetime(2026, 5, 26, 18, 21, 52, tzinfo=datetime.timezone.utc), 'forced_down': False, 'version': 72, 'created_at': datetime.datetime(2026, 5, 26, 18, 19, 41, tzinfo=datetime.timezone.utc), 'updated_at': datetime.datetime(2026, 5, 26, 18, 21, 52, tzinfo=datetime.timezone.utc), 'deleted_at': None, 'deleted': False} {{(pid=95727) _locked_update /opt/stack/nova/nova/scheduler/host_manager.py:174}}
May 26 18:22:19.059935 np0000001448 nova-scheduler[95727]: DEBUG nova.scheduler.host_manager [None req-b94b64db-d9b8-4d98-ae40-e09735dab6c0 tempest-DeleteServersTestJSON-190750421 tempest-DeleteServersTestJSON-190750421-project-member] Update host state with instances: [] {{(pid=95727) _locked_update /opt/stack/nova/nova/scheduler/host_manager.py:177}}
May 26 18:22:19.061071 np0000001448 nova-scheduler[95727]: DEBUG oslo_concurrency.lockutils [None req-b94b64db-d9b8-4d98-ae40-e09735dab6c0 tempest-DeleteServersTestJSON-190750421 tempest-DeleteServersTestJSON-190750421-project-member] Lock "('np0000001448', 'np0000001448')" "released" by "nova.scheduler.host_manager.HostState.update.._locked_update" :: held 0.003s {{(pid=95727) inner /opt/stack/data/venv/lib/python3.12/site-packages/oslo_concurrency/lockutils.py:543}}
May 26 18:22:19.061071 np0000001448 nova-scheduler[95727]: DEBUG nova.filters [None req-b94b64db-d9b8-4d98-ae40-e09735dab6c0 tempest-DeleteServersTestJSON-190750421 tempest-DeleteServersTestJSON-190750421-project-member] Starting with 1 host(s) {{(pid=95727) get_filtered_objects /opt/stack/nova/nova/filters.py:70}}
May 26 18:22:19.061593 np0000001448 nova-scheduler[95727]: DEBUG nova.filters [None req-b94b64db-d9b8-4d98-ae40-e09735dab6c0 tempest-DeleteServersTestJSON-190750421 tempest-DeleteServersTestJSON-190750421-project-member] Filter ComputeFilter returned 1 host(s) {{(pid=95727) get_filtered_objects /opt/stack/nova/nova/filters.py:102}}
May 26 18:22:19.061715 np0000001448 nova-scheduler[95727]: DEBUG nova.filters [None req-b94b64db-d9b8-4d98-ae40-e09735dab6c0 tempest-DeleteServersTestJSON-190750421 tempest-DeleteServersTestJSON-190750421-project-member] Filter ComputeCapabilitiesFilter returned 1 host(s) {{(pid=95727) get_filtered_objects /opt/stack/nova/nova/filters.py:102}}
May 26 18:22:19.061938 np0000001448 nova-scheduler[95727]: DEBUG nova.filters [None req-b94b64db-d9b8-4d98-ae40-e09735dab6c0 tempest-DeleteServersTestJSON-190750421 tempest-DeleteServersTestJSON-190750421-project-member] Filter ImagePropertiesFilter returned 1 host(s) {{(pid=95727) get_filtered_objects /opt/stack/nova/nova/filters.py:102}}
May 26 18:22:19.062110 np0000001448 nova-scheduler[95727]: DEBUG nova.filters [None req-b94b64db-d9b8-4d98-ae40-e09735dab6c0 tempest-DeleteServersTestJSON-190750421 tempest-DeleteServersTestJSON-190750421-project-member] Filter ServerGroupAntiAffinityFilter returned 1 host(s) {{(pid=95727) get_filtered_objects /opt/stack/nova/nova/filters.py:102}}
May 26 18:22:19.062186 np0000001448 nova-scheduler[95727]: DEBUG nova.filters [None req-b94b64db-d9b8-4d98-ae40-e09735dab6c0 tempest-DeleteServersTestJSON-190750421 tempest-DeleteServersTestJSON-190750421-project-member] Filter ServerGroupAffinityFilter returned 1 host(s) {{(pid=95727) get_filtered_objects /opt/stack/nova/nova/filters.py:102}}
May 26 18:22:19.062352 np0000001448 nova-scheduler[95727]: DEBUG nova.filters [None req-b94b64db-d9b8-4d98-ae40-e09735dab6c0 tempest-DeleteServersTestJSON-190750421 tempest-DeleteServersTestJSON-190750421-project-member] Filter SameHostFilter returned 1 host(s) {{(pid=95727) get_filtered_objects /opt/stack/nova/nova/filters.py:102}}
May 26 18:22:19.062529 np0000001448 nova-scheduler[95727]: DEBUG nova.filters [None req-b94b64db-d9b8-4d98-ae40-e09735dab6c0 tempest-DeleteServersTestJSON-190750421 tempest-DeleteServersTestJSON-190750421-project-member] Filter DifferentHostFilter returned 1 host(s) {{(pid=95727) get_filtered_objects /opt/stack/nova/nova/filters.py:102}}
May 26 18:22:19.062712 np0000001448 nova-scheduler[95727]: DEBUG nova.scheduler.manager [None req-b94b64db-d9b8-4d98-ae40-e09735dab6c0 tempest-DeleteServersTestJSON-190750421 tempest-DeleteServersTestJSON-190750421-project-member] Filtered [(np0000001448, np0000001448) ram: 23518MB disk: 75776MB io_ops: 0 instances: 0, allocation_candidates: 1] {{(pid=95727) _get_sorted_hosts /opt/stack/nova/nova/scheduler/manager.py:743}}
May 26 18:22:19.062949 np0000001448 nova-scheduler[95727]: DEBUG nova.scheduler.manager [None req-b94b64db-d9b8-4d98-ae40-e09735dab6c0 tempest-DeleteServersTestJSON-190750421 tempest-DeleteServersTestJSON-190750421-project-member] Weighed [WeighedHost [host: (np0000001448, np0000001448) ram: 23518MB disk: 75776MB io_ops: 0 instances: 0, allocation_candidates: 1, weight: 0.0]] {{(pid=95727) _get_sorted_hosts /opt/stack/nova/nova/scheduler/manager.py:765}}
May 26 18:22:19.063179 np0000001448 nova-scheduler[95727]: DEBUG nova.scheduler.utils [None req-b94b64db-d9b8-4d98-ae40-e09735dab6c0 tempest-DeleteServersTestJSON-190750421 tempest-DeleteServersTestJSON-190750421-project-member] Attempting to claim resources in the placement API for instance 97aacad7-c7e1-4b95-a478-9a4ef377a840 {{(pid=95727) claim_resources /opt/stack/nova/nova/scheduler/utils.py:1304}}
May 26 18:22:19.257775 np0000001448 nova-scheduler[95727]: DEBUG nova.scheduler.manager [None req-b94b64db-d9b8-4d98-ae40-e09735dab6c0 tempest-DeleteServersTestJSON-190750421 tempest-DeleteServersTestJSON-190750421-project-member] [instance: 97aacad7-c7e1-4b95-a478-9a4ef377a840] Selected host: (np0000001448, np0000001448) ram: 23518MB disk: 75776MB io_ops: 0 instances: 0, allocation_candidates: 1 {{(pid=95727) _consume_selected_host /opt/stack/nova/nova/scheduler/manager.py:625}}
May 26 18:22:19.258306 np0000001448 nova-scheduler[95727]: DEBUG oslo_concurrency.lockutils [None req-b94b64db-d9b8-4d98-ae40-e09735dab6c0 tempest-DeleteServersTestJSON-190750421 tempest-DeleteServersTestJSON-190750421-project-member] Acquiring lock "('np0000001448', 'np0000001448')" by "nova.scheduler.host_manager.HostState.consume_from_request.._locked" {{(pid=95727) inner /opt/stack/data/venv/lib/python3.12/site-packages/oslo_concurrency/lockutils.py:511}}
May 26 18:22:19.258762 np0000001448 nova-scheduler[95727]: DEBUG oslo_concurrency.lockutils [None req-b94b64db-d9b8-4d98-ae40-e09735dab6c0 tempest-DeleteServersTestJSON-190750421 tempest-DeleteServersTestJSON-190750421-project-member] Lock "('np0000001448', 'np0000001448')" acquired by "nova.scheduler.host_manager.HostState.consume_from_request.._locked" :: waited 0.000s {{(pid=95727) inner /opt/stack/data/venv/lib/python3.12/site-packages/oslo_concurrency/lockutils.py:524}}
May 26 18:22:19.258762 np0000001448 nova-scheduler[95727]: DEBUG oslo_concurrency.lockutils [None req-b94b64db-d9b8-4d98-ae40-e09735dab6c0 tempest-DeleteServersTestJSON-190750421 tempest-DeleteServersTestJSON-190750421-project-member] Lock "('np0000001448', 'np0000001448')" "released" by "nova.scheduler.host_manager.HostState.consume_from_request.._locked" :: held 0.000s {{(pid=95727) inner /opt/stack/data/venv/lib/python3.12/site-packages/oslo_concurrency/lockutils.py:543}}
May 26 18:22:22.209062 np0000001448 nova-scheduler[95717]: DEBUG nova.scheduler.manager [None req-bf80a61e-22bc-4fa0-b294-bec6a2c55d23 tempest-ServerActionsTestOtherA-1451896034 tempest-ServerActionsTestOtherA-1451896034-project-member] Starting to schedule for instances: ['79beddea-40a6-40c1-b8ae-8f00d95bdbee'] {{(pid=95717) select_destinations /opt/stack/nova/nova/scheduler/manager.py:210}}
May 26 18:22:22.209915 np0000001448 nova-scheduler[95717]: DEBUG nova.scheduler.request_filter [None req-bf80a61e-22bc-4fa0-b294-bec6a2c55d23 tempest-ServerActionsTestOtherA-1451896034 tempest-ServerActionsTestOtherA-1451896034-project-member] compute_status_filter request filter added forbidden trait COMPUTE_STATUS_DISABLED {{(pid=95717) compute_status_filter /opt/stack/nova/nova/scheduler/request_filter.py:253}}
May 26 18:22:22.210109 np0000001448 nova-scheduler[95717]: DEBUG nova.scheduler.request_filter [None req-bf80a61e-22bc-4fa0-b294-bec6a2c55d23 tempest-ServerActionsTestOtherA-1451896034 tempest-ServerActionsTestOtherA-1451896034-project-member] Request filter 'compute_status_filter' took 0.0 seconds {{(pid=95717) wrapper /opt/stack/nova/nova/scheduler/request_filter.py:46}}
May 26 18:22:22.210343 np0000001448 nova-scheduler[95717]: DEBUG nova.scheduler.request_filter [None req-bf80a61e-22bc-4fa0-b294-bec6a2c55d23 tempest-ServerActionsTestOtherA-1451896034 tempest-ServerActionsTestOtherA-1451896034-project-member] Request filter 'accelerators_filter' took 0.0 seconds {{(pid=95717) wrapper /opt/stack/nova/nova/scheduler/request_filter.py:46}}
May 26 18:22:22.210625 np0000001448 nova-scheduler[95717]: DEBUG nova.scheduler.request_filter [None req-bf80a61e-22bc-4fa0-b294-bec6a2c55d23 tempest-ServerActionsTestOtherA-1451896034 tempest-ServerActionsTestOtherA-1451896034-project-member] Request filter 'packed_virtqueue_filter' took 0.0 seconds {{(pid=95717) wrapper /opt/stack/nova/nova/scheduler/request_filter.py:46}}
May 26 18:22:22.211318 np0000001448 nova-scheduler[95717]: DEBUG nova.scheduler.request_filter [None req-bf80a61e-22bc-4fa0-b294-bec6a2c55d23 tempest-ServerActionsTestOtherA-1451896034 tempest-ServerActionsTestOtherA-1451896034-project-member] Request filter 'remote_managed_ports_filter' took 0.0 seconds {{(pid=95717) wrapper /opt/stack/nova/nova/scheduler/request_filter.py:46}}
May 26 18:22:22.211318 np0000001448 nova-scheduler[95717]: DEBUG nova.scheduler.request_filter [None req-bf80a61e-22bc-4fa0-b294-bec6a2c55d23 tempest-ServerActionsTestOtherA-1451896034 tempest-ServerActionsTestOtherA-1451896034-project-member] ephemeral_encryption_filter skipped {{(pid=95717) ephemeral_encryption_filter /opt/stack/nova/nova/scheduler/request_filter.py:426}}
May 26 18:22:22.211565 np0000001448 nova-scheduler[95717]: DEBUG nova.scheduler.request_filter [None req-bf80a61e-22bc-4fa0-b294-bec6a2c55d23 tempest-ServerActionsTestOtherA-1451896034 tempest-ServerActionsTestOtherA-1451896034-project-member] virtio_sound_filter skipped {{(pid=95717) virtio_sound_filter /opt/stack/nova/nova/scheduler/request_filter.py:460}}
May 26 18:22:22.211713 np0000001448 nova-scheduler[95717]: DEBUG nova.scheduler.request_filter [None req-bf80a61e-22bc-4fa0-b294-bec6a2c55d23 tempest-ServerActionsTestOtherA-1451896034 tempest-ServerActionsTestOtherA-1451896034-project-member] tpm_secret_security_filter skipped {{(pid=95717) tpm_secret_security_filter /opt/stack/nova/nova/scheduler/request_filter.py:477}}
May 26 18:22:22.349474 np0000001448 nova-scheduler[95717]: INFO nova.utils [None req-bf80a61e-22bc-4fa0-b294-bec6a2c55d23 tempest-ServerActionsTestOtherA-1451896034 tempest-ServerActionsTestOtherA-1451896034-project-member] The cell worker thread pool ForkProcess-1.cell_worker is initialized
May 26 18:22:22.349474 np0000001448 nova-scheduler[95717]: DEBUG oslo_concurrency.lockutils [None req-bf80a61e-22bc-4fa0-b294-bec6a2c55d23 tempest-ServerActionsTestOtherA-1451896034 tempest-ServerActionsTestOtherA-1451896034-project-member] Acquiring lock "67203242-8ce0-4c25-96c0-dda3c4753e39" by "nova.context.set_target_cell..get_or_set_cached_cell_and_set_connections" {{(pid=95717) inner /opt/stack/data/venv/lib/python3.12/site-packages/oslo_concurrency/lockutils.py:511}}
May 26 18:22:22.349872 np0000001448 nova-scheduler[95717]: DEBUG oslo_concurrency.lockutils [None req-bf80a61e-22bc-4fa0-b294-bec6a2c55d23 tempest-ServerActionsTestOtherA-1451896034 tempest-ServerActionsTestOtherA-1451896034-project-member] Lock "67203242-8ce0-4c25-96c0-dda3c4753e39" acquired by "nova.context.set_target_cell..get_or_set_cached_cell_and_set_connections" :: waited 0.000s {{(pid=95717) inner /opt/stack/data/venv/lib/python3.12/site-packages/oslo_concurrency/lockutils.py:524}}
May 26 18:22:22.351773 np0000001448 nova-scheduler[95717]: DEBUG oslo_concurrency.lockutils [None req-bf80a61e-22bc-4fa0-b294-bec6a2c55d23 tempest-ServerActionsTestOtherA-1451896034 tempest-ServerActionsTestOtherA-1451896034-project-member] Lock "67203242-8ce0-4c25-96c0-dda3c4753e39" "released" by "nova.context.set_target_cell..get_or_set_cached_cell_and_set_connections" :: held 0.002s {{(pid=95717) inner /opt/stack/data/venv/lib/python3.12/site-packages/oslo_concurrency/lockutils.py:543}}
May 26 18:22:22.354635 np0000001448 nova-scheduler[95717]: INFO dbcounter [None req-bf80a61e-22bc-4fa0-b294-bec6a2c55d23 tempest-ServerActionsTestOtherA-1451896034 tempest-ServerActionsTestOtherA-1451896034-project-member] Registered counter for database nova_cell1
May 26 18:22:22.428749 np0000001448 nova-scheduler[95717]: DEBUG oslo_db.sqlalchemy.engines [None req-bf80a61e-22bc-4fa0-b294-bec6a2c55d23 tempest-ServerActionsTestOtherA-1451896034 tempest-ServerActionsTestOtherA-1451896034-project-member] MySQL server mode set to STRICT_TRANS_TABLES,STRICT_ALL_TABLES,NO_ZERO_IN_DATE,NO_ZERO_DATE,ERROR_FOR_DIVISION_BY_ZERO,TRADITIONAL,NO_ENGINE_SUBSTITUTION {{(pid=95717) _check_effective_sql_mode /opt/stack/data/venv/lib/python3.12/site-packages/oslo_db/sqlalchemy/engines.py:325}}
May 26 18:22:22.443304 np0000001448 nova-scheduler[95717]: DEBUG dbcounter [-] [95717] Writer thread running {{(pid=95717) stat_writer /opt/stack/data/venv/lib/python3.12/site-packages/dbcounter.py:102}}
May 26 18:22:22.504791 np0000001448 nova-scheduler[95717]: DEBUG dbcounter [-] [95717] Writer thread running {{(pid=95717) stat_writer /opt/stack/data/venv/lib/python3.12/site-packages/dbcounter.py:102}}
May 26 18:22:22.516205 np0000001448 nova-scheduler[95717]: DEBUG oslo_concurrency.lockutils [None req-bf80a61e-22bc-4fa0-b294-bec6a2c55d23 tempest-ServerActionsTestOtherA-1451896034 tempest-ServerActionsTestOtherA-1451896034-project-member] Acquiring lock "67203242-8ce0-4c25-96c0-dda3c4753e39" by "nova.context.set_target_cell..get_or_set_cached_cell_and_set_connections" {{(pid=95717) inner /opt/stack/data/venv/lib/python3.12/site-packages/oslo_concurrency/lockutils.py:511}}
May 26 18:22:22.516675 np0000001448 nova-scheduler[95717]: DEBUG oslo_concurrency.lockutils [None req-bf80a61e-22bc-4fa0-b294-bec6a2c55d23 tempest-ServerActionsTestOtherA-1451896034 tempest-ServerActionsTestOtherA-1451896034-project-member] Lock "67203242-8ce0-4c25-96c0-dda3c4753e39" acquired by "nova.context.set_target_cell..get_or_set_cached_cell_and_set_connections" :: waited 0.000s {{(pid=95717) inner /opt/stack/data/venv/lib/python3.12/site-packages/oslo_concurrency/lockutils.py:524}}
May 26 18:22:22.516675 np0000001448 nova-scheduler[95717]: DEBUG oslo_concurrency.lockutils [None req-bf80a61e-22bc-4fa0-b294-bec6a2c55d23 tempest-ServerActionsTestOtherA-1451896034 tempest-ServerActionsTestOtherA-1451896034-project-member] Lock "67203242-8ce0-4c25-96c0-dda3c4753e39" "released" by "nova.context.set_target_cell..get_or_set_cached_cell_and_set_connections" :: held 0.000s {{(pid=95717) inner /opt/stack/data/venv/lib/python3.12/site-packages/oslo_concurrency/lockutils.py:543}}
May 26 18:22:22.521983 np0000001448 nova-scheduler[95717]: DEBUG oslo_concurrency.lockutils [None req-bf80a61e-22bc-4fa0-b294-bec6a2c55d23 tempest-ServerActionsTestOtherA-1451896034 tempest-ServerActionsTestOtherA-1451896034-project-member] Acquiring lock "('np0000001448', 'np0000001448')" by "nova.scheduler.host_manager.HostState.update.._locked_update" {{(pid=95717) inner /opt/stack/data/venv/lib/python3.12/site-packages/oslo_concurrency/lockutils.py:511}}
May 26 18:22:22.521983 np0000001448 nova-scheduler[95717]: DEBUG oslo_concurrency.lockutils [None req-bf80a61e-22bc-4fa0-b294-bec6a2c55d23 tempest-ServerActionsTestOtherA-1451896034 tempest-ServerActionsTestOtherA-1451896034-project-member] Lock "('np0000001448', 'np0000001448')" acquired by "nova.scheduler.host_manager.HostState.update.._locked_update" :: waited 0.000s {{(pid=95717) inner /opt/stack/data/venv/lib/python3.12/site-packages/oslo_concurrency/lockutils.py:524}}
