Jul 19 14:38:14.220105 np0000005432 devstack@g-api.service[100086]: DEBUG glance.api.middleware.version_negotiation [None req-9b5e7aff-6681-432c-90e2-bf4a7ae1cb3e tempest-ServerActionsTestOtherA-1504365557 tempest-ServerActionsTestOtherA-1504365557-project-member] Using url versioning {{(pid=100086) process_request /opt/stack/glance/glance/api/middleware/version_negotiation.py:57}}
Jul 19 14:38:14.220382 np0000005432 devstack@g-api.service[100086]: DEBUG glance.api.middleware.version_negotiation [None req-9b5e7aff-6681-432c-90e2-bf4a7ae1cb3e tempest-ServerActionsTestOtherA-1504365557 tempest-ServerActionsTestOtherA-1504365557-project-member] Matched version: v2 {{(pid=100086) process_request /opt/stack/glance/glance/api/middleware/version_negotiation.py:69}}
Jul 19 14:38:14.220382 np0000005432 devstack@g-api.service[100086]: DEBUG glance.api.middleware.version_negotiation [None req-9b5e7aff-6681-432c-90e2-bf4a7ae1cb3e tempest-ServerActionsTestOtherA-1504365557 tempest-ServerActionsTestOtherA-1504365557-project-member] new path /v2/images/c762c280-56e8-4aa0-9e5f-228ca851df2e {{(pid=100086) process_request /opt/stack/glance/glance/api/middleware/version_negotiation.py:70}}
Jul 19 14:38:14.232832 np0000005432 devstack@g-api.service[100086]: [pid: 100086|app: 0|req: 98/302] 127.0.0.1 () {44 vars in 1111 bytes} [Sun Jul 19 14:38:14 2026] GET /v2/images/c762c280-56e8-4aa0-9e5f-228ca851df2e => generated 1044 bytes in 13 msecs (HTTP/1.1 200) 4 headers in 158 bytes (1 switches on core 0)
Jul 19 14:38:14.268226 np0000005432 devstack@g-api.service[100088]: DEBUG glance.api.middleware.version_negotiation [None req-9b5e7aff-6681-432c-90e2-bf4a7ae1cb3e tempest-ServerActionsTestOtherA-1504365557 tempest-ServerActionsTestOtherA-1504365557-project-member] Determining version of request: GET /v2/schemas/image Accept: */* {{(pid=100088) process_request /opt/stack/glance/glance/api/middleware/version_negotiation.py:44}}
Jul 19 14:38:14.268999 np0000005432 devstack@g-api.service[100088]: DEBUG glance.api.middleware.version_negotiation [None req-9b5e7aff-6681-432c-90e2-bf4a7ae1cb3e tempest-ServerActionsTestOtherA-1504365557 tempest-ServerActionsTestOtherA-1504365557-project-member] Using url versioning {{(pid=100088) process_request /opt/stack/glance/glance/api/middleware/version_negotiation.py:57}}
Jul 19 14:38:14.268999 np0000005432 devstack@g-api.service[100088]: DEBUG glance.api.middleware.version_negotiation [None req-9b5e7aff-6681-432c-90e2-bf4a7ae1cb3e tempest-ServerActionsTestOtherA-1504365557 tempest-ServerActionsTestOtherA-1504365557-project-member] Matched version: v2 {{(pid=100088) process_request /opt/stack/glance/glance/api/middleware/version_negotiation.py:69}}
Jul 19 14:38:14.268999 np0000005432 devstack@g-api.service[100088]: DEBUG glance.api.middleware.version_negotiation [None req-9b5e7aff-6681-432c-90e2-bf4a7ae1cb3e tempest-ServerActionsTestOtherA-1504365557 tempest-ServerActionsTestOtherA-1504365557-project-member] new path /v2/schemas/image {{(pid=100088) process_request /opt/stack/glance/glance/api/middleware/version_negotiation.py:70}}
Jul 19 14:38:14.274611 np0000005432 devstack@g-api.service[100088]: [pid: 100088|app: 0|req: 101/303] 127.0.0.1 () {44 vars in 1051 bytes} [Sun Jul 19 14:38:14 2026] GET /v2/schemas/image => generated 6083 bytes in 7 msecs (HTTP/1.1 200) 4 headers in 158 bytes (1 switches on core 0)
Jul 19 14:38:15.931814 np0000005432 devstack@g-api.service[100087]: DEBUG glance.api.middleware.version_negotiation [None req-9b5e7aff-6681-432c-90e2-bf4a7ae1cb3e tempest-ServerActionsTestOtherA-1504365557 tempest-ServerActionsTestOtherA-1504365557-project-member] Determining version of request: GET /v2/images/c762c280-56e8-4aa0-9e5f-228ca851df2e Accept: */* {{(pid=100087) process_request /opt/stack/glance/glance/api/middleware/version_negotiation.py:44}}
Jul 19 14:38:15.932376 np0000005432 devstack@g-api.service[100087]: DEBUG glance.api.middleware.version_negotiation [None req-9b5e7aff-6681-432c-90e2-bf4a7ae1cb3e tempest-ServerActionsTestOtherA-1504365557 tempest-ServerActionsTestOtherA-1504365557-project-member] Using url versioning {{(pid=100087) process_request /opt/stack/glance/glance/api/middleware/version_negotiation.py:57}}
Jul 19 14:38:15.932376 np0000005432 devstack@g-api.service[100087]: DEBUG glance.api.middleware.version_negotiation [None req-9b5e7aff-6681-432c-90e2-bf4a7ae1cb3e tempest-ServerActionsTestOtherA-1504365557 tempest-ServerActionsTestOtherA-1504365557-project-member] Matched version: v2 {{(pid=100087) process_request /opt/stack/glance/glance/api/middleware/version_negotiation.py:69}}
Jul 19 14:38:15.932376 np0000005432 devstack@g-api.service[100087]: DEBUG glance.api.middleware.version_negotiation [None req-9b5e7aff-6681-432c-90e2-bf4a7ae1cb3e tempest-ServerActionsTestOtherA-1504365557 tempest-ServerActionsTestOtherA-1504365557-project-member] new path /v2/images/c762c280-56e8-4aa0-9e5f-228ca851df2e {{(pid=100087) process_request /opt/stack/glance/glance/api/middleware/version_negotiation.py:70}}
Jul 19 14:38:15.951796 np0000005432 devstack@g-api.service[100087]: [pid: 100087|app: 0|req: 105/304] 127.0.0.1 () {44 vars in 1111 bytes} [Sun Jul 19 14:38:15 2026] GET /v2/images/c762c280-56e8-4aa0-9e5f-228ca851df2e => generated 1044 bytes in 20 msecs (HTTP/1.1 200) 4 headers in 158 bytes (1 switches on core 0)
Jul 19 14:38:16.001726 np0000005432 devstack@g-api.service[100086]: DEBUG glance.api.middleware.version_negotiation [None req-9b5e7aff-6681-432c-90e2-bf4a7ae1cb3e tempest-ServerActionsTestOtherA-1504365557 tempest-ServerActionsTestOtherA-1504365557-project-member] Determining version of request: GET /v2/images/c762c280-56e8-4aa0-9e5f-228ca851df2e/file Accept: */* {{(pid=100086) process_request /opt/stack/glance/glance/api/middleware/version_negotiation.py:44}}
Jul 19 14:38:16.002212 np0000005432 devstack@g-api.service[100086]: DEBUG glance.api.middleware.version_negotiation [None req-9b5e7aff-6681-432c-90e2-bf4a7ae1cb3e tempest-ServerActionsTestOtherA-1504365557 tempest-ServerActionsTestOtherA-1504365557-project-member] Using url versioning {{(pid=100086) process_request /opt/stack/glance/glance/api/middleware/version_negotiation.py:57}}
Jul 19 14:38:16.002212 np0000005432 devstack@g-api.service[100086]: DEBUG glance.api.middleware.version_negotiation [None req-9b5e7aff-6681-432c-90e2-bf4a7ae1cb3e tempest-ServerActionsTestOtherA-1504365557 tempest-ServerActionsTestOtherA-1504365557-project-member] Matched version: v2 {{(pid=100086) process_request /opt/stack/glance/glance/api/middleware/version_negotiation.py:69}}
Jul 19 14:38:16.003962 np0000005432 devstack@g-api.service[100086]: DEBUG glance.api.middleware.version_negotiation [None req-9b5e7aff-6681-432c-90e2-bf4a7ae1cb3e tempest-ServerActionsTestOtherA-1504365557 tempest-ServerActionsTestOtherA-1504365557-project-member] new path /v2/images/c762c280-56e8-4aa0-9e5f-228ca851df2e/file {{(pid=100086) process_request /opt/stack/glance/glance/api/middleware/version_negotiation.py:70}}
Jul 19 14:38:16.026800 np0000005432 devstack@g-api.service[100086]: DEBUG glance.api.middleware.cache [None req-9b5e7aff-6681-432c-90e2-bf4a7ae1cb3e tempest-ServerActionsTestOtherA-1504365557 tempest-ServerActionsTestOtherA-1504365557-project-member] Cache hit for image 'c762c280-56e8-4aa0-9e5f-228ca851df2e' {{(pid=100086) process_request /opt/stack/glance/glance/api/middleware/cache.py:160}}
Jul 19 14:38:16.112107 np0000005432 devstack@g-api.service[100086]: [pid: 100086|app: 0|req: 99/305] 127.0.0.1 () {44 vars in 1121 bytes} [Sun Jul 19 14:38:16 2026] GET /v2/images/c762c280-56e8-4aa0-9e5f-228ca851df2e/file => generated 21233664 bytes in 111 msecs (HTTP/1.1 200) 5 headers in 217 bytes (334 switches on core 0)
Jul 19 14:38:16.223354 np0000005432 devstack@g-api.service[100088]: DEBUG glance.api.middleware.version_negotiation [None req-9b5e7aff-6681-432c-90e2-bf4a7ae1cb3e tempest-ServerActionsTestOtherA-1504365557 tempest-ServerActionsTestOtherA-1504365557-project-member] Determining version of request: GET /v2/images/c762c280-56e8-4aa0-9e5f-228ca851df2e Accept: */* {{(pid=100088) process_request /opt/stack/glance/glance/api/middleware/version_negotiation.py:44}}
Jul 19 14:38:16.223769 np0000005432 devstack@g-api.service[100088]: DEBUG glance.api.middleware.version_negotiation [None req-9b5e7aff-6681-432c-90e2-bf4a7ae1cb3e tempest-ServerActionsTestOtherA-1504365557 tempest-ServerActionsTestOtherA-1504365557-project-member] Using url versioning {{(pid=100088) process_request /opt/stack/glance/glance/api/middleware/version_negotiation.py:57}}
Jul 19 14:38:16.223769 np0000005432 devstack@g-api.service[100088]: DEBUG glance.api.middleware.version_negotiation [None req-9b5e7aff-6681-432c-90e2-bf4a7ae1cb3e tempest-ServerActionsTestOtherA-1504365557 tempest-ServerActionsTestOtherA-1504365557-project-member] Matched version: v2 {{(pid=100088) process_request /opt/stack/glance/glance/api/middleware/version_negotiation.py:69}}
Jul 19 14:38:16.223769 np0000005432 devstack@g-api.service[100088]: DEBUG glance.api.middleware.version_negotiation [None req-9b5e7aff-6681-432c-90e2-bf4a7ae1cb3e tempest-ServerActionsTestOtherA-1504365557 tempest-ServerActionsTestOtherA-1504365557-project-member] new path /v2/images/c762c280-56e8-4aa0-9e5f-228ca851df2e {{(pid=100088) process_request /opt/stack/glance/glance/api/middleware/version_negotiation.py:70}}
Jul 19 14:38:16.241547 np0000005432 devstack@g-api.service[100088]: [pid: 100088|app: 0|req: 102/306] 127.0.0.1 () {44 vars in 1111 bytes} [Sun Jul 19 14:38:16 2026] GET /v2/images/c762c280-56e8-4aa0-9e5f-228ca851df2e => generated 1044 bytes in 18 msecs (HTTP/1.1 200) 4 headers in 158 bytes (1 switches on core 0)
Jul 19 14:38:16.274512 np0000005432 devstack@g-api.service[100087]: DEBUG glance.api.middleware.version_negotiation [None req-9b5e7aff-6681-432c-90e2-bf4a7ae1cb3e tempest-ServerActionsTestOtherA-1504365557 tempest-ServerActionsTestOtherA-1504365557-project-member] Determining version of request: GET /v2/schemas/image Accept: */* {{(pid=100087) process_request /opt/stack/glance/glance/api/middleware/version_negotiation.py:44}}
Jul 19 14:38:16.274512 np0000005432 devstack@g-api.service[100087]: DEBUG glance.api.middleware.version_negotiation [None req-9b5e7aff-6681-432c-90e2-bf4a7ae1cb3e tempest-ServerActionsTestOtherA-1504365557 tempest-ServerActionsTestOtherA-1504365557-project-member] Using url versioning {{(pid=100087) process_request /opt/stack/glance/glance/api/middleware/version_negotiation.py:57}}
Jul 19 14:38:16.274512 np0000005432 devstack@g-api.service[100087]: DEBUG glance.api.middleware.version_negotiation [None req-9b5e7aff-6681-432c-90e2-bf4a7ae1cb3e tempest-ServerActionsTestOtherA-1504365557 tempest-ServerActionsTestOtherA-1504365557-project-member] Matched version: v2 {{(pid=100087) process_request /opt/stack/glance/glance/api/middleware/version_negotiation.py:69}}
Jul 19 14:38:16.274512 np0000005432 devstack@g-api.service[100087]: DEBUG glance.api.middleware.version_negotiation [None req-9b5e7aff-6681-432c-90e2-bf4a7ae1cb3e tempest-ServerActionsTestOtherA-1504365557 tempest-ServerActionsTestOtherA-1504365557-project-member] new path /v2/schemas/image {{(pid=100087) process_request /opt/stack/glance/glance/api/middleware/version_negotiation.py:70}}
Jul 19 14:38:16.277076 np0000005432 devstack@g-api.service[100087]: [pid: 100087|app: 0|req: 106/307] 127.0.0.1 () {44 vars in 1051 bytes} [Sun Jul 19 14:38:16 2026] GET /v2/schemas/image => generated 6083 bytes in 3 msecs (HTTP/1.1 200) 4 headers in 158 bytes (1 switches on core 0)
Jul 19 14:38:25.948703 np0000005432 devstack@g-api.service[100087]: DEBUG dbcounter [-] [100087] Writing DB stats glance:SELECT=4 {{(pid=100087) stat_writer /opt/stack/data/venv/lib/python3.12/site-packages/dbcounter.py:115}}
Jul 19 14:38:26.086375 np0000005432 devstack@g-api.service[100086]: DEBUG dbcounter [-] [100086] Writing DB stats glance:SELECT=5,glance:UPDATE=1 {{(pid=100086) stat_writer /opt/stack/data/venv/lib/python3.12/site-packages/dbcounter.py:115}}
Jul 19 14:38:26.236297 np0000005432 devstack@g-api.service[100088]: DEBUG dbcounter [-] [100088] Writing DB stats glance:SELECT=4 {{(pid=100088) stat_writer /opt/stack/data/venv/lib/python3.12/site-packages/dbcounter.py:115}}
Jul 19 14:38:40.565526 np0000005432 devstack@g-api.service[100086]: DEBUG glance.api.middleware.version_negotiation [None req-9b5e7aff-6681-432c-90e2-bf4a7ae1cb3e tempest-ServerActionsTestOtherA-1504365557 tempest-ServerActionsTestOtherA-1504365557-project-member] Determining version of request: GET /v2/images/b380958d-d4d5-4dd5-9a91-bad5902a8faa Accept: */* {{(pid=100086) process_request /opt/stack/glance/glance/api/middleware/version_negotiation.py:44}}
Jul 19 14:38:40.566049 np0000005432 devstack@g-api.service[100086]: DEBUG glance.api.middleware.version_negotiation [None req-9b5e7aff-6681-432c-90e2-bf4a7ae1cb3e tempest-ServerActionsTestOtherA-1504365557 tempest-ServerActionsTestOtherA-1504365557-project-member] Using url versioning {{(pid=100086) process_request /opt/stack/glance/glance/api/middleware/version_negotiation.py:57}}
Jul 19 14:38:40.566102 np0000005432 devstack@g-api.service[100086]: DEBUG glance.api.middleware.version_negotiation [None req-9b5e7aff-6681-432c-90e2-bf4a7ae1cb3e tempest-ServerActionsTestOtherA-1504365557 tempest-ServerActionsTestOtherA-1504365557-project-member] Matched version: v2 {{(pid=100086) process_request /opt/stack/glance/glance/api/middleware/version_negotiation.py:69}}
Jul 19 14:38:40.566388 np0000005432 devstack@g-api.service[100086]: DEBUG glance.api.middleware.version_negotiation [None req-9b5e7aff-6681-432c-90e2-bf4a7ae1cb3e tempest-ServerActionsTestOtherA-1504365557 tempest-ServerActionsTestOtherA-1504365557-project-member] new path /v2/images/b380958d-d4d5-4dd5-9a91-bad5902a8faa {{(pid=100086) process_request /opt/stack/glance/glance/api/middleware/version_negotiation.py:70}}
Jul 19 14:38:40.586645 np0000005432 devstack@g-api.service[100086]: [pid: 100086|app: 0|req: 100/308] 127.0.0.1 () {44 vars in 1111 bytes} [Sun Jul 19 14:38:40 2026] GET /v2/images/b380958d-d4d5-4dd5-9a91-bad5902a8faa => generated 1044 bytes in 23 msecs (HTTP/1.1 200) 4 headers in 158 bytes (1 switches on core 0)
Jul 19 14:38:40.630467 np0000005432 devstack@g-api.service[100088]: DEBUG glance.api.middleware.version_negotiation [None req-9b5e7aff-6681-432c-90e2-bf4a7ae1cb3e tempest-ServerActionsTestOtherA-1504365557 tempest-ServerActionsTestOtherA-1504365557-project-member] Determining version of request: GET /v2/schemas/image Accept: */* {{(pid=100088) process_request /opt/stack/glance/glance/api/middleware/version_negotiation.py:44}}
Jul 19 14:38:40.630975 np0000005432 devstack@g-api.service[100088]: DEBUG glance.api.middleware.version_negotiation [None req-9b5e7aff-6681-432c-90e2-bf4a7ae1cb3e tempest-ServerActionsTestOtherA-1504365557 tempest-ServerActionsTestOtherA-1504365557-project-member] Using url versioning {{(pid=100088) process_request /opt/stack/glance/glance/api/middleware/version_negotiation.py:57}}
Jul 19 14:38:40.630975 np0000005432 devstack@g-api.service[100088]: DEBUG glance.api.middleware.version_negotiation [None req-9b5e7aff-6681-432c-90e2-bf4a7ae1cb3e tempest-ServerActionsTestOtherA-1504365557 tempest-ServerActionsTestOtherA-1504365557-project-member] Matched version: v2 {{(pid=100088) process_request /opt/stack/glance/glance/api/middleware/version_negotiation.py:69}}
Jul 19 14:38:40.631204 np0000005432 devstack@g-api.service[100088]: DEBUG glance.api.middleware.version_negotiation [None req-9b5e7aff-6681-432c-90e2-bf4a7ae1cb3e tempest-ServerActionsTestOtherA-1504365557 tempest-ServerActionsTestOtherA-1504365557-project-member] new path /v2/schemas/image {{(pid=100088) process_request /opt/stack/glance/glance/api/middleware/version_negotiation.py:70}}
Jul 19 14:38:40.635148 np0000005432 devstack@g-api.service[100088]: [pid: 100088|app: 0|req: 103/309] 127.0.0.1 () {44 vars in 1051 bytes} [Sun Jul 19 14:38:40 2026] GET /v2/schemas/image => generated 6083 bytes in 4 msecs (HTTP/1.1 200) 4 headers in 158 bytes (1 switches on core 0)
Jul 19 14:38:43.571487 np0000005432 devstack@g-api.service[100087]: DEBUG glance.api.middleware.version_negotiation [None req-9b5e7aff-6681-432c-90e2-bf4a7ae1cb3e tempest-ServerActionsTestOtherA-1504365557 tempest-ServerActionsTestOtherA-1504365557-project-member] Determining version of request: GET /v2/schemas/image Accept: */* {{(pid=100087) process_request /opt/stack/glance/glance/api/middleware/version_negotiation.py:44}}
Jul 19 14:38:43.572017 np0000005432 devstack@g-api.service[100087]: DEBUG glance.api.middleware.version_negotiation [None req-9b5e7aff-6681-432c-90e2-bf4a7ae1cb3e tempest-ServerActionsTestOtherA-1504365557 tempest-ServerActionsTestOtherA-1504365557-project-member] Using url versioning {{(pid=100087) process_request /opt/stack/glance/glance/api/middleware/version_negotiation.py:57}}
Jul 19 14:38:43.572017 np0000005432 devstack@g-api.service[100087]: DEBUG glance.api.middleware.version_negotiation [None req-9b5e7aff-6681-432c-90e2-bf4a7ae1cb3e tempest-ServerActionsTestOtherA-1504365557 tempest-ServerActionsTestOtherA-1504365557-project-member] Matched version: v2 {{(pid=100087) process_request /opt/stack/glance/glance/api/middleware/version_negotiation.py:69}}
Jul 19 14:38:43.572017 np0000005432 devstack@g-api.service[100087]: DEBUG glance.api.middleware.version_negotiation [None req-9b5e7aff-6681-432c-90e2-bf4a7ae1cb3e tempest-ServerActionsTestOtherA-1504365557 tempest-ServerActionsTestOtherA-1504365557-project-member] new path /v2/schemas/image {{(pid=100087) process_request /opt/stack/glance/glance/api/middleware/version_negotiation.py:70}}
Jul 19 14:38:43.577095 np0000005432 devstack@g-api.service[100087]: [pid: 100087|app: 0|req: 107/310] 127.0.0.1 () {44 vars in 1051 bytes} [Sun Jul 19 14:38:43 2026] GET /v2/schemas/image => generated 6083 bytes in 6 msecs (HTTP/1.1 200) 4 headers in 158 bytes (1 switches on core 0)
Jul 19 14:38:43.626516 np0000005432 devstack@g-api.service[100086]: DEBUG glance.api.middleware.version_negotiation [None req-5439c883-6433-4128-aa5d-bbedea50dfe2 tempest-ServerRescueNegativeTestJSON-673929480 tempest-ServerRescueNegativeTestJSON-673929480-project-member] Determining version of request: POST /v2/images Accept: */* {{(pid=100086) process_request /opt/stack/glance/glance/api/middleware/version_negotiation.py:44}}
Jul 19 14:38:43.627999 np0000005432 devstack@g-api.service[100086]: DEBUG glance.api.middleware.version_negotiation [None req-5439c883-6433-4128-aa5d-bbedea50dfe2 tempest-ServerRescueNegativeTestJSON-673929480 tempest-ServerRescueNegativeTestJSON-673929480-project-member] Using url versioning {{(pid=100086) process_request /opt/stack/glance/glance/api/middleware/version_negotiation.py:57}}
Jul 19 14:38:43.627999 np0000005432 devstack@g-api.service[100086]: DEBUG glance.api.middleware.version_negotiation [None req-5439c883-6433-4128-aa5d-bbedea50dfe2 tempest-ServerRescueNegativeTestJSON-673929480 tempest-ServerRescueNegativeTestJSON-673929480-project-member] Matched version: v2 {{(pid=100086) process_request /opt/stack/glance/glance/api/middleware/version_negotiation.py:69}}
Jul 19 14:38:43.629929 np0000005432 devstack@g-api.service[100086]: DEBUG glance.api.middleware.version_negotiation [None req-5439c883-6433-4128-aa5d-bbedea50dfe2 tempest-ServerRescueNegativeTestJSON-673929480 tempest-ServerRescueNegativeTestJSON-673929480-project-member] new path /v2/images {{(pid=100086) process_request /opt/stack/glance/glance/api/middleware/version_negotiation.py:70}}
Jul 19 14:38:44.501535 np0000005432 devstack@g-api.service[100086]: [pid: 100086|app: 0|req: 101/311] 127.0.0.1 () {46 vars in 1051 bytes} [Sun Jul 19 14:38:43 2026] POST /v2/images => generated 1334 bytes in 876 msecs (HTTP/1.1 201) 6 headers in 316 bytes (1 switches on core 0)
Jul 19 14:38:44.645065 np0000005432 devstack@g-api.service[100088]: DEBUG glance.api.middleware.version_negotiation [None req-5439c883-6433-4128-aa5d-bbedea50dfe2 tempest-ServerRescueNegativeTestJSON-673929480 tempest-ServerRescueNegativeTestJSON-673929480-project-member] Determining version of request: GET /v2/images/81baecf9-3de0-40b7-b776-dfd70c5dcee0 Accept: */* {{(pid=100088) process_request /opt/stack/glance/glance/api/middleware/version_negotiation.py:44}}
Jul 19 14:38:44.645534 np0000005432 devstack@g-api.service[100088]: DEBUG glance.api.middleware.version_negotiation [None req-5439c883-6433-4128-aa5d-bbedea50dfe2 tempest-ServerRescueNegativeTestJSON-673929480 tempest-ServerRescueNegativeTestJSON-673929480-project-member] Using url versioning {{(pid=100088) process_request /opt/stack/glance/glance/api/middleware/version_negotiation.py:57}}
Jul 19 14:38:44.645534 np0000005432 devstack@g-api.service[100088]: DEBUG glance.api.middleware.version_negotiation [None req-5439c883-6433-4128-aa5d-bbedea50dfe2 tempest-ServerRescueNegativeTestJSON-673929480 tempest-ServerRescueNegativeTestJSON-673929480-project-member] Matched version: v2 {{(pid=100088) process_request /opt/stack/glance/glance/api/middleware/version_negotiation.py:69}}
Jul 19 14:38:44.645716 np0000005432 devstack@g-api.service[100088]: DEBUG glance.api.middleware.version_negotiation [None req-5439c883-6433-4128-aa5d-bbedea50dfe2 tempest-ServerRescueNegativeTestJSON-673929480 tempest-ServerRescueNegativeTestJSON-673929480-project-member] new path /v2/images/81baecf9-3de0-40b7-b776-dfd70c5dcee0 {{(pid=100088) process_request /opt/stack/glance/glance/api/middleware/version_negotiation.py:70}}
Jul 19 14:38:44.665383 np0000005432 devstack@g-api.service[100088]: [pid: 100088|app: 0|req: 104/312] 127.0.0.1 () {44 vars in 1111 bytes} [Sun Jul 19 14:38:44 2026] GET /v2/images/81baecf9-3de0-40b7-b776-dfd70c5dcee0 => generated 1334 bytes in 20 msecs (HTTP/1.1 200) 4 headers in 158 bytes (1 switches on core 0)
Jul 19 14:38:44.714236 np0000005432 devstack@g-api.service[100087]: DEBUG glance.api.middleware.version_negotiation [None req-3270c2bb-ba25-45df-aa68-0c702dc903fb tempest-ServerStableDeviceRescueTest-385215820 tempest-ServerStableDeviceRescueTest-385215820-project-member] Determining version of request: DELETE /v2/images/17c62073-f897-420f-8d86-1f534638d322 Accept: application/json {{(pid=100087) process_request /opt/stack/glance/glance/api/middleware/version_negotiation.py:44}}
Jul 19 14:38:44.715866 np0000005432 devstack@g-api.service[100087]: DEBUG glance.api.middleware.version_negotiation [None req-3270c2bb-ba25-45df-aa68-0c702dc903fb tempest-ServerStableDeviceRescueTest-385215820 tempest-ServerStableDeviceRescueTest-385215820-project-member] Using url versioning {{(pid=100087) process_request /opt/stack/glance/glance/api/middleware/version_negotiation.py:57}}
Jul 19 14:38:44.715866 np0000005432 devstack@g-api.service[100087]: DEBUG glance.api.middleware.version_negotiation [None req-3270c2bb-ba25-45df-aa68-0c702dc903fb tempest-ServerStableDeviceRescueTest-385215820 tempest-ServerStableDeviceRescueTest-385215820-project-member] Matched version: v2 {{(pid=100087) process_request /opt/stack/glance/glance/api/middleware/version_negotiation.py:69}}
Jul 19 14:38:44.715866 np0000005432 devstack@g-api.service[100087]: DEBUG glance.api.middleware.version_negotiation [None req-3270c2bb-ba25-45df-aa68-0c702dc903fb tempest-ServerStableDeviceRescueTest-385215820 tempest-ServerStableDeviceRescueTest-385215820-project-member] new path /v2/images/17c62073-f897-420f-8d86-1f534638d322 {{(pid=100087) process_request /opt/stack/glance/glance/api/middleware/version_negotiation.py:70}}
Jul 19 14:38:44.726753 np0000005432 devstack@g-api.service[100086]: DEBUG glance.api.middleware.version_negotiation [None req-3270c2bb-ba25-45df-aa68-0c702dc903fb tempest-ServerStableDeviceRescueTest-385215820 tempest-ServerStableDeviceRescueTest-385215820-project-member] Determining version of request: GET /v2/schemas/image Accept: */* {{(pid=100086) process_request /opt/stack/glance/glance/api/middleware/version_negotiation.py:44}}
Jul 19 14:38:44.727348 np0000005432 devstack@g-api.service[100086]: DEBUG glance.api.middleware.version_negotiation [None req-3270c2bb-ba25-45df-aa68-0c702dc903fb tempest-ServerStableDeviceRescueTest-385215820 tempest-ServerStableDeviceRescueTest-385215820-project-member] Using url versioning {{(pid=100086) process_request /opt/stack/glance/glance/api/middleware/version_negotiation.py:57}}
Jul 19 14:38:44.727348 np0000005432 devstack@g-api.service[100086]: DEBUG glance.api.middleware.version_negotiation [None req-3270c2bb-ba25-45df-aa68-0c702dc903fb tempest-ServerStableDeviceRescueTest-385215820 tempest-ServerStableDeviceRescueTest-385215820-project-member] Matched version: v2 {{(pid=100086) process_request /opt/stack/glance/glance/api/middleware/version_negotiation.py:69}}
Jul 19 14:38:44.727748 np0000005432 devstack@g-api.service[100087]: WARNING glance.api.v2.images [None req-69d2e099-2803-4412-aa6d-de0d7cf6f0d3 tempest-TestInstancesWithCinderVolumes-2115161650 tempest-TestInstancesWithCinderVolumes-2115161650-project-member] After upload to backend, deletion of staged image data has failed because it cannot be found at /tmp/staging//17c62073-f897-420f-8d86-1f534638d322
Jul 19 14:38:44.727870 np0000005432 devstack@g-api.service[100086]: DEBUG glance.api.middleware.version_negotiation [None req-3270c2bb-ba25-45df-aa68-0c702dc903fb tempest-ServerStableDeviceRescueTest-385215820 tempest-ServerStableDeviceRescueTest-385215820-project-member] new path /v2/schemas/image {{(pid=100086) process_request /opt/stack/glance/glance/api/middleware/version_negotiation.py:70}}
Jul 19 14:38:44.728146 np0000005432 devstack@g-api.service[100087]: DEBUG glance_store.backend [None req-69d2e099-2803-4412-aa6d-de0d7cf6f0d3 tempest-TestInstancesWithCinderVolumes-2115161650 tempest-TestInstancesWithCinderVolumes-2115161650-project-member] Attempting to import store swift {{(pid=100087) _load_store /opt/stack/data/venv/lib/python3.12/site-packages/glance_store/backend.py:215}}
Jul 19 14:38:44.730769 np0000005432 devstack@g-api.service[100087]: DEBUG glance_store.capabilities [None req-69d2e099-2803-4412-aa6d-de0d7cf6f0d3 tempest-TestInstancesWithCinderVolumes-2115161650 tempest-TestInstancesWithCinderVolumes-2115161650-project-member] Store glance_store._drivers.swift.store.SingleTenantStore doesn't support updating dynamic storage capabilities. Please overwrite 'update_capabilities' method of the store to implement updating logics if needed. {{(pid=100087) update_capabilities /opt/stack/data/venv/lib/python3.12/site-packages/glance_store/capabilities.py:91}}
Jul 19 14:38:44.730995 np0000005432 devstack@g-api.service[100087]: DEBUG glance_store.driver [None req-69d2e099-2803-4412-aa6d-de0d7cf6f0d3 tempest-TestInstancesWithCinderVolumes-2115161650 tempest-TestInstancesWithCinderVolumes-2115161650-project-member] Late loading location class glance_store._drivers.swift.store.StoreLocation {{(pid=100087) get_store_location_class /opt/stack/data/venv/lib/python3.12/site-packages/glance_store/driver.py:134}}
Jul 19 14:38:44.731075 np0000005432 devstack@g-api.service[100087]: DEBUG glance_store.location [None req-69d2e099-2803-4412-aa6d-de0d7cf6f0d3 tempest-TestInstancesWithCinderVolumes-2115161650 tempest-TestInstancesWithCinderVolumes-2115161650-project-member] Registering scheme swift+https with {'store': , 'location_class': , 'store_entry': 'swift'} {{(pid=100087) register_scheme_map /opt/stack/data/venv/lib/python3.12/site-packages/glance_store/location.py:146}}
Jul 19 14:38:44.731306 np0000005432 devstack@g-api.service[100087]: DEBUG glance_store.location [None req-69d2e099-2803-4412-aa6d-de0d7cf6f0d3 tempest-TestInstancesWithCinderVolumes-2115161650 tempest-TestInstancesWithCinderVolumes-2115161650-project-member] Registering scheme swift+https with {'store': , 'location_class': , 'store_entry': 'swift'} {{(pid=100087) register_scheme_map /opt/stack/data/venv/lib/python3.12/site-packages/glance_store/location.py:146}}
Jul 19 14:38:44.731386 np0000005432 devstack@g-api.service[100087]: DEBUG glance_store.location [None req-69d2e099-2803-4412-aa6d-de0d7cf6f0d3 tempest-TestInstancesWithCinderVolumes-2115161650 tempest-TestInstancesWithCinderVolumes-2115161650-project-member] Registering scheme swift with {'store': , 'location_class': , 'store_entry': 'swift'} {{(pid=100087) register_scheme_map /opt/stack/data/venv/lib/python3.12/site-packages/glance_store/location.py:146}}
Jul 19 14:38:44.731513 np0000005432 devstack@g-api.service[100086]: [pid: 100086|app: 0|req: 102/313] 127.0.0.1 () {44 vars in 1051 bytes} [Sun Jul 19 14:38:44 2026] GET /v2/schemas/image => generated 6083 bytes in 5 msecs (HTTP/1.1 200) 4 headers in 158 bytes (1 switches on core 0)
Jul 19 14:38:44.731697 np0000005432 devstack@g-api.service[100087]: DEBUG glance_store.location [None req-69d2e099-2803-4412-aa6d-de0d7cf6f0d3 tempest-TestInstancesWithCinderVolumes-2115161650 tempest-TestInstancesWithCinderVolumes-2115161650-project-member] Registering scheme swift+https with {'store': , 'location_class': , 'store_entry': 'swift'} {{(pid=100087) register_scheme_map /opt/stack/data/venv/lib/python3.12/site-packages/glance_store/location.py:146}}
Jul 19 14:38:44.731697 np0000005432 devstack@g-api.service[100087]: DEBUG glance_store.location [None req-69d2e099-2803-4412-aa6d-de0d7cf6f0d3 tempest-TestInstancesWithCinderVolumes-2115161650 tempest-TestInstancesWithCinderVolumes-2115161650-project-member] Registering scheme swift with {'store': , 'location_class': , 'store_entry': 'swift'} {{(pid=100087) register_scheme_map /opt/stack/data/venv/lib/python3.12/site-packages/glance_store/location.py:146}}
Jul 19 14:38:44.731697 np0000005432 devstack@g-api.service[100087]: DEBUG glance_store.location [None req-69d2e099-2803-4412-aa6d-de0d7cf6f0d3 tempest-TestInstancesWithCinderVolumes-2115161650 tempest-TestInstancesWithCinderVolumes-2115161650-project-member] Registering scheme swift+http with {'store': , 'location_class': , 'store_entry': 'swift'} {{(pid=100087) register_scheme_map /opt/stack/data/venv/lib/python3.12/site-packages/glance_store/location.py:146}}
Jul 19 14:38:44.731958 np0000005432 devstack@g-api.service[100087]: DEBUG glance_store.location [None req-69d2e099-2803-4412-aa6d-de0d7cf6f0d3 tempest-TestInstancesWithCinderVolumes-2115161650 tempest-TestInstancesWithCinderVolumes-2115161650-project-member] Registering scheme swift+https with {'store': , 'location_class': , 'store_entry': 'swift'} {{(pid=100087) register_scheme_map /opt/stack/data/venv/lib/python3.12/site-packages/glance_store/location.py:146}}
Jul 19 14:38:44.731958 np0000005432 devstack@g-api.service[100087]: DEBUG glance_store.location [None req-69d2e099-2803-4412-aa6d-de0d7cf6f0d3 tempest-TestInstancesWithCinderVolumes-2115161650 tempest-TestInstancesWithCinderVolumes-2115161650-project-member] Registering scheme swift with {'store': , 'location_class': , 'store_entry': 'swift'} {{(pid=100087) register_scheme_map /opt/stack/data/venv/lib/python3.12/site-packages/glance_store/location.py:146}}
Jul 19 14:38:44.731958 np0000005432 devstack@g-api.service[100087]: DEBUG glance_store.location [None req-69d2e099-2803-4412-aa6d-de0d7cf6f0d3 tempest-TestInstancesWithCinderVolumes-2115161650 tempest-TestInstancesWithCinderVolumes-2115161650-project-member] Registering scheme swift+http with {'store': , 'location_class': , 'store_entry': 'swift'} {{(pid=100087) register_scheme_map /opt/stack/data/venv/lib/python3.12/site-packages/glance_store/location.py:146}}
Jul 19 14:38:44.731958 np0000005432 devstack@g-api.service[100087]: DEBUG glance_store.location [None req-69d2e099-2803-4412-aa6d-de0d7cf6f0d3 tempest-TestInstancesWithCinderVolumes-2115161650 tempest-TestInstancesWithCinderVolumes-2115161650-project-member] Registering scheme swift+config with {'store': , 'location_class': , 'store_entry': 'swift'} {{(pid=100087) register_scheme_map /opt/stack/data/venv/lib/python3.12/site-packages/glance_store/location.py:146}}
Jul 19 14:38:44.732612 np0000005432 devstack@g-api.service[100087]: DEBUG keystoneclient.auth.identity.v3.base [None req-69d2e099-2803-4412-aa6d-de0d7cf6f0d3 tempest-TestInstancesWithCinderVolumes-2115161650 tempest-TestInstancesWithCinderVolumes-2115161650-project-member] Making authentication request to https://10.4.3.78/identity/v3/auth/tokens {{(pid=100087) get_auth_ref /opt/stack/data/venv/lib/python3.12/site-packages/keystoneclient/auth/identity/v3/base.py:185}}
Jul 19 14:38:44.761692 np0000005432 devstack@g-api.service[100088]: DEBUG glance.api.middleware.version_negotiation [None req-83023c69-ff65-4707-9c17-8b83d8405222 tempest-ServerStableDeviceRescueTest-385215820 tempest-ServerStableDeviceRescueTest-385215820-project-member] Determining version of request: GET /v2/images/81baecf9-3de0-40b7-b776-dfd70c5dcee0 Accept: */* {{(pid=100088) process_request /opt/stack/glance/glance/api/middleware/version_negotiation.py:44}}
Jul 19 14:38:44.762085 np0000005432 devstack@g-api.service[100088]: DEBUG glance.api.middleware.version_negotiation [None req-83023c69-ff65-4707-9c17-8b83d8405222 tempest-ServerStableDeviceRescueTest-385215820 tempest-ServerStableDeviceRescueTest-385215820-project-member] Using url versioning {{(pid=100088) process_request /opt/stack/glance/glance/api/middleware/version_negotiation.py:57}}
Jul 19 14:38:44.762439 np0000005432 devstack@g-api.service[100088]: DEBUG glance.api.middleware.version_negotiation [None req-83023c69-ff65-4707-9c17-8b83d8405222 tempest-ServerStableDeviceRescueTest-385215820 tempest-ServerStableDeviceRescueTest-385215820-project-member] Matched version: v2 {{(pid=100088) process_request /opt/stack/glance/glance/api/middleware/version_negotiation.py:69}}
Jul 19 14:38:44.762662 np0000005432 devstack@g-api.service[100088]: DEBUG glance.api.middleware.version_negotiation [None req-83023c69-ff65-4707-9c17-8b83d8405222 tempest-ServerStableDeviceRescueTest-385215820 tempest-ServerStableDeviceRescueTest-385215820-project-member] new path /v2/images/81baecf9-3de0-40b7-b776-dfd70c5dcee0 {{(pid=100088) process_request /opt/stack/glance/glance/api/middleware/version_negotiation.py:70}}
Jul 19 14:38:44.776983 np0000005432 devstack@g-api.service[100088]: [pid: 100088|app: 0|req: 105/314] 127.0.0.1 () {44 vars in 1111 bytes} [Sun Jul 19 14:38:44 2026] GET /v2/images/81baecf9-3de0-40b7-b776-dfd70c5dcee0 => generated 1334 bytes in 15 msecs (HTTP/1.1 200) 4 headers in 158 bytes (1 switches on core 0)
Jul 19 14:38:44.821213 np0000005432 devstack@g-api.service[100086]: DEBUG glance.api.middleware.version_negotiation [None req-83023c69-ff65-4707-9c17-8b83d8405222 tempest-ServerStableDeviceRescueTest-385215820 tempest-ServerStableDeviceRescueTest-385215820-project-member] Determining version of request: GET /v2/schemas/image Accept: */* {{(pid=100086) process_request /opt/stack/glance/glance/api/middleware/version_negotiation.py:44}}
Jul 19 14:38:44.821635 np0000005432 devstack@g-api.service[100086]: DEBUG glance.api.middleware.version_negotiation [None req-83023c69-ff65-4707-9c17-8b83d8405222 tempest-ServerStableDeviceRescueTest-385215820 tempest-ServerStableDeviceRescueTest-385215820-project-member] Using url versioning {{(pid=100086) process_request /opt/stack/glance/glance/api/middleware/version_negotiation.py:57}}
Jul 19 14:38:44.821751 np0000005432 devstack@g-api.service[100086]: DEBUG glance.api.middleware.version_negotiation [None req-83023c69-ff65-4707-9c17-8b83d8405222 tempest-ServerStableDeviceRescueTest-385215820 tempest-ServerStableDeviceRescueTest-385215820-project-member] Matched version: v2 {{(pid=100086) process_request /opt/stack/glance/glance/api/middleware/version_negotiation.py:69}}
Jul 19 14:38:44.821881 np0000005432 devstack@g-api.service[100086]: DEBUG glance.api.middleware.version_negotiation [None req-83023c69-ff65-4707-9c17-8b83d8405222 tempest-ServerStableDeviceRescueTest-385215820 tempest-ServerStableDeviceRescueTest-385215820-project-member] new path /v2/schemas/image {{(pid=100086) process_request /opt/stack/glance/glance/api/middleware/version_negotiation.py:70}}
Jul 19 14:38:44.825792 np0000005432 devstack@g-api.service[100086]: [pid: 100086|app: 0|req: 103/315] 127.0.0.1 () {44 vars in 1051 bytes} [Sun Jul 19 14:38:44 2026] GET /v2/schemas/image => generated 6083 bytes in 5 msecs (HTTP/1.1 200) 4 headers in 158 bytes (1 switches on core 0)
Jul 19 14:38:44.827017 np0000005432 devstack@g-api.service[100087]: DEBUG keystoneclient.auth.identity.v3.base [None req-69d2e099-2803-4412-aa6d-de0d7cf6f0d3 tempest-TestInstancesWithCinderVolumes-2115161650 tempest-TestInstancesWithCinderVolumes-2115161650-project-member] {"token": {"methods": ["password"], "user": {"domain": {"id": "default", "name": "Default"}, "id": "374690749dcd47d0a13ee7d7a4dede7f", "name": "glance-swift", "password_expires_at": null}, "audit_ids": ["zpng8xV7SXuQt9L0J833og"], "expires_at": "2026-07-19T15:38:44.000000Z", "issued_at": "2026-07-19T14:38:44.000000Z", "project": {"domain": {"id": "default", "name": "Default"}, "id": "dcc46d5e164944b1b39884c0e7dff17f", "name": "service"}, "is_domain": false, "roles": [{"id": "95818bb4d8e64692bef4a8c335377123", "name": "ResellerAdmin"}, {"id": "8b7fff09134741e7a12c5602b87a5cb1", "name": "service"}], "catalog": [{"endpoints": [{"id": "8951f9890eac4f1ea4a8e47e9bcb5a61", "interface": "public", "region_id": "RegionOne", "url": "https://10.4.3.78/compute/v2/dcc46d5e164944b1b39884c0e7dff17f", "region": "RegionOne"}], "id": "1535ca4419844eff8dc0174796c1a3e0", "type": "compute_legacy", "name": "nova_legacy"}, {"endpoints": [{"id": "f7199aa019a74fd099c0349aa93d996d", "interface": "public", "region_id": "RegionOne", "url": "https://10.4.3.78/compute/v2.1", "region": "RegionOne"}], "id": "268556931cd840b6863b11593a260229", "type": "compute", "name": "nova"}, {"endpoints": [{"id": "0ad3a67d96ac45339f66a6510d4d5b80", "interface": "public", "region_id": "RegionOne", "url": "https://10.4.3.78/volume/v3", "region": "RegionOne"}], "id": "aac4d601a82a4eaabc376856007222c4", "type": "block-storage", "name": "cinder"}, {"endpoints": [{"id": "5e6716e1bafb40bd831feb75b357de4c", "interface": "public", "region_id": "RegionOne", "url": "https://10.4.3.78/networking", "region": "RegionOne"}], "id": "ad3a42c807494cc3acfe60ad6844b351", "type": "network", "name": "neutron"}, {"endpoints": [{"id": "7028f466a80545028c5f7e8aef222564", "interface": "public", "region_id": "RegionOne", "url": "https://10.4.3.78/image", "region": "RegionOne"}], "id": "af2c83a2bbc049e5b398a5296954a1a7", "type": "image", "name": "glance"}, {"endpoints": [{"id": "8205fc03795846439243ffe43059f980", "interface": "public", "region_id": "RegionOne", "url": "https://10.4.3.78/identity", "region": "RegionOne"}], "id": "b8c76d32a73b41ec85ad43c963ff53f1", "type": "identity", "name": "keystone"}, {"endpoints": [{"id": "625d824eb3674702ba5c6a3dd3e1a514", "interface": "public", "region_id": "RegionOne", "url": "https://10.4.3.78/placement", "region": "RegionOne"}], "id": "c1ac37f9dfc548448d99a9493fdf068a", "type": "placement", "name": "placement"}, {"endpoints": [{"id": "25015b448db942768ad9a8aa75cb84aa", "interface": "admin", "region_id": "RegionOne", "url": "https://10.4.3.78:8080", "region": "RegionOne"}, {"id": "8dabf2b42fa04f48a2d528aee1fe76ac", "interface": "public", "region_id": "RegionOne", "url": "https://10.4.3.78:8080/v1/AUTH_dcc46d5e164944b1b39884c0e7dff17f", "region": "RegionOne"}], "id": "e8d205e1a99a498688db421f1817982c", "type": "object-store", "name": "swift"}]}} {{(pid=100087) get_auth_ref /opt/stack/data/venv/lib/python3.12/site-packages/keystoneclient/auth/identity/v3/base.py:190}}
Jul 19 14:38:44.828942 np0000005432 devstack@g-api.service[100087]: DEBUG keystoneclient.httpclient [None req-69d2e099-2803-4412-aa6d-de0d7cf6f0d3 tempest-TestInstancesWithCinderVolumes-2115161650 tempest-TestInstancesWithCinderVolumes-2115161650-project-member] Failed to find endpoint for management url admin endpoint for identity service not found {{(pid=100087) _process_management_url /opt/stack/data/venv/lib/python3.12/site-packages/keystoneclient/httpclient.py:670}}
Jul 19 14:38:44.936005 np0000005432 devstack@g-api.service[100087]: DEBUG swiftclient [None req-69d2e099-2803-4412-aa6d-de0d7cf6f0d3 tempest-TestInstancesWithCinderVolumes-2115161650 tempest-TestInstancesWithCinderVolumes-2115161650-project-member] REQ: curl -i https://10.4.3.78:8080/v1/AUTH_dcc46d5e164944b1b39884c0e7dff17f/glance/17c62073-f897-420f-8d86-1f534638d322 -I -H "X-Auth-Token: gAAAAABqXOF0MoW-..." {{(pid=100087) http_log /opt/stack/data/venv/lib/python3.12/site-packages/swiftclient/client.py:160}}
Jul 19 14:38:44.936249 np0000005432 devstack@g-api.service[100087]: DEBUG swiftclient [None req-69d2e099-2803-4412-aa6d-de0d7cf6f0d3 tempest-TestInstancesWithCinderVolumes-2115161650 tempest-TestInstancesWithCinderVolumes-2115161650-project-member] RESP STATUS: 200 OK {{(pid=100087) http_log /opt/stack/data/venv/lib/python3.12/site-packages/swiftclient/client.py:161}}
Jul 19 14:38:44.936385 np0000005432 devstack@g-api.service[100087]: DEBUG swiftclient [None req-69d2e099-2803-4412-aa6d-de0d7cf6f0d3 tempest-TestInstancesWithCinderVolumes-2115161650 tempest-TestInstancesWithCinderVolumes-2115161650-project-member] RESP HEADERS: {'Date': 'Sun, 19 Jul 2026 14:38:44 GMT', 'Server': 'Apache/2.4.58 (Ubuntu)', 'Content-Type': 'application/octet-stream', 'Content-Length': '21692416', 'X-Object-Manifest': 'glance/17c62073-f897-420f-8d86-1f534638d322-', 'Last-Modified': 'Sun, 19 Jul 2026 14:37:14 GMT', 'X-Timestamp': '1784471833.64070', 'Accept-Ranges': 'bytes', 'Etag': '"737c2a37dd3f91e374c48cad70137398"', 'X-Trans-Id': 'tx58e72565ee6746af96941-006a5ce174', 'X-Openstack-Request-Id': 'tx58e72565ee6746af96941-006a5ce174', 'Connection': 'close'} {{(pid=100087) http_log /opt/stack/data/venv/lib/python3.12/site-packages/swiftclient/client.py:162}}
Jul 19 14:38:44.968405 np0000005432 devstack@g-api.service[100087]: DEBUG swiftclient [None req-69d2e099-2803-4412-aa6d-de0d7cf6f0d3 tempest-TestInstancesWithCinderVolumes-2115161650 tempest-TestInstancesWithCinderVolumes-2115161650-project-member] REQ: curl -i https://10.4.3.78:8080/v1/AUTH_dcc46d5e164944b1b39884c0e7dff17f/glance?format=json&prefix=17c62073-f897-420f-8d86-1f534638d322- -X GET -H "X-Auth-Token: gAAAAABqXOF0MoW-..." -H "Accept-Encoding: gzip" {{(pid=100087) http_log /opt/stack/data/venv/lib/python3.12/site-packages/swiftclient/client.py:160}}
Jul 19 14:38:44.968532 np0000005432 devstack@g-api.service[100087]: DEBUG swiftclient [None req-69d2e099-2803-4412-aa6d-de0d7cf6f0d3 tempest-TestInstancesWithCinderVolumes-2115161650 tempest-TestInstancesWithCinderVolumes-2115161650-project-member] RESP STATUS: 200 OK {{(pid=100087) http_log /opt/stack/data/venv/lib/python3.12/site-packages/swiftclient/client.py:161}}
Jul 19 14:38:44.968781 np0000005432 devstack@g-api.service[100087]: DEBUG swiftclient [None req-69d2e099-2803-4412-aa6d-de0d7cf6f0d3 tempest-TestInstancesWithCinderVolumes-2115161650 tempest-TestInstancesWithCinderVolumes-2115161650-project-member] RESP HEADERS: {'Date': 'Sun, 19 Jul 2026 14:38:44 GMT', 'Server': 'Apache/2.4.58 (Ubuntu)', 'Content-Type': 'application/json; charset=utf-8', 'Content-Length': '210', 'X-Container-Object-Count': '5', 'X-Container-Bytes-Used': '86048768', 'X-Timestamp': '1784471520.06866', 'Last-Modified': 'Sun, 19 Jul 2026 14:32:01 GMT', 'Accept-Ranges': 'bytes', 'X-Storage-Policy': 'Policy-0', 'X-Container-Sharding': 'False', 'X-Trans-Id': 'tx02c8d9b633f1450db8b95-006a5ce174', 'X-Openstack-Request-Id': 'tx02c8d9b633f1450db8b95-006a5ce174', 'Connection': 'close'} {{(pid=100087) http_log /opt/stack/data/venv/lib/python3.12/site-packages/swiftclient/client.py:162}}
Jul 19 14:38:44.969984 np0000005432 devstack@g-api.service[100087]: DEBUG swiftclient [None req-69d2e099-2803-4412-aa6d-de0d7cf6f0d3 tempest-TestInstancesWithCinderVolumes-2115161650 tempest-TestInstancesWithCinderVolumes-2115161650-project-member] RESP BODY: b'[{"bytes": 21692416, "hash": "87617e24a5e30cb3b87fda8c0764838f", "name": "17c62073-f897-420f-8d86-1f534638d322-00001", "content_type": "application/octet-stream", "last_modified": "2026-07-19T14:37:13.319680"}]' {{(pid=100087) http_log /opt/stack/data/venv/lib/python3.12/site-packages/swiftclient/client.py:166}}
Jul 19 14:38:45.003860 np0000005432 devstack@g-api.service[100087]: DEBUG swiftclient [None req-69d2e099-2803-4412-aa6d-de0d7cf6f0d3 tempest-TestInstancesWithCinderVolumes-2115161650 tempest-TestInstancesWithCinderVolumes-2115161650-project-member] REQ: curl -i https://10.4.3.78:8080/v1/AUTH_dcc46d5e164944b1b39884c0e7dff17f/glance/17c62073-f897-420f-8d86-1f534638d322-00001 DELETE -H "X-Auth-Token: gAAAAABqXOF0MoW-..." {{(pid=100087) http_log /opt/stack/data/venv/lib/python3.12/site-packages/swiftclient/client.py:160}}
Jul 19 14:38:45.004116 np0000005432 devstack@g-api.service[100087]: DEBUG swiftclient [None req-69d2e099-2803-4412-aa6d-de0d7cf6f0d3 tempest-TestInstancesWithCinderVolumes-2115161650 tempest-TestInstancesWithCinderVolumes-2115161650-project-member] RESP STATUS: 204 No Content {{(pid=100087) http_log /opt/stack/data/venv/lib/python3.12/site-packages/swiftclient/client.py:161}}
Jul 19 14:38:45.004412 np0000005432 devstack@g-api.service[100087]: DEBUG swiftclient [None req-69d2e099-2803-4412-aa6d-de0d7cf6f0d3 tempest-TestInstancesWithCinderVolumes-2115161650 tempest-TestInstancesWithCinderVolumes-2115161650-project-member] RESP HEADERS: {'Date': 'Sun, 19 Jul 2026 14:38:45 GMT', 'Server': 'Apache/2.4.58 (Ubuntu)', 'Content-Type': 'text/html; charset=UTF-8', 'X-Trans-Id': 'tx5355347dd7f64bf5a5bf7-006a5ce174', 'X-Openstack-Request-Id': 'tx5355347dd7f64bf5a5bf7-006a5ce174', 'Connection': 'close'} {{(pid=100087) http_log /opt/stack/data/venv/lib/python3.12/site-packages/swiftclient/client.py:162}}
Jul 19 14:38:45.033123 np0000005432 devstack@g-api.service[100088]: DEBUG glance.api.middleware.version_negotiation [None req-3270c2bb-ba25-45df-aa68-0c702dc903fb tempest-ServerStableDeviceRescueTest-385215820 tempest-ServerStableDeviceRescueTest-385215820-project-member] Determining version of request: GET /v2/images/b380958d-d4d5-4dd5-9a91-bad5902a8faa Accept: application/json {{(pid=100088) process_request /opt/stack/glance/glance/api/middleware/version_negotiation.py:44}}
Jul 19 14:38:45.033552 np0000005432 devstack@g-api.service[100088]: DEBUG glance.api.middleware.version_negotiation [None req-3270c2bb-ba25-45df-aa68-0c702dc903fb tempest-ServerStableDeviceRescueTest-385215820 tempest-ServerStableDeviceRescueTest-385215820-project-member] Using url versioning {{(pid=100088) process_request /opt/stack/glance/glance/api/middleware/version_negotiation.py:57}}
Jul 19 14:38:45.033822 np0000005432 devstack@g-api.service[100088]: DEBUG glance.api.middleware.version_negotiation [None req-3270c2bb-ba25-45df-aa68-0c702dc903fb tempest-ServerStableDeviceRescueTest-385215820 tempest-ServerStableDeviceRescueTest-385215820-project-member] Matched version: v2 {{(pid=100088) process_request /opt/stack/glance/glance/api/middleware/version_negotiation.py:69}}
Jul 19 14:38:45.034077 np0000005432 devstack@g-api.service[100088]: DEBUG glance.api.middleware.version_negotiation [None req-3270c2bb-ba25-45df-aa68-0c702dc903fb tempest-ServerStableDeviceRescueTest-385215820 tempest-ServerStableDeviceRescueTest-385215820-project-member] new path /v2/images/b380958d-d4d5-4dd5-9a91-bad5902a8faa {{(pid=100088) process_request /opt/stack/glance/glance/api/middleware/version_negotiation.py:70}}
Jul 19 14:38:45.035306 np0000005432 devstack@g-api.service[100087]: DEBUG swiftclient [None req-69d2e099-2803-4412-aa6d-de0d7cf6f0d3 tempest-TestInstancesWithCinderVolumes-2115161650 tempest-TestInstancesWithCinderVolumes-2115161650-project-member] REQ: curl -i https://10.4.3.78:8080/v1/AUTH_dcc46d5e164944b1b39884c0e7dff17f/glance/17c62073-f897-420f-8d86-1f534638d322 DELETE -H "X-Auth-Token: gAAAAABqXOF0MoW-..." {{(pid=100087) http_log /opt/stack/data/venv/lib/python3.12/site-packages/swiftclient/client.py:160}}
Jul 19 14:38:45.035569 np0000005432 devstack@g-api.service[100087]: DEBUG swiftclient [None req-69d2e099-2803-4412-aa6d-de0d7cf6f0d3 tempest-TestInstancesWithCinderVolumes-2115161650 tempest-TestInstancesWithCinderVolumes-2115161650-project-member] RESP STATUS: 204 No Content {{(pid=100087) http_log /opt/stack/data/venv/lib/python3.12/site-packages/swiftclient/client.py:161}}
Jul 19 14:38:45.035829 np0000005432 devstack@g-api.service[100087]: DEBUG swiftclient [None req-69d2e099-2803-4412-aa6d-de0d7cf6f0d3 tempest-TestInstancesWithCinderVolumes-2115161650 tempest-TestInstancesWithCinderVolumes-2115161650-project-member] RESP HEADERS: {'Date': 'Sun, 19 Jul 2026 14:38:45 GMT', 'Server': 'Apache/2.4.58 (Ubuntu)', 'Content-Type': 'text/html; charset=UTF-8', 'X-Trans-Id': 'txe049f26271dd46ba9103c-006a5ce175', 'X-Openstack-Request-Id': 'txe049f26271dd46ba9103c-006a5ce175', 'Connection': 'close'} {{(pid=100087) http_log /opt/stack/data/venv/lib/python3.12/site-packages/swiftclient/client.py:162}}
Jul 19 14:38:45.048457 np0000005432 devstack@g-api.service[100088]: [pid: 100088|app: 0|req: 106/316] 127.0.0.1 () {40 vars in 834 bytes} [Sun Jul 19 14:38:45 2026] GET /v2/images/b380958d-d4d5-4dd5-9a91-bad5902a8faa => generated 1044 bytes in 16 msecs (HTTP/1.1 200) 4 headers in 158 bytes (1 switches on core 0)
Jul 19 14:38:45.070762 np0000005432 devstack@g-api.service[100086]: DEBUG glance.api.middleware.version_negotiation [None req-3270c2bb-ba25-45df-aa68-0c702dc903fb tempest-ServerStableDeviceRescueTest-385215820 tempest-ServerStableDeviceRescueTest-385215820-project-member] Determining version of request: GET /v2/images/b380958d-d4d5-4dd5-9a91-bad5902a8faa Accept: */* {{(pid=100086) process_request /opt/stack/glance/glance/api/middleware/version_negotiation.py:44}}
