Jul 19 14:37:13.250333 np0000005432 devstack@g-api.service[100087]: DEBUG swiftclient [None req-ed3f50de-4376-4538-a6e7-a320da267523 tempest-ServerBootFromVolumeStableRescueTest-571988350 tempest-ServerBootFromVolumeStableRescueTest-571988350-project-member] RESP HEADERS: {'Date': 'Sun, 19 Jul 2026 14:37:13 GMT', 'Server': 'Apache/2.4.58 (Ubuntu)', 'Content-Type': 'application/octet-stream', 'X-Object-Manifest': 'glance/000164ac-dd40-4d6c-aabf-0852130a1856-', 'Last-Modified': 'Sun, 19 Jul 2026 14:36:56 GMT', 'X-Timestamp': '1784471815.35193', 'Accept-Ranges': 'bytes', 'Content-Length': '23527424', 'Etag': '"9c424351ecc3b84373f916fa8ecd34a2"', 'X-Trans-Id': 'txfbda71b237704ba682955-006a5ce118', 'X-Openstack-Request-Id': 'txfbda71b237704ba682955-006a5ce118', 'Connection': 'close'} {{(pid=100087) http_log /opt/stack/data/venv/lib/python3.12/site-packages/swiftclient/client.py:162}}
Jul 19 14:37:13.271941 np0000005432 devstack@g-api.service[100088]: DEBUG swiftclient [None req-406af85f-7d2d-4840-87c3-8ae443449ddb tempest-TestInstancesWithCinderVolumes-2115161650 tempest-TestInstancesWithCinderVolumes-2115161650-project-member] REQ: curl -i https://10.4.3.78:8080/v1/AUTH_dcc46d5e164944b1b39884c0e7dff17f/glance -I -H "X-Auth-Token: gAAAAABqXOEZmeKU..." {{(pid=100088) http_log /opt/stack/data/venv/lib/python3.12/site-packages/swiftclient/client.py:160}}
Jul 19 14:37:13.271941 np0000005432 devstack@g-api.service[100088]: DEBUG swiftclient [None req-406af85f-7d2d-4840-87c3-8ae443449ddb tempest-TestInstancesWithCinderVolumes-2115161650 tempest-TestInstancesWithCinderVolumes-2115161650-project-member] RESP STATUS: 204 No Content {{(pid=100088) http_log /opt/stack/data/venv/lib/python3.12/site-packages/swiftclient/client.py:161}}
Jul 19 14:37:13.272296 np0000005432 devstack@g-api.service[100088]: DEBUG swiftclient [None req-406af85f-7d2d-4840-87c3-8ae443449ddb tempest-TestInstancesWithCinderVolumes-2115161650 tempest-TestInstancesWithCinderVolumes-2115161650-project-member] RESP HEADERS: {'Date': 'Sun, 19 Jul 2026 14:37:13 GMT', 'Server': 'Apache/2.4.58 (Ubuntu)', 'Content-Type': 'text/plain; charset=utf-8', 'X-Container-Object-Count': '7', 'X-Container-Bytes-Used': '111411200', 'X-Timestamp': '1784471520.06866', 'Last-Modified': 'Sun, 19 Jul 2026 14:32:01 GMT', 'Accept-Ranges': 'bytes', 'X-Storage-Policy': 'Policy-0', 'X-Container-Sharding': 'False', 'Vary': 'Accept', 'X-Trans-Id': 'tx748b609cdc6a42b087c3b-006a5ce119', 'X-Openstack-Request-Id': 'tx748b609cdc6a42b087c3b-006a5ce119', 'Connection': 'close'} {{(pid=100088) http_log /opt/stack/data/venv/lib/python3.12/site-packages/swiftclient/client.py:162}}
Jul 19 14:37:13.272443 np0000005432 devstack@g-api.service[100088]: DEBUG glance_store._drivers.swift.store [None req-406af85f-7d2d-4840-87c3-8ae443449ddb tempest-TestInstancesWithCinderVolumes-2115161650 tempest-TestInstancesWithCinderVolumes-2115161650-project-member] Adding image object '17c62073-f897-420f-8d86-1f534638d322' to Swift {{(pid=100088) add /opt/stack/data/venv/lib/python3.12/site-packages/glance_store/_drivers/swift/store.py:970}}
Jul 19 14:37:13.274318 np0000005432 devstack@g-api.service[100088]: DEBUG glance_store._drivers.swift.store [None req-406af85f-7d2d-4840-87c3-8ae443449ddb tempest-TestInstancesWithCinderVolumes-2115161650 tempest-TestInstancesWithCinderVolumes-2115161650-project-member] Cannot determine image size because it is either not provided in the request or chunked-transfer encoding is used. Adding image as a segmented object to Swift. {{(pid=100088) add /opt/stack/data/venv/lib/python3.12/site-packages/glance_store/_drivers/swift/store.py:994}}
Jul 19 14:37:13.274502 np0000005432 devstack@g-api.service[100087]: DEBUG glance.image_cache [None req-ed3f50de-4376-4538-a6e7-a320da267523 tempest-ServerBootFromVolumeStableRescueTest-571988350 tempest-ServerBootFromVolumeStableRescueTest-571988350-project-member] Tee'ing image '000164ac-dd40-4d6c-aabf-0852130a1856' into cache {{(pid=100087) get_caching_iter /opt/stack/glance/glance/image_cache/__init__.py:356}}
Jul 19 14:37:13.290454 np0000005432 devstack@g-api.service[100088]: DEBUG oslo_utils.imageutils.format_inspector [None req-406af85f-7d2d-4840-87c3-8ae443449ddb tempest-TestInstancesWithCinderVolumes-2115161650 tempest-TestInstancesWithCinderVolumes-2115161650-project-member] Format inspector for vmdk does not match, excluding from consideration (Signature KDMV not found: b'QFI\xfb') {{(pid=100088) _process_chunk /opt/stack/data/venv/lib/python3.12/site-packages/oslo_utils/imageutils/format_inspector.py:1758}}
Jul 19 14:37:13.304814 np0000005432 devstack@g-api.service[100088]: DEBUG oslo_utils.imageutils.format_inspector [None req-406af85f-7d2d-4840-87c3-8ae443449ddb tempest-TestInstancesWithCinderVolumes-2115161650 tempest-TestInstancesWithCinderVolumes-2115161650-project-member] Format inspector for vhdx does not match, excluding from consideration (Region signature not found at 30000) {{(pid=100088) _process_chunk /opt/stack/data/venv/lib/python3.12/site-packages/oslo_utils/imageutils/format_inspector.py:1758}}
Jul 19 14:37:13.554395 np0000005432 devstack@g-api.service[100087]: DEBUG glance.image_cache.drivers.centralized_db [None req-ed3f50de-4376-4538-a6e7-a320da267523 tempest-ServerBootFromVolumeStableRescueTest-571988350 tempest-ServerBootFromVolumeStableRescueTest-571988350-project-member] Fetch finished, moving '/opt/stack/data/glance/cache/incomplete/000164ac-dd40-4d6c-aabf-0852130a1856' to '/opt/stack/data/glance/cache/000164ac-dd40-4d6c-aabf-0852130a1856' {{(pid=100087) commit /opt/stack/glance/glance/image_cache/drivers/centralized_db.py:243}}
Jul 19 14:37:13.566440 np0000005432 devstack@g-api.service[100087]: DEBUG glance.image_cache.drivers.centralized_db [None req-ed3f50de-4376-4538-a6e7-a320da267523 tempest-ServerBootFromVolumeStableRescueTest-571988350 tempest-ServerBootFromVolumeStableRescueTest-571988350-project-member] Image cached successfully. {{(pid=100087) commit /opt/stack/glance/glance/image_cache/drivers/centralized_db.py:258}}
Jul 19 14:37:13.566440 np0000005432 devstack@g-api.service[100087]: [pid: 100087|app: 0|req: 78/229] 127.0.0.1 () {44 vars in 1121 bytes} [Sun Jul 19 14:37:12 2026] GET /v2/images/000164ac-dd40-4d6c-aabf-0852130a1856/file => generated 23527424 bytes in 829 msecs (HTTP/1.1 200) 4 headers in 191 bytes (359 switches on core 0)
Jul 19 14:37:13.629380 np0000005432 devstack@g-api.service[100088]: DEBUG swiftclient [None req-406af85f-7d2d-4840-87c3-8ae443449ddb tempest-TestInstancesWithCinderVolumes-2115161650 tempest-TestInstancesWithCinderVolumes-2115161650-project-member] REQ: curl -i https://10.4.3.78:8080/v1/AUTH_dcc46d5e164944b1b39884c0e7dff17f/glance/17c62073-f897-420f-8d86-1f534638d322-00001 -X PUT -H "X-Auth-Token: gAAAAABqXOEZmeKU..." {{(pid=100088) http_log /opt/stack/data/venv/lib/python3.12/site-packages/swiftclient/client.py:160}}
Jul 19 14:37:13.629589 np0000005432 devstack@g-api.service[100088]: DEBUG swiftclient [None req-406af85f-7d2d-4840-87c3-8ae443449ddb tempest-TestInstancesWithCinderVolumes-2115161650 tempest-TestInstancesWithCinderVolumes-2115161650-project-member] RESP STATUS: 201 Created {{(pid=100088) http_log /opt/stack/data/venv/lib/python3.12/site-packages/swiftclient/client.py:161}}
Jul 19 14:37:13.629756 np0000005432 devstack@g-api.service[100088]: DEBUG swiftclient [None req-406af85f-7d2d-4840-87c3-8ae443449ddb tempest-TestInstancesWithCinderVolumes-2115161650 tempest-TestInstancesWithCinderVolumes-2115161650-project-member] RESP HEADERS: {'Date': 'Sun, 19 Jul 2026 14:37:13 GMT', 'Server': 'Apache/2.4.58 (Ubuntu)', 'Content-Type': 'text/html; charset=UTF-8', 'Content-Length': '0', 'Etag': '87617e24a5e30cb3b87fda8c0764838f', 'Last-Modified': 'Sun, 19 Jul 2026 14:37:14 GMT', 'X-Trans-Id': 'tx536f771afee04eb1a61fe-006a5ce119', 'X-Openstack-Request-Id': 'tx536f771afee04eb1a61fe-006a5ce119', 'Connection': 'close'} {{(pid=100088) http_log /opt/stack/data/venv/lib/python3.12/site-packages/swiftclient/client.py:162}}
Jul 19 14:37:13.629918 np0000005432 devstack@g-api.service[100088]: DEBUG glance_store._drivers.swift.store [None req-406af85f-7d2d-4840-87c3-8ae443449ddb tempest-TestInstancesWithCinderVolumes-2115161650 tempest-TestInstancesWithCinderVolumes-2115161650-project-member] Wrote chunk 17c62073-f897-420f-8d86-1f534638d322-00001 (1/?) of length 21692416 to Swift returning MD5 of content: 87617e24a5e30cb3b87fda8c0764838f {{(pid=100088) add /opt/stack/data/venv/lib/python3.12/site-packages/glance_store/_drivers/swift/store.py:1059}}
Jul 19 14:37:13.630311 np0000005432 devstack@g-api.service[100088]: DEBUG glance_store._drivers.swift.store [None req-406af85f-7d2d-4840-87c3-8ae443449ddb tempest-TestInstancesWithCinderVolumes-2115161650 tempest-TestInstancesWithCinderVolumes-2115161650-project-member] Not writing zero-length chunk. {{(pid=100088) add /opt/stack/data/venv/lib/python3.12/site-packages/glance_store/_drivers/swift/store.py:1028}}
Jul 19 14:37:13.670863 np0000005432 devstack@g-api.service[100088]: DEBUG swiftclient [None req-406af85f-7d2d-4840-87c3-8ae443449ddb tempest-TestInstancesWithCinderVolumes-2115161650 tempest-TestInstancesWithCinderVolumes-2115161650-project-member] REQ: curl -i https://10.4.3.78:8080/v1/AUTH_dcc46d5e164944b1b39884c0e7dff17f/glance/17c62073-f897-420f-8d86-1f534638d322 -X PUT -H "X-Object-Manifest: glance/17c62073-f897-420f-8d86-1f534638d322-" -H "X-Auth-Token: gAAAAABqXOEZmeKU..." -H "Content-Length: 0" {{(pid=100088) http_log /opt/stack/data/venv/lib/python3.12/site-packages/swiftclient/client.py:160}}
Jul 19 14:37:13.671000 np0000005432 devstack@g-api.service[100088]: DEBUG swiftclient [None req-406af85f-7d2d-4840-87c3-8ae443449ddb tempest-TestInstancesWithCinderVolumes-2115161650 tempest-TestInstancesWithCinderVolumes-2115161650-project-member] RESP STATUS: 201 Created {{(pid=100088) http_log /opt/stack/data/venv/lib/python3.12/site-packages/swiftclient/client.py:161}}
Jul 19 14:37:13.671214 np0000005432 devstack@g-api.service[100088]: DEBUG swiftclient [None req-406af85f-7d2d-4840-87c3-8ae443449ddb tempest-TestInstancesWithCinderVolumes-2115161650 tempest-TestInstancesWithCinderVolumes-2115161650-project-member] RESP HEADERS: {'Date': 'Sun, 19 Jul 2026 14:37:13 GMT', 'Server': 'Apache/2.4.58 (Ubuntu)', 'Content-Type': 'text/html; charset=UTF-8', 'Content-Length': '0', 'Etag': 'd41d8cd98f00b204e9800998ecf8427e', 'Last-Modified': 'Sun, 19 Jul 2026 14:37:14 GMT', 'X-Trans-Id': 'tx0355a17da9ac4134ae912-006a5ce119', 'X-Openstack-Request-Id': 'tx0355a17da9ac4134ae912-006a5ce119', 'Connection': 'close'} {{(pid=100088) http_log /opt/stack/data/venv/lib/python3.12/site-packages/swiftclient/client.py:162}}
Jul 19 14:37:13.671759 np0000005432 devstack@g-api.service[100088]: INFO glance.location [None req-406af85f-7d2d-4840-87c3-8ae443449ddb tempest-TestInstancesWithCinderVolumes-2115161650 tempest-TestInstancesWithCinderVolumes-2115161650-project-member] Image format matched and virtual size computed: 117440512
Jul 19 14:37:13.708516 np0000005432 devstack@g-api.service[100088]: DEBUG glance_store.backend [None req-406af85f-7d2d-4840-87c3-8ae443449ddb tempest-TestInstancesWithCinderVolumes-2115161650 tempest-TestInstancesWithCinderVolumes-2115161650-project-member] Attempting to import store swift {{(pid=100088) _load_store /opt/stack/data/venv/lib/python3.12/site-packages/glance_store/backend.py:215}}
Jul 19 14:37:13.711718 np0000005432 devstack@g-api.service[100088]: DEBUG glance_store.capabilities [None req-406af85f-7d2d-4840-87c3-8ae443449ddb tempest-TestInstancesWithCinderVolumes-2115161650 tempest-TestInstancesWithCinderVolumes-2115161650-project-member] Store glance_store._drivers.swift.store.SingleTenantStore doesn't support updating dynamic storage capabilities. Please overwrite 'update_capabilities' method of the store to implement updating logics if needed. {{(pid=100088) update_capabilities /opt/stack/data/venv/lib/python3.12/site-packages/glance_store/capabilities.py:91}}
Jul 19 14:37:13.711718 np0000005432 devstack@g-api.service[100088]: DEBUG glance_store.driver [None req-406af85f-7d2d-4840-87c3-8ae443449ddb tempest-TestInstancesWithCinderVolumes-2115161650 tempest-TestInstancesWithCinderVolumes-2115161650-project-member] Late loading location class glance_store._drivers.swift.store.StoreLocation {{(pid=100088) get_store_location_class /opt/stack/data/venv/lib/python3.12/site-packages/glance_store/driver.py:134}}
Jul 19 14:37:13.711718 np0000005432 devstack@g-api.service[100088]: DEBUG glance_store.location [None req-406af85f-7d2d-4840-87c3-8ae443449ddb tempest-TestInstancesWithCinderVolumes-2115161650 tempest-TestInstancesWithCinderVolumes-2115161650-project-member] Registering scheme swift+https with {'store': , 'location_class': , 'store_entry': 'swift'} {{(pid=100088) register_scheme_map /opt/stack/data/venv/lib/python3.12/site-packages/glance_store/location.py:146}}
Jul 19 14:37:13.711718 np0000005432 devstack@g-api.service[100088]: DEBUG glance_store.location [None req-406af85f-7d2d-4840-87c3-8ae443449ddb tempest-TestInstancesWithCinderVolumes-2115161650 tempest-TestInstancesWithCinderVolumes-2115161650-project-member] Registering scheme swift+https with {'store': , 'location_class': , 'store_entry': 'swift'} {{(pid=100088) register_scheme_map /opt/stack/data/venv/lib/python3.12/site-packages/glance_store/location.py:146}}
Jul 19 14:37:13.711718 np0000005432 devstack@g-api.service[100088]: DEBUG glance_store.location [None req-406af85f-7d2d-4840-87c3-8ae443449ddb tempest-TestInstancesWithCinderVolumes-2115161650 tempest-TestInstancesWithCinderVolumes-2115161650-project-member] Registering scheme swift with {'store': , 'location_class': , 'store_entry': 'swift'} {{(pid=100088) register_scheme_map /opt/stack/data/venv/lib/python3.12/site-packages/glance_store/location.py:146}}
Jul 19 14:37:13.711718 np0000005432 devstack@g-api.service[100088]: DEBUG glance_store.location [None req-406af85f-7d2d-4840-87c3-8ae443449ddb tempest-TestInstancesWithCinderVolumes-2115161650 tempest-TestInstancesWithCinderVolumes-2115161650-project-member] Registering scheme swift+https with {'store': , 'location_class': , 'store_entry': 'swift'} {{(pid=100088) register_scheme_map /opt/stack/data/venv/lib/python3.12/site-packages/glance_store/location.py:146}}
Jul 19 14:37:13.711718 np0000005432 devstack@g-api.service[100088]: DEBUG glance_store.location [None req-406af85f-7d2d-4840-87c3-8ae443449ddb tempest-TestInstancesWithCinderVolumes-2115161650 tempest-TestInstancesWithCinderVolumes-2115161650-project-member] Registering scheme swift with {'store': , 'location_class': , 'store_entry': 'swift'} {{(pid=100088) register_scheme_map /opt/stack/data/venv/lib/python3.12/site-packages/glance_store/location.py:146}}
Jul 19 14:37:13.711718 np0000005432 devstack@g-api.service[100088]: DEBUG glance_store.location [None req-406af85f-7d2d-4840-87c3-8ae443449ddb tempest-TestInstancesWithCinderVolumes-2115161650 tempest-TestInstancesWithCinderVolumes-2115161650-project-member] Registering scheme swift+http with {'store': , 'location_class': , 'store_entry': 'swift'} {{(pid=100088) register_scheme_map /opt/stack/data/venv/lib/python3.12/site-packages/glance_store/location.py:146}}
Jul 19 14:37:13.711718 np0000005432 devstack@g-api.service[100088]: DEBUG glance_store.location [None req-406af85f-7d2d-4840-87c3-8ae443449ddb tempest-TestInstancesWithCinderVolumes-2115161650 tempest-TestInstancesWithCinderVolumes-2115161650-project-member] Registering scheme swift+https with {'store': , 'location_class': , 'store_entry': 'swift'} {{(pid=100088) register_scheme_map /opt/stack/data/venv/lib/python3.12/site-packages/glance_store/location.py:146}}
Jul 19 14:37:13.711718 np0000005432 devstack@g-api.service[100088]: DEBUG glance_store.location [None req-406af85f-7d2d-4840-87c3-8ae443449ddb tempest-TestInstancesWithCinderVolumes-2115161650 tempest-TestInstancesWithCinderVolumes-2115161650-project-member] Registering scheme swift with {'store': , 'location_class': , 'store_entry': 'swift'} {{(pid=100088) register_scheme_map /opt/stack/data/venv/lib/python3.12/site-packages/glance_store/location.py:146}}
Jul 19 14:37:13.711718 np0000005432 devstack@g-api.service[100088]: DEBUG glance_store.location [None req-406af85f-7d2d-4840-87c3-8ae443449ddb tempest-TestInstancesWithCinderVolumes-2115161650 tempest-TestInstancesWithCinderVolumes-2115161650-project-member] Registering scheme swift+http with {'store': , 'location_class': , 'store_entry': 'swift'} {{(pid=100088) register_scheme_map /opt/stack/data/venv/lib/python3.12/site-packages/glance_store/location.py:146}}
Jul 19 14:37:13.712201 np0000005432 devstack@g-api.service[100088]: DEBUG glance_store.location [None req-406af85f-7d2d-4840-87c3-8ae443449ddb tempest-TestInstancesWithCinderVolumes-2115161650 tempest-TestInstancesWithCinderVolumes-2115161650-project-member] Registering scheme swift+config with {'store': , 'location_class': , 'store_entry': 'swift'} {{(pid=100088) register_scheme_map /opt/stack/data/venv/lib/python3.12/site-packages/glance_store/location.py:146}}
Jul 19 14:37:13.712201 np0000005432 devstack@g-api.service[100088]: DEBUG glance_store.backend [None req-406af85f-7d2d-4840-87c3-8ae443449ddb tempest-TestInstancesWithCinderVolumes-2115161650 tempest-TestInstancesWithCinderVolumes-2115161650-project-member] Skipping store.set_acls... not implemented. {{(pid=100088) set_acls /opt/stack/data/venv/lib/python3.12/site-packages/glance_store/backend.py:507}}
Jul 19 14:37:13.713580 np0000005432 devstack@g-api.service[100088]: [pid: 100088|app: 0|req: 75/230] 127.0.0.1 () {40 vars in 854 bytes} [Sun Jul 19 14:37:11 2026] PUT /v2/images/17c62073-f897-420f-8d86-1f534638d322/file => generated 0 bytes in 2128 msecs (HTTP/1.1 204) 4 headers in 171 bytes (1 switches on core 0)
Jul 19 14:37:13.719883 np0000005432 devstack@g-api.service[100086]: DEBUG glance.api.middleware.version_negotiation [None req-ed3f50de-4376-4538-a6e7-a320da267523 tempest-ServerBootFromVolumeStableRescueTest-571988350 tempest-ServerBootFromVolumeStableRescueTest-571988350-project-member] Determining version of request: GET /v2/images/000164ac-dd40-4d6c-aabf-0852130a1856 Accept: */* {{(pid=100086) process_request /opt/stack/glance/glance/api/middleware/version_negotiation.py:44}}
Jul 19 14:37:13.719883 np0000005432 devstack@g-api.service[100086]: DEBUG glance.api.middleware.version_negotiation [None req-ed3f50de-4376-4538-a6e7-a320da267523 tempest-ServerBootFromVolumeStableRescueTest-571988350 tempest-ServerBootFromVolumeStableRescueTest-571988350-project-member] Using url versioning {{(pid=100086) process_request /opt/stack/glance/glance/api/middleware/version_negotiation.py:57}}
Jul 19 14:37:13.719883 np0000005432 devstack@g-api.service[100086]: DEBUG glance.api.middleware.version_negotiation [None req-ed3f50de-4376-4538-a6e7-a320da267523 tempest-ServerBootFromVolumeStableRescueTest-571988350 tempest-ServerBootFromVolumeStableRescueTest-571988350-project-member] Matched version: v2 {{(pid=100086) process_request /opt/stack/glance/glance/api/middleware/version_negotiation.py:69}}
Jul 19 14:37:13.719883 np0000005432 devstack@g-api.service[100086]: DEBUG glance.api.middleware.version_negotiation [None req-ed3f50de-4376-4538-a6e7-a320da267523 tempest-ServerBootFromVolumeStableRescueTest-571988350 tempest-ServerBootFromVolumeStableRescueTest-571988350-project-member] new path /v2/images/000164ac-dd40-4d6c-aabf-0852130a1856 {{(pid=100086) process_request /opt/stack/glance/glance/api/middleware/version_negotiation.py:70}}
Jul 19 14:37:13.741251 np0000005432 devstack@g-api.service[100086]: [pid: 100086|app: 0|req: 78/231] 127.0.0.1 () {44 vars in 1111 bytes} [Sun Jul 19 14:37:13 2026] GET /v2/images/000164ac-dd40-4d6c-aabf-0852130a1856 => generated 1693 bytes in 22 msecs (HTTP/1.1 200) 4 headers in 158 bytes (1 switches on core 0)
Jul 19 14:37:13.783496 np0000005432 devstack@g-api.service[100087]: DEBUG glance.api.middleware.version_negotiation [None req-ed3f50de-4376-4538-a6e7-a320da267523 tempest-ServerBootFromVolumeStableRescueTest-571988350 tempest-ServerBootFromVolumeStableRescueTest-571988350-project-member] Determining version of request: GET /v2/schemas/image Accept: */* {{(pid=100087) process_request /opt/stack/glance/glance/api/middleware/version_negotiation.py:44}}
Jul 19 14:37:13.785742 np0000005432 devstack@g-api.service[100087]: DEBUG glance.api.middleware.version_negotiation [None req-ed3f50de-4376-4538-a6e7-a320da267523 tempest-ServerBootFromVolumeStableRescueTest-571988350 tempest-ServerBootFromVolumeStableRescueTest-571988350-project-member] Using url versioning {{(pid=100087) process_request /opt/stack/glance/glance/api/middleware/version_negotiation.py:57}}
Jul 19 14:37:13.786003 np0000005432 devstack@g-api.service[100087]: DEBUG glance.api.middleware.version_negotiation [None req-ed3f50de-4376-4538-a6e7-a320da267523 tempest-ServerBootFromVolumeStableRescueTest-571988350 tempest-ServerBootFromVolumeStableRescueTest-571988350-project-member] Matched version: v2 {{(pid=100087) process_request /opt/stack/glance/glance/api/middleware/version_negotiation.py:69}}
Jul 19 14:37:13.786003 np0000005432 devstack@g-api.service[100087]: DEBUG glance.api.middleware.version_negotiation [None req-ed3f50de-4376-4538-a6e7-a320da267523 tempest-ServerBootFromVolumeStableRescueTest-571988350 tempest-ServerBootFromVolumeStableRescueTest-571988350-project-member] new path /v2/schemas/image {{(pid=100087) process_request /opt/stack/glance/glance/api/middleware/version_negotiation.py:70}}
Jul 19 14:37:13.797229 np0000005432 devstack@g-api.service[100087]: [pid: 100087|app: 0|req: 79/232] 127.0.0.1 () {44 vars in 1051 bytes} [Sun Jul 19 14:37:13 2026] GET /v2/schemas/image => generated 6083 bytes in 14 msecs (HTTP/1.1 200) 4 headers in 158 bytes (1 switches on core 0)
Jul 19 14:37:14.557287 np0000005432 devstack@g-api.service[100088]: DEBUG glance.api.middleware.version_negotiation [None req-406af85f-7d2d-4840-87c3-8ae443449ddb tempest-TestInstancesWithCinderVolumes-2115161650 tempest-TestInstancesWithCinderVolumes-2115161650-project-member] Determining version of request: GET /v2/images/17c62073-f897-420f-8d86-1f534638d322 Accept: application/json {{(pid=100088) process_request /opt/stack/glance/glance/api/middleware/version_negotiation.py:44}}
Jul 19 14:37:14.557608 np0000005432 devstack@g-api.service[100088]: DEBUG glance.api.middleware.version_negotiation [None req-406af85f-7d2d-4840-87c3-8ae443449ddb tempest-TestInstancesWithCinderVolumes-2115161650 tempest-TestInstancesWithCinderVolumes-2115161650-project-member] Using url versioning {{(pid=100088) process_request /opt/stack/glance/glance/api/middleware/version_negotiation.py:57}}
Jul 19 14:37:14.559641 np0000005432 devstack@g-api.service[100088]: DEBUG glance.api.middleware.version_negotiation [None req-406af85f-7d2d-4840-87c3-8ae443449ddb tempest-TestInstancesWithCinderVolumes-2115161650 tempest-TestInstancesWithCinderVolumes-2115161650-project-member] Matched version: v2 {{(pid=100088) process_request /opt/stack/glance/glance/api/middleware/version_negotiation.py:69}}
Jul 19 14:37:14.559641 np0000005432 devstack@g-api.service[100088]: DEBUG glance.api.middleware.version_negotiation [None req-406af85f-7d2d-4840-87c3-8ae443449ddb tempest-TestInstancesWithCinderVolumes-2115161650 tempest-TestInstancesWithCinderVolumes-2115161650-project-member] new path /v2/images/17c62073-f897-420f-8d86-1f534638d322 {{(pid=100088) process_request /opt/stack/glance/glance/api/middleware/version_negotiation.py:70}}
Jul 19 14:37:14.578203 np0000005432 devstack@g-api.service[100088]: [pid: 100088|app: 0|req: 76/233] 127.0.0.1 () {40 vars in 834 bytes} [Sun Jul 19 14:37:14 2026] GET /v2/images/17c62073-f897-420f-8d86-1f534638d322 => generated 810 bytes in 22 msecs (HTTP/1.1 200) 4 headers in 157 bytes (1 switches on core 0)
Jul 19 14:37:14.607001 np0000005432 devstack@g-api.service[100086]: DEBUG glance.api.middleware.version_negotiation [None req-ed3f50de-4376-4538-a6e7-a320da267523 tempest-ServerBootFromVolumeStableRescueTest-571988350 tempest-ServerBootFromVolumeStableRescueTest-571988350-project-member] Determining version of request: GET /v2/images/17c62073-f897-420f-8d86-1f534638d322 Accept: */* {{(pid=100086) process_request /opt/stack/glance/glance/api/middleware/version_negotiation.py:44}}
Jul 19 14:37:14.607168 np0000005432 devstack@g-api.service[100086]: DEBUG glance.api.middleware.version_negotiation [None req-ed3f50de-4376-4538-a6e7-a320da267523 tempest-ServerBootFromVolumeStableRescueTest-571988350 tempest-ServerBootFromVolumeStableRescueTest-571988350-project-member] Using url versioning {{(pid=100086) process_request /opt/stack/glance/glance/api/middleware/version_negotiation.py:57}}
Jul 19 14:37:14.607347 np0000005432 devstack@g-api.service[100086]: DEBUG glance.api.middleware.version_negotiation [None req-ed3f50de-4376-4538-a6e7-a320da267523 tempest-ServerBootFromVolumeStableRescueTest-571988350 tempest-ServerBootFromVolumeStableRescueTest-571988350-project-member] Matched version: v2 {{(pid=100086) process_request /opt/stack/glance/glance/api/middleware/version_negotiation.py:69}}
Jul 19 14:37:14.607489 np0000005432 devstack@g-api.service[100086]: DEBUG glance.api.middleware.version_negotiation [None req-ed3f50de-4376-4538-a6e7-a320da267523 tempest-ServerBootFromVolumeStableRescueTest-571988350 tempest-ServerBootFromVolumeStableRescueTest-571988350-project-member] new path /v2/images/17c62073-f897-420f-8d86-1f534638d322 {{(pid=100086) process_request /opt/stack/glance/glance/api/middleware/version_negotiation.py:70}}
Jul 19 14:37:14.627775 np0000005432 devstack@g-api.service[100086]: [pid: 100086|app: 0|req: 79/234] 127.0.0.1 () {44 vars in 1111 bytes} [Sun Jul 19 14:37:14 2026] GET /v2/images/17c62073-f897-420f-8d86-1f534638d322 => generated 810 bytes in 21 msecs (HTTP/1.1 200) 4 headers in 157 bytes (1 switches on core 0)
Jul 19 14:37:14.638392 np0000005432 devstack@g-api.service[100087]: DEBUG glance.api.middleware.version_negotiation [None req-ed3f50de-4376-4538-a6e7-a320da267523 tempest-ServerBootFromVolumeStableRescueTest-571988350 tempest-ServerBootFromVolumeStableRescueTest-571988350-project-member] Determining version of request: GET /v2/schemas/image Accept: */* {{(pid=100087) process_request /opt/stack/glance/glance/api/middleware/version_negotiation.py:44}}
Jul 19 14:37:14.638862 np0000005432 devstack@g-api.service[100087]: DEBUG glance.api.middleware.version_negotiation [None req-ed3f50de-4376-4538-a6e7-a320da267523 tempest-ServerBootFromVolumeStableRescueTest-571988350 tempest-ServerBootFromVolumeStableRescueTest-571988350-project-member] Using url versioning {{(pid=100087) process_request /opt/stack/glance/glance/api/middleware/version_negotiation.py:57}}
Jul 19 14:37:14.638862 np0000005432 devstack@g-api.service[100087]: DEBUG glance.api.middleware.version_negotiation [None req-ed3f50de-4376-4538-a6e7-a320da267523 tempest-ServerBootFromVolumeStableRescueTest-571988350 tempest-ServerBootFromVolumeStableRescueTest-571988350-project-member] Matched version: v2 {{(pid=100087) process_request /opt/stack/glance/glance/api/middleware/version_negotiation.py:69}}
Jul 19 14:37:14.639250 np0000005432 devstack@g-api.service[100087]: DEBUG glance.api.middleware.version_negotiation [None req-ed3f50de-4376-4538-a6e7-a320da267523 tempest-ServerBootFromVolumeStableRescueTest-571988350 tempest-ServerBootFromVolumeStableRescueTest-571988350-project-member] new path /v2/schemas/image {{(pid=100087) process_request /opt/stack/glance/glance/api/middleware/version_negotiation.py:70}}
Jul 19 14:37:14.646367 np0000005432 devstack@g-api.service[100087]: [pid: 100087|app: 0|req: 80/235] 127.0.0.1 () {44 vars in 1051 bytes} [Sun Jul 19 14:37:14 2026] GET /v2/schemas/image => generated 6083 bytes in 5 msecs (HTTP/1.1 200) 4 headers in 158 bytes (1 switches on core 0)
Jul 19 14:37:14.660389 np0000005432 devstack@g-api.service[100088]: DEBUG glance.api.middleware.version_negotiation [None req-37423ebb-0f65-499d-9004-6d106290ca3d tempest-TestInstancesWithCinderVolumes-2115161650 tempest-TestInstancesWithCinderVolumes-2115161650-project-member] Determining version of request: GET /v2/schemas/image Accept: */* {{(pid=100088) process_request /opt/stack/glance/glance/api/middleware/version_negotiation.py:44}}
Jul 19 14:37:14.661219 np0000005432 devstack@g-api.service[100088]: DEBUG glance.api.middleware.version_negotiation [None req-37423ebb-0f65-499d-9004-6d106290ca3d tempest-TestInstancesWithCinderVolumes-2115161650 tempest-TestInstancesWithCinderVolumes-2115161650-project-member] Using url versioning {{(pid=100088) process_request /opt/stack/glance/glance/api/middleware/version_negotiation.py:57}}
Jul 19 14:37:14.661372 np0000005432 devstack@g-api.service[100088]: DEBUG glance.api.middleware.version_negotiation [None req-37423ebb-0f65-499d-9004-6d106290ca3d tempest-TestInstancesWithCinderVolumes-2115161650 tempest-TestInstancesWithCinderVolumes-2115161650-project-member] Matched version: v2 {{(pid=100088) process_request /opt/stack/glance/glance/api/middleware/version_negotiation.py:69}}
Jul 19 14:37:14.661507 np0000005432 devstack@g-api.service[100088]: DEBUG glance.api.middleware.version_negotiation [None req-37423ebb-0f65-499d-9004-6d106290ca3d tempest-TestInstancesWithCinderVolumes-2115161650 tempest-TestInstancesWithCinderVolumes-2115161650-project-member] new path /v2/schemas/image {{(pid=100088) process_request /opt/stack/glance/glance/api/middleware/version_negotiation.py:70}}
Jul 19 14:37:14.664301 np0000005432 devstack@g-api.service[100088]: [pid: 100088|app: 0|req: 77/236] 127.0.0.1 () {44 vars in 1051 bytes} [Sun Jul 19 14:37:14 2026] GET /v2/schemas/image => generated 6083 bytes in 4 msecs (HTTP/1.1 200) 4 headers in 158 bytes (1 switches on core 0)
Jul 19 14:37:14.679353 np0000005432 devstack@g-api.service[100086]: DEBUG glance.api.middleware.version_negotiation [None req-cfec0c56-1c70-48d1-ac23-3837c25f0deb tempest-TestInstancesWithCinderVolumes-2115161650 tempest-TestInstancesWithCinderVolumes-2115161650-project-member] Determining version of request: GET /v2/images/17c62073-f897-420f-8d86-1f534638d322 Accept: */* {{(pid=100086) process_request /opt/stack/glance/glance/api/middleware/version_negotiation.py:44}}
Jul 19 14:37:14.681737 np0000005432 devstack@g-api.service[100086]: DEBUG glance.api.middleware.version_negotiation [None req-cfec0c56-1c70-48d1-ac23-3837c25f0deb tempest-TestInstancesWithCinderVolumes-2115161650 tempest-TestInstancesWithCinderVolumes-2115161650-project-member] Using url versioning {{(pid=100086) process_request /opt/stack/glance/glance/api/middleware/version_negotiation.py:57}}
Jul 19 14:37:14.682042 np0000005432 devstack@g-api.service[100086]: DEBUG glance.api.middleware.version_negotiation [None req-cfec0c56-1c70-48d1-ac23-3837c25f0deb tempest-TestInstancesWithCinderVolumes-2115161650 tempest-TestInstancesWithCinderVolumes-2115161650-project-member] Matched version: v2 {{(pid=100086) process_request /opt/stack/glance/glance/api/middleware/version_negotiation.py:69}}
Jul 19 14:37:14.682301 np0000005432 devstack@g-api.service[100086]: DEBUG glance.api.middleware.version_negotiation [None req-cfec0c56-1c70-48d1-ac23-3837c25f0deb tempest-TestInstancesWithCinderVolumes-2115161650 tempest-TestInstancesWithCinderVolumes-2115161650-project-member] new path /v2/images/17c62073-f897-420f-8d86-1f534638d322 {{(pid=100086) process_request /opt/stack/glance/glance/api/middleware/version_negotiation.py:70}}
Jul 19 14:37:14.705517 np0000005432 devstack@g-api.service[100086]: [pid: 100086|app: 0|req: 80/237] 127.0.0.1 () {44 vars in 1111 bytes} [Sun Jul 19 14:37:14 2026] GET /v2/images/17c62073-f897-420f-8d86-1f534638d322 => generated 810 bytes in 26 msecs (HTTP/1.1 200) 4 headers in 157 bytes (1 switches on core 0)
Jul 19 14:37:14.724194 np0000005432 devstack@g-api.service[100087]: DEBUG glance.api.middleware.version_negotiation [None req-cfec0c56-1c70-48d1-ac23-3837c25f0deb tempest-TestInstancesWithCinderVolumes-2115161650 tempest-TestInstancesWithCinderVolumes-2115161650-project-member] Determining version of request: GET /v2/schemas/image Accept: */* {{(pid=100087) process_request /opt/stack/glance/glance/api/middleware/version_negotiation.py:44}}
Jul 19 14:37:14.724408 np0000005432 devstack@g-api.service[100087]: DEBUG glance.api.middleware.version_negotiation [None req-cfec0c56-1c70-48d1-ac23-3837c25f0deb tempest-TestInstancesWithCinderVolumes-2115161650 tempest-TestInstancesWithCinderVolumes-2115161650-project-member] Using url versioning {{(pid=100087) process_request /opt/stack/glance/glance/api/middleware/version_negotiation.py:57}}
Jul 19 14:37:14.724571 np0000005432 devstack@g-api.service[100087]: DEBUG glance.api.middleware.version_negotiation [None req-cfec0c56-1c70-48d1-ac23-3837c25f0deb tempest-TestInstancesWithCinderVolumes-2115161650 tempest-TestInstancesWithCinderVolumes-2115161650-project-member] Matched version: v2 {{(pid=100087) process_request /opt/stack/glance/glance/api/middleware/version_negotiation.py:69}}
Jul 19 14:37:14.724735 np0000005432 devstack@g-api.service[100087]: DEBUG glance.api.middleware.version_negotiation [None req-cfec0c56-1c70-48d1-ac23-3837c25f0deb tempest-TestInstancesWithCinderVolumes-2115161650 tempest-TestInstancesWithCinderVolumes-2115161650-project-member] new path /v2/schemas/image {{(pid=100087) process_request /opt/stack/glance/glance/api/middleware/version_negotiation.py:70}}
Jul 19 14:37:14.735718 np0000005432 devstack@g-api.service[100087]: [pid: 100087|app: 0|req: 81/238] 127.0.0.1 () {44 vars in 1051 bytes} [Sun Jul 19 14:37:14 2026] GET /v2/schemas/image => generated 6083 bytes in 12 msecs (HTTP/1.1 200) 4 headers in 158 bytes (1 switches on core 0)
Jul 19 14:37:14.753015 np0000005432 devstack@g-api.service[100088]: DEBUG glance.api.middleware.version_negotiation [None req-cfec0c56-1c70-48d1-ac23-3837c25f0deb tempest-TestInstancesWithCinderVolumes-2115161650 tempest-TestInstancesWithCinderVolumes-2115161650-project-member] Determining version of request: GET /v2/schemas/image Accept: */* {{(pid=100088) process_request /opt/stack/glance/glance/api/middleware/version_negotiation.py:44}}
Jul 19 14:37:14.753462 np0000005432 devstack@g-api.service[100088]: DEBUG glance.api.middleware.version_negotiation [None req-cfec0c56-1c70-48d1-ac23-3837c25f0deb tempest-TestInstancesWithCinderVolumes-2115161650 tempest-TestInstancesWithCinderVolumes-2115161650-project-member] Using url versioning {{(pid=100088) process_request /opt/stack/glance/glance/api/middleware/version_negotiation.py:57}}
Jul 19 14:37:14.753462 np0000005432 devstack@g-api.service[100088]: DEBUG glance.api.middleware.version_negotiation [None req-cfec0c56-1c70-48d1-ac23-3837c25f0deb tempest-TestInstancesWithCinderVolumes-2115161650 tempest-TestInstancesWithCinderVolumes-2115161650-project-member] Matched version: v2 {{(pid=100088) process_request /opt/stack/glance/glance/api/middleware/version_negotiation.py:69}}
Jul 19 14:37:14.754124 np0000005432 devstack@g-api.service[100088]: DEBUG glance.api.middleware.version_negotiation [None req-cfec0c56-1c70-48d1-ac23-3837c25f0deb tempest-TestInstancesWithCinderVolumes-2115161650 tempest-TestInstancesWithCinderVolumes-2115161650-project-member] new path /v2/schemas/image {{(pid=100088) process_request /opt/stack/glance/glance/api/middleware/version_negotiation.py:70}}
Jul 19 14:37:14.758717 np0000005432 devstack@g-api.service[100088]: [pid: 100088|app: 0|req: 78/239] 127.0.0.1 () {44 vars in 1051 bytes} [Sun Jul 19 14:37:14 2026] GET /v2/schemas/image => generated 6083 bytes in 6 msecs (HTTP/1.1 200) 4 headers in 158 bytes (1 switches on core 0)
Jul 19 14:37:14.786542 np0000005432 devstack@g-api.service[100086]: DEBUG glance.api.middleware.version_negotiation [None req-cfec0c56-1c70-48d1-ac23-3837c25f0deb tempest-TestInstancesWithCinderVolumes-2115161650 tempest-TestInstancesWithCinderVolumes-2115161650-project-member] Determining version of request: GET /v2/images/17c62073-f897-420f-8d86-1f534638d322 Accept: */* {{(pid=100086) process_request /opt/stack/glance/glance/api/middleware/version_negotiation.py:44}}
Jul 19 14:37:14.786542 np0000005432 devstack@g-api.service[100086]: DEBUG glance.api.middleware.version_negotiation [None req-cfec0c56-1c70-48d1-ac23-3837c25f0deb tempest-TestInstancesWithCinderVolumes-2115161650 tempest-TestInstancesWithCinderVolumes-2115161650-project-member] Using url versioning {{(pid=100086) process_request /opt/stack/glance/glance/api/middleware/version_negotiation.py:57}}
Jul 19 14:37:14.786542 np0000005432 devstack@g-api.service[100086]: DEBUG glance.api.middleware.version_negotiation [None req-cfec0c56-1c70-48d1-ac23-3837c25f0deb tempest-TestInstancesWithCinderVolumes-2115161650 tempest-TestInstancesWithCinderVolumes-2115161650-project-member] Matched version: v2 {{(pid=100086) process_request /opt/stack/glance/glance/api/middleware/version_negotiation.py:69}}
Jul 19 14:37:14.786542 np0000005432 devstack@g-api.service[100086]: DEBUG glance.api.middleware.version_negotiation [None req-cfec0c56-1c70-48d1-ac23-3837c25f0deb tempest-TestInstancesWithCinderVolumes-2115161650 tempest-TestInstancesWithCinderVolumes-2115161650-project-member] new path /v2/images/17c62073-f897-420f-8d86-1f534638d322 {{(pid=100086) process_request /opt/stack/glance/glance/api/middleware/version_negotiation.py:70}}
Jul 19 14:37:14.804830 np0000005432 devstack@g-api.service[100086]: [pid: 100086|app: 0|req: 81/240] 127.0.0.1 () {44 vars in 1111 bytes} [Sun Jul 19 14:37:14 2026] GET /v2/images/17c62073-f897-420f-8d86-1f534638d322 => generated 810 bytes in 19 msecs (HTTP/1.1 200) 4 headers in 157 bytes (1 switches on core 0)
Jul 19 14:37:14.816771 np0000005432 devstack@g-api.service[100087]: DEBUG glance.api.middleware.version_negotiation [None req-cfec0c56-1c70-48d1-ac23-3837c25f0deb tempest-TestInstancesWithCinderVolumes-2115161650 tempest-TestInstancesWithCinderVolumes-2115161650-project-member] Determining version of request: GET /v2/schemas/image Accept: */* {{(pid=100087) process_request /opt/stack/glance/glance/api/middleware/version_negotiation.py:44}}
Jul 19 14:37:14.816930 np0000005432 devstack@g-api.service[100087]: DEBUG glance.api.middleware.version_negotiation [None req-cfec0c56-1c70-48d1-ac23-3837c25f0deb tempest-TestInstancesWithCinderVolumes-2115161650 tempest-TestInstancesWithCinderVolumes-2115161650-project-member] Using url versioning {{(pid=100087) process_request /opt/stack/glance/glance/api/middleware/version_negotiation.py:57}}
Jul 19 14:37:14.816930 np0000005432 devstack@g-api.service[100087]: DEBUG glance.api.middleware.version_negotiation [None req-cfec0c56-1c70-48d1-ac23-3837c25f0deb tempest-TestInstancesWithCinderVolumes-2115161650 tempest-TestInstancesWithCinderVolumes-2115161650-project-member] Matched version: v2 {{(pid=100087) process_request /opt/stack/glance/glance/api/middleware/version_negotiation.py:69}}
Jul 19 14:37:14.817019 np0000005432 devstack@g-api.service[100087]: DEBUG glance.api.middleware.version_negotiation [None req-cfec0c56-1c70-48d1-ac23-3837c25f0deb tempest-TestInstancesWithCinderVolumes-2115161650 tempest-TestInstancesWithCinderVolumes-2115161650-project-member] new path /v2/schemas/image {{(pid=100087) process_request /opt/stack/glance/glance/api/middleware/version_negotiation.py:70}}
Jul 19 14:37:14.824804 np0000005432 devstack@g-api.service[100087]: [pid: 100087|app: 0|req: 82/241] 127.0.0.1 () {44 vars in 1051 bytes} [Sun Jul 19 14:37:14 2026] GET /v2/schemas/image => generated 6083 bytes in 8 msecs (HTTP/1.1 200) 4 headers in 158 bytes (1 switches on core 0)
Jul 19 14:37:15.471116 np0000005432 devstack@g-api.service[100088]: DEBUG glance.api.middleware.version_negotiation [None req-cfec0c56-1c70-48d1-ac23-3837c25f0deb tempest-TestInstancesWithCinderVolumes-2115161650 tempest-TestInstancesWithCinderVolumes-2115161650-project-member] Determining version of request: GET /versions Accept: */* {{(pid=100088) process_request /opt/stack/glance/glance/api/middleware/version_negotiation.py:44}}
Jul 19 14:37:15.471950 np0000005432 devstack@g-api.service[100088]: [pid: 100088|app: 0|req: 79/242] 127.0.0.1 () {44 vars in 1035 bytes} [Sun Jul 19 14:37:15 2026] GET /versions => generated 1501 bytes in 1 msecs (HTTP/1.1 200) 3 headers in 92 bytes (1 switches on core 0)
Jul 19 14:37:15.483329 np0000005432 devstack@g-api.service[100086]: DEBUG glance.api.middleware.version_negotiation [None req-cfec0c56-1c70-48d1-ac23-3837c25f0deb tempest-TestInstancesWithCinderVolumes-2115161650 tempest-TestInstancesWithCinderVolumes-2115161650-project-member] Determining version of request: GET /v2/images/17c62073-f897-420f-8d86-1f534638d322/locations Accept: */* {{(pid=100086) process_request /opt/stack/glance/glance/api/middleware/version_negotiation.py:44}}
Jul 19 14:37:15.483512 np0000005432 devstack@g-api.service[100086]: DEBUG glance.api.middleware.version_negotiation [None req-cfec0c56-1c70-48d1-ac23-3837c25f0deb tempest-TestInstancesWithCinderVolumes-2115161650 tempest-TestInstancesWithCinderVolumes-2115161650-project-member] Using url versioning {{(pid=100086) process_request /opt/stack/glance/glance/api/middleware/version_negotiation.py:57}}
Jul 19 14:37:15.483579 np0000005432 devstack@g-api.service[100086]: DEBUG glance.api.middleware.version_negotiation [None req-cfec0c56-1c70-48d1-ac23-3837c25f0deb tempest-TestInstancesWithCinderVolumes-2115161650 tempest-TestInstancesWithCinderVolumes-2115161650-project-member] Matched version: v2 {{(pid=100086) process_request /opt/stack/glance/glance/api/middleware/version_negotiation.py:69}}
Jul 19 14:37:15.483741 np0000005432 devstack@g-api.service[100086]: DEBUG glance.api.middleware.version_negotiation [None req-cfec0c56-1c70-48d1-ac23-3837c25f0deb tempest-TestInstancesWithCinderVolumes-2115161650 tempest-TestInstancesWithCinderVolumes-2115161650-project-member] new path /v2/images/17c62073-f897-420f-8d86-1f534638d322/locations {{(pid=100086) process_request /opt/stack/glance/glance/api/middleware/version_negotiation.py:70}}
Jul 19 14:37:15.639842 np0000005432 devstack@g-api.service[100086]: [pid: 100086|app: 0|req: 82/243] 127.0.0.1 () {44 vars in 1131 bytes} [Sun Jul 19 14:37:15 2026] GET /v2/images/17c62073-f897-420f-8d86-1f534638d322/locations => generated 92 bytes in 157 msecs (HTTP/1.1 200) 4 headers in 156 bytes (1 switches on core 0)
Jul 19 14:37:15.653228 np0000005432 devstack@g-api.service[100087]: DEBUG glance.api.middleware.version_negotiation [None req-cfec0c56-1c70-48d1-ac23-3837c25f0deb tempest-TestInstancesWithCinderVolumes-2115161650 tempest-TestInstancesWithCinderVolumes-2115161650-project-member] Determining version of request: GET /v2/images/17c62073-f897-420f-8d86-1f534638d322 Accept: */* {{(pid=100087) process_request /opt/stack/glance/glance/api/middleware/version_negotiation.py:44}}
Jul 19 14:37:15.653710 np0000005432 devstack@g-api.service[100087]: DEBUG glance.api.middleware.version_negotiation [None req-cfec0c56-1c70-48d1-ac23-3837c25f0deb tempest-TestInstancesWithCinderVolumes-2115161650 tempest-TestInstancesWithCinderVolumes-2115161650-project-member] Using url versioning {{(pid=100087) process_request /opt/stack/glance/glance/api/middleware/version_negotiation.py:57}}
Jul 19 14:37:15.653710 np0000005432 devstack@g-api.service[100087]: DEBUG glance.api.middleware.version_negotiation [None req-cfec0c56-1c70-48d1-ac23-3837c25f0deb tempest-TestInstancesWithCinderVolumes-2115161650 tempest-TestInstancesWithCinderVolumes-2115161650-project-member] Matched version: v2 {{(pid=100087) process_request /opt/stack/glance/glance/api/middleware/version_negotiation.py:69}}
Jul 19 14:37:15.653710 np0000005432 devstack@g-api.service[100087]: DEBUG glance.api.middleware.version_negotiation [None req-cfec0c56-1c70-48d1-ac23-3837c25f0deb tempest-TestInstancesWithCinderVolumes-2115161650 tempest-TestInstancesWithCinderVolumes-2115161650-project-member] new path /v2/images/17c62073-f897-420f-8d86-1f534638d322 {{(pid=100087) process_request /opt/stack/glance/glance/api/middleware/version_negotiation.py:70}}
Jul 19 14:37:15.667368 np0000005432 devstack@g-api.service[100087]: [pid: 100087|app: 0|req: 83/244] 127.0.0.1 () {44 vars in 1111 bytes} [Sun Jul 19 14:37:15 2026] GET /v2/images/17c62073-f897-420f-8d86-1f534638d322 => generated 810 bytes in 14 msecs (HTTP/1.1 200) 4 headers in 157 bytes (1 switches on core 0)
Jul 19 14:37:15.681280 np0000005432 devstack@g-api.service[100088]: DEBUG glance.api.middleware.version_negotiation [None req-cfec0c56-1c70-48d1-ac23-3837c25f0deb tempest-TestInstancesWithCinderVolumes-2115161650 tempest-TestInstancesWithCinderVolumes-2115161650-project-member] Determining version of request: GET /v2/schemas/image Accept: */* {{(pid=100088) process_request /opt/stack/glance/glance/api/middleware/version_negotiation.py:44}}
Jul 19 14:37:15.681743 np0000005432 devstack@g-api.service[100088]: DEBUG glance.api.middleware.version_negotiation [None req-cfec0c56-1c70-48d1-ac23-3837c25f0deb tempest-TestInstancesWithCinderVolumes-2115161650 tempest-TestInstancesWithCinderVolumes-2115161650-project-member] Using url versioning {{(pid=100088) process_request /opt/stack/glance/glance/api/middleware/version_negotiation.py:57}}
Jul 19 14:37:15.684140 np0000005432 devstack@g-api.service[100088]: DEBUG glance.api.middleware.version_negotiation [None req-cfec0c56-1c70-48d1-ac23-3837c25f0deb tempest-TestInstancesWithCinderVolumes-2115161650 tempest-TestInstancesWithCinderVolumes-2115161650-project-member] Matched version: v2 {{(pid=100088) process_request /opt/stack/glance/glance/api/middleware/version_negotiation.py:69}}
Jul 19 14:37:15.684291 np0000005432 devstack@g-api.service[100088]: DEBUG glance.api.middleware.version_negotiation [None req-cfec0c56-1c70-48d1-ac23-3837c25f0deb tempest-TestInstancesWithCinderVolumes-2115161650 tempest-TestInstancesWithCinderVolumes-2115161650-project-member] new path /v2/schemas/image {{(pid=100088) process_request /opt/stack/glance/glance/api/middleware/version_negotiation.py:70}}
Jul 19 14:37:15.687522 np0000005432 devstack@g-api.service[100088]: [pid: 100088|app: 0|req: 80/245] 127.0.0.1 () {44 vars in 1051 bytes} [Sun Jul 19 14:37:15 2026] GET /v2/schemas/image => generated 6083 bytes in 6 msecs (HTTP/1.1 200) 4 headers in 158 bytes (1 switches on core 0)
Jul 19 14:37:15.701770 np0000005432 devstack@g-api.service[100086]: DEBUG glance.api.middleware.version_negotiation [None req-cfec0c56-1c70-48d1-ac23-3837c25f0deb service glance] Determining version of request: GET /v2/schemas/image Accept: */* {{(pid=100086) process_request /opt/stack/glance/glance/api/middleware/version_negotiation.py:44}}
Jul 19 14:37:15.701926 np0000005432 devstack@g-api.service[100086]: DEBUG glance.api.middleware.version_negotiation [None req-cfec0c56-1c70-48d1-ac23-3837c25f0deb service glance] Using url versioning {{(pid=100086) process_request /opt/stack/glance/glance/api/middleware/version_negotiation.py:57}}
Jul 19 14:37:15.702942 np0000005432 devstack@g-api.service[100086]: DEBUG glance.api.middleware.version_negotiation [None req-cfec0c56-1c70-48d1-ac23-3837c25f0deb service glance] Matched version: v2 {{(pid=100086) process_request /opt/stack/glance/glance/api/middleware/version_negotiation.py:69}}
Jul 19 14:37:15.702942 np0000005432 devstack@g-api.service[100086]: DEBUG glance.api.middleware.version_negotiation [None req-cfec0c56-1c70-48d1-ac23-3837c25f0deb service glance] new path /v2/schemas/image {{(pid=100086) process_request /opt/stack/glance/glance/api/middleware/version_negotiation.py:70}}
Jul 19 14:37:15.706898 np0000005432 devstack@g-api.service[100086]: [pid: 100086|app: 0|req: 83/246] 127.0.0.1 () {44 vars in 1051 bytes} [Sun Jul 19 14:37:15 2026] GET /v2/schemas/image => generated 6083 bytes in 5 msecs (HTTP/1.1 200) 4 headers in 158 bytes (1 switches on core 0)
Jul 19 14:37:15.742692 np0000005432 devstack@g-api.service[100087]: DEBUG glance.api.middleware.version_negotiation [None req-cfec0c56-1c70-48d1-ac23-3837c25f0deb tempest-TestInstancesWithCinderVolumes-2115161650 tempest-TestInstancesWithCinderVolumes-2115161650-project-member] Determining version of request: GET /v2/images/17c62073-f897-420f-8d86-1f534638d322 Accept: */* {{(pid=100087) process_request /opt/stack/glance/glance/api/middleware/version_negotiation.py:44}}
Jul 19 14:37:15.743056 np0000005432 devstack@g-api.service[100087]: DEBUG glance.api.middleware.version_negotiation [None req-cfec0c56-1c70-48d1-ac23-3837c25f0deb tempest-TestInstancesWithCinderVolumes-2115161650 tempest-TestInstancesWithCinderVolumes-2115161650-project-member] Using url versioning {{(pid=100087) process_request /opt/stack/glance/glance/api/middleware/version_negotiation.py:57}}
Jul 19 14:37:15.743385 np0000005432 devstack@g-api.service[100087]: DEBUG glance.api.middleware.version_negotiation [None req-cfec0c56-1c70-48d1-ac23-3837c25f0deb tempest-TestInstancesWithCinderVolumes-2115161650 tempest-TestInstancesWithCinderVolumes-2115161650-project-member] Matched version: v2 {{(pid=100087) process_request /opt/stack/glance/glance/api/middleware/version_negotiation.py:69}}
Jul 19 14:37:15.743544 np0000005432 devstack@g-api.service[100087]: DEBUG glance.api.middleware.version_negotiation [None req-cfec0c56-1c70-48d1-ac23-3837c25f0deb tempest-TestInstancesWithCinderVolumes-2115161650 tempest-TestInstancesWithCinderVolumes-2115161650-project-member] new path /v2/images/17c62073-f897-420f-8d86-1f534638d322 {{(pid=100087) process_request /opt/stack/glance/glance/api/middleware/version_negotiation.py:70}}
Jul 19 14:37:15.765316 np0000005432 devstack@g-api.service[100087]: [pid: 100087|app: 0|req: 84/247] 127.0.0.1 () {44 vars in 1111 bytes} [Sun Jul 19 14:37:15 2026] GET /v2/images/17c62073-f897-420f-8d86-1f534638d322 => generated 810 bytes in 23 msecs (HTTP/1.1 200) 4 headers in 157 bytes (1 switches on core 0)
