Jul 19 14:37:28.397836 np0000005432 devstack@g-api.service[100088]: DEBUG glance.api.middleware.version_negotiation [None req-0ec8c458-52dc-4667-997d-c7c99981b19d tempest-ServerRescueNegativeTestJSON-673929480 tempest-ServerRescueNegativeTestJSON-673929480-project-member] Using url versioning {{(pid=100088) process_request /opt/stack/glance/glance/api/middleware/version_negotiation.py:57}}
Jul 19 14:37:28.398044 np0000005432 devstack@g-api.service[100088]: DEBUG glance.api.middleware.version_negotiation [None req-0ec8c458-52dc-4667-997d-c7c99981b19d tempest-ServerRescueNegativeTestJSON-673929480 tempest-ServerRescueNegativeTestJSON-673929480-project-member] Matched version: v2 {{(pid=100088) process_request /opt/stack/glance/glance/api/middleware/version_negotiation.py:69}}
Jul 19 14:37:28.398201 np0000005432 devstack@g-api.service[100088]: DEBUG glance.api.middleware.version_negotiation [None req-0ec8c458-52dc-4667-997d-c7c99981b19d tempest-ServerRescueNegativeTestJSON-673929480 tempest-ServerRescueNegativeTestJSON-673929480-project-member] new path /v2/schemas/image {{(pid=100088) process_request /opt/stack/glance/glance/api/middleware/version_negotiation.py:70}}
Jul 19 14:37:28.402386 np0000005432 devstack@g-api.service[100088]: [pid: 100088|app: 0|req: 86/262] 127.0.0.1 () {44 vars in 1051 bytes} [Sun Jul 19 14:37:28 2026] GET /v2/schemas/image => generated 6083 bytes in 5 msecs (HTTP/1.1 200) 4 headers in 158 bytes (1 switches on core 0)
Jul 19 14:37:28.422723 np0000005432 devstack@g-api.service[100086]: DEBUG swiftclient [None req-8c969371-6e6d-42b5-a1c7-30f6df9e9957 tempest-ServerBootFromVolumeStableRescueTest-571988350 tempest-ServerBootFromVolumeStableRescueTest-571988350-project-member] REQ: curl -i https://10.4.3.78:8080/v1/AUTH_dcc46d5e164944b1b39884c0e7dff17f/glance/000164ac-dd40-4d6c-aabf-0852130a1856 -I -H "X-Auth-Token: gAAAAABqXOEoD5yg..." {{(pid=100086) http_log /opt/stack/data/venv/lib/python3.12/site-packages/swiftclient/client.py:160}}
Jul 19 14:37:28.422871 np0000005432 devstack@g-api.service[100086]: DEBUG swiftclient [None req-8c969371-6e6d-42b5-a1c7-30f6df9e9957 tempest-ServerBootFromVolumeStableRescueTest-571988350 tempest-ServerBootFromVolumeStableRescueTest-571988350-project-member] RESP STATUS: 200 OK {{(pid=100086) http_log /opt/stack/data/venv/lib/python3.12/site-packages/swiftclient/client.py:161}}
Jul 19 14:37:28.423120 np0000005432 devstack@g-api.service[100086]: DEBUG swiftclient [None req-8c969371-6e6d-42b5-a1c7-30f6df9e9957 tempest-ServerBootFromVolumeStableRescueTest-571988350 tempest-ServerBootFromVolumeStableRescueTest-571988350-project-member] RESP HEADERS: {'Date': 'Sun, 19 Jul 2026 14:37:28 GMT', 'Server': 'Apache/2.4.58 (Ubuntu)', 'Content-Type': 'application/octet-stream', 'Content-Length': '23527424', 'X-Object-Manifest': 'glance/000164ac-dd40-4d6c-aabf-0852130a1856-', 'Last-Modified': 'Sun, 19 Jul 2026 14:36:56 GMT', 'X-Timestamp': '1784471815.35193', 'Accept-Ranges': 'bytes', 'Etag': '"9c424351ecc3b84373f916fa8ecd34a2"', 'X-Trans-Id': 'txd63ac39f071544c6be455-006a5ce128', 'X-Openstack-Request-Id': 'txd63ac39f071544c6be455-006a5ce128', 'Connection': 'close'} {{(pid=100086) http_log /opt/stack/data/venv/lib/python3.12/site-packages/swiftclient/client.py:162}}
Jul 19 14:37:28.451206 np0000005432 devstack@g-api.service[100086]: DEBUG swiftclient [None req-8c969371-6e6d-42b5-a1c7-30f6df9e9957 tempest-ServerBootFromVolumeStableRescueTest-571988350 tempest-ServerBootFromVolumeStableRescueTest-571988350-project-member] REQ: curl -i https://10.4.3.78:8080/v1/AUTH_dcc46d5e164944b1b39884c0e7dff17f/glance?format=json&prefix=000164ac-dd40-4d6c-aabf-0852130a1856- -X GET -H "X-Auth-Token: gAAAAABqXOEoD5yg..." -H "Accept-Encoding: gzip" {{(pid=100086) http_log /opt/stack/data/venv/lib/python3.12/site-packages/swiftclient/client.py:160}}
Jul 19 14:37:28.451206 np0000005432 devstack@g-api.service[100086]: DEBUG swiftclient [None req-8c969371-6e6d-42b5-a1c7-30f6df9e9957 tempest-ServerBootFromVolumeStableRescueTest-571988350 tempest-ServerBootFromVolumeStableRescueTest-571988350-project-member] RESP STATUS: 200 OK {{(pid=100086) http_log /opt/stack/data/venv/lib/python3.12/site-packages/swiftclient/client.py:161}}
Jul 19 14:37:28.451206 np0000005432 devstack@g-api.service[100086]: DEBUG swiftclient [None req-8c969371-6e6d-42b5-a1c7-30f6df9e9957 tempest-ServerBootFromVolumeStableRescueTest-571988350 tempest-ServerBootFromVolumeStableRescueTest-571988350-project-member] RESP HEADERS: {'Date': 'Sun, 19 Jul 2026 14:37:28 GMT', 'Server': 'Apache/2.4.58 (Ubuntu)', 'Content-Type': 'application/json; charset=utf-8', 'Content-Length': '210', 'X-Container-Object-Count': '9', 'X-Container-Bytes-Used': '133103616', 'X-Timestamp': '1784471520.06866', 'Last-Modified': 'Sun, 19 Jul 2026 14:32:01 GMT', 'Accept-Ranges': 'bytes', 'X-Storage-Policy': 'Policy-0', 'X-Container-Sharding': 'False', 'X-Trans-Id': 'txad35215f32c54c32865d3-006a5ce128', 'X-Openstack-Request-Id': 'txad35215f32c54c32865d3-006a5ce128', 'Connection': 'close'} {{(pid=100086) http_log /opt/stack/data/venv/lib/python3.12/site-packages/swiftclient/client.py:162}}
Jul 19 14:37:28.451559 np0000005432 devstack@g-api.service[100086]: DEBUG swiftclient [None req-8c969371-6e6d-42b5-a1c7-30f6df9e9957 tempest-ServerBootFromVolumeStableRescueTest-571988350 tempest-ServerBootFromVolumeStableRescueTest-571988350-project-member] RESP BODY: b'[{"bytes": 23527424, "hash": "4fa343ee581d8d2e78533191fd1ac3e1", "name": "000164ac-dd40-4d6c-aabf-0852130a1856-00001", "content_type": "application/octet-stream", "last_modified": "2026-07-19T14:36:55.089560"}]' {{(pid=100086) http_log /opt/stack/data/venv/lib/python3.12/site-packages/swiftclient/client.py:166}}
Jul 19 14:37:28.487939 np0000005432 devstack@g-api.service[100086]: DEBUG swiftclient [None req-8c969371-6e6d-42b5-a1c7-30f6df9e9957 tempest-ServerBootFromVolumeStableRescueTest-571988350 tempest-ServerBootFromVolumeStableRescueTest-571988350-project-member] REQ: curl -i https://10.4.3.78:8080/v1/AUTH_dcc46d5e164944b1b39884c0e7dff17f/glance/000164ac-dd40-4d6c-aabf-0852130a1856-00001 DELETE -H "X-Auth-Token: gAAAAABqXOEoD5yg..." {{(pid=100086) http_log /opt/stack/data/venv/lib/python3.12/site-packages/swiftclient/client.py:160}}
Jul 19 14:37:28.488087 np0000005432 devstack@g-api.service[100086]: DEBUG swiftclient [None req-8c969371-6e6d-42b5-a1c7-30f6df9e9957 tempest-ServerBootFromVolumeStableRescueTest-571988350 tempest-ServerBootFromVolumeStableRescueTest-571988350-project-member] RESP STATUS: 204 No Content {{(pid=100086) http_log /opt/stack/data/venv/lib/python3.12/site-packages/swiftclient/client.py:161}}
Jul 19 14:37:28.488232 np0000005432 devstack@g-api.service[100086]: DEBUG swiftclient [None req-8c969371-6e6d-42b5-a1c7-30f6df9e9957 tempest-ServerBootFromVolumeStableRescueTest-571988350 tempest-ServerBootFromVolumeStableRescueTest-571988350-project-member] RESP HEADERS: {'Date': 'Sun, 19 Jul 2026 14:37:28 GMT', 'Server': 'Apache/2.4.58 (Ubuntu)', 'Content-Type': 'text/html; charset=UTF-8', 'X-Trans-Id': 'txb569d220c565474cbc7c9-006a5ce128', 'X-Openstack-Request-Id': 'txb569d220c565474cbc7c9-006a5ce128', 'Connection': 'close'} {{(pid=100086) http_log /opt/stack/data/venv/lib/python3.12/site-packages/swiftclient/client.py:162}}
Jul 19 14:37:28.515256 np0000005432 devstack@g-api.service[100086]: DEBUG swiftclient [None req-8c969371-6e6d-42b5-a1c7-30f6df9e9957 tempest-ServerBootFromVolumeStableRescueTest-571988350 tempest-ServerBootFromVolumeStableRescueTest-571988350-project-member] REQ: curl -i https://10.4.3.78:8080/v1/AUTH_dcc46d5e164944b1b39884c0e7dff17f/glance/000164ac-dd40-4d6c-aabf-0852130a1856 DELETE -H "X-Auth-Token: gAAAAABqXOEoD5yg..." {{(pid=100086) http_log /opt/stack/data/venv/lib/python3.12/site-packages/swiftclient/client.py:160}}
Jul 19 14:37:28.515456 np0000005432 devstack@g-api.service[100086]: DEBUG swiftclient [None req-8c969371-6e6d-42b5-a1c7-30f6df9e9957 tempest-ServerBootFromVolumeStableRescueTest-571988350 tempest-ServerBootFromVolumeStableRescueTest-571988350-project-member] RESP STATUS: 204 No Content {{(pid=100086) http_log /opt/stack/data/venv/lib/python3.12/site-packages/swiftclient/client.py:161}}
Jul 19 14:37:28.515588 np0000005432 devstack@g-api.service[100086]: DEBUG swiftclient [None req-8c969371-6e6d-42b5-a1c7-30f6df9e9957 tempest-ServerBootFromVolumeStableRescueTest-571988350 tempest-ServerBootFromVolumeStableRescueTest-571988350-project-member] RESP HEADERS: {'Date': 'Sun, 19 Jul 2026 14:37:28 GMT', 'Server': 'Apache/2.4.58 (Ubuntu)', 'Content-Type': 'text/html; charset=UTF-8', 'X-Trans-Id': 'txa3845706a44b4678a7161-006a5ce128', 'X-Openstack-Request-Id': 'txa3845706a44b4678a7161-006a5ce128', 'Connection': 'close'} {{(pid=100086) http_log /opt/stack/data/venv/lib/python3.12/site-packages/swiftclient/client.py:162}}
Jul 19 14:37:28.637906 np0000005432 devstack@g-api.service[100086]: DEBUG glance.api.middleware.cache [None req-8c969371-6e6d-42b5-a1c7-30f6df9e9957 tempest-ServerBootFromVolumeStableRescueTest-571988350 tempest-ServerBootFromVolumeStableRescueTest-571988350-project-member] Removing image 000164ac-dd40-4d6c-aabf-0852130a1856 from cache {{(pid=100086) _process_DELETE_response /opt/stack/glance/glance/api/middleware/cache.py:264}}
Jul 19 14:37:28.638376 np0000005432 devstack@g-api.service[100086]: DEBUG glance.image_cache.drivers.centralized_db [None req-8c969371-6e6d-42b5-a1c7-30f6df9e9957 tempest-ServerBootFromVolumeStableRescueTest-571988350 tempest-ServerBootFromVolumeStableRescueTest-571988350-project-member] Deleting image cache file '/opt/stack/data/glance/cache/000164ac-dd40-4d6c-aabf-0852130a1856' {{(pid=100086) delete_cached_file /opt/stack/glance/glance/image_cache/drivers/centralized_db.py:400}}
Jul 19 14:37:28.655075 np0000005432 devstack@g-api.service[100086]: [pid: 100086|app: 0|req: 88/263] 127.0.0.1 () {40 vars in 837 bytes} [Sun Jul 19 14:37:28 2026] DELETE /v2/images/000164ac-dd40-4d6c-aabf-0852130a1856 => generated 0 bytes in 628 msecs (HTTP/1.1 204) 4 headers in 171 bytes (1 switches on core 0)
Jul 19 14:37:30.726929 np0000005432 devstack@g-api.service[100087]: DEBUG glance.api.middleware.version_negotiation [None req-ff513cf5-8b5b-4aca-b9f5-b63b4cfbaea9 tempest-VolumesBackupsTest-1774074091 tempest-VolumesBackupsTest-1774074091-project-member] Determining version of request: GET /v2/images/b380958d-d4d5-4dd5-9a91-bad5902a8faa Accept: */* {{(pid=100087) process_request /opt/stack/glance/glance/api/middleware/version_negotiation.py:44}}
Jul 19 14:37:30.727740 np0000005432 devstack@g-api.service[100087]: DEBUG glance.api.middleware.version_negotiation [None req-ff513cf5-8b5b-4aca-b9f5-b63b4cfbaea9 tempest-VolumesBackupsTest-1774074091 tempest-VolumesBackupsTest-1774074091-project-member] Using url versioning {{(pid=100087) process_request /opt/stack/glance/glance/api/middleware/version_negotiation.py:57}}
Jul 19 14:37:30.730145 np0000005432 devstack@g-api.service[100087]: DEBUG glance.api.middleware.version_negotiation [None req-ff513cf5-8b5b-4aca-b9f5-b63b4cfbaea9 tempest-VolumesBackupsTest-1774074091 tempest-VolumesBackupsTest-1774074091-project-member] Matched version: v2 {{(pid=100087) process_request /opt/stack/glance/glance/api/middleware/version_negotiation.py:69}}
Jul 19 14:37:30.730145 np0000005432 devstack@g-api.service[100087]: DEBUG glance.api.middleware.version_negotiation [None req-ff513cf5-8b5b-4aca-b9f5-b63b4cfbaea9 tempest-VolumesBackupsTest-1774074091 tempest-VolumesBackupsTest-1774074091-project-member] new path /v2/images/b380958d-d4d5-4dd5-9a91-bad5902a8faa {{(pid=100087) process_request /opt/stack/glance/glance/api/middleware/version_negotiation.py:70}}
Jul 19 14:37:30.751508 np0000005432 devstack@g-api.service[100087]: [pid: 100087|app: 0|req: 90/264] 127.0.0.1 () {44 vars in 1111 bytes} [Sun Jul 19 14:37:30 2026] GET /v2/images/b380958d-d4d5-4dd5-9a91-bad5902a8faa => generated 1044 bytes in 24 msecs (HTTP/1.1 200) 4 headers in 158 bytes (1 switches on core 0)
Jul 19 14:37:30.814207 np0000005432 devstack@g-api.service[100088]: DEBUG glance.api.middleware.version_negotiation [None req-ff513cf5-8b5b-4aca-b9f5-b63b4cfbaea9 tempest-VolumesBackupsTest-1774074091 tempest-VolumesBackupsTest-1774074091-project-member] Determining version of request: GET /v2/schemas/image Accept: */* {{(pid=100088) process_request /opt/stack/glance/glance/api/middleware/version_negotiation.py:44}}
Jul 19 14:37:30.814207 np0000005432 devstack@g-api.service[100088]: DEBUG glance.api.middleware.version_negotiation [None req-ff513cf5-8b5b-4aca-b9f5-b63b4cfbaea9 tempest-VolumesBackupsTest-1774074091 tempest-VolumesBackupsTest-1774074091-project-member] Using url versioning {{(pid=100088) process_request /opt/stack/glance/glance/api/middleware/version_negotiation.py:57}}
Jul 19 14:37:30.814207 np0000005432 devstack@g-api.service[100088]: DEBUG glance.api.middleware.version_negotiation [None req-ff513cf5-8b5b-4aca-b9f5-b63b4cfbaea9 tempest-VolumesBackupsTest-1774074091 tempest-VolumesBackupsTest-1774074091-project-member] Matched version: v2 {{(pid=100088) process_request /opt/stack/glance/glance/api/middleware/version_negotiation.py:69}}
Jul 19 14:37:30.814207 np0000005432 devstack@g-api.service[100088]: DEBUG glance.api.middleware.version_negotiation [None req-ff513cf5-8b5b-4aca-b9f5-b63b4cfbaea9 tempest-VolumesBackupsTest-1774074091 tempest-VolumesBackupsTest-1774074091-project-member] new path /v2/schemas/image {{(pid=100088) process_request /opt/stack/glance/glance/api/middleware/version_negotiation.py:70}}
Jul 19 14:37:30.817398 np0000005432 devstack@g-api.service[100088]: [pid: 100088|app: 0|req: 87/265] 127.0.0.1 () {44 vars in 1051 bytes} [Sun Jul 19 14:37:30 2026] GET /v2/schemas/image => generated 6083 bytes in 7 msecs (HTTP/1.1 200) 4 headers in 158 bytes (1 switches on core 0)
Jul 19 14:37:31.145272 np0000005432 devstack@g-api.service[100088]: DEBUG dbcounter [-] [100088] Writing DB stats glance:SELECT=60,glance:UPDATE=4,glance:INSERT=3 {{(pid=100088) stat_writer /opt/stack/data/venv/lib/python3.12/site-packages/dbcounter.py:115}}
Jul 19 14:37:37.507917 np0000005432 devstack@g-api.service[100086]: DEBUG glance.api.middleware.version_negotiation [None req-8c969371-6e6d-42b5-a1c7-30f6df9e9957 tempest-ServerBootFromVolumeStableRescueTest-571988350 tempest-ServerBootFromVolumeStableRescueTest-571988350-project-member] Determining version of request: DELETE /v2/images/46583549-1a29-461a-8898-b383a6dd867e Accept: application/json {{(pid=100086) process_request /opt/stack/glance/glance/api/middleware/version_negotiation.py:44}}
Jul 19 14:37:37.507917 np0000005432 devstack@g-api.service[100086]: DEBUG glance.api.middleware.version_negotiation [None req-8c969371-6e6d-42b5-a1c7-30f6df9e9957 tempest-ServerBootFromVolumeStableRescueTest-571988350 tempest-ServerBootFromVolumeStableRescueTest-571988350-project-member] Using url versioning {{(pid=100086) process_request /opt/stack/glance/glance/api/middleware/version_negotiation.py:57}}
Jul 19 14:37:37.508742 np0000005432 devstack@g-api.service[100086]: DEBUG glance.api.middleware.version_negotiation [None req-8c969371-6e6d-42b5-a1c7-30f6df9e9957 tempest-ServerBootFromVolumeStableRescueTest-571988350 tempest-ServerBootFromVolumeStableRescueTest-571988350-project-member] Matched version: v2 {{(pid=100086) process_request /opt/stack/glance/glance/api/middleware/version_negotiation.py:69}}
Jul 19 14:37:37.508742 np0000005432 devstack@g-api.service[100086]: DEBUG glance.api.middleware.version_negotiation [None req-8c969371-6e6d-42b5-a1c7-30f6df9e9957 tempest-ServerBootFromVolumeStableRescueTest-571988350 tempest-ServerBootFromVolumeStableRescueTest-571988350-project-member] new path /v2/images/46583549-1a29-461a-8898-b383a6dd867e {{(pid=100086) process_request /opt/stack/glance/glance/api/middleware/version_negotiation.py:70}}
Jul 19 14:37:37.530018 np0000005432 devstack@g-api.service[100086]: WARNING glance.api.v2.images [None req-697a3069-ecbc-4783-8475-f56b22bea142 tempest-ServerBootFromVolumeStableRescueTest-571988350 tempest-ServerBootFromVolumeStableRescueTest-571988350-project-member] After upload to backend, deletion of staged image data has failed because it cannot be found at /tmp/staging//46583549-1a29-461a-8898-b383a6dd867e
Jul 19 14:37:37.530978 np0000005432 devstack@g-api.service[100086]: DEBUG glance_store.backend [None req-697a3069-ecbc-4783-8475-f56b22bea142 tempest-ServerBootFromVolumeStableRescueTest-571988350 tempest-ServerBootFromVolumeStableRescueTest-571988350-project-member] Attempting to import store swift {{(pid=100086) _load_store /opt/stack/data/venv/lib/python3.12/site-packages/glance_store/backend.py:215}}
Jul 19 14:37:37.532848 np0000005432 devstack@g-api.service[100087]: DEBUG glance.api.middleware.version_negotiation [None req-9ac9d9c0-c1b3-4fa8-9c88-b1ad15961978 tempest-ServerRescueNegativeTestJSON-673929480 tempest-ServerRescueNegativeTestJSON-673929480-project-member] Determining version of request: GET /v2/images/b380958d-d4d5-4dd5-9a91-bad5902a8faa Accept: application/json {{(pid=100087) process_request /opt/stack/glance/glance/api/middleware/version_negotiation.py:44}}
Jul 19 14:37:37.533308 np0000005432 devstack@g-api.service[100087]: DEBUG glance.api.middleware.version_negotiation [None req-9ac9d9c0-c1b3-4fa8-9c88-b1ad15961978 tempest-ServerRescueNegativeTestJSON-673929480 tempest-ServerRescueNegativeTestJSON-673929480-project-member] Using url versioning {{(pid=100087) process_request /opt/stack/glance/glance/api/middleware/version_negotiation.py:57}}
Jul 19 14:37:37.533308 np0000005432 devstack@g-api.service[100087]: DEBUG glance.api.middleware.version_negotiation [None req-9ac9d9c0-c1b3-4fa8-9c88-b1ad15961978 tempest-ServerRescueNegativeTestJSON-673929480 tempest-ServerRescueNegativeTestJSON-673929480-project-member] Matched version: v2 {{(pid=100087) process_request /opt/stack/glance/glance/api/middleware/version_negotiation.py:69}}
Jul 19 14:37:37.535194 np0000005432 devstack@g-api.service[100087]: DEBUG glance.api.middleware.version_negotiation [None req-9ac9d9c0-c1b3-4fa8-9c88-b1ad15961978 tempest-ServerRescueNegativeTestJSON-673929480 tempest-ServerRescueNegativeTestJSON-673929480-project-member] new path /v2/images/b380958d-d4d5-4dd5-9a91-bad5902a8faa {{(pid=100087) process_request /opt/stack/glance/glance/api/middleware/version_negotiation.py:70}}
Jul 19 14:37:37.535276 np0000005432 devstack@g-api.service[100086]: DEBUG glance_store.capabilities [None req-697a3069-ecbc-4783-8475-f56b22bea142 tempest-ServerBootFromVolumeStableRescueTest-571988350 tempest-ServerBootFromVolumeStableRescueTest-571988350-project-member] Store glance_store._drivers.swift.store.SingleTenantStore doesn't support updating dynamic storage capabilities. Please overwrite 'update_capabilities' method of the store to implement updating logics if needed. {{(pid=100086) update_capabilities /opt/stack/data/venv/lib/python3.12/site-packages/glance_store/capabilities.py:91}}
Jul 19 14:37:37.535276 np0000005432 devstack@g-api.service[100086]: DEBUG glance_store.driver [None req-697a3069-ecbc-4783-8475-f56b22bea142 tempest-ServerBootFromVolumeStableRescueTest-571988350 tempest-ServerBootFromVolumeStableRescueTest-571988350-project-member] Late loading location class glance_store._drivers.swift.store.StoreLocation {{(pid=100086) get_store_location_class /opt/stack/data/venv/lib/python3.12/site-packages/glance_store/driver.py:134}}
Jul 19 14:37:37.535276 np0000005432 devstack@g-api.service[100086]: DEBUG glance_store.location [None req-697a3069-ecbc-4783-8475-f56b22bea142 tempest-ServerBootFromVolumeStableRescueTest-571988350 tempest-ServerBootFromVolumeStableRescueTest-571988350-project-member] Registering scheme swift+https with {'store': , 'location_class': , 'store_entry': 'swift'} {{(pid=100086) register_scheme_map /opt/stack/data/venv/lib/python3.12/site-packages/glance_store/location.py:146}}
Jul 19 14:37:37.535276 np0000005432 devstack@g-api.service[100086]: DEBUG glance_store.location [None req-697a3069-ecbc-4783-8475-f56b22bea142 tempest-ServerBootFromVolumeStableRescueTest-571988350 tempest-ServerBootFromVolumeStableRescueTest-571988350-project-member] Registering scheme swift+https with {'store': , 'location_class': , 'store_entry': 'swift'} {{(pid=100086) register_scheme_map /opt/stack/data/venv/lib/python3.12/site-packages/glance_store/location.py:146}}
Jul 19 14:37:37.535276 np0000005432 devstack@g-api.service[100086]: DEBUG glance_store.location [None req-697a3069-ecbc-4783-8475-f56b22bea142 tempest-ServerBootFromVolumeStableRescueTest-571988350 tempest-ServerBootFromVolumeStableRescueTest-571988350-project-member] Registering scheme swift with {'store': , 'location_class': , 'store_entry': 'swift'} {{(pid=100086) register_scheme_map /opt/stack/data/venv/lib/python3.12/site-packages/glance_store/location.py:146}}
Jul 19 14:37:37.535276 np0000005432 devstack@g-api.service[100086]: DEBUG glance_store.location [None req-697a3069-ecbc-4783-8475-f56b22bea142 tempest-ServerBootFromVolumeStableRescueTest-571988350 tempest-ServerBootFromVolumeStableRescueTest-571988350-project-member] Registering scheme swift+https with {'store': , 'location_class': , 'store_entry': 'swift'} {{(pid=100086) register_scheme_map /opt/stack/data/venv/lib/python3.12/site-packages/glance_store/location.py:146}}
Jul 19 14:37:37.535276 np0000005432 devstack@g-api.service[100086]: DEBUG glance_store.location [None req-697a3069-ecbc-4783-8475-f56b22bea142 tempest-ServerBootFromVolumeStableRescueTest-571988350 tempest-ServerBootFromVolumeStableRescueTest-571988350-project-member] Registering scheme swift with {'store': , 'location_class': , 'store_entry': 'swift'} {{(pid=100086) register_scheme_map /opt/stack/data/venv/lib/python3.12/site-packages/glance_store/location.py:146}}
Jul 19 14:37:37.535276 np0000005432 devstack@g-api.service[100086]: DEBUG glance_store.location [None req-697a3069-ecbc-4783-8475-f56b22bea142 tempest-ServerBootFromVolumeStableRescueTest-571988350 tempest-ServerBootFromVolumeStableRescueTest-571988350-project-member] Registering scheme swift+http with {'store': , 'location_class': , 'store_entry': 'swift'} {{(pid=100086) register_scheme_map /opt/stack/data/venv/lib/python3.12/site-packages/glance_store/location.py:146}}
Jul 19 14:37:37.536133 np0000005432 devstack@g-api.service[100086]: DEBUG glance_store.location [None req-697a3069-ecbc-4783-8475-f56b22bea142 tempest-ServerBootFromVolumeStableRescueTest-571988350 tempest-ServerBootFromVolumeStableRescueTest-571988350-project-member] Registering scheme swift+https with {'store': , 'location_class': , 'store_entry': 'swift'} {{(pid=100086) register_scheme_map /opt/stack/data/venv/lib/python3.12/site-packages/glance_store/location.py:146}}
Jul 19 14:37:37.536472 np0000005432 devstack@g-api.service[100086]: DEBUG glance_store.location [None req-697a3069-ecbc-4783-8475-f56b22bea142 tempest-ServerBootFromVolumeStableRescueTest-571988350 tempest-ServerBootFromVolumeStableRescueTest-571988350-project-member] Registering scheme swift with {'store': , 'location_class': , 'store_entry': 'swift'} {{(pid=100086) register_scheme_map /opt/stack/data/venv/lib/python3.12/site-packages/glance_store/location.py:146}}
Jul 19 14:37:37.536796 np0000005432 devstack@g-api.service[100086]: DEBUG glance_store.location [None req-697a3069-ecbc-4783-8475-f56b22bea142 tempest-ServerBootFromVolumeStableRescueTest-571988350 tempest-ServerBootFromVolumeStableRescueTest-571988350-project-member] Registering scheme swift+http with {'store': , 'location_class': , 'store_entry': 'swift'} {{(pid=100086) register_scheme_map /opt/stack/data/venv/lib/python3.12/site-packages/glance_store/location.py:146}}
Jul 19 14:37:37.536999 np0000005432 devstack@g-api.service[100086]: DEBUG glance_store.location [None req-697a3069-ecbc-4783-8475-f56b22bea142 tempest-ServerBootFromVolumeStableRescueTest-571988350 tempest-ServerBootFromVolumeStableRescueTest-571988350-project-member] Registering scheme swift+config with {'store': , 'location_class': , 'store_entry': 'swift'} {{(pid=100086) register_scheme_map /opt/stack/data/venv/lib/python3.12/site-packages/glance_store/location.py:146}}
Jul 19 14:37:37.537911 np0000005432 devstack@g-api.service[100086]: DEBUG keystoneclient.auth.identity.v3.base [None req-697a3069-ecbc-4783-8475-f56b22bea142 tempest-ServerBootFromVolumeStableRescueTest-571988350 tempest-ServerBootFromVolumeStableRescueTest-571988350-project-member] Making authentication request to https://10.4.3.78/identity/v3/auth/tokens {{(pid=100086) get_auth_ref /opt/stack/data/venv/lib/python3.12/site-packages/keystoneclient/auth/identity/v3/base.py:185}}
Jul 19 14:37:37.656856 np0000005432 devstack@g-api.service[100086]: DEBUG keystoneclient.auth.identity.v3.base [None req-697a3069-ecbc-4783-8475-f56b22bea142 tempest-ServerBootFromVolumeStableRescueTest-571988350 tempest-ServerBootFromVolumeStableRescueTest-571988350-project-member] {"token": {"methods": ["password"], "user": {"domain": {"id": "default", "name": "Default"}, "id": "374690749dcd47d0a13ee7d7a4dede7f", "name": "glance-swift", "password_expires_at": null}, "audit_ids": ["6futqjWuRdmZBxY-Y9h7_w"], "expires_at": "2026-07-19T15:37:37.000000Z", "issued_at": "2026-07-19T14:37:37.000000Z", "project": {"domain": {"id": "default", "name": "Default"}, "id": "dcc46d5e164944b1b39884c0e7dff17f", "name": "service"}, "is_domain": false, "roles": [{"id": "95818bb4d8e64692bef4a8c335377123", "name": "ResellerAdmin"}, {"id": "8b7fff09134741e7a12c5602b87a5cb1", "name": "service"}], "catalog": [{"endpoints": [{"id": "8951f9890eac4f1ea4a8e47e9bcb5a61", "interface": "public", "region_id": "RegionOne", "url": "https://10.4.3.78/compute/v2/dcc46d5e164944b1b39884c0e7dff17f", "region": "RegionOne"}], "id": "1535ca4419844eff8dc0174796c1a3e0", "type": "compute_legacy", "name": "nova_legacy"}, {"endpoints": [{"id": "f7199aa019a74fd099c0349aa93d996d", "interface": "public", "region_id": "RegionOne", "url": "https://10.4.3.78/compute/v2.1", "region": "RegionOne"}], "id": "268556931cd840b6863b11593a260229", "type": "compute", "name": "nova"}, {"endpoints": [{"id": "0ad3a67d96ac45339f66a6510d4d5b80", "interface": "public", "region_id": "RegionOne", "url": "https://10.4.3.78/volume/v3", "region": "RegionOne"}], "id": "aac4d601a82a4eaabc376856007222c4", "type": "block-storage", "name": "cinder"}, {"endpoints": [{"id": "5e6716e1bafb40bd831feb75b357de4c", "interface": "public", "region_id": "RegionOne", "url": "https://10.4.3.78/networking", "region": "RegionOne"}], "id": "ad3a42c807494cc3acfe60ad6844b351", "type": "network", "name": "neutron"}, {"endpoints": [{"id": "7028f466a80545028c5f7e8aef222564", "interface": "public", "region_id": "RegionOne", "url": "https://10.4.3.78/image", "region": "RegionOne"}], "id": "af2c83a2bbc049e5b398a5296954a1a7", "type": "image", "name": "glance"}, {"endpoints": [{"id": "8205fc03795846439243ffe43059f980", "interface": "public", "region_id": "RegionOne", "url": "https://10.4.3.78/identity", "region": "RegionOne"}], "id": "b8c76d32a73b41ec85ad43c963ff53f1", "type": "identity", "name": "keystone"}, {"endpoints": [{"id": "625d824eb3674702ba5c6a3dd3e1a514", "interface": "public", "region_id": "RegionOne", "url": "https://10.4.3.78/placement", "region": "RegionOne"}], "id": "c1ac37f9dfc548448d99a9493fdf068a", "type": "placement", "name": "placement"}, {"endpoints": [{"id": "25015b448db942768ad9a8aa75cb84aa", "interface": "admin", "region_id": "RegionOne", "url": "https://10.4.3.78:8080", "region": "RegionOne"}, {"id": "8dabf2b42fa04f48a2d528aee1fe76ac", "interface": "public", "region_id": "RegionOne", "url": "https://10.4.3.78:8080/v1/AUTH_dcc46d5e164944b1b39884c0e7dff17f", "region": "RegionOne"}], "id": "e8d205e1a99a498688db421f1817982c", "type": "object-store", "name": "swift"}]}} {{(pid=100086) get_auth_ref /opt/stack/data/venv/lib/python3.12/site-packages/keystoneclient/auth/identity/v3/base.py:190}}
Jul 19 14:37:37.657657 np0000005432 devstack@g-api.service[100086]: DEBUG keystoneclient.httpclient [None req-697a3069-ecbc-4783-8475-f56b22bea142 tempest-ServerBootFromVolumeStableRescueTest-571988350 tempest-ServerBootFromVolumeStableRescueTest-571988350-project-member] Failed to find endpoint for management url admin endpoint for identity service not found {{(pid=100086) _process_management_url /opt/stack/data/venv/lib/python3.12/site-packages/keystoneclient/httpclient.py:670}}
Jul 19 14:37:37.691780 np0000005432 devstack@g-api.service[100087]: [pid: 100087|app: 0|req: 91/266] 127.0.0.1 () {40 vars in 834 bytes} [Sun Jul 19 14:37:37 2026] GET /v2/images/b380958d-d4d5-4dd5-9a91-bad5902a8faa => generated 1044 bytes in 158 msecs (HTTP/1.1 200) 4 headers in 158 bytes (1 switches on core 0)
Jul 19 14:37:37.717736 np0000005432 devstack@g-api.service[100088]: DEBUG glance.api.middleware.version_negotiation [None req-9ac9d9c0-c1b3-4fa8-9c88-b1ad15961978 tempest-ServerRescueNegativeTestJSON-673929480 tempest-ServerRescueNegativeTestJSON-673929480-project-member] Determining version of request: GET /v2/images/b380958d-d4d5-4dd5-9a91-bad5902a8faa Accept: */* {{(pid=100088) process_request /opt/stack/glance/glance/api/middleware/version_negotiation.py:44}}
Jul 19 14:37:37.717736 np0000005432 devstack@g-api.service[100088]: DEBUG glance.api.middleware.version_negotiation [None req-9ac9d9c0-c1b3-4fa8-9c88-b1ad15961978 tempest-ServerRescueNegativeTestJSON-673929480 tempest-ServerRescueNegativeTestJSON-673929480-project-member] Using url versioning {{(pid=100088) process_request /opt/stack/glance/glance/api/middleware/version_negotiation.py:57}}
Jul 19 14:37:37.717736 np0000005432 devstack@g-api.service[100088]: DEBUG glance.api.middleware.version_negotiation [None req-9ac9d9c0-c1b3-4fa8-9c88-b1ad15961978 tempest-ServerRescueNegativeTestJSON-673929480 tempest-ServerRescueNegativeTestJSON-673929480-project-member] Matched version: v2 {{(pid=100088) process_request /opt/stack/glance/glance/api/middleware/version_negotiation.py:69}}
Jul 19 14:37:37.717736 np0000005432 devstack@g-api.service[100088]: DEBUG glance.api.middleware.version_negotiation [None req-9ac9d9c0-c1b3-4fa8-9c88-b1ad15961978 tempest-ServerRescueNegativeTestJSON-673929480 tempest-ServerRescueNegativeTestJSON-673929480-project-member] new path /v2/images/b380958d-d4d5-4dd5-9a91-bad5902a8faa {{(pid=100088) process_request /opt/stack/glance/glance/api/middleware/version_negotiation.py:70}}
Jul 19 14:37:37.731523 np0000005432 devstack@g-api.service[100088]: [pid: 100088|app: 0|req: 88/267] 127.0.0.1 () {44 vars in 1111 bytes} [Sun Jul 19 14:37:37 2026] GET /v2/images/b380958d-d4d5-4dd5-9a91-bad5902a8faa => generated 1044 bytes in 16 msecs (HTTP/1.1 200) 4 headers in 158 bytes (1 switches on core 0)
Jul 19 14:37:37.744359 np0000005432 devstack@g-api.service[100087]: DEBUG glance.api.middleware.version_negotiation [None req-31f5ab62-54f1-496b-acc3-133b3384320a tempest-VolumesCloneTest-51500834 tempest-VolumesCloneTest-51500834-project-member] Determining version of request: GET /v2/schemas/image Accept: */* {{(pid=100087) process_request /opt/stack/glance/glance/api/middleware/version_negotiation.py:44}}
Jul 19 14:37:37.744359 np0000005432 devstack@g-api.service[100087]: DEBUG glance.api.middleware.version_negotiation [None req-31f5ab62-54f1-496b-acc3-133b3384320a tempest-VolumesCloneTest-51500834 tempest-VolumesCloneTest-51500834-project-member] Using url versioning {{(pid=100087) process_request /opt/stack/glance/glance/api/middleware/version_negotiation.py:57}}
Jul 19 14:37:37.744359 np0000005432 devstack@g-api.service[100087]: DEBUG glance.api.middleware.version_negotiation [None req-31f5ab62-54f1-496b-acc3-133b3384320a tempest-VolumesCloneTest-51500834 tempest-VolumesCloneTest-51500834-project-member] Matched version: v2 {{(pid=100087) process_request /opt/stack/glance/glance/api/middleware/version_negotiation.py:69}}
Jul 19 14:37:37.744359 np0000005432 devstack@g-api.service[100087]: DEBUG glance.api.middleware.version_negotiation [None req-31f5ab62-54f1-496b-acc3-133b3384320a tempest-VolumesCloneTest-51500834 tempest-VolumesCloneTest-51500834-project-member] new path /v2/schemas/image {{(pid=100087) process_request /opt/stack/glance/glance/api/middleware/version_negotiation.py:70}}
Jul 19 14:37:37.749481 np0000005432 devstack@g-api.service[100087]: [pid: 100087|app: 0|req: 92/268] 127.0.0.1 () {44 vars in 1051 bytes} [Sun Jul 19 14:37:37 2026] GET /v2/schemas/image => generated 6083 bytes in 6 msecs (HTTP/1.1 200) 4 headers in 158 bytes (1 switches on core 0)
Jul 19 14:37:37.766104 np0000005432 devstack@g-api.service[100088]: DEBUG glance.api.middleware.version_negotiation [None req-b924f045-5e29-4457-b8bc-3646f9b28b9c tempest-VolumesCloneTest-51500834 tempest-VolumesCloneTest-51500834-project-member] Determining version of request: GET /v2/schemas/image Accept: */* {{(pid=100088) process_request /opt/stack/glance/glance/api/middleware/version_negotiation.py:44}}
Jul 19 14:37:37.766497 np0000005432 devstack@g-api.service[100088]: DEBUG glance.api.middleware.version_negotiation [None req-b924f045-5e29-4457-b8bc-3646f9b28b9c tempest-VolumesCloneTest-51500834 tempest-VolumesCloneTest-51500834-project-member] Using url versioning {{(pid=100088) process_request /opt/stack/glance/glance/api/middleware/version_negotiation.py:57}}
Jul 19 14:37:37.766497 np0000005432 devstack@g-api.service[100088]: DEBUG glance.api.middleware.version_negotiation [None req-b924f045-5e29-4457-b8bc-3646f9b28b9c tempest-VolumesCloneTest-51500834 tempest-VolumesCloneTest-51500834-project-member] Matched version: v2 {{(pid=100088) process_request /opt/stack/glance/glance/api/middleware/version_negotiation.py:69}}
Jul 19 14:37:37.766739 np0000005432 devstack@g-api.service[100088]: DEBUG glance.api.middleware.version_negotiation [None req-b924f045-5e29-4457-b8bc-3646f9b28b9c tempest-VolumesCloneTest-51500834 tempest-VolumesCloneTest-51500834-project-member] new path /v2/schemas/image {{(pid=100088) process_request /opt/stack/glance/glance/api/middleware/version_negotiation.py:70}}
Jul 19 14:37:37.772108 np0000005432 devstack@g-api.service[100088]: [pid: 100088|app: 0|req: 89/269] 127.0.0.1 () {44 vars in 1051 bytes} [Sun Jul 19 14:37:37 2026] GET /v2/schemas/image => generated 6083 bytes in 8 msecs (HTTP/1.1 200) 4 headers in 158 bytes (1 switches on core 0)
Jul 19 14:37:37.785138 np0000005432 devstack@g-api.service[100087]: DEBUG glance.api.middleware.version_negotiation [None req-b924f045-5e29-4457-b8bc-3646f9b28b9c tempest-VolumesCloneTest-51500834 tempest-VolumesCloneTest-51500834-project-member] Determining version of request: GET /v2/images/b380958d-d4d5-4dd5-9a91-bad5902a8faa Accept: */* {{(pid=100087) process_request /opt/stack/glance/glance/api/middleware/version_negotiation.py:44}}
Jul 19 14:37:37.785431 np0000005432 devstack@g-api.service[100087]: DEBUG glance.api.middleware.version_negotiation [None req-b924f045-5e29-4457-b8bc-3646f9b28b9c tempest-VolumesCloneTest-51500834 tempest-VolumesCloneTest-51500834-project-member] Using url versioning {{(pid=100087) process_request /opt/stack/glance/glance/api/middleware/version_negotiation.py:57}}
Jul 19 14:37:37.785555 np0000005432 devstack@g-api.service[100087]: DEBUG glance.api.middleware.version_negotiation [None req-b924f045-5e29-4457-b8bc-3646f9b28b9c tempest-VolumesCloneTest-51500834 tempest-VolumesCloneTest-51500834-project-member] Matched version: v2 {{(pid=100087) process_request /opt/stack/glance/glance/api/middleware/version_negotiation.py:69}}
Jul 19 14:37:37.785643 np0000005432 devstack@g-api.service[100087]: DEBUG glance.api.middleware.version_negotiation [None req-b924f045-5e29-4457-b8bc-3646f9b28b9c tempest-VolumesCloneTest-51500834 tempest-VolumesCloneTest-51500834-project-member] new path /v2/images/b380958d-d4d5-4dd5-9a91-bad5902a8faa {{(pid=100087) process_request /opt/stack/glance/glance/api/middleware/version_negotiation.py:70}}
Jul 19 14:37:37.813922 np0000005432 devstack@g-api.service[100087]: [pid: 100087|app: 0|req: 93/270] 127.0.0.1 () {44 vars in 1111 bytes} [Sun Jul 19 14:37:37 2026] GET /v2/images/b380958d-d4d5-4dd5-9a91-bad5902a8faa => generated 1044 bytes in 29 msecs (HTTP/1.1 200) 4 headers in 158 bytes (1 switches on core 0)
Jul 19 14:37:37.825762 np0000005432 devstack@g-api.service[100088]: DEBUG glance.api.middleware.version_negotiation [None req-b924f045-5e29-4457-b8bc-3646f9b28b9c tempest-VolumesCloneTest-51500834 tempest-VolumesCloneTest-51500834-project-member] Determining version of request: GET /v2/schemas/image Accept: */* {{(pid=100088) process_request /opt/stack/glance/glance/api/middleware/version_negotiation.py:44}}
Jul 19 14:37:37.827522 np0000005432 devstack@g-api.service[100088]: DEBUG glance.api.middleware.version_negotiation [None req-b924f045-5e29-4457-b8bc-3646f9b28b9c tempest-VolumesCloneTest-51500834 tempest-VolumesCloneTest-51500834-project-member] Using url versioning {{(pid=100088) process_request /opt/stack/glance/glance/api/middleware/version_negotiation.py:57}}
Jul 19 14:37:37.827737 np0000005432 devstack@g-api.service[100088]: DEBUG glance.api.middleware.version_negotiation [None req-b924f045-5e29-4457-b8bc-3646f9b28b9c tempest-VolumesCloneTest-51500834 tempest-VolumesCloneTest-51500834-project-member] Matched version: v2 {{(pid=100088) process_request /opt/stack/glance/glance/api/middleware/version_negotiation.py:69}}
Jul 19 14:37:37.827869 np0000005432 devstack@g-api.service[100088]: DEBUG glance.api.middleware.version_negotiation [None req-b924f045-5e29-4457-b8bc-3646f9b28b9c tempest-VolumesCloneTest-51500834 tempest-VolumesCloneTest-51500834-project-member] new path /v2/schemas/image {{(pid=100088) process_request /opt/stack/glance/glance/api/middleware/version_negotiation.py:70}}
Jul 19 14:37:37.835559 np0000005432 devstack@g-api.service[100088]: [pid: 100088|app: 0|req: 90/271] 127.0.0.1 () {44 vars in 1051 bytes} [Sun Jul 19 14:37:37 2026] GET /v2/schemas/image => generated 6083 bytes in 10 msecs (HTTP/1.1 200) 4 headers in 158 bytes (1 switches on core 0)
Jul 19 14:37:37.851351 np0000005432 devstack@g-api.service[100087]: DEBUG glance.api.middleware.version_negotiation [None req-b924f045-5e29-4457-b8bc-3646f9b28b9c tempest-VolumesCloneTest-51500834 tempest-VolumesCloneTest-51500834-project-member] Determining version of request: GET /v2/schemas/image Accept: */* {{(pid=100087) process_request /opt/stack/glance/glance/api/middleware/version_negotiation.py:44}}
Jul 19 14:37:37.851603 np0000005432 devstack@g-api.service[100087]: DEBUG glance.api.middleware.version_negotiation [None req-b924f045-5e29-4457-b8bc-3646f9b28b9c tempest-VolumesCloneTest-51500834 tempest-VolumesCloneTest-51500834-project-member] Using url versioning {{(pid=100087) process_request /opt/stack/glance/glance/api/middleware/version_negotiation.py:57}}
Jul 19 14:37:37.851789 np0000005432 devstack@g-api.service[100087]: DEBUG glance.api.middleware.version_negotiation [None req-b924f045-5e29-4457-b8bc-3646f9b28b9c tempest-VolumesCloneTest-51500834 tempest-VolumesCloneTest-51500834-project-member] Matched version: v2 {{(pid=100087) process_request /opt/stack/glance/glance/api/middleware/version_negotiation.py:69}}
Jul 19 14:37:37.851942 np0000005432 devstack@g-api.service[100087]: DEBUG glance.api.middleware.version_negotiation [None req-b924f045-5e29-4457-b8bc-3646f9b28b9c tempest-VolumesCloneTest-51500834 tempest-VolumesCloneTest-51500834-project-member] new path /v2/schemas/image {{(pid=100087) process_request /opt/stack/glance/glance/api/middleware/version_negotiation.py:70}}
Jul 19 14:37:37.854786 np0000005432 devstack@g-api.service[100087]: [pid: 100087|app: 0|req: 94/272] 127.0.0.1 () {44 vars in 1051 bytes} [Sun Jul 19 14:37:37 2026] GET /v2/schemas/image => generated 6083 bytes in 4 msecs (HTTP/1.1 200) 4 headers in 158 bytes (1 switches on core 0)
Jul 19 14:37:37.905640 np0000005432 devstack@g-api.service[100086]: DEBUG swiftclient [None req-697a3069-ecbc-4783-8475-f56b22bea142 tempest-ServerBootFromVolumeStableRescueTest-571988350 tempest-ServerBootFromVolumeStableRescueTest-571988350-project-member] REQ: curl -i https://10.4.3.78:8080/v1/AUTH_dcc46d5e164944b1b39884c0e7dff17f/glance/46583549-1a29-461a-8898-b383a6dd867e -I -H "X-Auth-Token: gAAAAABqXOExsQgK..." {{(pid=100086) http_log /opt/stack/data/venv/lib/python3.12/site-packages/swiftclient/client.py:160}}
Jul 19 14:37:37.908600 np0000005432 devstack@g-api.service[100086]: DEBUG swiftclient [None req-697a3069-ecbc-4783-8475-f56b22bea142 tempest-ServerBootFromVolumeStableRescueTest-571988350 tempest-ServerBootFromVolumeStableRescueTest-571988350-project-member] RESP STATUS: 200 OK {{(pid=100086) http_log /opt/stack/data/venv/lib/python3.12/site-packages/swiftclient/client.py:161}}
Jul 19 14:37:37.908600 np0000005432 devstack@g-api.service[100086]: DEBUG swiftclient [None req-697a3069-ecbc-4783-8475-f56b22bea142 tempest-ServerBootFromVolumeStableRescueTest-571988350 tempest-ServerBootFromVolumeStableRescueTest-571988350-project-member] RESP HEADERS: {'Date': 'Sun, 19 Jul 2026 14:37:37 GMT', 'Server': 'Apache/2.4.58 (Ubuntu)', 'Content-Type': 'application/octet-stream', 'Content-Length': '23527424', 'X-Object-Manifest': 'glance/46583549-1a29-461a-8898-b383a6dd867e-', 'Last-Modified': 'Sun, 19 Jul 2026 14:36:15 GMT', 'X-Timestamp': '1784471774.66372', 'Accept-Ranges': 'bytes', 'Etag': '"9c424351ecc3b84373f916fa8ecd34a2"', 'X-Trans-Id': 'txcbc32db177d14fa798399-006a5ce131', 'X-Openstack-Request-Id': 'txcbc32db177d14fa798399-006a5ce131', 'Connection': 'close'} {{(pid=100086) http_log /opt/stack/data/venv/lib/python3.12/site-packages/swiftclient/client.py:162}}
Jul 19 14:37:37.910954 np0000005432 devstack@g-api.service[100088]: DEBUG glance.api.middleware.version_negotiation [None req-b924f045-5e29-4457-b8bc-3646f9b28b9c tempest-VolumesCloneTest-51500834 tempest-VolumesCloneTest-51500834-project-member] Determining version of request: GET /v2/images/b380958d-d4d5-4dd5-9a91-bad5902a8faa Accept: */* {{(pid=100088) process_request /opt/stack/glance/glance/api/middleware/version_negotiation.py:44}}
Jul 19 14:37:37.910954 np0000005432 devstack@g-api.service[100088]: DEBUG glance.api.middleware.version_negotiation [None req-b924f045-5e29-4457-b8bc-3646f9b28b9c tempest-VolumesCloneTest-51500834 tempest-VolumesCloneTest-51500834-project-member] Using url versioning {{(pid=100088) process_request /opt/stack/glance/glance/api/middleware/version_negotiation.py:57}}
Jul 19 14:37:37.910954 np0000005432 devstack@g-api.service[100088]: DEBUG glance.api.middleware.version_negotiation [None req-b924f045-5e29-4457-b8bc-3646f9b28b9c tempest-VolumesCloneTest-51500834 tempest-VolumesCloneTest-51500834-project-member] Matched version: v2 {{(pid=100088) process_request /opt/stack/glance/glance/api/middleware/version_negotiation.py:69}}
Jul 19 14:37:37.910954 np0000005432 devstack@g-api.service[100088]: DEBUG glance.api.middleware.version_negotiation [None req-b924f045-5e29-4457-b8bc-3646f9b28b9c tempest-VolumesCloneTest-51500834 tempest-VolumesCloneTest-51500834-project-member] new path /v2/images/b380958d-d4d5-4dd5-9a91-bad5902a8faa {{(pid=100088) process_request /opt/stack/glance/glance/api/middleware/version_negotiation.py:70}}
Jul 19 14:37:37.932904 np0000005432 devstack@g-api.service[100086]: DEBUG swiftclient [None req-697a3069-ecbc-4783-8475-f56b22bea142 tempest-ServerBootFromVolumeStableRescueTest-571988350 tempest-ServerBootFromVolumeStableRescueTest-571988350-project-member] REQ: curl -i https://10.4.3.78:8080/v1/AUTH_dcc46d5e164944b1b39884c0e7dff17f/glance?format=json&prefix=46583549-1a29-461a-8898-b383a6dd867e- -X GET -H "X-Auth-Token: gAAAAABqXOExsQgK..." -H "Accept-Encoding: gzip" {{(pid=100086) http_log /opt/stack/data/venv/lib/python3.12/site-packages/swiftclient/client.py:160}}
Jul 19 14:37:37.933086 np0000005432 devstack@g-api.service[100086]: DEBUG swiftclient [None req-697a3069-ecbc-4783-8475-f56b22bea142 tempest-ServerBootFromVolumeStableRescueTest-571988350 tempest-ServerBootFromVolumeStableRescueTest-571988350-project-member] RESP STATUS: 200 OK {{(pid=100086) http_log /opt/stack/data/venv/lib/python3.12/site-packages/swiftclient/client.py:161}}
Jul 19 14:37:37.933302 np0000005432 devstack@g-api.service[100086]: DEBUG swiftclient [None req-697a3069-ecbc-4783-8475-f56b22bea142 tempest-ServerBootFromVolumeStableRescueTest-571988350 tempest-ServerBootFromVolumeStableRescueTest-571988350-project-member] RESP HEADERS: {'Date': 'Sun, 19 Jul 2026 14:37:37 GMT', 'Server': 'Apache/2.4.58 (Ubuntu)', 'Content-Type': 'application/json; charset=utf-8', 'Content-Length': '210', 'X-Container-Object-Count': '7', 'X-Container-Bytes-Used': '109576192', 'X-Timestamp': '1784471520.06866', 'Last-Modified': 'Sun, 19 Jul 2026 14:32:01 GMT', 'Accept-Ranges': 'bytes', 'X-Storage-Policy': 'Policy-0', 'X-Container-Sharding': 'False', 'X-Trans-Id': 'tx327ab397252a407e94f34-006a5ce131', 'X-Openstack-Request-Id': 'tx327ab397252a407e94f34-006a5ce131', 'Connection': 'close'} {{(pid=100086) http_log /opt/stack/data/venv/lib/python3.12/site-packages/swiftclient/client.py:162}}
Jul 19 14:37:37.934378 np0000005432 devstack@g-api.service[100086]: DEBUG swiftclient [None req-697a3069-ecbc-4783-8475-f56b22bea142 tempest-ServerBootFromVolumeStableRescueTest-571988350 tempest-ServerBootFromVolumeStableRescueTest-571988350-project-member] RESP BODY: b'[{"bytes": 23527424, "hash": "4fa343ee581d8d2e78533191fd1ac3e1", "name": "46583549-1a29-461a-8898-b383a6dd867e-00001", "content_type": "application/octet-stream", "last_modified": "2026-07-19T14:36:14.159960"}]' {{(pid=100086) http_log /opt/stack/data/venv/lib/python3.12/site-packages/swiftclient/client.py:166}}
Jul 19 14:37:37.943572 np0000005432 devstack@g-api.service[100088]: [pid: 100088|app: 0|req: 91/273] 127.0.0.1 () {44 vars in 1111 bytes} [Sun Jul 19 14:37:37 2026] GET /v2/images/b380958d-d4d5-4dd5-9a91-bad5902a8faa => generated 1044 bytes in 34 msecs (HTTP/1.1 200) 4 headers in 158 bytes (1 switches on core 0)
Jul 19 14:37:37.957206 np0000005432 devstack@g-api.service[100087]: DEBUG glance.api.middleware.version_negotiation [None req-b924f045-5e29-4457-b8bc-3646f9b28b9c tempest-VolumesCloneTest-51500834 tempest-VolumesCloneTest-51500834-project-member] Determining version of request: GET /v2/schemas/image Accept: */* {{(pid=100087) process_request /opt/stack/glance/glance/api/middleware/version_negotiation.py:44}}
Jul 19 14:37:37.957206 np0000005432 devstack@g-api.service[100087]: DEBUG glance.api.middleware.version_negotiation [None req-b924f045-5e29-4457-b8bc-3646f9b28b9c tempest-VolumesCloneTest-51500834 tempest-VolumesCloneTest-51500834-project-member] Using url versioning {{(pid=100087) process_request /opt/stack/glance/glance/api/middleware/version_negotiation.py:57}}
Jul 19 14:37:37.957206 np0000005432 devstack@g-api.service[100087]: DEBUG glance.api.middleware.version_negotiation [None req-b924f045-5e29-4457-b8bc-3646f9b28b9c tempest-VolumesCloneTest-51500834 tempest-VolumesCloneTest-51500834-project-member] Matched version: v2 {{(pid=100087) process_request /opt/stack/glance/glance/api/middleware/version_negotiation.py:69}}
Jul 19 14:37:37.957206 np0000005432 devstack@g-api.service[100087]: DEBUG glance.api.middleware.version_negotiation [None req-b924f045-5e29-4457-b8bc-3646f9b28b9c tempest-VolumesCloneTest-51500834 tempest-VolumesCloneTest-51500834-project-member] new path /v2/schemas/image {{(pid=100087) process_request /opt/stack/glance/glance/api/middleware/version_negotiation.py:70}}
Jul 19 14:37:37.959052 np0000005432 devstack@g-api.service[100087]: [pid: 100087|app: 0|req: 95/274] 127.0.0.1 () {44 vars in 1051 bytes} [Sun Jul 19 14:37:37 2026] GET /v2/schemas/image => generated 6083 bytes in 4 msecs (HTTP/1.1 200) 4 headers in 158 bytes (1 switches on core 0)
Jul 19 14:37:37.962475 np0000005432 devstack@g-api.service[100086]: DEBUG swiftclient [None req-697a3069-ecbc-4783-8475-f56b22bea142 tempest-ServerBootFromVolumeStableRescueTest-571988350 tempest-ServerBootFromVolumeStableRescueTest-571988350-project-member] REQ: curl -i https://10.4.3.78:8080/v1/AUTH_dcc46d5e164944b1b39884c0e7dff17f/glance/46583549-1a29-461a-8898-b383a6dd867e-00001 DELETE -H "X-Auth-Token: gAAAAABqXOExsQgK..." {{(pid=100086) http_log /opt/stack/data/venv/lib/python3.12/site-packages/swiftclient/client.py:160}}
Jul 19 14:37:37.962688 np0000005432 devstack@g-api.service[100086]: DEBUG swiftclient [None req-697a3069-ecbc-4783-8475-f56b22bea142 tempest-ServerBootFromVolumeStableRescueTest-571988350 tempest-ServerBootFromVolumeStableRescueTest-571988350-project-member] RESP STATUS: 204 No Content {{(pid=100086) http_log /opt/stack/data/venv/lib/python3.12/site-packages/swiftclient/client.py:161}}
Jul 19 14:37:37.962880 np0000005432 devstack@g-api.service[100086]: DEBUG swiftclient [None req-697a3069-ecbc-4783-8475-f56b22bea142 tempest-ServerBootFromVolumeStableRescueTest-571988350 tempest-ServerBootFromVolumeStableRescueTest-571988350-project-member] RESP HEADERS: {'Date': 'Sun, 19 Jul 2026 14:37:37 GMT', 'Server': 'Apache/2.4.58 (Ubuntu)', 'Content-Type': 'text/html; charset=UTF-8', 'X-Trans-Id': 'txe654ab7890fe40a29e995-006a5ce131', 'X-Openstack-Request-Id': 'txe654ab7890fe40a29e995-006a5ce131', 'Connection': 'close'} {{(pid=100086) http_log /opt/stack/data/venv/lib/python3.12/site-packages/swiftclient/client.py:162}}
Jul 19 14:37:37.996856 np0000005432 devstack@g-api.service[100086]: DEBUG swiftclient [None req-697a3069-ecbc-4783-8475-f56b22bea142 tempest-ServerBootFromVolumeStableRescueTest-571988350 tempest-ServerBootFromVolumeStableRescueTest-571988350-project-member] REQ: curl -i https://10.4.3.78:8080/v1/AUTH_dcc46d5e164944b1b39884c0e7dff17f/glance/46583549-1a29-461a-8898-b383a6dd867e DELETE -H "X-Auth-Token: gAAAAABqXOExsQgK..." {{(pid=100086) http_log /opt/stack/data/venv/lib/python3.12/site-packages/swiftclient/client.py:160}}
