May 20 13:17:13.266821 np0000001064 devstack@c-api.service[96180]: INFO cinder.api.openstack.wsgi [req-3aff1d9a-7fc6-4fb1-a82e-fb7cbe1065b4 req-8917ff20-e444-4f0d-a476-c8c830abf7bf tempest-VolumesSnapshotsTestJSON-1444294607 tempest-VolumesSnapshotsTestJSON-1444294607-project-member] https://10.4.3.106/volume/v3/volumes/80beb101-9854-44a9-a0d4-97fc4ed1b126 returned with HTTP 200
May 20 13:17:13.267414 np0000001064 devstack@c-api.service[96180]: [pid: 96180|app: 0|req: 190/383] 10.4.3.106 () {68 vars in 1598 bytes} [Wed May 20 13:17:13 2026] GET /volume/v3/volumes/80beb101-9854-44a9-a0d4-97fc4ed1b126 => generated 847 bytes in 43 msecs (HTTP/1.1 200) 7 headers in 285 bytes (1 switches on core 0)
May 20 13:17:13.268862 np0000001064 devstack@c-api.service[96181]: INFO cinder.api.openstack.wsgi [req-d98b2278-cd67-4d7b-904f-0622c9a7da3c req-1694e9e7-9a44-4d90-bd1b-f04ad01d42f8 tempest-ServerBootFromVolumeStableRescueTest-1838131100 tempest-ServerBootFromVolumeStableRescueTest-1838131100-project-member] https://10.4.3.106/volume/v3/volumes/ee53c834-e99a-47be-9377-a5afc85407d3 returned with HTTP 200
May 20 13:17:13.269389 np0000001064 devstack@c-api.service[96181]: [pid: 96181|app: 0|req: 194/384] 10.4.3.106 () {70 vars in 1639 bytes} [Wed May 20 13:17:13 2026] GET /volume/v3/volumes/ee53c834-e99a-47be-9377-a5afc85407d3 => generated 1491 bytes in 27 msecs (HTTP/1.1 200) 7 headers in 287 bytes (1 switches on core 0)
May 20 13:17:13.376613 np0000001064 devstack@c-api.service[96180]: DEBUG cinder.api.middleware.request_id [req-d98b2278-cd67-4d7b-904f-0622c9a7da3c req-49549bb2-4453-41d9-b618-266ec4428b30 None None] RequestId filter calling following filter/app {{(pid=96180) _context_setter /opt/stack/cinder/cinder/api/middleware/request_id.py:62}}
May 20 13:17:13.381289 np0000001064 devstack@c-api.service[96180]: INFO cinder.api.openstack.wsgi [req-d98b2278-cd67-4d7b-904f-0622c9a7da3c req-49549bb2-4453-41d9-b618-266ec4428b30 tempest-ServerBootFromVolumeStableRescueTest-1838131100 tempest-ServerBootFromVolumeStableRescueTest-1838131100-project-member] PUT https://10.4.3.106/volume/v3/attachments/1b3c5c21-992c-4409-9d64-65797636aa89
May 20 13:17:13.381289 np0000001064 devstack@c-api.service[96180]: DEBUG cinder.api.openstack.wsgi [req-d98b2278-cd67-4d7b-904f-0622c9a7da3c req-49549bb2-4453-41d9-b618-266ec4428b30 tempest-ServerBootFromVolumeStableRescueTest-1838131100 tempest-ServerBootFromVolumeStableRescueTest-1838131100-project-member] Action: 'update', calling method: version_select, body: {"attachment": {"connector": {"platform": "x86_64", "os_type": "linux", "ip": "10.4.3.106", "host": "np0000001064", "multipath": false, "enforce_multipath": true, "initiator": "iqn.2016-04.com.open-iscsi:8463655e37", "do_local_attach": false, "nvme_hostid": "b682394c-0ccc-4511-8165-260778c63bd2", "uuid": "8515de1c-ba7e-467b-adde-6d9f8a8dbc1f", "system uuid": "4cadec9e-0af3-4973-a2ae-ed1501671741", "nqn": "nqn.2014-08.org.nvmexpress:uuid:4cadec9e-0af3-4973-a2ae-ed1501671741", "nvme_native_multipath": true, "found_dsc": "", "host_ips": ["10.4.3.106", "fe80::f816:3eff:fe45:6f32", "192.168.10.6", "fe80::f816:3eff:fe83:6d0b", "192.168.20.6", "fe80::f816:3eff:fe50:59df", "192.168.30.6", "fe80::f816:3eff:fe73:797", "192.168.122.1", "172.24.5.1", "2001:db8::2", "fe80::bc01:5aff:fed7:164d", "fe80::fc16:3eff:fe38:7b53", "fe80::c03d:e4ff:fe32:25c4", "fe80::fc16:3eff:fe93:fe3", "fe80::fc16:3eff:fed8:4bee", "fe80::fc16:3eff:fe80:9d31", "fe80::e818:1cff:fe46:43b", "fe80::fc16:3eff:fe69:c194", "fe80::28dc:8fff:fed4:c548"], "mountpoint": "/dev/vda"}}} {{(pid=96180) _process_stack /opt/stack/cinder/cinder/api/openstack/wsgi.py:876}}
May 20 13:17:13.390114 np0000001064 devstack@c-api.service[96180]: DEBUG cinder.coordination [req-d98b2278-cd67-4d7b-904f-0622c9a7da3c req-49549bb2-4453-41d9-b618-266ec4428b30 tempest-ServerBootFromVolumeStableRescueTest-1838131100 tempest-ServerBootFromVolumeStableRescueTest-1838131100-project-member] Acquiring lock "cinder-attachment_update-ee53c834-e99a-47be-9377-a5afc85407d3-np0000001064" by "attachment_update" {{(pid=96180) __acquire /opt/stack/cinder/cinder/coordination.py:138}}
May 20 13:17:13.394648 np0000001064 devstack@c-api.service[96180]: DEBUG cinder.coordination [req-d98b2278-cd67-4d7b-904f-0622c9a7da3c req-49549bb2-4453-41d9-b618-266ec4428b30 tempest-ServerBootFromVolumeStableRescueTest-1838131100 tempest-ServerBootFromVolumeStableRescueTest-1838131100-project-member] Lock "cinder-attachment_update-ee53c834-e99a-47be-9377-a5afc85407d3-np0000001064" acquired by "attachment_update" :: waited 0.005s {{(pid=96180) __acquire /opt/stack/cinder/cinder/coordination.py:141}}
May 20 13:17:13.397282 np0000001064 devstack@c-api.service[96180]: /opt/stack/data/venv/lib/python3.12/site-packages/oslo_context/context.py:102: DeprecationWarning: Policy enforcement is depending on the value of is_admin. This key is deprecated. Please update your policy file to use the standard policy values.
May 20 13:17:13.397282 np0000001064 devstack@c-api.service[96180]: warnings.warn(
May 20 13:17:13.921999 np0000001064 devstack@c-api.service[96180]: DEBUG cinder.coordination [req-d98b2278-cd67-4d7b-904f-0622c9a7da3c req-49549bb2-4453-41d9-b618-266ec4428b30 tempest-ServerBootFromVolumeStableRescueTest-1838131100 tempest-ServerBootFromVolumeStableRescueTest-1838131100-project-member] Lock "cinder-attachment_update-ee53c834-e99a-47be-9377-a5afc85407d3-np0000001064" released by "attachment_update" :: held 0.527s {{(pid=96180) __release /opt/stack/cinder/cinder/coordination.py:152}}
May 20 13:17:13.925290 np0000001064 devstack@c-api.service[96180]: INFO cinder.api.openstack.wsgi [req-d98b2278-cd67-4d7b-904f-0622c9a7da3c req-49549bb2-4453-41d9-b618-266ec4428b30 tempest-ServerBootFromVolumeStableRescueTest-1838131100 tempest-ServerBootFromVolumeStableRescueTest-1838131100-project-member] https://10.4.3.106/volume/v3/attachments/1b3c5c21-992c-4409-9d64-65797636aa89 returned with HTTP 200
May 20 13:17:13.925290 np0000001064 devstack@c-api.service[96180]: [pid: 96180|app: 0|req: 191/385] 10.4.3.106 () {74 vars in 1705 bytes} [Wed May 20 13:17:13 2026] PUT /volume/v3/attachments/1b3c5c21-992c-4409-9d64-65797636aa89 => generated 535 bytes in 549 msecs (HTTP/1.1 200) 7 headers in 286 bytes (1 switches on core 0)
May 20 13:17:14.446415 np0000001064 devstack@c-api.service[96181]: DEBUG cinder.api.middleware.request_id [req-d98b2278-cd67-4d7b-904f-0622c9a7da3c req-980af1ca-3348-4f79-8bf4-39d4a187bf7b None None] RequestId filter calling following filter/app {{(pid=96181) _context_setter /opt/stack/cinder/cinder/api/middleware/request_id.py:62}}
May 20 13:17:14.451641 np0000001064 devstack@c-api.service[96181]: INFO cinder.api.openstack.wsgi [req-d98b2278-cd67-4d7b-904f-0622c9a7da3c req-980af1ca-3348-4f79-8bf4-39d4a187bf7b tempest-ServerBootFromVolumeStableRescueTest-1838131100 tempest-ServerBootFromVolumeStableRescueTest-1838131100-project-member] POST https://10.4.3.106/volume/v3/attachments/1b3c5c21-992c-4409-9d64-65797636aa89/action
May 20 13:17:14.452201 np0000001064 devstack@c-api.service[96181]: DEBUG cinder.api.openstack.wsgi [req-d98b2278-cd67-4d7b-904f-0622c9a7da3c req-980af1ca-3348-4f79-8bf4-39d4a187bf7b tempest-ServerBootFromVolumeStableRescueTest-1838131100 tempest-ServerBootFromVolumeStableRescueTest-1838131100-project-member] Action body: b'{"os-complete": null}' {{(pid=96181) get_method /opt/stack/cinder/cinder/api/openstack/wsgi.py:993}}
May 20 13:17:14.452585 np0000001064 devstack@c-api.service[96181]: DEBUG cinder.api.openstack.wsgi [req-d98b2278-cd67-4d7b-904f-0622c9a7da3c req-980af1ca-3348-4f79-8bf4-39d4a187bf7b tempest-ServerBootFromVolumeStableRescueTest-1838131100 tempest-ServerBootFromVolumeStableRescueTest-1838131100-project-member] Action: 'action', calling method: complete, body: {"os-complete": null} {{(pid=96181) _process_stack /opt/stack/cinder/cinder/api/openstack/wsgi.py:876}}
May 20 13:17:14.479781 np0000001064 devstack@c-api.service[96181]: /opt/stack/data/venv/lib/python3.12/site-packages/oslo_context/context.py:102: DeprecationWarning: Policy enforcement is depending on the value of is_admin. This key is deprecated. Please update your policy file to use the standard policy values.
May 20 13:17:14.479781 np0000001064 devstack@c-api.service[96181]: warnings.warn(
May 20 13:17:14.492050 np0000001064 devstack@c-api.service[96181]: INFO cinder.api.openstack.wsgi [req-d98b2278-cd67-4d7b-904f-0622c9a7da3c req-980af1ca-3348-4f79-8bf4-39d4a187bf7b tempest-ServerBootFromVolumeStableRescueTest-1838131100 tempest-ServerBootFromVolumeStableRescueTest-1838131100-project-member] https://10.4.3.106/volume/v3/attachments/1b3c5c21-992c-4409-9d64-65797636aa89/action returned with HTTP 204
May 20 13:17:14.492050 np0000001064 devstack@c-api.service[96181]: [pid: 96181|app: 0|req: 195/386] 10.4.3.106 () {74 vars in 1725 bytes} [Wed May 20 13:17:14 2026] POST /volume/v3/attachments/1b3c5c21-992c-4409-9d64-65797636aa89/action => generated 0 bytes in 46 msecs (HTTP/1.1 204) 7 headers in 292 bytes (1 switches on core 0)
May 20 13:17:14.805825 np0000001064 devstack@c-api.service[96180]: DEBUG cinder.api.middleware.request_id [req-731ea671-812b-4bcf-afaa-12002f3b49eb req-81de1aa8-cc55-4969-82c9-95317ccd3a7c None None] RequestId filter calling following filter/app {{(pid=96180) _context_setter /opt/stack/cinder/cinder/api/middleware/request_id.py:62}}
May 20 13:17:14.809665 np0000001064 devstack@c-api.service[96180]: INFO cinder.api.openstack.wsgi [req-731ea671-812b-4bcf-afaa-12002f3b49eb req-81de1aa8-cc55-4969-82c9-95317ccd3a7c tempest-VolumesSnapshotsTestJSON-1444294607 tempest-VolumesSnapshotsTestJSON-1444294607-project-member] GET https://10.4.3.106/volume/v3/volumes/80beb101-9854-44a9-a0d4-97fc4ed1b126
May 20 13:17:14.809730 np0000001064 devstack@c-api.service[96180]: DEBUG cinder.api.openstack.wsgi [req-731ea671-812b-4bcf-afaa-12002f3b49eb req-81de1aa8-cc55-4969-82c9-95317ccd3a7c tempest-VolumesSnapshotsTestJSON-1444294607 tempest-VolumesSnapshotsTestJSON-1444294607-project-member] Empty body provided in request {{(pid=96180) get_body /opt/stack/cinder/cinder/api/openstack/wsgi.py:725}}
May 20 13:17:14.809939 np0000001064 devstack@c-api.service[96180]: DEBUG cinder.api.openstack.wsgi [req-731ea671-812b-4bcf-afaa-12002f3b49eb req-81de1aa8-cc55-4969-82c9-95317ccd3a7c tempest-VolumesSnapshotsTestJSON-1444294607 tempest-VolumesSnapshotsTestJSON-1444294607-project-member] Calling method 'show' {{(pid=96180) _process_stack /opt/stack/cinder/cinder/api/openstack/wsgi.py:878}}
May 20 13:17:14.821876 np0000001064 devstack@c-api.service[96180]: /opt/stack/data/venv/lib/python3.12/site-packages/oslo_context/context.py:102: DeprecationWarning: Policy enforcement is depending on the value of is_admin. This key is deprecated. Please update your policy file to use the standard policy values.
May 20 13:17:14.821876 np0000001064 devstack@c-api.service[96180]: warnings.warn(
May 20 13:17:14.825863 np0000001064 devstack@c-api.service[96180]: INFO cinder.volume.api [req-731ea671-812b-4bcf-afaa-12002f3b49eb req-81de1aa8-cc55-4969-82c9-95317ccd3a7c tempest-VolumesSnapshotsTestJSON-1444294607 tempest-VolumesSnapshotsTestJSON-1444294607-project-member] Volume info retrieved successfully.
May 20 13:17:14.830501 np0000001064 devstack@c-api.service[96180]: INFO cinder.api.openstack.wsgi [req-731ea671-812b-4bcf-afaa-12002f3b49eb req-81de1aa8-cc55-4969-82c9-95317ccd3a7c tempest-VolumesSnapshotsTestJSON-1444294607 tempest-VolumesSnapshotsTestJSON-1444294607-project-member] https://10.4.3.106/volume/v3/volumes/80beb101-9854-44a9-a0d4-97fc4ed1b126 returned with HTTP 200
May 20 13:17:14.831360 np0000001064 devstack@c-api.service[96180]: [pid: 96180|app: 0|req: 192/387] 10.4.3.106 () {68 vars in 1598 bytes} [Wed May 20 13:17:14 2026] GET /volume/v3/volumes/80beb101-9854-44a9-a0d4-97fc4ed1b126 => generated 848 bytes in 27 msecs (HTTP/1.1 200) 7 headers in 285 bytes (1 switches on core 0)
May 20 13:17:14.868630 np0000001064 devstack@c-api.service[96181]: DEBUG cinder.api.middleware.request_id [req-b2e13c8c-cf9b-44f4-9aa4-f99a4bb94f3a req-f57427b5-5ee6-4b74-9839-7dcc5bd0b12e None None] RequestId filter calling following filter/app {{(pid=96181) _context_setter /opt/stack/cinder/cinder/api/middleware/request_id.py:62}}
May 20 13:17:14.871280 np0000001064 devstack@c-api.service[96181]: INFO cinder.api.openstack.wsgi [req-b2e13c8c-cf9b-44f4-9aa4-f99a4bb94f3a req-f57427b5-5ee6-4b74-9839-7dcc5bd0b12e tempest-VolumesSnapshotsTestJSON-1444294607 tempest-VolumesSnapshotsTestJSON-1444294607-project-member] POST https://10.4.3.106/volume/v3/snapshots
May 20 13:17:14.871767 np0000001064 devstack@c-api.service[96181]: DEBUG cinder.api.openstack.wsgi [req-b2e13c8c-cf9b-44f4-9aa4-f99a4bb94f3a req-f57427b5-5ee6-4b74-9839-7dcc5bd0b12e tempest-VolumesSnapshotsTestJSON-1444294607 tempest-VolumesSnapshotsTestJSON-1444294607-project-member] Action: 'create', calling method: create, body: {"snapshot": {"volume_id": "80beb101-9854-44a9-a0d4-97fc4ed1b126", "force": false, "name": "tempest-VolumesSnapshotsTestJSON-Snapshot-228576883", "description": null, "metadata": {}}} {{(pid=96181) _process_stack /opt/stack/cinder/cinder/api/openstack/wsgi.py:876}}
May 20 13:17:14.874186 np0000001064 devstack@c-api.service[96180]: DEBUG cinder.api.middleware.request_id [None req-749d0aad-6a34-4067-a590-6516ef374770 None None] RequestId filter calling following filter/app {{(pid=96180) _context_setter /opt/stack/cinder/cinder/api/middleware/request_id.py:62}}
May 20 13:17:14.890753 np0000001064 devstack@c-api.service[96181]: /opt/stack/data/venv/lib/python3.12/site-packages/oslo_context/context.py:102: DeprecationWarning: Policy enforcement is depending on the value of is_admin. This key is deprecated. Please update your policy file to use the standard policy values.
May 20 13:17:14.890753 np0000001064 devstack@c-api.service[96181]: warnings.warn(
May 20 13:17:14.891475 np0000001064 devstack@c-api.service[96181]: INFO cinder.volume.api [req-b2e13c8c-cf9b-44f4-9aa4-f99a4bb94f3a req-f57427b5-5ee6-4b74-9839-7dcc5bd0b12e tempest-VolumesSnapshotsTestJSON-1444294607 tempest-VolumesSnapshotsTestJSON-1444294607-project-member] Volume info retrieved successfully.
May 20 13:17:14.891684 np0000001064 devstack@c-api.service[96181]: INFO cinder.api.v3.snapshots [req-b2e13c8c-cf9b-44f4-9aa4-f99a4bb94f3a req-f57427b5-5ee6-4b74-9839-7dcc5bd0b12e tempest-VolumesSnapshotsTestJSON-1444294607 tempest-VolumesSnapshotsTestJSON-1444294607-project-member] Create snapshot from volume 80beb101-9854-44a9-a0d4-97fc4ed1b126
May 20 13:17:14.909115 np0000001064 devstack@c-api.service[96181]: WARNING cinder.quota [req-b2e13c8c-cf9b-44f4-9aa4-f99a4bb94f3a req-f57427b5-5ee6-4b74-9839-7dcc5bd0b12e tempest-VolumesSnapshotsTestJSON-1444294607 tempest-VolumesSnapshotsTestJSON-1444294607-project-member] Deprecated: Default quota for resource: snapshots_storpool is set by the default quota flag: quota_snapshots_storpool, it is now deprecated. Please use the default quota class for default quota.
May 20 13:17:14.933276 np0000001064 devstack@c-api.service[96181]: DEBUG cinder.quota [req-b2e13c8c-cf9b-44f4-9aa4-f99a4bb94f3a req-f57427b5-5ee6-4b74-9839-7dcc5bd0b12e tempest-VolumesSnapshotsTestJSON-1444294607 tempest-VolumesSnapshotsTestJSON-1444294607-project-member] Created reservations ['7e5d29a5-0733-4f1b-928a-82763a36c80e', '7296e9af-8e88-4c21-9e85-1a2032846477', 'e1f3cfc3-ba4a-4a8f-98c0-47fc484ddb46', 'cf941f76-5541-42d4-81fc-49ea98481949'] {{(pid=96181) reserve /opt/stack/cinder/cinder/quota.py:752}}
May 20 13:17:14.963087 np0000001064 devstack@c-api.service[96180]: INFO cinder.api.openstack.wsgi [None req-749d0aad-6a34-4067-a590-6516ef374770 tempest-TestEncryptedCinderVolumes-1275249571 tempest-TestEncryptedCinderVolumes-1275249571-project-admin] POST https://10.4.3.106/volume/v3/types
May 20 13:17:14.965023 np0000001064 devstack@c-api.service[96180]: DEBUG cinder.api.openstack.wsgi [None req-749d0aad-6a34-4067-a590-6516ef374770 tempest-TestEncryptedCinderVolumes-1275249571 tempest-TestEncryptedCinderVolumes-1275249571-project-admin] Action: 'create', calling method: _create, body: {"volume_type": {"name": "tempest-scenario-type-cryptsetup-954852324", "extra_specs": {}}} {{(pid=96180) _process_stack /opt/stack/cinder/cinder/api/openstack/wsgi.py:876}}
May 20 13:17:14.985409 np0000001064 devstack@c-api.service[96180]: INFO cinder.api.openstack.wsgi [None req-749d0aad-6a34-4067-a590-6516ef374770 tempest-TestEncryptedCinderVolumes-1275249571 tempest-TestEncryptedCinderVolumes-1275249571-project-admin] https://10.4.3.106/volume/v3/types returned with HTTP 200
May 20 13:17:14.985754 np0000001064 devstack@c-api.service[96181]: INFO cinder.volume.api [req-b2e13c8c-cf9b-44f4-9aa4-f99a4bb94f3a req-f57427b5-5ee6-4b74-9839-7dcc5bd0b12e tempest-VolumesSnapshotsTestJSON-1444294607 tempest-VolumesSnapshotsTestJSON-1444294607-project-member] Snapshot create request issued successfully.
May 20 13:17:14.986215 np0000001064 devstack@c-api.service[96181]: INFO cinder.api.openstack.wsgi [req-b2e13c8c-cf9b-44f4-9aa4-f99a4bb94f3a req-f57427b5-5ee6-4b74-9839-7dcc5bd0b12e tempest-VolumesSnapshotsTestJSON-1444294607 tempest-VolumesSnapshotsTestJSON-1444294607-project-member] https://10.4.3.106/volume/v3/snapshots returned with HTTP 202
May 20 13:17:14.986680 np0000001064 devstack@c-api.service[96180]: [pid: 96180|app: 0|req: 193/388] 10.4.3.106 () {68 vars in 1252 bytes} [Wed May 20 13:17:14 2026] POST /volume/v3/types => generated 217 bytes in 113 msecs (HTTP/1.1 200) 7 headers in 285 bytes (1 switches on core 0)
May 20 13:17:14.987334 np0000001064 devstack@c-api.service[96181]: [pid: 96181|app: 0|req: 196/389] 10.4.3.106 () {72 vars in 1547 bytes} [Wed May 20 13:17:14 2026] POST /volume/v3/snapshots => generated 310 bytes in 119 msecs (HTTP/1.1 202) 7 headers in 291 bytes (1 switches on core 0)
May 20 13:17:14.998695 np0000001064 devstack@c-api.service[96180]: DEBUG cinder.api.middleware.request_id [None req-cb29667b-8287-4921-befc-24a41f99c198 None None] RequestId filter calling following filter/app {{(pid=96180) _context_setter /opt/stack/cinder/cinder/api/middleware/request_id.py:62}}
May 20 13:17:15.000525 np0000001064 devstack@c-api.service[96180]: INFO cinder.api.openstack.wsgi [None req-cb29667b-8287-4921-befc-24a41f99c198 tempest-TestEncryptedCinderVolumes-1275249571 tempest-TestEncryptedCinderVolumes-1275249571-project-admin] POST https://10.4.3.106/volume/v3/types/f707a2e5-9d92-4778-bcc7-548becda91e0/encryption
May 20 13:17:15.000971 np0000001064 devstack@c-api.service[96180]: DEBUG cinder.api.openstack.wsgi [None req-cb29667b-8287-4921-befc-24a41f99c198 tempest-TestEncryptedCinderVolumes-1275249571 tempest-TestEncryptedCinderVolumes-1275249571-project-admin] Action: 'create', calling method: create, body: {"encryption": {"provider": "plain", "key_size": 256, "cipher": "aes-xts-plain64", "control_location": "front-end"}} {{(pid=96180) _process_stack /opt/stack/cinder/cinder/api/openstack/wsgi.py:876}}
May 20 13:17:15.032843 np0000001064 devstack@c-api.service[96180]: INFO cinder.api.openstack.wsgi [None req-cb29667b-8287-4921-befc-24a41f99c198 tempest-TestEncryptedCinderVolumes-1275249571 tempest-TestEncryptedCinderVolumes-1275249571-project-admin] https://10.4.3.106/volume/v3/types/f707a2e5-9d92-4778-bcc7-548becda91e0/encryption returned with HTTP 200
May 20 13:17:15.034616 np0000001064 devstack@c-api.service[96180]: [pid: 96180|app: 0|req: 194/390] 10.4.3.106 () {68 vars in 1397 bytes} [Wed May 20 13:17:14 2026] POST /volume/v3/types/f707a2e5-9d92-4778-bcc7-548becda91e0/encryption => generated 231 bytes in 35 msecs (HTTP/1.1 200) 7 headers in 285 bytes (1 switches on core 0)
May 20 13:17:15.043560 np0000001064 devstack@c-api.service[96181]: DEBUG cinder.api.middleware.request_id [None req-3884a9bf-a47a-4e64-9f17-29776da862c1 None None] RequestId filter calling following filter/app {{(pid=96181) _context_setter /opt/stack/cinder/cinder/api/middleware/request_id.py:62}}
May 20 13:17:15.098101 np0000001064 devstack@c-api.service[96180]: DEBUG cinder.api.middleware.request_id [req-8badd4ac-2f27-4614-8ceb-bf33d55e710e req-5ae4fc69-e413-4ee3-a56b-cba849078dea None None] RequestId filter calling following filter/app {{(pid=96180) _context_setter /opt/stack/cinder/cinder/api/middleware/request_id.py:62}}
May 20 13:17:15.100342 np0000001064 devstack@c-api.service[96180]: INFO cinder.api.openstack.wsgi [req-8badd4ac-2f27-4614-8ceb-bf33d55e710e req-5ae4fc69-e413-4ee3-a56b-cba849078dea tempest-VolumesSnapshotsTestJSON-1444294607 tempest-VolumesSnapshotsTestJSON-1444294607-project-reader] GET https://10.4.3.106/volume/v3/snapshots/c01184e5-01ba-4501-a391-ce540bdfe48b
May 20 13:17:15.100813 np0000001064 devstack@c-api.service[96180]: DEBUG cinder.api.openstack.wsgi [req-8badd4ac-2f27-4614-8ceb-bf33d55e710e req-5ae4fc69-e413-4ee3-a56b-cba849078dea tempest-VolumesSnapshotsTestJSON-1444294607 tempest-VolumesSnapshotsTestJSON-1444294607-project-reader] Empty body provided in request {{(pid=96180) get_body /opt/stack/cinder/cinder/api/openstack/wsgi.py:725}}
May 20 13:17:15.100813 np0000001064 devstack@c-api.service[96180]: DEBUG cinder.api.openstack.wsgi [req-8badd4ac-2f27-4614-8ceb-bf33d55e710e req-5ae4fc69-e413-4ee3-a56b-cba849078dea tempest-VolumesSnapshotsTestJSON-1444294607 tempest-VolumesSnapshotsTestJSON-1444294607-project-reader] Calling method 'show' {{(pid=96180) _process_stack /opt/stack/cinder/cinder/api/openstack/wsgi.py:878}}
May 20 13:17:15.106389 np0000001064 devstack@c-api.service[96180]: /opt/stack/data/venv/lib/python3.12/site-packages/oslo_context/context.py:102: DeprecationWarning: Policy enforcement is depending on the value of is_admin. This key is deprecated. Please update your policy file to use the standard policy values.
May 20 13:17:15.106389 np0000001064 devstack@c-api.service[96180]: warnings.warn(
May 20 13:17:15.107075 np0000001064 devstack@c-api.service[96180]: INFO cinder.volume.api [req-8badd4ac-2f27-4614-8ceb-bf33d55e710e req-5ae4fc69-e413-4ee3-a56b-cba849078dea tempest-VolumesSnapshotsTestJSON-1444294607 tempest-VolumesSnapshotsTestJSON-1444294607-project-reader] Snapshot retrieved successfully.
May 20 13:17:15.108049 np0000001064 devstack@c-api.service[96180]: INFO cinder.api.openstack.wsgi [req-8badd4ac-2f27-4614-8ceb-bf33d55e710e req-5ae4fc69-e413-4ee3-a56b-cba849078dea tempest-VolumesSnapshotsTestJSON-1444294607 tempest-VolumesSnapshotsTestJSON-1444294607-project-reader] https://10.4.3.106/volume/v3/snapshots/c01184e5-01ba-4501-a391-ce540bdfe48b returned with HTTP 200
May 20 13:17:15.108442 np0000001064 devstack@c-api.service[96180]: [pid: 96180|app: 0|req: 195/391] 10.4.3.106 () {68 vars in 1604 bytes} [Wed May 20 13:17:15 2026] GET /volume/v3/snapshots/c01184e5-01ba-4501-a391-ce540bdfe48b => generated 469 bytes in 11 msecs (HTTP/1.1 200) 7 headers in 285 bytes (1 switches on core 0)
May 20 13:17:15.133253 np0000001064 devstack@c-api.service[96180]: DEBUG cinder.api.middleware.request_id [req-b92ccdc2-e4c6-4a3e-9f63-b6b2d67461aa req-c6a8b0ca-3e1e-431e-946f-2067540707b7 None None] RequestId filter calling following filter/app {{(pid=96180) _context_setter /opt/stack/cinder/cinder/api/middleware/request_id.py:62}}
May 20 13:17:15.135557 np0000001064 devstack@c-api.service[96180]: INFO cinder.api.openstack.wsgi [req-b92ccdc2-e4c6-4a3e-9f63-b6b2d67461aa req-c6a8b0ca-3e1e-431e-946f-2067540707b7 tempest-VolumesSnapshotsTestJSON-1444294607 tempest-VolumesSnapshotsTestJSON-1444294607-project-reader] GET https://10.4.3.106/volume/v3/snapshots/detail
May 20 13:17:15.135669 np0000001064 devstack@c-api.service[96180]: DEBUG cinder.api.openstack.wsgi [req-b92ccdc2-e4c6-4a3e-9f63-b6b2d67461aa req-c6a8b0ca-3e1e-431e-946f-2067540707b7 tempest-VolumesSnapshotsTestJSON-1444294607 tempest-VolumesSnapshotsTestJSON-1444294607-project-reader] Empty body provided in request {{(pid=96180) get_body /opt/stack/cinder/cinder/api/openstack/wsgi.py:725}}
May 20 13:17:15.135857 np0000001064 devstack@c-api.service[96180]: DEBUG cinder.api.openstack.wsgi [req-b92ccdc2-e4c6-4a3e-9f63-b6b2d67461aa req-c6a8b0ca-3e1e-431e-946f-2067540707b7 tempest-VolumesSnapshotsTestJSON-1444294607 tempest-VolumesSnapshotsTestJSON-1444294607-project-reader] Calling method 'detail' {{(pid=96180) _process_stack /opt/stack/cinder/cinder/api/openstack/wsgi.py:878}}
May 20 13:17:15.136296 np0000001064 devstack@c-api.service[96180]: DEBUG cinder.api.api_utils [req-b92ccdc2-e4c6-4a3e-9f63-b6b2d67461aa req-c6a8b0ca-3e1e-431e-946f-2067540707b7 tempest-VolumesSnapshotsTestJSON-1444294607 tempest-VolumesSnapshotsTestJSON-1444294607-project-reader] Removing options '' from query. {{(pid=96180) remove_invalid_filter_options /opt/stack/cinder/cinder/api/api_utils.py:82}}
May 20 13:17:15.137978 np0000001064 devstack@c-api.service[96180]: DEBUG cinder.db.sqlalchemy.api [req-b92ccdc2-e4c6-4a3e-9f63-b6b2d67461aa req-c6a8b0ca-3e1e-431e-946f-2067540707b7 tempest-VolumesSnapshotsTestJSON-1444294607 tempest-VolumesSnapshotsTestJSON-1444294607-project-reader] Building query based on filter {{(pid=96180) _process_snaps_filters /opt/stack/cinder/cinder/db/sqlalchemy/api.py:3943}}
May 20 13:17:15.141866 np0000001064 devstack@c-api.service[96180]: INFO cinder.volume.api [req-b92ccdc2-e4c6-4a3e-9f63-b6b2d67461aa req-c6a8b0ca-3e1e-431e-946f-2067540707b7 tempest-VolumesSnapshotsTestJSON-1444294607 tempest-VolumesSnapshotsTestJSON-1444294607-project-reader] Get all snapshots completed successfully.
May 20 13:17:15.142226 np0000001064 devstack@c-api.service[96180]: /opt/stack/data/venv/lib/python3.12/site-packages/oslo_context/context.py:102: DeprecationWarning: Policy enforcement is depending on the value of is_admin. This key is deprecated. Please update your policy file to use the standard policy values.
May 20 13:17:15.142226 np0000001064 devstack@c-api.service[96180]: warnings.warn(
May 20 13:17:15.142931 np0000001064 devstack@c-api.service[96180]: INFO cinder.api.openstack.wsgi [req-b92ccdc2-e4c6-4a3e-9f63-b6b2d67461aa req-c6a8b0ca-3e1e-431e-946f-2067540707b7 tempest-VolumesSnapshotsTestJSON-1444294607 tempest-VolumesSnapshotsTestJSON-1444294607-project-reader] https://10.4.3.106/volume/v3/snapshots/detail returned with HTTP 200
May 20 13:17:15.143429 np0000001064 devstack@c-api.service[96180]: [pid: 96180|app: 0|req: 196/392] 10.4.3.106 () {68 vars in 1514 bytes} [Wed May 20 13:17:15 2026] GET /volume/v3/snapshots/detail => generated 472 bytes in 11 msecs (HTTP/1.1 200) 7 headers in 285 bytes (1 switches on core 0)
May 20 13:17:15.151706 np0000001064 devstack@c-api.service[96181]: INFO cinder.api.openstack.wsgi [None req-3884a9bf-a47a-4e64-9f17-29776da862c1 tempest-TestEncryptedCinderVolumes-1969977946 tempest-TestEncryptedCinderVolumes-1969977946-project-member] POST https://10.4.3.106/volume/v3/volumes
May 20 13:17:15.152114 np0000001064 devstack@c-api.service[96181]: DEBUG cinder.api.openstack.wsgi [None req-3884a9bf-a47a-4e64-9f17-29776da862c1 tempest-TestEncryptedCinderVolumes-1969977946 tempest-TestEncryptedCinderVolumes-1969977946-project-member] Action: 'create', calling method: create, body: {"volume": {"name": "tempest-TestEncryptedCinderVolumes-volume-829405699", "snapshot_id": null, "imageRef": null, "volume_type": "tempest-scenario-type-cryptsetup-954852324", "size": 1}} {{(pid=96181) _process_stack /opt/stack/cinder/cinder/api/openstack/wsgi.py:876}}
May 20 13:17:15.153969 np0000001064 devstack@c-api.service[96181]: DEBUG cinder.api.v3.volumes [None req-3884a9bf-a47a-4e64-9f17-29776da862c1 tempest-TestEncryptedCinderVolumes-1969977946 tempest-TestEncryptedCinderVolumes-1969977946-project-member] Create volume request body: {'volume': {'name': 'tempest-TestEncryptedCinderVolumes-volume-829405699', 'snapshot_id': None, 'imageRef': None, 'volume_type': 'tempest-scenario-type-cryptsetup-954852324', 'size': 1}} {{(pid=96181) create /opt/stack/cinder/cinder/api/v3/volumes.py:368}}
May 20 13:17:15.159030 np0000001064 devstack@c-api.service[96181]: INFO cinder.api.v3.volumes [None req-3884a9bf-a47a-4e64-9f17-29776da862c1 tempest-TestEncryptedCinderVolumes-1969977946 tempest-TestEncryptedCinderVolumes-1969977946-project-member] Create volume of 1 GB
May 20 13:17:15.159476 np0000001064 devstack@c-api.service[96181]: /opt/stack/data/venv/lib/python3.12/site-packages/oslo_context/context.py:102: DeprecationWarning: Policy enforcement is depending on the value of is_admin. This key is deprecated. Please update your policy file to use the standard policy values.
May 20 13:17:15.159476 np0000001064 devstack@c-api.service[96181]: warnings.warn(
May 20 13:17:15.160185 np0000001064 devstack@c-api.service[96181]: INFO cinder.volume.api [None req-3884a9bf-a47a-4e64-9f17-29776da862c1 tempest-TestEncryptedCinderVolumes-1969977946 tempest-TestEncryptedCinderVolumes-1969977946-project-member] Availability Zones retrieved successfully.
May 20 13:17:15.167031 np0000001064 devstack@c-api.service[96181]: DEBUG cinder.volume.api [None req-3884a9bf-a47a-4e64-9f17-29776da862c1 tempest-TestEncryptedCinderVolumes-1969977946 tempest-TestEncryptedCinderVolumes-1969977946-project-member] Flow 'volume_create_api' (d27c4315-8a95-4e95-a1e0-192c0b4ebacd) transitioned into state 'RUNNING' from state 'PENDING' {{(pid=96181) _flow_receiver /opt/stack/data/venv/lib/python3.12/site-packages/taskflow/listeners/logging.py:160}}
May 20 13:17:15.168664 np0000001064 devstack@c-api.service[96181]: DEBUG cinder.volume.api [None req-3884a9bf-a47a-4e64-9f17-29776da862c1 tempest-TestEncryptedCinderVolumes-1969977946 tempest-TestEncryptedCinderVolumes-1969977946-project-member] Task 'cinder.volume.flows.api.create_volume.ExtractVolumeRequestTask;volume:create' (c632f660-74b2-48e8-81c2-fb98cc64b29a) transitioned into state 'RUNNING' from state 'PENDING' {{(pid=96181) _task_receiver /opt/stack/data/venv/lib/python3.12/site-packages/taskflow/listeners/logging.py:242}}
May 20 13:17:15.169023 np0000001064 devstack@c-api.service[96180]: DEBUG cinder.api.middleware.request_id [req-36e04ea9-842d-4ca0-ab3a-dfc27ee33b15 req-72eb1001-cd94-4aa7-a955-5053b4a1876e None None] RequestId filter calling following filter/app {{(pid=96180) _context_setter /opt/stack/cinder/cinder/api/middleware/request_id.py:62}}
May 20 13:17:15.169728 np0000001064 devstack@c-api.service[96181]: DEBUG cinder.volume.flows.api.create_volume [None req-3884a9bf-a47a-4e64-9f17-29776da862c1 tempest-TestEncryptedCinderVolumes-1969977946 tempest-TestEncryptedCinderVolumes-1969977946-project-member] Validating volume size '1' using validate_int {{(pid=96181) _extract_size /opt/stack/cinder/cinder/volume/flows/api/create_volume.py:226}}
May 20 13:17:15.174442 np0000001064 devstack@c-api.service[96180]: INFO cinder.api.openstack.wsgi [req-36e04ea9-842d-4ca0-ab3a-dfc27ee33b15 req-72eb1001-cd94-4aa7-a955-5053b4a1876e tempest-VolumesSnapshotsTestJSON-1444294607 tempest-VolumesSnapshotsTestJSON-1444294607-project-member] GET https://10.4.3.106/volume/v3/snapshots/c01184e5-01ba-4501-a391-ce540bdfe48b
May 20 13:17:15.174654 np0000001064 devstack@c-api.service[96180]: DEBUG cinder.api.openstack.wsgi [req-36e04ea9-842d-4ca0-ab3a-dfc27ee33b15 req-72eb1001-cd94-4aa7-a955-5053b4a1876e tempest-VolumesSnapshotsTestJSON-1444294607 tempest-VolumesSnapshotsTestJSON-1444294607-project-member] Empty body provided in request {{(pid=96180) get_body /opt/stack/cinder/cinder/api/openstack/wsgi.py:725}}
May 20 13:17:15.174845 np0000001064 devstack@c-api.service[96180]: DEBUG cinder.api.openstack.wsgi [req-36e04ea9-842d-4ca0-ab3a-dfc27ee33b15 req-72eb1001-cd94-4aa7-a955-5053b4a1876e tempest-VolumesSnapshotsTestJSON-1444294607 tempest-VolumesSnapshotsTestJSON-1444294607-project-member] Calling method 'show' {{(pid=96180) _process_stack /opt/stack/cinder/cinder/api/openstack/wsgi.py:878}}
May 20 13:17:15.181777 np0000001064 devstack@c-api.service[96180]: /opt/stack/data/venv/lib/python3.12/site-packages/oslo_context/context.py:102: DeprecationWarning: Policy enforcement is depending on the value of is_admin. This key is deprecated. Please update your policy file to use the standard policy values.
May 20 13:17:15.181777 np0000001064 devstack@c-api.service[96180]: warnings.warn(
May 20 13:17:15.182422 np0000001064 devstack@c-api.service[96180]: INFO cinder.volume.api [req-36e04ea9-842d-4ca0-ab3a-dfc27ee33b15 req-72eb1001-cd94-4aa7-a955-5053b4a1876e tempest-VolumesSnapshotsTestJSON-1444294607 tempest-VolumesSnapshotsTestJSON-1444294607-project-member] Snapshot retrieved successfully.
May 20 13:17:15.183393 np0000001064 devstack@c-api.service[96180]: INFO cinder.api.openstack.wsgi [req-36e04ea9-842d-4ca0-ab3a-dfc27ee33b15 req-72eb1001-cd94-4aa7-a955-5053b4a1876e tempest-VolumesSnapshotsTestJSON-1444294607 tempest-VolumesSnapshotsTestJSON-1444294607-project-member] https://10.4.3.106/volume/v3/snapshots/c01184e5-01ba-4501-a391-ce540bdfe48b returned with HTTP 200
May 20 13:17:15.184025 np0000001064 devstack@c-api.service[96180]: [pid: 96180|app: 0|req: 197/393] 10.4.3.106 () {68 vars in 1604 bytes} [Wed May 20 13:17:15 2026] GET /volume/v3/snapshots/c01184e5-01ba-4501-a391-ce540bdfe48b => generated 469 bytes in 15 msecs (HTTP/1.1 200) 7 headers in 285 bytes (1 switches on core 0)
May 20 13:17:15.199853 np0000001064 devstack@c-api.service[96181]: DEBUG cinder.volume.api [None req-3884a9bf-a47a-4e64-9f17-29776da862c1 tempest-TestEncryptedCinderVolumes-1969977946 tempest-TestEncryptedCinderVolumes-1969977946-project-member] Task 'cinder.volume.flows.api.create_volume.ExtractVolumeRequestTask;volume:create' (c632f660-74b2-48e8-81c2-fb98cc64b29a) transitioned into state 'SUCCESS' from state 'RUNNING' with result '{'size': 1, 'snapshot_id': None, 'source_volid': None, 'volume_type': VolumeType(created_at=2026-05-20T13:17:15Z,deleted=False,deleted_at=None,description=None,extra_specs={},id=f707a2e5-9d92-4778-bcc7-548becda91e0,is_public=True,name='tempest-scenario-type-cryptsetup-954852324',projects=[],qos_specs=,qos_specs_id=None,updated_at=None), 'volume_type_id': 'f707a2e5-9d92-4778-bcc7-548becda91e0', 'encryption_key_id': '00000000-0000-0000-0000-000000000000', 'qos_specs': None, 'consistencygroup_id': None, 'cgsnapshot_id': None, 'group_id': None, 'replication_status': 'disabled', 'refresh_az': False, 'backup_id': None, 'multiattach': False, 'availability_zones': ['nova']}' {{(pid=96181) _task_receiver /opt/stack/data/venv/lib/python3.12/site-packages/taskflow/listeners/logging.py:218}}
May 20 13:17:15.201000 np0000001064 devstack@c-api.service[96181]: DEBUG cinder.volume.api [None req-3884a9bf-a47a-4e64-9f17-29776da862c1 tempest-TestEncryptedCinderVolumes-1969977946 tempest-TestEncryptedCinderVolumes-1969977946-project-member] Task 'cinder.volume.flows.api.create_volume.QuotaReserveTask;volume:create' (416a2492-17c0-4c57-9a13-04e32df2b6a9) transitioned into state 'RUNNING' from state 'PENDING' {{(pid=96181) _task_receiver /opt/stack/data/venv/lib/python3.12/site-packages/taskflow/listeners/logging.py:242}}
May 20 13:17:15.207015 np0000001064 devstack@c-api.service[96180]: DEBUG cinder.api.middleware.request_id [req-ad1fb07d-c58c-43a4-b75d-034d9b580520 req-83a0d88b-b91f-4be6-955d-dfbb43eb0412 None None] RequestId filter calling following filter/app {{(pid=96180) _context_setter /opt/stack/cinder/cinder/api/middleware/request_id.py:62}}
May 20 13:17:15.208208 np0000001064 devstack@c-api.service[96180]: INFO cinder.api.openstack.wsgi [req-ad1fb07d-c58c-43a4-b75d-034d9b580520 req-83a0d88b-b91f-4be6-955d-dfbb43eb0412 tempest-VolumesSnapshotsTestJSON-1444294607 tempest-VolumesSnapshotsTestJSON-1444294607-project-member] DELETE https://10.4.3.106/volume/v3/snapshots/c01184e5-01ba-4501-a391-ce540bdfe48b
May 20 13:17:15.208410 np0000001064 devstack@c-api.service[96180]: DEBUG cinder.api.openstack.wsgi [req-ad1fb07d-c58c-43a4-b75d-034d9b580520 req-83a0d88b-b91f-4be6-955d-dfbb43eb0412 tempest-VolumesSnapshotsTestJSON-1444294607 tempest-VolumesSnapshotsTestJSON-1444294607-project-member] Empty body provided in request {{(pid=96180) get_body /opt/stack/cinder/cinder/api/openstack/wsgi.py:725}}
May 20 13:17:15.208623 np0000001064 devstack@c-api.service[96180]: DEBUG cinder.api.openstack.wsgi [req-ad1fb07d-c58c-43a4-b75d-034d9b580520 req-83a0d88b-b91f-4be6-955d-dfbb43eb0412 tempest-VolumesSnapshotsTestJSON-1444294607 tempest-VolumesSnapshotsTestJSON-1444294607-project-member] Calling method 'delete' {{(pid=96180) _process_stack /opt/stack/cinder/cinder/api/openstack/wsgi.py:878}}
May 20 13:17:15.208744 np0000001064 devstack@c-api.service[96180]: INFO cinder.api.v3.snapshots [req-ad1fb07d-c58c-43a4-b75d-034d9b580520 req-83a0d88b-b91f-4be6-955d-dfbb43eb0412 tempest-VolumesSnapshotsTestJSON-1444294607 tempest-VolumesSnapshotsTestJSON-1444294607-project-member] Delete snapshot with id: c01184e5-01ba-4501-a391-ce540bdfe48b
May 20 13:17:15.213363 np0000001064 devstack@c-api.service[96180]: /opt/stack/data/venv/lib/python3.12/site-packages/oslo_context/context.py:102: DeprecationWarning: Policy enforcement is depending on the value of is_admin. This key is deprecated. Please update your policy file to use the standard policy values.
May 20 13:17:15.213363 np0000001064 devstack@c-api.service[96180]: warnings.warn(
May 20 13:17:15.213877 np0000001064 devstack@c-api.service[96180]: INFO cinder.volume.api [req-ad1fb07d-c58c-43a4-b75d-034d9b580520 req-83a0d88b-b91f-4be6-955d-dfbb43eb0412 tempest-VolumesSnapshotsTestJSON-1444294607 tempest-VolumesSnapshotsTestJSON-1444294607-project-member] Snapshot retrieved successfully.
May 20 13:17:15.228125 np0000001064 devstack@c-api.service[96181]: WARNING cinder.quota [None req-3884a9bf-a47a-4e64-9f17-29776da862c1 tempest-TestEncryptedCinderVolumes-1969977946 tempest-TestEncryptedCinderVolumes-1969977946-project-member] Deprecated: Default quota for resource: volumes_tempest-scenario-type-cryptsetup-954852324 is set by the default quota flag: quota_volumes_tempest-scenario-type-cryptsetup-954852324, it is now deprecated. Please use the default quota class for default quota.
May 20 13:17:15.232288 np0000001064 devstack@c-api.service[96181]: WARNING cinder.quota [None req-3884a9bf-a47a-4e64-9f17-29776da862c1 tempest-TestEncryptedCinderVolumes-1969977946 tempest-TestEncryptedCinderVolumes-1969977946-project-member] Deprecated: Default quota for resource: gigabytes_tempest-scenario-type-cryptsetup-954852324 is set by the default quota flag: quota_gigabytes_tempest-scenario-type-cryptsetup-954852324, it is now deprecated. Please use the default quota class for default quota.
May 20 13:17:15.232944 np0000001064 devstack@c-api.service[96180]: INFO cinder.volume.api [req-ad1fb07d-c58c-43a4-b75d-034d9b580520 req-83a0d88b-b91f-4be6-955d-dfbb43eb0412 tempest-VolumesSnapshotsTestJSON-1444294607 tempest-VolumesSnapshotsTestJSON-1444294607-project-member] Snapshot delete request issued successfully.
May 20 13:17:15.232944 np0000001064 devstack@c-api.service[96180]: INFO cinder.api.openstack.wsgi [req-ad1fb07d-c58c-43a4-b75d-034d9b580520 req-83a0d88b-b91f-4be6-955d-dfbb43eb0412 tempest-VolumesSnapshotsTestJSON-1444294607 tempest-VolumesSnapshotsTestJSON-1444294607-project-member] https://10.4.3.106/volume/v3/snapshots/c01184e5-01ba-4501-a391-ce540bdfe48b returned with HTTP 202
May 20 13:17:15.232944 np0000001064 devstack@c-api.service[96180]: [pid: 96180|app: 0|req: 198/394] 10.4.3.106 () {70 vars in 1626 bytes} [Wed May 20 13:17:15 2026] DELETE /volume/v3/snapshots/c01184e5-01ba-4501-a391-ce540bdfe48b => generated 0 bytes in 24 msecs (HTTP/1.1 202) 6 headers in 233 bytes (1 switches on core 0)
May 20 13:17:15.264049 np0000001064 devstack@c-api.service[96180]: DEBUG cinder.api.middleware.request_id [req-8f13897e-f6b2-4fda-96fd-e5e266191d3a req-f8ee1df7-b8f8-4b6a-9d30-dd3bc34eb651 None None] RequestId filter calling following filter/app {{(pid=96180) _context_setter /opt/stack/cinder/cinder/api/middleware/request_id.py:62}}
May 20 13:17:15.267638 np0000001064 devstack@c-api.service[96180]: INFO cinder.api.openstack.wsgi [req-8f13897e-f6b2-4fda-96fd-e5e266191d3a req-f8ee1df7-b8f8-4b6a-9d30-dd3bc34eb651 tempest-VolumesSnapshotsTestJSON-1444294607 tempest-VolumesSnapshotsTestJSON-1444294607-project-member] GET https://10.4.3.106/volume/v3/snapshots/c01184e5-01ba-4501-a391-ce540bdfe48b
May 20 13:17:15.267811 np0000001064 devstack@c-api.service[96180]: DEBUG cinder.api.openstack.wsgi [req-8f13897e-f6b2-4fda-96fd-e5e266191d3a req-f8ee1df7-b8f8-4b6a-9d30-dd3bc34eb651 tempest-VolumesSnapshotsTestJSON-1444294607 tempest-VolumesSnapshotsTestJSON-1444294607-project-member] Empty body provided in request {{(pid=96180) get_body /opt/stack/cinder/cinder/api/openstack/wsgi.py:725}}
May 20 13:17:15.268776 np0000001064 devstack@c-api.service[96180]: DEBUG cinder.api.openstack.wsgi [req-8f13897e-f6b2-4fda-96fd-e5e266191d3a req-f8ee1df7-b8f8-4b6a-9d30-dd3bc34eb651 tempest-VolumesSnapshotsTestJSON-1444294607 tempest-VolumesSnapshotsTestJSON-1444294607-project-member] Calling method 'show' {{(pid=96180) _process_stack /opt/stack/cinder/cinder/api/openstack/wsgi.py:878}}
May 20 13:17:15.269177 np0000001064 devstack@c-api.service[96181]: DEBUG cinder.quota [None req-3884a9bf-a47a-4e64-9f17-29776da862c1 tempest-TestEncryptedCinderVolumes-1969977946 tempest-TestEncryptedCinderVolumes-1969977946-project-member] Created reservations ['6229015a-d840-4188-b99f-d6d63343e855', '3c5238a2-a164-4f13-8a34-09fe9e220e47', '1e8e4b2f-1da7-4cab-b32d-bd2aa7bfc8ae', '7f5850ef-c89c-46de-a476-e8eab1b39655'] {{(pid=96181) reserve /opt/stack/cinder/cinder/quota.py:752}}
May 20 13:17:15.270623 np0000001064 devstack@c-api.service[96181]: DEBUG cinder.volume.api [None req-3884a9bf-a47a-4e64-9f17-29776da862c1 tempest-TestEncryptedCinderVolumes-1969977946 tempest-TestEncryptedCinderVolumes-1969977946-project-member] Task 'cinder.volume.flows.api.create_volume.QuotaReserveTask;volume:create' (416a2492-17c0-4c57-9a13-04e32df2b6a9) transitioned into state 'SUCCESS' from state 'RUNNING' with result '{'reservations': ['6229015a-d840-4188-b99f-d6d63343e855', '3c5238a2-a164-4f13-8a34-09fe9e220e47', '1e8e4b2f-1da7-4cab-b32d-bd2aa7bfc8ae', '7f5850ef-c89c-46de-a476-e8eab1b39655']}' {{(pid=96181) _task_receiver /opt/stack/data/venv/lib/python3.12/site-packages/taskflow/listeners/logging.py:218}}
May 20 13:17:15.271596 np0000001064 devstack@c-api.service[96181]: DEBUG cinder.volume.api [None req-3884a9bf-a47a-4e64-9f17-29776da862c1 tempest-TestEncryptedCinderVolumes-1969977946 tempest-TestEncryptedCinderVolumes-1969977946-project-member] Task 'cinder.volume.flows.api.create_volume.EntryCreateTask;volume:create' (c31b97ba-0a1d-49c1-b233-4d3ecec9c548) transitioned into state 'RUNNING' from state 'PENDING' {{(pid=96181) _task_receiver /opt/stack/data/venv/lib/python3.12/site-packages/taskflow/listeners/logging.py:242}}
May 20 13:17:15.277482 np0000001064 devstack@c-api.service[96180]: /opt/stack/data/venv/lib/python3.12/site-packages/oslo_context/context.py:102: DeprecationWarning: Policy enforcement is depending on the value of is_admin. This key is deprecated. Please update your policy file to use the standard policy values.
May 20 13:17:15.277482 np0000001064 devstack@c-api.service[96180]: warnings.warn(
May 20 13:17:15.278048 np0000001064 devstack@c-api.service[96180]: INFO cinder.volume.api [req-8f13897e-f6b2-4fda-96fd-e5e266191d3a req-f8ee1df7-b8f8-4b6a-9d30-dd3bc34eb651 tempest-VolumesSnapshotsTestJSON-1444294607 tempest-VolumesSnapshotsTestJSON-1444294607-project-member] Snapshot retrieved successfully.
May 20 13:17:15.280196 np0000001064 devstack@c-api.service[96180]: INFO cinder.api.openstack.wsgi [req-8f13897e-f6b2-4fda-96fd-e5e266191d3a req-f8ee1df7-b8f8-4b6a-9d30-dd3bc34eb651 tempest-VolumesSnapshotsTestJSON-1444294607 tempest-VolumesSnapshotsTestJSON-1444294607-project-member] https://10.4.3.106/volume/v3/snapshots/c01184e5-01ba-4501-a391-ce540bdfe48b returned with HTTP 200
May 20 13:17:15.280741 np0000001064 devstack@c-api.service[96180]: [pid: 96180|app: 0|req: 199/395] 10.4.3.106 () {68 vars in 1604 bytes} [Wed May 20 13:17:15 2026] GET /volume/v3/snapshots/c01184e5-01ba-4501-a391-ce540bdfe48b => generated 468 bytes in 18 msecs (HTTP/1.1 200) 7 headers in 285 bytes (1 switches on core 0)
May 20 13:17:15.295425 np0000001064 devstack@c-api.service[96181]: DEBUG cinder.volume.api [None req-3884a9bf-a47a-4e64-9f17-29776da862c1 tempest-TestEncryptedCinderVolumes-1969977946 tempest-TestEncryptedCinderVolumes-1969977946-project-member] Task 'cinder.volume.flows.api.create_volume.EntryCreateTask;volume:create' (c31b97ba-0a1d-49c1-b233-4d3ecec9c548) transitioned into state 'SUCCESS' from state 'RUNNING' with result '{'volume_id': '5514d7b9-c861-4dd2-9b89-73378e787c8f', 'volume_properties': VolumeProperties(attach_status='detached',availability_zone='nova',cgsnapshot_id=None,consistencygroup_id=None,display_description=None,display_name='tempest-TestEncryptedCinderVolumes-volume-829405699',encryption_key_id=00000000-0000-0000-0000-000000000000,group_id=None,group_type_id=,metadata={},multiattach=False,project_id='be4611e86b264e9e99a0b2e6b7647f08',qos_specs=None,replication_status=,reservations=['6229015a-d840-4188-b99f-d6d63343e855','3c5238a2-a164-4f13-8a34-09fe9e220e47','1e8e4b2f-1da7-4cab-b32d-bd2aa7bfc8ae','7f5850ef-c89c-46de-a476-e8eab1b39655'],size=1,snapshot_id=None,source_replicaid=,source_volid=None,status='creating',user_id='3b7a71afb54842108fa5979c0fa35b55',volume_type_id=f707a2e5-9d92-4778-bcc7-548becda91e0), 'volume': Volume(_name_id=None,admin_metadata=,attach_status='detached',availability_zone='nova',bootable=False,cluster=,cluster_name=None,consistencygroup=,consistencygroup_id=None,created_at=2026-05-20T13:17:15Z,deleted=False,deleted_at=None,display_description=None,display_name='tempest-TestEncryptedCinderVolumes-volume-829405699',ec2_id=None,encryption_key_id=00000000-0000-0000-0000-000000000000,glance_metadata=,group=,group_id=None,host=None,id=5514d7b9-c861-4dd2-9b89-73378e787c8f,launched_at=None,metadata={},migration_status=None,multiattach=False,previous_status=None,project_id='be4611e86b264e9e99a0b2e6b7647f08',provider_auth=None,provider_geometry=None,provider_id=None,provider_location=None,replication_driver_data=None,replication_extended_status=None,replication_status=None,scheduled_at=None,service_uuid=None,shared_targets=True,size=1,snapshot_id=None,snapshots=,source_volid=None,status='creating',terminated_at=None,updated_at=None,use_quota=True,user_id='3b7a71afb54842108fa5979c0fa35b55',volume_attachment=VolumeAttachmentList,volume_type=VolumeType(f707a2e5-9d92-4778-bcc7-548becda91e0),volume_type_id=f707a2e5-9d92-4778-bcc7-548becda91e0)}' {{(pid=96181) _task_receiver /opt/stack/data/venv/lib/python3.12/site-packages/taskflow/listeners/logging.py:218}}
May 20 13:17:15.295425 np0000001064 devstack@c-api.service[96181]: DEBUG cinder.volume.api [None req-3884a9bf-a47a-4e64-9f17-29776da862c1 tempest-TestEncryptedCinderVolumes-1969977946 tempest-TestEncryptedCinderVolumes-1969977946-project-member] Task 'cinder.volume.flows.api.create_volume.QuotaCommitTask;volume:create' (0798bb17-ddb3-48f8-94d1-13f9a2a159ff) transitioned into state 'RUNNING' from state 'PENDING' {{(pid=96181) _task_receiver /opt/stack/data/venv/lib/python3.12/site-packages/taskflow/listeners/logging.py:242}}
May 20 13:17:15.330071 np0000001064 devstack@c-api.service[96181]: DEBUG cinder.volume.api [None req-3884a9bf-a47a-4e64-9f17-29776da862c1 tempest-TestEncryptedCinderVolumes-1969977946 tempest-TestEncryptedCinderVolumes-1969977946-project-member] Task 'cinder.volume.flows.api.create_volume.QuotaCommitTask;volume:create' (0798bb17-ddb3-48f8-94d1-13f9a2a159ff) transitioned into state 'SUCCESS' from state 'RUNNING' with result '{'volume_properties': VolumeProperties(attach_status='detached',availability_zone='nova',cgsnapshot_id=None,consistencygroup_id=None,display_description=None,display_name='tempest-TestEncryptedCinderVolumes-volume-829405699',encryption_key_id=00000000-0000-0000-0000-000000000000,group_id=None,group_type_id=,metadata={},multiattach=False,project_id='be4611e86b264e9e99a0b2e6b7647f08',qos_specs=None,replication_status=,reservations=['6229015a-d840-4188-b99f-d6d63343e855','3c5238a2-a164-4f13-8a34-09fe9e220e47','1e8e4b2f-1da7-4cab-b32d-bd2aa7bfc8ae','7f5850ef-c89c-46de-a476-e8eab1b39655'],size=1,snapshot_id=None,source_replicaid=,source_volid=None,status='creating',user_id='3b7a71afb54842108fa5979c0fa35b55',volume_type_id=f707a2e5-9d92-4778-bcc7-548becda91e0)}' {{(pid=96181) _task_receiver /opt/stack/data/venv/lib/python3.12/site-packages/taskflow/listeners/logging.py:218}}
May 20 13:17:15.331743 np0000001064 devstack@c-api.service[96181]: DEBUG cinder.volume.api [None req-3884a9bf-a47a-4e64-9f17-29776da862c1 tempest-TestEncryptedCinderVolumes-1969977946 tempest-TestEncryptedCinderVolumes-1969977946-project-member] Task 'cinder.volume.flows.api.create_volume.VolumeCastTask;volume:create' (3be21290-eb39-4fee-9289-5c55326ec14c) transitioned into state 'RUNNING' from state 'PENDING' {{(pid=96181) _task_receiver /opt/stack/data/venv/lib/python3.12/site-packages/taskflow/listeners/logging.py:242}}
May 20 13:17:15.341660 np0000001064 devstack@c-api.service[96181]: DEBUG cinder.volume.api [None req-3884a9bf-a47a-4e64-9f17-29776da862c1 tempest-TestEncryptedCinderVolumes-1969977946 tempest-TestEncryptedCinderVolumes-1969977946-project-member] Task 'cinder.volume.flows.api.create_volume.VolumeCastTask;volume:create' (3be21290-eb39-4fee-9289-5c55326ec14c) transitioned into state 'SUCCESS' from state 'RUNNING' with result 'None' {{(pid=96181) _task_receiver /opt/stack/data/venv/lib/python3.12/site-packages/taskflow/listeners/logging.py:218}}
