May 31 12:29:13.738530 np0000001811 devstack@g-api.service[99065]: DEBUG glance.common.config [None req-8d7fa3eb-4843-4e36-84c1-02ba94835aed None None] database.use_db_reconnect = False {{(pid=99065) log_opt_values /opt/stack/data/venv/lib/python3.12/site-packages/oslo_config/cfg.py:3256}}
May 31 12:29:13.738593 np0000001811 devstack@g-api.service[99064]: DEBUG glance.common.config [None req-7115f3db-4d5b-4f86-a9f3-f9cb0c3718cc None None] database.asyncio_slave_connection = **** {{(pid=99064) log_opt_values /opt/stack/data/venv/lib/python3.12/site-packages/oslo_config/cfg.py:3256}}
May 31 12:29:13.738624 np0000001811 devstack@g-api.service[99065]: DEBUG glance.common.config [None req-8d7fa3eb-4843-4e36-84c1-02ba94835aed None None] healthcheck.allowed_source_ranges = [] {{(pid=99065) log_opt_values /opt/stack/data/venv/lib/python3.12/site-packages/oslo_config/cfg.py:3256}}
May 31 12:29:13.738671 np0000001811 devstack@g-api.service[99065]: DEBUG glance.common.config [None req-8d7fa3eb-4843-4e36-84c1-02ba94835aed None None] healthcheck.backends = ['disable_by_file'] {{(pid=99065) log_opt_values /opt/stack/data/venv/lib/python3.12/site-packages/oslo_config/cfg.py:3256}}
May 31 12:29:13.738709 np0000001811 devstack@g-api.service[99064]: DEBUG glance.common.config [None req-7115f3db-4d5b-4f86-a9f3-f9cb0c3718cc None None] database.backend = sqlalchemy {{(pid=99064) log_opt_values /opt/stack/data/venv/lib/python3.12/site-packages/oslo_config/cfg.py:3256}}
May 31 12:29:13.738757 np0000001811 devstack@g-api.service[99065]: DEBUG glance.common.config [None req-8d7fa3eb-4843-4e36-84c1-02ba94835aed None None] healthcheck.detailed = False {{(pid=99065) log_opt_values /opt/stack/data/venv/lib/python3.12/site-packages/oslo_config/cfg.py:3256}}
May 31 12:29:13.738791 np0000001811 devstack@g-api.service[99064]: DEBUG glance.common.config [None req-7115f3db-4d5b-4f86-a9f3-f9cb0c3718cc None None] database.connection = **** {{(pid=99064) log_opt_values /opt/stack/data/venv/lib/python3.12/site-packages/oslo_config/cfg.py:3256}}
May 31 12:29:13.738884 np0000001811 devstack@g-api.service[99065]: DEBUG glance.common.config [None req-8d7fa3eb-4843-4e36-84c1-02ba94835aed None None] healthcheck.disable_by_file_path = None {{(pid=99065) log_opt_values /opt/stack/data/venv/lib/python3.12/site-packages/oslo_config/cfg.py:3256}}
May 31 12:29:13.738915 np0000001811 devstack@g-api.service[99064]: DEBUG glance.common.config [None req-7115f3db-4d5b-4f86-a9f3-f9cb0c3718cc None None] database.connection_debug = 0 {{(pid=99064) log_opt_values /opt/stack/data/venv/lib/python3.12/site-packages/oslo_config/cfg.py:3256}}
May 31 12:29:13.738974 np0000001811 devstack@g-api.service[99065]: DEBUG glance.common.config [None req-8d7fa3eb-4843-4e36-84c1-02ba94835aed None None] healthcheck.ignore_proxied_requests = False {{(pid=99065) log_opt_values /opt/stack/data/venv/lib/python3.12/site-packages/oslo_config/cfg.py:3256}}
May 31 12:29:13.739006 np0000001811 devstack@g-api.service[99064]: DEBUG glance.common.config [None req-7115f3db-4d5b-4f86-a9f3-f9cb0c3718cc None None] database.connection_parameters = {{(pid=99064) log_opt_values /opt/stack/data/venv/lib/python3.12/site-packages/oslo_config/cfg.py:3256}}
May 31 12:29:13.739039 np0000001811 devstack@g-api.service[99065]: DEBUG glance.common.config [None req-8d7fa3eb-4843-4e36-84c1-02ba94835aed None None] ******************************************************************************** {{(pid=99065) log_opt_values /opt/stack/data/venv/lib/python3.12/site-packages/oslo_config/cfg.py:3263}}
May 31 12:29:13.739073 np0000001811 devstack@g-api.service[99064]: DEBUG glance.common.config [None req-7115f3db-4d5b-4f86-a9f3-f9cb0c3718cc None None] database.connection_recycle_time = 3600 {{(pid=99064) log_opt_values /opt/stack/data/venv/lib/python3.12/site-packages/oslo_config/cfg.py:3256}}
May 31 12:29:13.739135 np0000001811 devstack@g-api.service[99065]: WSGI app 0 (mountpoint='') ready in 2 seconds on interpreter 0x7dcde98a3668 pid: 99065 (default app)
May 31 12:29:13.739165 np0000001811 devstack@g-api.service[99064]: DEBUG glance.common.config [None req-7115f3db-4d5b-4f86-a9f3-f9cb0c3718cc None None] database.connection_trace = False {{(pid=99064) log_opt_values /opt/stack/data/venv/lib/python3.12/site-packages/oslo_config/cfg.py:3256}}
May 31 12:29:13.739216 np0000001811 devstack@g-api.service[99064]: DEBUG glance.common.config [None req-7115f3db-4d5b-4f86-a9f3-f9cb0c3718cc None None] database.db_inc_retry_interval = True {{(pid=99064) log_opt_values /opt/stack/data/venv/lib/python3.12/site-packages/oslo_config/cfg.py:3256}}
May 31 12:29:13.739304 np0000001811 devstack@g-api.service[99064]: DEBUG glance.common.config [None req-7115f3db-4d5b-4f86-a9f3-f9cb0c3718cc None None] database.db_max_retries = 20 {{(pid=99064) log_opt_values /opt/stack/data/venv/lib/python3.12/site-packages/oslo_config/cfg.py:3256}}
May 31 12:29:13.739391 np0000001811 devstack@g-api.service[99064]: DEBUG glance.common.config [None req-7115f3db-4d5b-4f86-a9f3-f9cb0c3718cc None None] database.db_max_retry_interval = 10 {{(pid=99064) log_opt_values /opt/stack/data/venv/lib/python3.12/site-packages/oslo_config/cfg.py:3256}}
May 31 12:29:13.739488 np0000001811 devstack@g-api.service[99064]: DEBUG glance.common.config [None req-7115f3db-4d5b-4f86-a9f3-f9cb0c3718cc None None] database.db_retry_interval = 1 {{(pid=99064) log_opt_values /opt/stack/data/venv/lib/python3.12/site-packages/oslo_config/cfg.py:3256}}
May 31 12:29:13.739572 np0000001811 devstack@g-api.service[99064]: DEBUG glance.common.config [None req-7115f3db-4d5b-4f86-a9f3-f9cb0c3718cc None None] database.max_overflow = 50 {{(pid=99064) log_opt_values /opt/stack/data/venv/lib/python3.12/site-packages/oslo_config/cfg.py:3256}}
May 31 12:29:13.739611 np0000001811 devstack@g-api.service[99065]: DEBUG glance.api.middleware.version_negotiation [None req-8d7fa3eb-4843-4e36-84c1-02ba94835aed None None] Determining version of request: GET / Accept: */* {{(pid=99065) process_request /opt/stack/glance/glance/api/middleware/version_negotiation.py:44}}
May 31 12:29:13.739656 np0000001811 devstack@g-api.service[99064]: DEBUG glance.common.config [None req-7115f3db-4d5b-4f86-a9f3-f9cb0c3718cc None None] database.max_pool_size = 5 {{(pid=99064) log_opt_values /opt/stack/data/venv/lib/python3.12/site-packages/oslo_config/cfg.py:3256}}
May 31 12:29:13.739741 np0000001811 devstack@g-api.service[99064]: DEBUG glance.common.config [None req-7115f3db-4d5b-4f86-a9f3-f9cb0c3718cc None None] database.max_retries = 10 {{(pid=99064) log_opt_values /opt/stack/data/venv/lib/python3.12/site-packages/oslo_config/cfg.py:3256}}
May 31 12:29:13.739773 np0000001811 devstack@g-api.service[99065]: DEBUG glance.api.middleware.version_negotiation [None req-8d7fa3eb-4843-4e36-84c1-02ba94835aed None None] Using url versioning {{(pid=99065) process_request /opt/stack/glance/glance/api/middleware/version_negotiation.py:57}}
May 31 12:29:13.739842 np0000001811 devstack@g-api.service[99064]: DEBUG glance.common.config [None req-7115f3db-4d5b-4f86-a9f3-f9cb0c3718cc None None] database.mysql_sql_mode = TRADITIONAL {{(pid=99064) log_opt_values /opt/stack/data/venv/lib/python3.12/site-packages/oslo_config/cfg.py:3256}}
May 31 12:29:13.739923 np0000001811 devstack@g-api.service[99065]: DEBUG glance.api.middleware.version_negotiation [None req-8d7fa3eb-4843-4e36-84c1-02ba94835aed None None] Unknown version. Returning version choices. {{(pid=99065) process_request /opt/stack/glance/glance/api/middleware/version_negotiation.py:64}}
May 31 12:29:13.739952 np0000001811 devstack@g-api.service[99064]: DEBUG glance.common.config [None req-7115f3db-4d5b-4f86-a9f3-f9cb0c3718cc None None] database.mysql_wsrep_sync_wait = None {{(pid=99064) log_opt_values /opt/stack/data/venv/lib/python3.12/site-packages/oslo_config/cfg.py:3256}}
May 31 12:29:13.740030 np0000001811 devstack@g-api.service[99064]: DEBUG glance.common.config [None req-7115f3db-4d5b-4f86-a9f3-f9cb0c3718cc None None] database.pool_timeout = None {{(pid=99064) log_opt_values /opt/stack/data/venv/lib/python3.12/site-packages/oslo_config/cfg.py:3256}}
May 31 12:29:13.740114 np0000001811 devstack@g-api.service[99064]: DEBUG glance.common.config [None req-7115f3db-4d5b-4f86-a9f3-f9cb0c3718cc None None] database.retry_interval = 10 {{(pid=99064) log_opt_values /opt/stack/data/venv/lib/python3.12/site-packages/oslo_config/cfg.py:3256}}
May 31 12:29:13.740197 np0000001811 devstack@g-api.service[99064]: DEBUG glance.common.config [None req-7115f3db-4d5b-4f86-a9f3-f9cb0c3718cc None None] database.slave_connection = **** {{(pid=99064) log_opt_values /opt/stack/data/venv/lib/python3.12/site-packages/oslo_config/cfg.py:3256}}
May 31 12:29:13.740279 np0000001811 devstack@g-api.service[99064]: DEBUG glance.common.config [None req-7115f3db-4d5b-4f86-a9f3-f9cb0c3718cc None None] database.sqlite_synchronous = True {{(pid=99064) log_opt_values /opt/stack/data/venv/lib/python3.12/site-packages/oslo_config/cfg.py:3256}}
May 31 12:29:13.740404 np0000001811 devstack@g-api.service[99064]: DEBUG glance.common.config [None req-7115f3db-4d5b-4f86-a9f3-f9cb0c3718cc None None] database.synchronous_reader = True {{(pid=99064) log_opt_values /opt/stack/data/venv/lib/python3.12/site-packages/oslo_config/cfg.py:3256}}
May 31 12:29:13.740521 np0000001811 devstack@g-api.service[99064]: DEBUG glance.common.config [None req-7115f3db-4d5b-4f86-a9f3-f9cb0c3718cc None None] database.use_db_reconnect = False {{(pid=99064) log_opt_values /opt/stack/data/venv/lib/python3.12/site-packages/oslo_config/cfg.py:3256}}
May 31 12:29:13.740595 np0000001811 devstack@g-api.service[99065]: [pid: 99065|app: 0|req: 1/1] 127.0.0.1 () {34 vars in 451 bytes} [Sun May 31 12:29:13 2026] GET / => generated 1394 bytes in 1 msecs (HTTP/1.1 300) 3 headers in 106 bytes (1 switches on core 0)
May 31 12:29:13.740625 np0000001811 devstack@g-api.service[99064]: DEBUG glance.common.config [None req-7115f3db-4d5b-4f86-a9f3-f9cb0c3718cc None None] healthcheck.allowed_source_ranges = [] {{(pid=99064) log_opt_values /opt/stack/data/venv/lib/python3.12/site-packages/oslo_config/cfg.py:3256}}
May 31 12:29:13.740694 np0000001811 devstack@g-api.service[99064]: DEBUG glance.common.config [None req-7115f3db-4d5b-4f86-a9f3-f9cb0c3718cc None None] healthcheck.backends = ['disable_by_file'] {{(pid=99064) log_opt_values /opt/stack/data/venv/lib/python3.12/site-packages/oslo_config/cfg.py:3256}}
May 31 12:29:13.741065 np0000001811 devstack@g-api.service[99064]: DEBUG glance.common.config [None req-7115f3db-4d5b-4f86-a9f3-f9cb0c3718cc None None] healthcheck.detailed = False {{(pid=99064) log_opt_values /opt/stack/data/venv/lib/python3.12/site-packages/oslo_config/cfg.py:3256}}
May 31 12:29:13.741065 np0000001811 devstack@g-api.service[99064]: DEBUG glance.common.config [None req-7115f3db-4d5b-4f86-a9f3-f9cb0c3718cc None None] healthcheck.disable_by_file_path = None {{(pid=99064) log_opt_values /opt/stack/data/venv/lib/python3.12/site-packages/oslo_config/cfg.py:3256}}
May 31 12:29:13.741065 np0000001811 devstack@g-api.service[99064]: DEBUG glance.common.config [None req-7115f3db-4d5b-4f86-a9f3-f9cb0c3718cc None None] healthcheck.ignore_proxied_requests = False {{(pid=99064) log_opt_values /opt/stack/data/venv/lib/python3.12/site-packages/oslo_config/cfg.py:3256}}
May 31 12:29:13.741158 np0000001811 devstack@g-api.service[99064]: DEBUG glance.common.config [None req-7115f3db-4d5b-4f86-a9f3-f9cb0c3718cc None None] ******************************************************************************** {{(pid=99064) log_opt_values /opt/stack/data/venv/lib/python3.12/site-packages/oslo_config/cfg.py:3263}}
May 31 12:29:13.741213 np0000001811 devstack@g-api.service[99064]: WSGI app 0 (mountpoint='') ready in 2 seconds on interpreter 0x7dcde98a3668 pid: 99064 (default app)
May 31 12:29:15.036395 np0000001811 devstack@g-api.service[99065]: DEBUG glance.api.middleware.version_negotiation [None req-8d7fa3eb-4843-4e36-84c1-02ba94835aed None None] Determining version of request: GET / Accept: application/json {{(pid=99065) process_request /opt/stack/glance/glance/api/middleware/version_negotiation.py:44}}
May 31 12:29:15.036707 np0000001811 devstack@g-api.service[99065]: DEBUG glance.api.middleware.version_negotiation [None req-8d7fa3eb-4843-4e36-84c1-02ba94835aed None None] Using url versioning {{(pid=99065) process_request /opt/stack/glance/glance/api/middleware/version_negotiation.py:57}}
May 31 12:29:15.036707 np0000001811 devstack@g-api.service[99065]: DEBUG glance.api.middleware.version_negotiation [None req-8d7fa3eb-4843-4e36-84c1-02ba94835aed None None] Unknown version. Returning version choices. {{(pid=99065) process_request /opt/stack/glance/glance/api/middleware/version_negotiation.py:64}}
May 31 12:29:15.037201 np0000001811 devstack@g-api.service[99065]: [pid: 99065|app: 0|req: 2/2] 127.0.0.1 () {36 vars in 569 bytes} [Sun May 31 12:29:15 2026] GET / => generated 1394 bytes in 1 msecs (HTTP/1.1 300) 3 headers in 106 bytes (1 switches on core 0)
May 31 12:29:15.046117 np0000001811 devstack@g-api.service[99064]: DEBUG glance.api.middleware.version_negotiation [None req-7115f3db-4d5b-4f86-a9f3-f9cb0c3718cc None None] Determining version of request: POST /v2/images Accept: */* {{(pid=99064) process_request /opt/stack/glance/glance/api/middleware/version_negotiation.py:44}}
May 31 12:29:15.046364 np0000001811 devstack@g-api.service[99064]: DEBUG glance.api.middleware.version_negotiation [None req-7115f3db-4d5b-4f86-a9f3-f9cb0c3718cc None None] Using url versioning {{(pid=99064) process_request /opt/stack/glance/glance/api/middleware/version_negotiation.py:57}}
May 31 12:29:15.046946 np0000001811 devstack@g-api.service[99064]: DEBUG glance.api.middleware.version_negotiation [None req-7115f3db-4d5b-4f86-a9f3-f9cb0c3718cc None None] Matched version: v2 {{(pid=99064) process_request /opt/stack/glance/glance/api/middleware/version_negotiation.py:69}}
May 31 12:29:15.047159 np0000001811 devstack@g-api.service[99064]: DEBUG glance.api.middleware.version_negotiation [None req-7115f3db-4d5b-4f86-a9f3-f9cb0c3718cc None None] new path /v2/images {{(pid=99064) process_request /opt/stack/glance/glance/api/middleware/version_negotiation.py:70}}
May 31 12:29:15.968461 np0000001811 devstack@g-api.service[99064]: [pid: 99064|app: 0|req: 1/3] 127.0.0.1 () {42 vars in 832 bytes} [Sun May 31 12:29:15 2026] POST /v2/images => generated 807 bytes in 923 msecs (HTTP/1.1 201) 6 headers in 315 bytes (1 switches on core 0)
May 31 12:29:15.976991 np0000001811 devstack@g-api.service[99065]: DEBUG glance.api.middleware.version_negotiation [None req-8d7fa3eb-4843-4e36-84c1-02ba94835aed None None] Determining version of request: PUT /v2/images/4ace2e28-af29-4238-b913-a2558f55958a/stage Accept: {{(pid=99065) process_request /opt/stack/glance/glance/api/middleware/version_negotiation.py:44}}
May 31 12:29:15.977172 np0000001811 devstack@g-api.service[99065]: DEBUG glance.api.middleware.version_negotiation [None req-8d7fa3eb-4843-4e36-84c1-02ba94835aed None None] Using url versioning {{(pid=99065) process_request /opt/stack/glance/glance/api/middleware/version_negotiation.py:57}}
May 31 12:29:15.977551 np0000001811 devstack@g-api.service[99065]: DEBUG glance.api.middleware.version_negotiation [None req-8d7fa3eb-4843-4e36-84c1-02ba94835aed None None] Matched version: v2 {{(pid=99065) process_request /opt/stack/glance/glance/api/middleware/version_negotiation.py:69}}
May 31 12:29:15.977767 np0000001811 devstack@g-api.service[99065]: DEBUG glance.api.middleware.version_negotiation [None req-8d7fa3eb-4843-4e36-84c1-02ba94835aed None None] new path /v2/images/4ace2e28-af29-4238-b913-a2558f55958a/stage {{(pid=99065) process_request /opt/stack/glance/glance/api/middleware/version_negotiation.py:70}}
May 31 12:29:16.576547 np0000001811 devstack@g-api.service[99065]: DEBUG glance_store.backend [None req-0b1925db-e2c4-43cf-8326-6a01e1a39636 admin admin] Attempting to import store cinder {{(pid=99065) _load_store /opt/stack/data/venv/lib/python3.12/site-packages/glance_store/backend.py:215}}
May 31 12:29:16.576976 np0000001811 devstack@g-api.service[99065]: DEBUG glance_store.backend [None req-0b1925db-e2c4-43cf-8326-6a01e1a39636 admin admin] Attempting to import store file {{(pid=99065) _load_store /opt/stack/data/venv/lib/python3.12/site-packages/glance_store/backend.py:215}}
May 31 12:29:16.576976 np0000001811 devstack@g-api.service[99065]: DEBUG glance_store.backend [None req-0b1925db-e2c4-43cf-8326-6a01e1a39636 admin admin] Attempting to import store glance.store.cinder.Store {{(pid=99065) _load_store /opt/stack/data/venv/lib/python3.12/site-packages/glance_store/backend.py:215}}
May 31 12:29:16.577086 np0000001811 devstack@g-api.service[99065]: DEBUG glance_store.backend [None req-0b1925db-e2c4-43cf-8326-6a01e1a39636 admin admin] Attempting to import store glance.store.filesystem.Store {{(pid=99065) _load_store /opt/stack/data/venv/lib/python3.12/site-packages/glance_store/backend.py:215}}
May 31 12:29:16.577181 np0000001811 devstack@g-api.service[99065]: DEBUG glance_store.backend [None req-0b1925db-e2c4-43cf-8326-6a01e1a39636 admin admin] Attempting to import store glance.store.http.Store {{(pid=99065) _load_store /opt/stack/data/venv/lib/python3.12/site-packages/glance_store/backend.py:215}}
May 31 12:29:16.577295 np0000001811 devstack@g-api.service[99065]: DEBUG glance_store.backend [None req-0b1925db-e2c4-43cf-8326-6a01e1a39636 admin admin] Attempting to import store glance.store.rbd.Store {{(pid=99065) _load_store /opt/stack/data/venv/lib/python3.12/site-packages/glance_store/backend.py:215}}
May 31 12:29:16.577384 np0000001811 devstack@g-api.service[99065]: DEBUG glance_store.backend [None req-0b1925db-e2c4-43cf-8326-6a01e1a39636 admin admin] Attempting to import store glance.store.s3.Store {{(pid=99065) _load_store /opt/stack/data/venv/lib/python3.12/site-packages/glance_store/backend.py:215}}
May 31 12:29:16.577484 np0000001811 devstack@g-api.service[99065]: DEBUG glance_store.backend [None req-0b1925db-e2c4-43cf-8326-6a01e1a39636 admin admin] Attempting to import store glance.store.swift.Store {{(pid=99065) _load_store /opt/stack/data/venv/lib/python3.12/site-packages/glance_store/backend.py:215}}
May 31 12:29:16.577571 np0000001811 devstack@g-api.service[99065]: DEBUG glance_store.backend [None req-0b1925db-e2c4-43cf-8326-6a01e1a39636 admin admin] Attempting to import store glance.store.vmware_datastore.Store {{(pid=99065) _load_store /opt/stack/data/venv/lib/python3.12/site-packages/glance_store/backend.py:215}}
May 31 12:29:16.577660 np0000001811 devstack@g-api.service[99065]: DEBUG glance_store.backend [None req-0b1925db-e2c4-43cf-8326-6a01e1a39636 admin admin] Attempting to import store http {{(pid=99065) _load_store /opt/stack/data/venv/lib/python3.12/site-packages/glance_store/backend.py:215}}
May 31 12:29:16.578526 np0000001811 devstack@g-api.service[99065]: DEBUG glance_store.backend [None req-0b1925db-e2c4-43cf-8326-6a01e1a39636 admin admin] Attempting to import store no_conf {{(pid=99065) _load_store /opt/stack/data/venv/lib/python3.12/site-packages/glance_store/backend.py:215}}
May 31 12:29:16.578526 np0000001811 devstack@g-api.service[99065]: DEBUG glance_store.backend [None req-0b1925db-e2c4-43cf-8326-6a01e1a39636 admin admin] Attempting to import store rbd {{(pid=99065) _load_store /opt/stack/data/venv/lib/python3.12/site-packages/glance_store/backend.py:215}}
May 31 12:29:16.578526 np0000001811 devstack@g-api.service[99065]: DEBUG glance_store.backend [None req-0b1925db-e2c4-43cf-8326-6a01e1a39636 admin admin] Attempting to import store s3 {{(pid=99065) _load_store /opt/stack/data/venv/lib/python3.12/site-packages/glance_store/backend.py:215}}
May 31 12:29:16.578526 np0000001811 devstack@g-api.service[99065]: DEBUG glance_store.backend [None req-0b1925db-e2c4-43cf-8326-6a01e1a39636 admin admin] Attempting to import store swift {{(pid=99065) _load_store /opt/stack/data/venv/lib/python3.12/site-packages/glance_store/backend.py:215}}
May 31 12:29:16.578526 np0000001811 devstack@g-api.service[99065]: DEBUG glance_store.backend [None req-0b1925db-e2c4-43cf-8326-6a01e1a39636 admin admin] Attempting to import store vmware {{(pid=99065) _load_store /opt/stack/data/venv/lib/python3.12/site-packages/glance_store/backend.py:215}}
May 31 12:29:16.578526 np0000001811 devstack@g-api.service[99065]: DEBUG glance_store.backend [None req-0b1925db-e2c4-43cf-8326-6a01e1a39636 admin admin] Registering options for group glance_store {{(pid=99065) register_opts /opt/stack/data/venv/lib/python3.12/site-packages/glance_store/backend.py:144}}
May 31 12:29:16.578526 np0000001811 devstack@g-api.service[99065]: DEBUG glance_store.backend [None req-0b1925db-e2c4-43cf-8326-6a01e1a39636 admin admin] Registering options for group glance_store {{(pid=99065) register_opts /opt/stack/data/venv/lib/python3.12/site-packages/glance_store/backend.py:144}}
May 31 12:29:16.578711 np0000001811 devstack@g-api.service[99065]: DEBUG glance_store.backend [None req-0b1925db-e2c4-43cf-8326-6a01e1a39636 admin admin] Attempting to import store file {{(pid=99065) _load_store /opt/stack/data/venv/lib/python3.12/site-packages/glance_store/backend.py:215}}
May 31 12:29:16.579057 np0000001811 devstack@g-api.service[99065]: INFO glance_store._drivers.filesystem [None req-0b1925db-e2c4-43cf-8326-6a01e1a39636 admin admin] Directory to write image files does not exist (/tmp/staging/). Creating.
May 31 12:29:16.579270 np0000001811 devstack@g-api.service[99065]: DEBUG glance_store.capabilities [None req-0b1925db-e2c4-43cf-8326-6a01e1a39636 admin admin] Store glance_store._drivers.filesystem.Store doesn't support updating dynamic storage capabilities. Please overwrite 'update_capabilities' method of the store to implement updating logics if needed. {{(pid=99065) update_capabilities /opt/stack/data/venv/lib/python3.12/site-packages/glance_store/capabilities.py:91}}
May 31 12:29:17.162165 np0000001811 devstack@g-api.service[99065]: DEBUG glance_store._drivers.filesystem [None req-0b1925db-e2c4-43cf-8326-6a01e1a39636 admin admin] Wrote 21430272 bytes to /tmp/staging/4ace2e28-af29-4238-b913-a2558f55958a with checksum c8fc807773e5354afe61636071771906 and multihash c8fc807773e5354afe61636071771906 {{(pid=99065) add /opt/stack/data/venv/lib/python3.12/site-packages/glance_store/_drivers/filesystem.py:899}}
May 31 12:29:17.179924 np0000001811 devstack@g-api.service[99065]: [pid: 99065|app: 0|req: 3/4] 127.0.0.1 () {42 vars in 927 bytes} [Sun May 31 12:29:15 2026] PUT /v2/images/4ace2e28-af29-4238-b913-a2558f55958a/stage => generated 0 bytes in 1203 msecs (HTTP/1.1 204) 4 headers in 171 bytes (1 switches on core 0)
May 31 12:29:17.189476 np0000001811 devstack@g-api.service[99064]: DEBUG glance.api.middleware.version_negotiation [None req-578adc3d-5fcc-473e-98b6-31b797b8afb8 admin admin] Determining version of request: POST /v2/images/4ace2e28-af29-4238-b913-a2558f55958a/import Accept: */* {{(pid=99064) process_request /opt/stack/glance/glance/api/middleware/version_negotiation.py:44}}
May 31 12:29:17.189952 np0000001811 devstack@g-api.service[99064]: DEBUG glance.api.middleware.version_negotiation [None req-578adc3d-5fcc-473e-98b6-31b797b8afb8 admin admin] Using url versioning {{(pid=99064) process_request /opt/stack/glance/glance/api/middleware/version_negotiation.py:57}}
May 31 12:29:17.189952 np0000001811 devstack@g-api.service[99064]: DEBUG glance.api.middleware.version_negotiation [None req-578adc3d-5fcc-473e-98b6-31b797b8afb8 admin admin] Matched version: v2 {{(pid=99064) process_request /opt/stack/glance/glance/api/middleware/version_negotiation.py:69}}
May 31 12:29:17.189952 np0000001811 devstack@g-api.service[99064]: DEBUG glance.api.middleware.version_negotiation [None req-578adc3d-5fcc-473e-98b6-31b797b8afb8 admin admin] new path /v2/images/4ace2e28-af29-4238-b913-a2558f55958a/import {{(pid=99064) process_request /opt/stack/glance/glance/api/middleware/version_negotiation.py:70}}
May 31 12:29:17.648859 np0000001811 devstack@g-api.service[99064]: DEBUG glance.domain [None req-c963118c-5388-463d-a71e-9021f2e2cc14 admin admin] Loading taskflow executor {{(pid=99064) new_task_executor /opt/stack/glance/glance/domain/__init__.py:530}}
May 31 12:29:17.837007 np0000001811 devstack@g-api.service[99064]: DEBUG oslo_concurrency.lockutils [None req-c963118c-5388-463d-a71e-9021f2e2cc14 admin admin] Acquiring lock "tasks_pool" by "glance.api.common.memoize..memoizer_wrapper..memoizer" {{(pid=99064) inner /opt/stack/data/venv/lib/python3.12/site-packages/oslo_concurrency/lockutils.py:511}}
May 31 12:29:17.837190 np0000001811 devstack@g-api.service[99064]: DEBUG oslo_concurrency.lockutils [None req-c963118c-5388-463d-a71e-9021f2e2cc14 admin admin] Lock "tasks_pool" acquired by "glance.api.common.memoize..memoizer_wrapper..memoizer" :: waited 0.000s {{(pid=99064) inner /opt/stack/data/venv/lib/python3.12/site-packages/oslo_concurrency/lockutils.py:524}}
May 31 12:29:17.837564 np0000001811 devstack@g-api.service[99064]: DEBUG glance.api.common [None req-c963118c-5388-463d-a71e-9021f2e2cc14 admin admin] Initializing named threadpool 'tasks_pool' {{(pid=99064) _get_thread_pool /opt/stack/glance/glance/api/common.py:242}}
May 31 12:29:17.837666 np0000001811 devstack@g-api.service[99064]: DEBUG glance.async_ [None req-c963118c-5388-463d-a71e-9021f2e2cc14 admin admin] Creating threadpool model 'ThreadPoolExecutor' with size 16 {{(pid=99064) __init__ /opt/stack/glance/glance/async_/__init__.py:100}}
May 31 12:29:17.837797 np0000001811 devstack@g-api.service[99064]: DEBUG oslo_concurrency.lockutils [None req-c963118c-5388-463d-a71e-9021f2e2cc14 admin admin] Lock "tasks_pool" "released" by "glance.api.common.memoize..memoizer_wrapper..memoizer" :: held 0.001s {{(pid=99064) inner /opt/stack/data/venv/lib/python3.12/site-packages/oslo_concurrency/lockutils.py:543}}
May 31 12:29:17.837934 np0000001811 devstack@g-api.service[99064]: DEBUG glance.async_ [None req-c963118c-5388-463d-a71e-9021f2e2cc14 admin admin] Spawning with ThreadPoolExecutor: >((,), {}) {{(pid=99064) spawn /opt/stack/glance/glance/async_/__init__.py:106}}
May 31 12:29:17.839970 np0000001811 devstack@g-api.service[99064]: [pid: 99064|app: 0|req: 2/5] 127.0.0.1 () {42 vars in 919 bytes} [Sun May 31 12:29:17 2026] POST /v2/images/4ace2e28-af29-4238-b913-a2558f55958a/import => generated 0 bytes in 651 msecs (HTTP/1.1 202) 4 headers in 169 bytes (1 switches on core 0)
May 31 12:29:17.842912 np0000001811 devstack@g-api.service[99064]: INFO glance.domain [-] Task [a4997b8a-2523-47e1-beac-3e10429490a6] status changing from pending to processing
May 31 12:29:17.846879 np0000001811 devstack@g-api.service[99065]: DEBUG glance.api.middleware.version_negotiation [None req-0b1925db-e2c4-43cf-8326-6a01e1a39636 admin admin] Determining version of request: GET /v2/images/4ace2e28-af29-4238-b913-a2558f55958a Accept: */* {{(pid=99065) process_request /opt/stack/glance/glance/api/middleware/version_negotiation.py:44}}
May 31 12:29:17.846879 np0000001811 devstack@g-api.service[99065]: DEBUG glance.api.middleware.version_negotiation [None req-0b1925db-e2c4-43cf-8326-6a01e1a39636 admin admin] Using url versioning {{(pid=99065) process_request /opt/stack/glance/glance/api/middleware/version_negotiation.py:57}}
May 31 12:29:17.847439 np0000001811 devstack@g-api.service[99065]: DEBUG glance.api.middleware.version_negotiation [None req-0b1925db-e2c4-43cf-8326-6a01e1a39636 admin admin] Matched version: v2 {{(pid=99065) process_request /opt/stack/glance/glance/api/middleware/version_negotiation.py:69}}
May 31 12:29:17.847439 np0000001811 devstack@g-api.service[99065]: DEBUG glance.api.middleware.version_negotiation [None req-0b1925db-e2c4-43cf-8326-6a01e1a39636 admin admin] new path /v2/images/4ace2e28-af29-4238-b913-a2558f55958a {{(pid=99065) process_request /opt/stack/glance/glance/api/middleware/version_negotiation.py:70}}
May 31 12:29:17.854473 np0000001811 devstack@g-api.service[99064]: DEBUG glance.async_.taskflow_executor [-] Taskflow executor picked up the execution of task ID a4997b8a-2523-47e1-beac-3e10429490a6 of task type api_image_import {{(pid=99064) _run /opt/stack/glance/glance/async_/taskflow_executor.py:163}}
May 31 12:29:17.856641 np0000001811 devstack@g-api.service[99065]: [pid: 99065|app: 0|req: 4/6] 127.0.0.1 () {38 vars in 852 bytes} [Sun May 31 12:29:17 2026] GET /v2/images/4ace2e28-af29-4238-b913-a2558f55958a => generated 879 bytes in 10 msecs (HTTP/1.1 200) 4 headers in 157 bytes (1 switches on core 0)
May 31 12:29:17.871907 np0000001811 devstack@g-api.service[99064]: DEBUG glance_store.backend [-] Attempting to import store cinder {{(pid=99064) _load_store /opt/stack/data/venv/lib/python3.12/site-packages/glance_store/backend.py:215}}
May 31 12:29:17.872088 np0000001811 devstack@g-api.service[99064]: DEBUG glance_store.backend [-] Attempting to import store file {{(pid=99064) _load_store /opt/stack/data/venv/lib/python3.12/site-packages/glance_store/backend.py:215}}
May 31 12:29:17.872184 np0000001811 devstack@g-api.service[99064]: DEBUG glance_store.backend [-] Attempting to import store glance.store.cinder.Store {{(pid=99064) _load_store /opt/stack/data/venv/lib/python3.12/site-packages/glance_store/backend.py:215}}
May 31 12:29:17.872306 np0000001811 devstack@g-api.service[99064]: DEBUG glance_store.backend [-] Attempting to import store glance.store.filesystem.Store {{(pid=99064) _load_store /opt/stack/data/venv/lib/python3.12/site-packages/glance_store/backend.py:215}}
May 31 12:29:17.872553 np0000001811 devstack@g-api.service[99064]: DEBUG glance_store.backend [-] Attempting to import store glance.store.http.Store {{(pid=99064) _load_store /opt/stack/data/venv/lib/python3.12/site-packages/glance_store/backend.py:215}}
May 31 12:29:17.872751 np0000001811 devstack@g-api.service[99064]: DEBUG glance_store.backend [-] Attempting to import store glance.store.rbd.Store {{(pid=99064) _load_store /opt/stack/data/venv/lib/python3.12/site-packages/glance_store/backend.py:215}}
May 31 12:29:17.872807 np0000001811 devstack@g-api.service[99064]: DEBUG glance_store.backend [-] Attempting to import store glance.store.s3.Store {{(pid=99064) _load_store /opt/stack/data/venv/lib/python3.12/site-packages/glance_store/backend.py:215}}
May 31 12:29:17.872997 np0000001811 devstack@g-api.service[99064]: DEBUG glance_store.backend [-] Attempting to import store glance.store.swift.Store {{(pid=99064) _load_store /opt/stack/data/venv/lib/python3.12/site-packages/glance_store/backend.py:215}}
May 31 12:29:17.873081 np0000001811 devstack@g-api.service[99064]: DEBUG glance_store.backend [-] Attempting to import store glance.store.vmware_datastore.Store {{(pid=99064) _load_store /opt/stack/data/venv/lib/python3.12/site-packages/glance_store/backend.py:215}}
May 31 12:29:17.873196 np0000001811 devstack@g-api.service[99064]: DEBUG glance_store.backend [-] Attempting to import store http {{(pid=99064) _load_store /opt/stack/data/venv/lib/python3.12/site-packages/glance_store/backend.py:215}}
May 31 12:29:17.873313 np0000001811 devstack@g-api.service[99064]: DEBUG glance_store.backend [-] Attempting to import store no_conf {{(pid=99064) _load_store /opt/stack/data/venv/lib/python3.12/site-packages/glance_store/backend.py:215}}
May 31 12:29:17.873431 np0000001811 devstack@g-api.service[99064]: DEBUG glance_store.backend [-] Attempting to import store rbd {{(pid=99064) _load_store /opt/stack/data/venv/lib/python3.12/site-packages/glance_store/backend.py:215}}
May 31 12:29:17.873545 np0000001811 devstack@g-api.service[99064]: DEBUG glance_store.backend [-] Attempting to import store s3 {{(pid=99064) _load_store /opt/stack/data/venv/lib/python3.12/site-packages/glance_store/backend.py:215}}
May 31 12:29:17.873655 np0000001811 devstack@g-api.service[99064]: DEBUG glance_store.backend [-] Attempting to import store swift {{(pid=99064) _load_store /opt/stack/data/venv/lib/python3.12/site-packages/glance_store/backend.py:215}}
May 31 12:29:17.873770 np0000001811 devstack@g-api.service[99064]: DEBUG glance_store.backend [-] Attempting to import store vmware {{(pid=99064) _load_store /opt/stack/data/venv/lib/python3.12/site-packages/glance_store/backend.py:215}}
May 31 12:29:17.873915 np0000001811 devstack@g-api.service[99064]: DEBUG glance_store.backend [-] Registering options for group glance_store {{(pid=99064) register_opts /opt/stack/data/venv/lib/python3.12/site-packages/glance_store/backend.py:144}}
May 31 12:29:17.874032 np0000001811 devstack@g-api.service[99064]: DEBUG glance_store.backend [-] Registering options for group glance_store {{(pid=99064) register_opts /opt/stack/data/venv/lib/python3.12/site-packages/glance_store/backend.py:144}}
May 31 12:29:17.874351 np0000001811 devstack@g-api.service[99064]: DEBUG glance_store.backend [-] Attempting to import store file {{(pid=99064) _load_store /opt/stack/data/venv/lib/python3.12/site-packages/glance_store/backend.py:215}}
May 31 12:29:17.874735 np0000001811 devstack@g-api.service[99064]: DEBUG glance_store.capabilities [-] Store glance_store._drivers.filesystem.Store doesn't support updating dynamic storage capabilities. Please overwrite 'update_capabilities' method of the store to implement updating logics if needed. {{(pid=99064) update_capabilities /opt/stack/data/venv/lib/python3.12/site-packages/glance_store/capabilities.py:91}}
May 31 12:29:17.881669 np0000001811 devstack@g-api.service[99064]: DEBUG glance.async_.flows.api_image_import [-] Image 4ace2e28-af29-4238-b913-a2558f55958a os_glance_importing_to_stores= {{(pid=99064) merge_store_list /opt/stack/glance/glance/async_/flows/api_image_import.py:277}}
May 31 12:29:17.881761 np0000001811 devstack@g-api.service[99064]: DEBUG glance.async_.flows.api_image_import [-] Image 4ace2e28-af29-4238-b913-a2558f55958a os_glance_failed_import= {{(pid=99064) merge_store_list /opt/stack/glance/glance/async_/flows/api_image_import.py:277}}
May 31 12:29:17.886726 np0000001811 devstack@g-api.service[99064]: DEBUG glance.async_.flows.api_image_import [-] Image 4ace2e28-af29-4238-b913-a2558f55958a status changing from uploading to importing {{(pid=99064) __exit__ /opt/stack/glance/glance/async_/flows/api_image_import.py:166}}
May 31 12:29:18.333395 np0000001811 devstack@g-api.service[99064]: DEBUG glance.async_ [-] Creating threadpool model 'ThreadPoolExecutor' with size 10 {{(pid=99064) __init__ /opt/stack/glance/glance/async_/__init__.py:100}}
May 31 12:29:18.354212 np0000001811 devstack@g-api.service[99064]: DEBUG glance.async_.taskflow_executor [-] Flow 'api_image_import' (ed62923a-1b6b-43db-af3e-d977ec406b38) transitioned into state 'RUNNING' from state 'PENDING' {{(pid=99064) _flow_receiver /opt/stack/data/venv/lib/python3.12/site-packages/taskflow/listeners/logging.py:160}}
May 31 12:29:18.356069 np0000001811 devstack@g-api.service[99064]: DEBUG glance.async_.taskflow_executor [-] Task 'api_image_import-ImageLock-a4997b8a-2523-47e1-beac-3e10429490a6' (6acee8ea-c31b-4280-8439-4848c1bd658a) transitioned into state 'RUNNING' from state 'PENDING' {{(pid=99064) _task_receiver /opt/stack/data/venv/lib/python3.12/site-packages/taskflow/listeners/logging.py:242}}
May 31 12:29:18.364865 np0000001811 devstack@g-api.service[99064]: DEBUG glance.async_.flows.api_image_import [-] Image 4ace2e28-af29-4238-b913-a2558f55958a import task a4997b8a-2523-47e1-beac-3e10429490a6 lock confirmed {{(pid=99064) execute /opt/stack/glance/glance/async_/flows/api_image_import.py:477}}
May 31 12:29:18.365595 np0000001811 devstack@g-api.service[99064]: DEBUG glance.async_.taskflow_executor [-] Task 'api_image_import-ImageLock-a4997b8a-2523-47e1-beac-3e10429490a6' (6acee8ea-c31b-4280-8439-4848c1bd658a) transitioned into state 'SUCCESS' from state 'RUNNING' with result 'None' {{(pid=99064) _task_receiver /opt/stack/data/venv/lib/python3.12/site-packages/taskflow/listeners/logging.py:218}}
May 31 12:29:18.366351 np0000001811 devstack@g-api.service[99064]: DEBUG glance.async_.taskflow_executor [-] Task 'api_image_import-ConfigureStaging-a4997b8a-2523-47e1-beac-3e10429490a6' (d09e23fd-dd4d-4cda-bf0e-319d0468aa1e) transitioned into state 'RUNNING' from state 'PENDING' {{(pid=99064) _task_receiver /opt/stack/data/venv/lib/python3.12/site-packages/taskflow/listeners/logging.py:242}}
May 31 12:29:18.367457 np0000001811 devstack@g-api.service[99064]: DEBUG glance.async_.taskflow_executor [-] Task 'api_image_import-ConfigureStaging-a4997b8a-2523-47e1-beac-3e10429490a6' (d09e23fd-dd4d-4cda-bf0e-319d0468aa1e) transitioned into state 'SUCCESS' from state 'RUNNING' with result 'file:///tmp/staging/4ace2e28-af29-4238-b913-a2558f55958a' {{(pid=99064) _task_receiver /opt/stack/data/venv/lib/python3.12/site-packages/taskflow/listeners/logging.py:218}}
May 31 12:29:18.368196 np0000001811 devstack@g-api.service[99064]: DEBUG glance.async_.taskflow_executor [-] Task 'api_image_import--ImportToStore-a4997b8a-2523-47e1-beac-3e10429490a6' (770933e3-e0e2-428b-87df-05dd9b8b093e) transitioned into state 'RUNNING' from state 'PENDING' {{(pid=99064) _task_receiver /opt/stack/data/venv/lib/python3.12/site-packages/taskflow/listeners/logging.py:242}}
May 31 12:29:18.373410 np0000001811 devstack@g-api.service[99064]: INFO glance.common.scripts.image_import.main [-] Task a4997b8a-2523-47e1-beac-3e10429490a6: Got image data uri file:///tmp/staging/4ace2e28-af29-4238-b913-a2558f55958a to be imported
May 31 12:29:18.374688 np0000001811 devstack@g-api.service[99064]: DEBUG glance.location [-] Enabling in-flight format inspection for qcow2 {{(pid=99064) set_data /opt/stack/glance/glance/location.py:616}}
May 31 12:29:18.375071 np0000001811 devstack@g-api.service[99064]: DEBUG glance_store.backend [-] Attempting to import store swift {{(pid=99064) _load_store /opt/stack/data/venv/lib/python3.12/site-packages/glance_store/backend.py:215}}
May 31 12:29:18.376217 np0000001811 devstack@g-api.service[99064]: DEBUG glance_store.capabilities [-] Store glance_store._drivers.swift.store.SingleTenantStore doesn't support updating dynamic storage capabilities. Please overwrite 'update_capabilities' method of the store to implement updating logics if needed. {{(pid=99064) update_capabilities /opt/stack/data/venv/lib/python3.12/site-packages/glance_store/capabilities.py:91}}
May 31 12:29:18.376283 np0000001811 devstack@g-api.service[99064]: DEBUG glance_store.driver [-] Late loading location class glance_store._drivers.swift.store.StoreLocation {{(pid=99064) get_store_location_class /opt/stack/data/venv/lib/python3.12/site-packages/glance_store/driver.py:134}}
May 31 12:29:18.376394 np0000001811 devstack@g-api.service[99064]: DEBUG glance_store.location [-] Registering scheme swift+https with {'store': , 'location_class': , 'store_entry': 'swift'} {{(pid=99064) register_scheme_map /opt/stack/data/venv/lib/python3.12/site-packages/glance_store/location.py:146}}
May 31 12:29:18.376466 np0000001811 devstack@g-api.service[99064]: DEBUG glance_store.location [-] Registering scheme swift+https with {'store': , 'location_class': , 'store_entry': 'swift'} {{(pid=99064) register_scheme_map /opt/stack/data/venv/lib/python3.12/site-packages/glance_store/location.py:146}}
May 31 12:29:18.376549 np0000001811 devstack@g-api.service[99064]: DEBUG glance_store.location [-] Registering scheme swift with {'store': , 'location_class': , 'store_entry': 'swift'} {{(pid=99064) register_scheme_map /opt/stack/data/venv/lib/python3.12/site-packages/glance_store/location.py:146}}
May 31 12:29:18.376622 np0000001811 devstack@g-api.service[99064]: DEBUG glance_store.location [-] Registering scheme swift+https with {'store': , 'location_class': , 'store_entry': 'swift'} {{(pid=99064) register_scheme_map /opt/stack/data/venv/lib/python3.12/site-packages/glance_store/location.py:146}}
May 31 12:29:18.376697 np0000001811 devstack@g-api.service[99064]: DEBUG glance_store.location [-] Registering scheme swift with {'store': , 'location_class': , 'store_entry': 'swift'} {{(pid=99064) register_scheme_map /opt/stack/data/venv/lib/python3.12/site-packages/glance_store/location.py:146}}
May 31 12:29:18.376769 np0000001811 devstack@g-api.service[99064]: DEBUG glance_store.location [-] Registering scheme swift+http with {'store': , 'location_class': , 'store_entry': 'swift'} {{(pid=99064) register_scheme_map /opt/stack/data/venv/lib/python3.12/site-packages/glance_store/location.py:146}}
May 31 12:29:18.376873 np0000001811 devstack@g-api.service[99064]: DEBUG glance_store.location [-] Registering scheme swift+https with {'store': , 'location_class': , 'store_entry': 'swift'} {{(pid=99064) register_scheme_map /opt/stack/data/venv/lib/python3.12/site-packages/glance_store/location.py:146}}
May 31 12:29:18.376944 np0000001811 devstack@g-api.service[99064]: DEBUG glance_store.location [-] Registering scheme swift with {'store': , 'location_class': , 'store_entry': 'swift'} {{(pid=99064) register_scheme_map /opt/stack/data/venv/lib/python3.12/site-packages/glance_store/location.py:146}}
May 31 12:29:18.377023 np0000001811 devstack@g-api.service[99064]: DEBUG glance_store.location [-] Registering scheme swift+http with {'store': , 'location_class': , 'store_entry': 'swift'} {{(pid=99064) register_scheme_map /opt/stack/data/venv/lib/python3.12/site-packages/glance_store/location.py:146}}
May 31 12:29:18.377095 np0000001811 devstack@g-api.service[99064]: DEBUG glance_store.location [-] Registering scheme swift+config with {'store': , 'location_class': , 'store_entry': 'swift'} {{(pid=99064) register_scheme_map /opt/stack/data/venv/lib/python3.12/site-packages/glance_store/location.py:146}}
May 31 12:29:18.821712 np0000001811 devstack@g-api.service[99064]: INFO swiftclient [-] REQ: curl -i https://10.4.3.21:8080/v1/AUTH_25a653b1bb1d456ab62af3e2a44cc3cf/glance -I -H "X-Auth-Token: gAAAAABqHCme0r7R..."
May 31 12:29:18.821818 np0000001811 devstack@g-api.service[99064]: INFO swiftclient [-] RESP STATUS: 404 Not Found
May 31 12:29:18.821974 np0000001811 devstack@g-api.service[99064]: INFO swiftclient [-] RESP HEADERS: {'Date': 'Sun, 31 May 2026 12:29:18 GMT', 'Server': 'Apache/2.4.58 (Ubuntu)', 'Content-Type': 'text/html; charset=UTF-8', 'X-Trans-Id': 'tx8b2306b80ccc4a52b6291-006a1c299e', 'X-Openstack-Request-Id': 'tx8b2306b80ccc4a52b6291-006a1c299e', 'Connection': 'close'}
May 31 12:29:18.822202 np0000001811 devstack@g-api.service[99064]: INFO glance_store._drivers.swift.store [-] Creating swift container glance
May 31 12:29:18.876348 np0000001811 devstack@g-api.service[99064]: DEBUG swiftclient [-] REQ: curl -i https://10.4.3.21:8080/v1/AUTH_25a653b1bb1d456ab62af3e2a44cc3cf/glance -X PUT -H "X-Auth-Token: gAAAAABqHCme0r7R..." -H "Content-Length: 0" {{(pid=99064) http_log /opt/stack/data/venv/lib/python3.12/site-packages/swiftclient/client.py:160}}
May 31 12:29:18.876443 np0000001811 devstack@g-api.service[99064]: DEBUG swiftclient [-] RESP STATUS: 201 Created {{(pid=99064) http_log /opt/stack/data/venv/lib/python3.12/site-packages/swiftclient/client.py:161}}
May 31 12:29:18.876553 np0000001811 devstack@g-api.service[99064]: DEBUG swiftclient [-] RESP HEADERS: {'Date': 'Sun, 31 May 2026 12:29:18 GMT', 'Server': 'Apache/2.4.58 (Ubuntu)', 'Content-Type': 'text/html; charset=UTF-8', 'Content-Length': '0', 'X-Trans-Id': 'tx25c1953b0380417390687-006a1c299e', 'X-Openstack-Request-Id': 'tx25c1953b0380417390687-006a1c299e', 'Connection': 'close'} {{(pid=99064) http_log /opt/stack/data/venv/lib/python3.12/site-packages/swiftclient/client.py:162}}
May 31 12:29:18.876717 np0000001811 devstack@g-api.service[99064]: DEBUG glance_store._drivers.swift.store [-] Adding image object '4ace2e28-af29-4238-b913-a2558f55958a' to Swift {{(pid=99064) add /opt/stack/data/venv/lib/python3.12/site-packages/glance_store/_drivers/swift/store.py:970}}
May 31 12:29:18.884341 np0000001811 devstack@g-api.service[99064]: DEBUG oslo_utils.imageutils.format_inspector [-] Format inspector for vmdk does not match, excluding from consideration (Signature KDMV not found: b'QFI\xfb') {{(pid=99064) _process_chunk /opt/stack/data/venv/lib/python3.12/site-packages/oslo_utils/imageutils/format_inspector.py:1758}}
May 31 12:29:18.891738 np0000001811 devstack@g-api.service[99064]: DEBUG oslo_utils.imageutils.format_inspector [-] Format inspector for vhdx does not match, excluding from consideration (Region signature not found at 30000) {{(pid=99064) _process_chunk /opt/stack/data/venv/lib/python3.12/site-packages/oslo_utils/imageutils/format_inspector.py:1758}}
May 31 12:29:19.102925 np0000001811 devstack@g-api.service[99064]: DEBUG glance.api.middleware.version_negotiation [None req-c963118c-5388-463d-a71e-9021f2e2cc14 admin admin] Determining version of request: POST /v2/images Accept: */* {{(pid=99064) process_request /opt/stack/glance/glance/api/middleware/version_negotiation.py:44}}
May 31 12:29:19.103125 np0000001811 devstack@g-api.service[99064]: DEBUG glance.api.middleware.version_negotiation [None req-c963118c-5388-463d-a71e-9021f2e2cc14 admin admin] Using url versioning {{(pid=99064) process_request /opt/stack/glance/glance/api/middleware/version_negotiation.py:57}}
May 31 12:29:19.103560 np0000001811 devstack@g-api.service[99064]: DEBUG glance.api.middleware.version_negotiation [None req-c963118c-5388-463d-a71e-9021f2e2cc14 admin admin] Matched version: v2 {{(pid=99064) process_request /opt/stack/glance/glance/api/middleware/version_negotiation.py:69}}
May 31 12:29:19.103693 np0000001811 devstack@g-api.service[99064]: DEBUG glance.api.middleware.version_negotiation [None req-c963118c-5388-463d-a71e-9021f2e2cc14 admin admin] new path /v2/images {{(pid=99064) process_request /opt/stack/glance/glance/api/middleware/version_negotiation.py:70}}
May 31 12:29:19.251657 np0000001811 devstack@g-api.service[99064]: DEBUG swiftclient [-] REQ: curl -i https://10.4.3.21:8080/v1/AUTH_25a653b1bb1d456ab62af3e2a44cc3cf/glance/4ace2e28-af29-4238-b913-a2558f55958a -X PUT -H "X-Auth-Token: gAAAAABqHCme0r7R..." -H "Content-Length: 21430272" {{(pid=99064) http_log /opt/stack/data/venv/lib/python3.12/site-packages/swiftclient/client.py:160}}
May 31 12:29:19.251716 np0000001811 devstack@g-api.service[99064]: DEBUG swiftclient [-] RESP STATUS: 201 Created {{(pid=99064) http_log /opt/stack/data/venv/lib/python3.12/site-packages/swiftclient/client.py:161}}
May 31 12:29:19.251819 np0000001811 devstack@g-api.service[99064]: DEBUG swiftclient [-] RESP HEADERS: {'Date': 'Sun, 31 May 2026 12:29:19 GMT', 'Server': 'Apache/2.4.58 (Ubuntu)', 'Content-Type': 'text/html; charset=UTF-8', 'Content-Length': '0', 'Etag': 'c8fc807773e5354afe61636071771906', 'Last-Modified': 'Sun, 31 May 2026 12:29:19 GMT', 'X-Trans-Id': 'txf70a7c98458d40a697ed9-006a1c299e', 'X-Openstack-Request-Id': 'txf70a7c98458d40a697ed9-006a1c299e', 'Connection': 'close'} {{(pid=99064) http_log /opt/stack/data/venv/lib/python3.12/site-packages/swiftclient/client.py:162}}
May 31 12:29:19.267903 np0000001811 devstack@g-api.service[99064]: INFO glance.location [-] Image format matched and virtual size computed: 117440512
May 31 12:29:19.273391 np0000001811 devstack@g-api.service[99064]: DEBUG glance.async_.flows.api_image_import [-] Image 4ace2e28-af29-4238-b913-a2558f55958a status changing from importing to active {{(pid=99064) __exit__ /opt/stack/glance/glance/async_/flows/api_image_import.py:166}}
May 31 12:29:19.296062 np0000001811 devstack@g-api.service[99064]: DEBUG glance_store.backend [-] Attempting to import store swift {{(pid=99064) _load_store /opt/stack/data/venv/lib/python3.12/site-packages/glance_store/backend.py:215}}
May 31 12:29:19.297273 np0000001811 devstack@g-api.service[99064]: DEBUG glance_store.capabilities [-] Store glance_store._drivers.swift.store.SingleTenantStore doesn't support updating dynamic storage capabilities. Please overwrite 'update_capabilities' method of the store to implement updating logics if needed. {{(pid=99064) update_capabilities /opt/stack/data/venv/lib/python3.12/site-packages/glance_store/capabilities.py:91}}
May 31 12:29:19.297358 np0000001811 devstack@g-api.service[99064]: DEBUG glance_store.driver [-] Late loading location class glance_store._drivers.swift.store.StoreLocation {{(pid=99064) get_store_location_class /opt/stack/data/venv/lib/python3.12/site-packages/glance_store/driver.py:134}}
May 31 12:29:19.297393 np0000001811 devstack@g-api.service[99064]: DEBUG glance_store.location [-] Registering scheme swift+https with {'store': , 'location_class': , 'store_entry': 'swift'} {{(pid=99064) register_scheme_map /opt/stack/data/venv/lib/python3.12/site-packages/glance_store/location.py:146}}
May 31 12:29:19.297466 np0000001811 devstack@g-api.service[99064]: DEBUG glance_store.location [-] Registering scheme swift+https with {'store': , 'location_class': , 'store_entry': 'swift'} {{(pid=99064) register_scheme_map /opt/stack/data/venv/lib/python3.12/site-packages/glance_store/location.py:146}}
May 31 12:29:19.297510 np0000001811 devstack@g-api.service[99064]: DEBUG glance_store.location [-] Registering scheme swift with {'store': , 'location_class': , 'store_entry': 'swift'} {{(pid=99064) register_scheme_map /opt/stack/data/venv/lib/python3.12/site-packages/glance_store/location.py:146}}
May 31 12:29:19.297571 np0000001811 devstack@g-api.service[99064]: DEBUG glance_store.location [-] Registering scheme swift+https with {'store': , 'location_class': , 'store_entry': 'swift'} {{(pid=99064) register_scheme_map /opt/stack/data/venv/lib/python3.12/site-packages/glance_store/location.py:146}}
May 31 12:29:19.297619 np0000001811 devstack@g-api.service[99064]: DEBUG glance_store.location [-] Registering scheme swift with {'store': , 'location_class': , 'store_entry': 'swift'} {{(pid=99064) register_scheme_map /opt/stack/data/venv/lib/python3.12/site-packages/glance_store/location.py:146}}
