Jun 30 07:19:49.366259 np0000003950 nova-scheduler[96357]: DEBUG cotyledon.oslo_config_glue [-] profiler.filter_error_trace = False {{(pid=96357) log_opt_values /opt/stack/data/venv/lib/python3.12/site-packages/oslo_config/cfg.py:3253}}
Jun 30 07:19:49.366259 np0000003950 nova-scheduler[96357]: DEBUG cotyledon.oslo_config_glue [-] profiler.hmac_keys = **** {{(pid=96357) log_opt_values /opt/stack/data/venv/lib/python3.12/site-packages/oslo_config/cfg.py:3253}}
Jun 30 07:19:49.366259 np0000003950 nova-scheduler[96357]: DEBUG cotyledon.oslo_config_glue [-] profiler.sentinel_service_name = mymaster {{(pid=96357) log_opt_values /opt/stack/data/venv/lib/python3.12/site-packages/oslo_config/cfg.py:3253}}
Jun 30 07:19:49.366259 np0000003950 nova-scheduler[96357]: DEBUG cotyledon.oslo_config_glue [-] profiler.socket_timeout = 0.1 {{(pid=96357) log_opt_values /opt/stack/data/venv/lib/python3.12/site-packages/oslo_config/cfg.py:3253}}
Jun 30 07:19:49.366259 np0000003950 nova-scheduler[96357]: DEBUG cotyledon.oslo_config_glue [-] profiler.trace_requests = False {{(pid=96357) log_opt_values /opt/stack/data/venv/lib/python3.12/site-packages/oslo_config/cfg.py:3253}}
Jun 30 07:19:49.366561 np0000003950 nova-scheduler[96357]: DEBUG cotyledon.oslo_config_glue [-] profiler.trace_sqlalchemy = False {{(pid=96357) log_opt_values /opt/stack/data/venv/lib/python3.12/site-packages/oslo_config/cfg.py:3253}}
Jun 30 07:19:49.366561 np0000003950 nova-scheduler[96357]: DEBUG cotyledon.oslo_config_glue [-] profiler_jaeger.process_tags = {} {{(pid=96357) log_opt_values /opt/stack/data/venv/lib/python3.12/site-packages/oslo_config/cfg.py:3253}}
Jun 30 07:19:49.366561 np0000003950 nova-scheduler[96357]: DEBUG cotyledon.oslo_config_glue [-] profiler_jaeger.service_name_prefix = None {{(pid=96357) log_opt_values /opt/stack/data/venv/lib/python3.12/site-packages/oslo_config/cfg.py:3253}}
Jun 30 07:19:49.366561 np0000003950 nova-scheduler[96357]: DEBUG cotyledon.oslo_config_glue [-] profiler_otlp.service_name_prefix = None {{(pid=96357) log_opt_values /opt/stack/data/venv/lib/python3.12/site-packages/oslo_config/cfg.py:3253}}
Jun 30 07:19:49.366561 np0000003950 nova-scheduler[96357]: DEBUG cotyledon.oslo_config_glue [-] oslo_messaging_rabbit.amqp_auto_delete = False {{(pid=96357) log_opt_values /opt/stack/data/venv/lib/python3.12/site-packages/oslo_config/cfg.py:3253}}
Jun 30 07:19:49.366561 np0000003950 nova-scheduler[96357]: DEBUG cotyledon.oslo_config_glue [-] oslo_messaging_rabbit.amqp_durable_queues = False {{(pid=96357) log_opt_values /opt/stack/data/venv/lib/python3.12/site-packages/oslo_config/cfg.py:3253}}
Jun 30 07:19:49.366561 np0000003950 nova-scheduler[96357]: DEBUG cotyledon.oslo_config_glue [-] oslo_messaging_rabbit.conn_pool_min_size = 2 {{(pid=96357) log_opt_values /opt/stack/data/venv/lib/python3.12/site-packages/oslo_config/cfg.py:3253}}
Jun 30 07:19:49.366561 np0000003950 nova-scheduler[96357]: DEBUG cotyledon.oslo_config_glue [-] oslo_messaging_rabbit.conn_pool_ttl = 1200 {{(pid=96357) log_opt_values /opt/stack/data/venv/lib/python3.12/site-packages/oslo_config/cfg.py:3253}}
Jun 30 07:19:49.366561 np0000003950 nova-scheduler[96357]: DEBUG cotyledon.oslo_config_glue [-] oslo_messaging_rabbit.direct_mandatory_flag = True {{(pid=96357) log_opt_values /opt/stack/data/venv/lib/python3.12/site-packages/oslo_config/cfg.py:3253}}
Jun 30 07:19:49.366831 np0000003950 nova-scheduler[96357]: DEBUG cotyledon.oslo_config_glue [-] oslo_messaging_rabbit.enable_cancel_on_failover = False {{(pid=96357) log_opt_values /opt/stack/data/venv/lib/python3.12/site-packages/oslo_config/cfg.py:3253}}
Jun 30 07:19:49.366831 np0000003950 nova-scheduler[96357]: DEBUG cotyledon.oslo_config_glue [-] oslo_messaging_rabbit.heartbeat_rate = 3 {{(pid=96357) log_opt_values /opt/stack/data/venv/lib/python3.12/site-packages/oslo_config/cfg.py:3253}}
Jun 30 07:19:49.366831 np0000003950 nova-scheduler[96357]: DEBUG cotyledon.oslo_config_glue [-] oslo_messaging_rabbit.heartbeat_timeout_threshold = 60 {{(pid=96357) log_opt_values /opt/stack/data/venv/lib/python3.12/site-packages/oslo_config/cfg.py:3253}}
Jun 30 07:19:49.366831 np0000003950 nova-scheduler[96357]: DEBUG cotyledon.oslo_config_glue [-] oslo_messaging_rabbit.hostname = np0000003950 {{(pid=96357) log_opt_values /opt/stack/data/venv/lib/python3.12/site-packages/oslo_config/cfg.py:3253}}
Jun 30 07:19:49.366831 np0000003950 nova-scheduler[96357]: DEBUG cotyledon.oslo_config_glue [-] oslo_messaging_rabbit.kombu_compression = None {{(pid=96357) log_opt_values /opt/stack/data/venv/lib/python3.12/site-packages/oslo_config/cfg.py:3253}}
Jun 30 07:19:49.366831 np0000003950 nova-scheduler[96357]: DEBUG cotyledon.oslo_config_glue [-] oslo_messaging_rabbit.kombu_failover_strategy = round-robin {{(pid=96357) log_opt_values /opt/stack/data/venv/lib/python3.12/site-packages/oslo_config/cfg.py:3253}}
Jun 30 07:19:49.366831 np0000003950 nova-scheduler[96357]: DEBUG cotyledon.oslo_config_glue [-] oslo_messaging_rabbit.kombu_missing_consumer_retry_timeout = 60 {{(pid=96357) log_opt_values /opt/stack/data/venv/lib/python3.12/site-packages/oslo_config/cfg.py:3253}}
Jun 30 07:19:49.366831 np0000003950 nova-scheduler[96357]: DEBUG cotyledon.oslo_config_glue [-] oslo_messaging_rabbit.kombu_reconnect_delay = 1.0 {{(pid=96357) log_opt_values /opt/stack/data/venv/lib/python3.12/site-packages/oslo_config/cfg.py:3253}}
Jun 30 07:19:49.366831 np0000003950 nova-scheduler[96357]: DEBUG cotyledon.oslo_config_glue [-] oslo_messaging_rabbit.kombu_reconnect_splay = 0.0 {{(pid=96357) log_opt_values /opt/stack/data/venv/lib/python3.12/site-packages/oslo_config/cfg.py:3253}}
Jun 30 07:19:49.367148 np0000003950 nova-scheduler[96357]: DEBUG cotyledon.oslo_config_glue [-] oslo_messaging_rabbit.processname = nova-scheduler {{(pid=96357) log_opt_values /opt/stack/data/venv/lib/python3.12/site-packages/oslo_config/cfg.py:3253}}
Jun 30 07:19:49.367148 np0000003950 nova-scheduler[96357]: DEBUG cotyledon.oslo_config_glue [-] oslo_messaging_rabbit.rabbit_ha_queues = False {{(pid=96357) log_opt_values /opt/stack/data/venv/lib/python3.12/site-packages/oslo_config/cfg.py:3253}}
Jun 30 07:19:49.367148 np0000003950 nova-scheduler[96357]: DEBUG cotyledon.oslo_config_glue [-] oslo_messaging_rabbit.rabbit_interval_max = 30 {{(pid=96357) log_opt_values /opt/stack/data/venv/lib/python3.12/site-packages/oslo_config/cfg.py:3253}}
Jun 30 07:19:49.367148 np0000003950 nova-scheduler[96357]: DEBUG cotyledon.oslo_config_glue [-] oslo_messaging_rabbit.rabbit_login_method = AMQPLAIN {{(pid=96357) log_opt_values /opt/stack/data/venv/lib/python3.12/site-packages/oslo_config/cfg.py:3253}}
Jun 30 07:19:49.367148 np0000003950 nova-scheduler[96357]: DEBUG cotyledon.oslo_config_glue [-] oslo_messaging_rabbit.rabbit_qos_prefetch_count = 0 {{(pid=96357) log_opt_values /opt/stack/data/venv/lib/python3.12/site-packages/oslo_config/cfg.py:3253}}
Jun 30 07:19:49.367148 np0000003950 nova-scheduler[96357]: DEBUG cotyledon.oslo_config_glue [-] oslo_messaging_rabbit.rabbit_quorum_delivery_limit = 0 {{(pid=96357) log_opt_values /opt/stack/data/venv/lib/python3.12/site-packages/oslo_config/cfg.py:3253}}
Jun 30 07:19:49.367148 np0000003950 nova-scheduler[96357]: DEBUG cotyledon.oslo_config_glue [-] oslo_messaging_rabbit.rabbit_quorum_max_memory_bytes = 0 {{(pid=96357) log_opt_values /opt/stack/data/venv/lib/python3.12/site-packages/oslo_config/cfg.py:3253}}
Jun 30 07:19:49.367148 np0000003950 nova-scheduler[96357]: DEBUG cotyledon.oslo_config_glue [-] oslo_messaging_rabbit.rabbit_quorum_max_memory_length = 0 {{(pid=96357) log_opt_values /opt/stack/data/venv/lib/python3.12/site-packages/oslo_config/cfg.py:3253}}
Jun 30 07:19:49.367148 np0000003950 nova-scheduler[96357]: DEBUG cotyledon.oslo_config_glue [-] oslo_messaging_rabbit.rabbit_quorum_queue = False {{(pid=96357) log_opt_values /opt/stack/data/venv/lib/python3.12/site-packages/oslo_config/cfg.py:3253}}
Jun 30 07:19:49.367454 np0000003950 nova-scheduler[96357]: DEBUG cotyledon.oslo_config_glue [-] oslo_messaging_rabbit.rabbit_retry_backoff = 2 {{(pid=96357) log_opt_values /opt/stack/data/venv/lib/python3.12/site-packages/oslo_config/cfg.py:3253}}
Jun 30 07:19:49.367454 np0000003950 nova-scheduler[96357]: DEBUG cotyledon.oslo_config_glue [-] oslo_messaging_rabbit.rabbit_retry_interval = 1 {{(pid=96357) log_opt_values /opt/stack/data/venv/lib/python3.12/site-packages/oslo_config/cfg.py:3253}}
Jun 30 07:19:49.367454 np0000003950 nova-scheduler[96357]: DEBUG cotyledon.oslo_config_glue [-] oslo_messaging_rabbit.rabbit_stream_fanout = False {{(pid=96357) log_opt_values /opt/stack/data/venv/lib/python3.12/site-packages/oslo_config/cfg.py:3253}}
Jun 30 07:19:49.367454 np0000003950 nova-scheduler[96357]: DEBUG cotyledon.oslo_config_glue [-] oslo_messaging_rabbit.rabbit_transient_queues_ttl = 1800 {{(pid=96357) log_opt_values /opt/stack/data/venv/lib/python3.12/site-packages/oslo_config/cfg.py:3253}}
Jun 30 07:19:49.367454 np0000003950 nova-scheduler[96357]: DEBUG cotyledon.oslo_config_glue [-] oslo_messaging_rabbit.rabbit_transient_quorum_queue = False {{(pid=96357) log_opt_values /opt/stack/data/venv/lib/python3.12/site-packages/oslo_config/cfg.py:3253}}
Jun 30 07:19:49.367454 np0000003950 nova-scheduler[96357]: DEBUG cotyledon.oslo_config_glue [-] oslo_messaging_rabbit.rpc_conn_pool_size = 30 {{(pid=96357) log_opt_values /opt/stack/data/venv/lib/python3.12/site-packages/oslo_config/cfg.py:3253}}
Jun 30 07:19:49.367454 np0000003950 nova-scheduler[96357]: DEBUG cotyledon.oslo_config_glue [-] oslo_messaging_rabbit.ssl = False {{(pid=96357) log_opt_values /opt/stack/data/venv/lib/python3.12/site-packages/oslo_config/cfg.py:3253}}
Jun 30 07:19:49.367454 np0000003950 nova-scheduler[96357]: DEBUG cotyledon.oslo_config_glue [-] oslo_messaging_rabbit.ssl_ca_file = {{(pid=96357) log_opt_values /opt/stack/data/venv/lib/python3.12/site-packages/oslo_config/cfg.py:3253}}
Jun 30 07:19:49.367454 np0000003950 nova-scheduler[96357]: DEBUG cotyledon.oslo_config_glue [-] oslo_messaging_rabbit.ssl_cert_file = {{(pid=96357) log_opt_values /opt/stack/data/venv/lib/python3.12/site-packages/oslo_config/cfg.py:3253}}
Jun 30 07:19:49.367736 np0000003950 nova-scheduler[96357]: DEBUG cotyledon.oslo_config_glue [-] oslo_messaging_rabbit.ssl_enforce_fips_mode = False {{(pid=96357) log_opt_values /opt/stack/data/venv/lib/python3.12/site-packages/oslo_config/cfg.py:3253}}
Jun 30 07:19:49.367736 np0000003950 nova-scheduler[96357]: DEBUG cotyledon.oslo_config_glue [-] oslo_messaging_rabbit.ssl_enforce_hostname_verification = True {{(pid=96357) log_opt_values /opt/stack/data/venv/lib/python3.12/site-packages/oslo_config/cfg.py:3253}}
Jun 30 07:19:49.367736 np0000003950 nova-scheduler[96357]: DEBUG cotyledon.oslo_config_glue [-] oslo_messaging_rabbit.ssl_key_file = {{(pid=96357) log_opt_values /opt/stack/data/venv/lib/python3.12/site-packages/oslo_config/cfg.py:3253}}
Jun 30 07:19:49.367736 np0000003950 nova-scheduler[96357]: DEBUG cotyledon.oslo_config_glue [-] oslo_messaging_rabbit.ssl_version = {{(pid=96357) log_opt_values /opt/stack/data/venv/lib/python3.12/site-packages/oslo_config/cfg.py:3253}}
Jun 30 07:19:49.367736 np0000003950 nova-scheduler[96357]: DEBUG cotyledon.oslo_config_glue [-] oslo_messaging_rabbit.use_queue_manager = False {{(pid=96357) log_opt_values /opt/stack/data/venv/lib/python3.12/site-packages/oslo_config/cfg.py:3253}}
Jun 30 07:19:49.367736 np0000003950 nova-scheduler[96357]: DEBUG cotyledon.oslo_config_glue [-] oslo_messaging_notifications.driver = ['messagingv2'] {{(pid=96357) log_opt_values /opt/stack/data/venv/lib/python3.12/site-packages/oslo_config/cfg.py:3253}}
Jun 30 07:19:49.367736 np0000003950 nova-scheduler[96357]: DEBUG cotyledon.oslo_config_glue [-] oslo_messaging_notifications.retry = -1 {{(pid=96357) log_opt_values /opt/stack/data/venv/lib/python3.12/site-packages/oslo_config/cfg.py:3253}}
Jun 30 07:19:49.367736 np0000003950 nova-scheduler[96357]: DEBUG cotyledon.oslo_config_glue [-] oslo_messaging_notifications.topics = ['notifications'] {{(pid=96357) log_opt_values /opt/stack/data/venv/lib/python3.12/site-packages/oslo_config/cfg.py:3253}}
Jun 30 07:19:49.367736 np0000003950 nova-scheduler[96357]: DEBUG cotyledon.oslo_config_glue [-] oslo_messaging_notifications.transport_url = **** {{(pid=96357) log_opt_values /opt/stack/data/venv/lib/python3.12/site-packages/oslo_config/cfg.py:3253}}
Jun 30 07:19:49.368063 np0000003950 nova-scheduler[96357]: DEBUG cotyledon.oslo_config_glue [-] oslo_limit.auth_section = None {{(pid=96357) log_opt_values /opt/stack/data/venv/lib/python3.12/site-packages/oslo_config/cfg.py:3253}}
Jun 30 07:19:49.368063 np0000003950 nova-scheduler[96357]: DEBUG cotyledon.oslo_config_glue [-] oslo_limit.auth_type = None {{(pid=96357) log_opt_values /opt/stack/data/venv/lib/python3.12/site-packages/oslo_config/cfg.py:3253}}
Jun 30 07:19:49.368063 np0000003950 nova-scheduler[96357]: DEBUG cotyledon.oslo_config_glue [-] oslo_limit.cafile = None {{(pid=96357) log_opt_values /opt/stack/data/venv/lib/python3.12/site-packages/oslo_config/cfg.py:3253}}
Jun 30 07:19:49.368063 np0000003950 nova-scheduler[96357]: DEBUG cotyledon.oslo_config_glue [-] oslo_limit.certfile = None {{(pid=96357) log_opt_values /opt/stack/data/venv/lib/python3.12/site-packages/oslo_config/cfg.py:3253}}
Jun 30 07:19:49.368063 np0000003950 nova-scheduler[96357]: DEBUG cotyledon.oslo_config_glue [-] oslo_limit.collect_timing = False {{(pid=96357) log_opt_values /opt/stack/data/venv/lib/python3.12/site-packages/oslo_config/cfg.py:3253}}
Jun 30 07:19:49.368063 np0000003950 nova-scheduler[96357]: DEBUG cotyledon.oslo_config_glue [-] oslo_limit.connect_retries = None {{(pid=96357) log_opt_values /opt/stack/data/venv/lib/python3.12/site-packages/oslo_config/cfg.py:3253}}
Jun 30 07:19:49.368063 np0000003950 nova-scheduler[96357]: DEBUG cotyledon.oslo_config_glue [-] oslo_limit.connect_retry_delay = None {{(pid=96357) log_opt_values /opt/stack/data/venv/lib/python3.12/site-packages/oslo_config/cfg.py:3253}}
Jun 30 07:19:49.368063 np0000003950 nova-scheduler[96357]: DEBUG cotyledon.oslo_config_glue [-] oslo_limit.endpoint_id = None {{(pid=96357) log_opt_values /opt/stack/data/venv/lib/python3.12/site-packages/oslo_config/cfg.py:3253}}
Jun 30 07:19:49.368063 np0000003950 nova-scheduler[96357]: DEBUG cotyledon.oslo_config_glue [-] oslo_limit.endpoint_interface = public {{(pid=96357) log_opt_values /opt/stack/data/venv/lib/python3.12/site-packages/oslo_config/cfg.py:3253}}
Jun 30 07:19:49.368381 np0000003950 nova-scheduler[96357]: DEBUG cotyledon.oslo_config_glue [-] oslo_limit.endpoint_override = None {{(pid=96357) log_opt_values /opt/stack/data/venv/lib/python3.12/site-packages/oslo_config/cfg.py:3253}}
Jun 30 07:19:49.368381 np0000003950 nova-scheduler[96357]: DEBUG cotyledon.oslo_config_glue [-] oslo_limit.endpoint_region_name = None {{(pid=96357) log_opt_values /opt/stack/data/venv/lib/python3.12/site-packages/oslo_config/cfg.py:3253}}
Jun 30 07:19:49.368381 np0000003950 nova-scheduler[96357]: DEBUG cotyledon.oslo_config_glue [-] oslo_limit.endpoint_service_name = None {{(pid=96357) log_opt_values /opt/stack/data/venv/lib/python3.12/site-packages/oslo_config/cfg.py:3253}}
Jun 30 07:19:49.368381 np0000003950 nova-scheduler[96357]: DEBUG cotyledon.oslo_config_glue [-] oslo_limit.endpoint_service_type = None {{(pid=96357) log_opt_values /opt/stack/data/venv/lib/python3.12/site-packages/oslo_config/cfg.py:3253}}
Jun 30 07:19:49.368381 np0000003950 nova-scheduler[96357]: DEBUG cotyledon.oslo_config_glue [-] oslo_limit.insecure = False {{(pid=96357) log_opt_values /opt/stack/data/venv/lib/python3.12/site-packages/oslo_config/cfg.py:3253}}
Jun 30 07:19:49.368381 np0000003950 nova-scheduler[96357]: DEBUG cotyledon.oslo_config_glue [-] oslo_limit.keyfile = None {{(pid=96357) log_opt_values /opt/stack/data/venv/lib/python3.12/site-packages/oslo_config/cfg.py:3253}}
Jun 30 07:19:49.368381 np0000003950 nova-scheduler[96357]: DEBUG cotyledon.oslo_config_glue [-] oslo_limit.max_version = None {{(pid=96357) log_opt_values /opt/stack/data/venv/lib/python3.12/site-packages/oslo_config/cfg.py:3253}}
Jun 30 07:19:49.368381 np0000003950 nova-scheduler[96357]: DEBUG cotyledon.oslo_config_glue [-] oslo_limit.min_version = None {{(pid=96357) log_opt_values /opt/stack/data/venv/lib/python3.12/site-packages/oslo_config/cfg.py:3253}}
Jun 30 07:19:49.368381 np0000003950 nova-scheduler[96357]: DEBUG cotyledon.oslo_config_glue [-] oslo_limit.region_name = None {{(pid=96357) log_opt_values /opt/stack/data/venv/lib/python3.12/site-packages/oslo_config/cfg.py:3253}}
Jun 30 07:19:49.368674 np0000003950 nova-scheduler[96357]: DEBUG cotyledon.oslo_config_glue [-] oslo_limit.retriable_status_codes = None {{(pid=96357) log_opt_values /opt/stack/data/venv/lib/python3.12/site-packages/oslo_config/cfg.py:3253}}
Jun 30 07:19:49.368674 np0000003950 nova-scheduler[96357]: DEBUG cotyledon.oslo_config_glue [-] oslo_limit.service_name = None {{(pid=96357) log_opt_values /opt/stack/data/venv/lib/python3.12/site-packages/oslo_config/cfg.py:3253}}
Jun 30 07:19:49.368674 np0000003950 nova-scheduler[96357]: DEBUG cotyledon.oslo_config_glue [-] oslo_limit.service_type = None {{(pid=96357) log_opt_values /opt/stack/data/venv/lib/python3.12/site-packages/oslo_config/cfg.py:3253}}
Jun 30 07:19:49.368674 np0000003950 nova-scheduler[96357]: DEBUG cotyledon.oslo_config_glue [-] oslo_limit.split_loggers = False {{(pid=96357) log_opt_values /opt/stack/data/venv/lib/python3.12/site-packages/oslo_config/cfg.py:3253}}
Jun 30 07:19:49.368674 np0000003950 nova-scheduler[96357]: DEBUG cotyledon.oslo_config_glue [-] oslo_limit.status_code_retries = None {{(pid=96357) log_opt_values /opt/stack/data/venv/lib/python3.12/site-packages/oslo_config/cfg.py:3253}}
Jun 30 07:19:49.368674 np0000003950 nova-scheduler[96357]: DEBUG cotyledon.oslo_config_glue [-] oslo_limit.status_code_retry_delay = None {{(pid=96357) log_opt_values /opt/stack/data/venv/lib/python3.12/site-packages/oslo_config/cfg.py:3253}}
Jun 30 07:19:49.368674 np0000003950 nova-scheduler[96357]: DEBUG cotyledon.oslo_config_glue [-] oslo_limit.timeout = None {{(pid=96357) log_opt_values /opt/stack/data/venv/lib/python3.12/site-packages/oslo_config/cfg.py:3253}}
Jun 30 07:19:49.368674 np0000003950 nova-scheduler[96357]: DEBUG cotyledon.oslo_config_glue [-] oslo_limit.valid_interfaces = None {{(pid=96357) log_opt_values /opt/stack/data/venv/lib/python3.12/site-packages/oslo_config/cfg.py:3253}}
Jun 30 07:19:49.368674 np0000003950 nova-scheduler[96357]: DEBUG cotyledon.oslo_config_glue [-] oslo_limit.version = None {{(pid=96357) log_opt_values /opt/stack/data/venv/lib/python3.12/site-packages/oslo_config/cfg.py:3253}}
Jun 30 07:19:49.368978 np0000003950 nova-scheduler[96357]: DEBUG cotyledon.oslo_config_glue [-] oslo_reports.file_event_handler = None {{(pid=96357) log_opt_values /opt/stack/data/venv/lib/python3.12/site-packages/oslo_config/cfg.py:3253}}
Jun 30 07:19:49.368978 np0000003950 nova-scheduler[96357]: DEBUG cotyledon.oslo_config_glue [-] oslo_reports.file_event_handler_interval = 1 {{(pid=96357) log_opt_values /opt/stack/data/venv/lib/python3.12/site-packages/oslo_config/cfg.py:3253}}
Jun 30 07:19:49.368978 np0000003950 nova-scheduler[96357]: DEBUG cotyledon.oslo_config_glue [-] oslo_reports.log_dir = None {{(pid=96357) log_opt_values /opt/stack/data/venv/lib/python3.12/site-packages/oslo_config/cfg.py:3253}}
Jun 30 07:19:49.368978 np0000003950 nova-scheduler[96357]: DEBUG cotyledon.oslo_config_glue [-] ******************************************************************************** {{(pid=96357) log_opt_values /opt/stack/data/venv/lib/python3.12/site-packages/oslo_config/cfg.py:3260}}
Jun 30 07:19:49.368978 np0000003950 nova-scheduler[96357]: DEBUG cotyledon._service_worker [-] Run service ServiceWrapper(3) [96357] {{(pid=96357) wait_forever /opt/stack/data/venv/lib/python3.12/site-packages/cotyledon/_service_worker.py:218}}
Jun 30 07:19:49.369136 np0000003950 nova-scheduler[96353]: DEBUG oslo_db.sqlalchemy.engines [None req-519fb1a7-5c3c-44b4-a620-b4e29011dd94 None None] MySQL server mode set to STRICT_TRANS_TABLES,STRICT_ALL_TABLES,NO_ZERO_IN_DATE,NO_ZERO_DATE,ERROR_FOR_DIVISION_BY_ZERO,TRADITIONAL,NO_ENGINE_SUBSTITUTION {{(pid=96353) _check_effective_sql_mode /opt/stack/data/venv/lib/python3.12/site-packages/oslo_db/sqlalchemy/engines.py:325}}
Jun 30 07:19:49.369186 np0000003950 nova-scheduler[96357]: INFO nova.service [-] Starting scheduler node (version 33.1.0)
Jun 30 07:19:49.369186 np0000003950 nova-scheduler[96357]: INFO dbcounter [None req-3bc466e5-879c-46ee-9d2a-5f2418dd74de None None] Registered counter for database nova_cell0
Jun 30 07:19:49.369259 np0000003950 nova-scheduler[96351]: DEBUG oslo_db.sqlalchemy.engines [None req-8c16b334-cb46-4b5c-a7bb-67fa4f051e37 None None] MySQL server mode set to STRICT_TRANS_TABLES,STRICT_ALL_TABLES,NO_ZERO_IN_DATE,NO_ZERO_DATE,ERROR_FOR_DIVISION_BY_ZERO,TRADITIONAL,NO_ENGINE_SUBSTITUTION {{(pid=96351) _check_effective_sql_mode /opt/stack/data/venv/lib/python3.12/site-packages/oslo_db/sqlalchemy/engines.py:325}}
Jun 30 07:19:49.369309 np0000003950 nova-scheduler[96353]: DEBUG dbcounter [-] [96353] Writer thread running {{(pid=96353) stat_writer /opt/stack/data/venv/lib/python3.12/site-packages/dbcounter.py:102}}
Jun 30 07:19:49.369357 np0000003950 nova-scheduler[96351]: DEBUG dbcounter [-] [96351] Writer thread running {{(pid=96351) stat_writer /opt/stack/data/venv/lib/python3.12/site-packages/dbcounter.py:102}}
Jun 30 07:19:49.369404 np0000003950 nova-scheduler[96353]: DEBUG nova.service [None req-519fb1a7-5c3c-44b4-a620-b4e29011dd94 None None] Creating RPC server for service: nova-scheduler on topic: scheduler {{(pid=96353) start /opt/stack/nova/nova/service.py:196}}
Jun 30 07:19:49.371157 np0000003950 nova-scheduler[96355]: DEBUG oslo_db.sqlalchemy.engines [None req-799982e1-a89a-4a57-9f36-3f0662842a74 None None] MySQL server mode set to STRICT_TRANS_TABLES,STRICT_ALL_TABLES,NO_ZERO_IN_DATE,NO_ZERO_DATE,ERROR_FOR_DIVISION_BY_ZERO,TRADITIONAL,NO_ENGINE_SUBSTITUTION {{(pid=96355) _check_effective_sql_mode /opt/stack/data/venv/lib/python3.12/site-packages/oslo_db/sqlalchemy/engines.py:325}}
Jun 30 07:19:49.381712 np0000003950 nova-scheduler[96351]: DEBUG nova.service [None req-8c16b334-cb46-4b5c-a7bb-67fa4f051e37 None None] Creating RPC server for service: nova-scheduler on topic: scheduler {{(pid=96351) start /opt/stack/nova/nova/service.py:196}}
Jun 30 07:19:49.382046 np0000003950 nova-scheduler[96357]: DEBUG oslo_db.sqlalchemy.engines [None req-3bc466e5-879c-46ee-9d2a-5f2418dd74de None None] MySQL server mode set to STRICT_TRANS_TABLES,STRICT_ALL_TABLES,NO_ZERO_IN_DATE,NO_ZERO_DATE,ERROR_FOR_DIVISION_BY_ZERO,TRADITIONAL,NO_ENGINE_SUBSTITUTION {{(pid=96357) _check_effective_sql_mode /opt/stack/data/venv/lib/python3.12/site-packages/oslo_db/sqlalchemy/engines.py:325}}
Jun 30 07:19:49.388899 np0000003950 nova-scheduler[96355]: DEBUG dbcounter [-] [96355] Writer thread running {{(pid=96355) stat_writer /opt/stack/data/venv/lib/python3.12/site-packages/dbcounter.py:102}}
Jun 30 07:19:49.390646 np0000003950 nova-scheduler[96355]: DEBUG nova.service [None req-799982e1-a89a-4a57-9f36-3f0662842a74 None None] Creating RPC server for service: nova-scheduler on topic: scheduler {{(pid=96355) start /opt/stack/nova/nova/service.py:196}}
Jun 30 07:19:49.391736 np0000003950 nova-scheduler[96353]: DEBUG nova.service [None req-519fb1a7-5c3c-44b4-a620-b4e29011dd94 None None] Join ServiceGroup membership for this service scheduler {{(pid=96353) start /opt/stack/nova/nova/service.py:222}}
Jun 30 07:19:49.392228 np0000003950 nova-scheduler[96353]: DEBUG nova.servicegroup.drivers.db [None req-519fb1a7-5c3c-44b4-a620-b4e29011dd94 None None] DB_Driver: join new ServiceGroup member np0000003950 to the scheduler group, service = {{(pid=96353) join /opt/stack/nova/nova/servicegroup/drivers/db.py:44}}
Jun 30 07:19:49.395268 np0000003950 nova-scheduler[96357]: DEBUG dbcounter [-] [96357] Writer thread running {{(pid=96357) stat_writer /opt/stack/data/venv/lib/python3.12/site-packages/dbcounter.py:102}}
Jun 30 07:19:49.399192 np0000003950 nova-scheduler[96357]: DEBUG nova.service [None req-3bc466e5-879c-46ee-9d2a-5f2418dd74de None None] Creating RPC server for service: nova-scheduler on topic: scheduler {{(pid=96357) start /opt/stack/nova/nova/service.py:196}}
Jun 30 07:19:49.411373 np0000003950 nova-scheduler[96351]: DEBUG nova.service [None req-8c16b334-cb46-4b5c-a7bb-67fa4f051e37 None None] Join ServiceGroup membership for this service scheduler {{(pid=96351) start /opt/stack/nova/nova/service.py:222}}
Jun 30 07:19:49.411565 np0000003950 nova-scheduler[96351]: DEBUG nova.servicegroup.drivers.db [None req-8c16b334-cb46-4b5c-a7bb-67fa4f051e37 None None] DB_Driver: join new ServiceGroup member np0000003950 to the scheduler group, service = {{(pid=96351) join /opt/stack/nova/nova/servicegroup/drivers/db.py:44}}
Jun 30 07:19:49.415547 np0000003950 nova-scheduler[96355]: DEBUG nova.service [None req-799982e1-a89a-4a57-9f36-3f0662842a74 None None] Join ServiceGroup membership for this service scheduler {{(pid=96355) start /opt/stack/nova/nova/service.py:222}}
Jun 30 07:19:49.415784 np0000003950 nova-scheduler[96355]: DEBUG nova.servicegroup.drivers.db [None req-799982e1-a89a-4a57-9f36-3f0662842a74 None None] DB_Driver: join new ServiceGroup member np0000003950 to the scheduler group, service = {{(pid=96355) join /opt/stack/nova/nova/servicegroup/drivers/db.py:44}}
Jun 30 07:19:49.418707 np0000003950 nova-scheduler[96357]: DEBUG nova.service [None req-3bc466e5-879c-46ee-9d2a-5f2418dd74de None None] Join ServiceGroup membership for this service scheduler {{(pid=96357) start /opt/stack/nova/nova/service.py:222}}
Jun 30 07:19:49.418938 np0000003950 nova-scheduler[96357]: DEBUG nova.servicegroup.drivers.db [None req-3bc466e5-879c-46ee-9d2a-5f2418dd74de None None] DB_Driver: join new ServiceGroup member np0000003950 to the scheduler group, service = {{(pid=96357) join /opt/stack/nova/nova/servicegroup/drivers/db.py:44}}
Jun 30 07:19:54.405539 np0000003950 nova-scheduler[96353]: DEBUG oslo.service.backend._threading.loopingcall [-] Fixed interval looping call 'nova.servicegroup.drivers.db.DbDriver._report_state' sleeping for 119.99 seconds {{(pid=96353) _run_loop /opt/stack/data/venv/lib/python3.12/site-packages/oslo_service/backend/_threading/loopingcall.py:125}}
Jun 30 07:19:54.417762 np0000003950 nova-scheduler[96351]: DEBUG oslo.service.backend._threading.loopingcall [-] Fixed interval looping call 'nova.servicegroup.drivers.db.DbDriver._report_state' sleeping for 120.00 seconds {{(pid=96351) _run_loop /opt/stack/data/venv/lib/python3.12/site-packages/oslo_service/backend/_threading/loopingcall.py:125}}
Jun 30 07:19:54.427255 np0000003950 nova-scheduler[96355]: DEBUG oslo.service.backend._threading.loopingcall [-] Fixed interval looping call 'nova.servicegroup.drivers.db.DbDriver._report_state' sleeping for 119.99 seconds {{(pid=96355) _run_loop /opt/stack/data/venv/lib/python3.12/site-packages/oslo_service/backend/_threading/loopingcall.py:125}}
Jun 30 07:19:54.429445 np0000003950 nova-scheduler[96357]: DEBUG oslo.service.backend._threading.loopingcall [-] Fixed interval looping call 'nova.servicegroup.drivers.db.DbDriver._report_state' sleeping for 119.99 seconds {{(pid=96357) _run_loop /opt/stack/data/venv/lib/python3.12/site-packages/oslo_service/backend/_threading/loopingcall.py:125}}
Jun 30 07:19:57.864758 np0000003950 nova-scheduler[95085]: DEBUG dbcounter [-] [95085] Writing DB stats nova_api:SELECT=3 {{(pid=95085) stat_writer /opt/stack/data/venv/lib/python3.12/site-packages/dbcounter.py:115}}
Jun 30 07:19:58.021995 np0000003950 nova-scheduler[95085]: DEBUG dbcounter [-] [95085] Writing DB stats nova_cell1:SELECT=1 {{(pid=95085) stat_writer /opt/stack/data/venv/lib/python3.12/site-packages/dbcounter.py:115}}
Jun 30 07:19:58.025960 np0000003950 nova-scheduler[95085]: DEBUG dbcounter [-] [95085] Writing DB stats nova_cell0:SELECT=1 {{(pid=95085) stat_writer /opt/stack/data/venv/lib/python3.12/site-packages/dbcounter.py:115}}
Jun 30 07:20:04.402162 np0000003950 nova-scheduler[96353]: DEBUG dbcounter [-] [96353] Writing DB stats nova_cell0:SELECT=4,nova_cell0:INSERT=1,nova_cell0:UPDATE=1 {{(pid=96353) stat_writer /opt/stack/data/venv/lib/python3.12/site-packages/dbcounter.py:115}}
Jun 30 07:20:04.415562 np0000003950 nova-scheduler[96351]: DEBUG dbcounter [-] [96351] Writing DB stats nova_cell0:SELECT=4,nova_cell0:INSERT=1 {{(pid=96351) stat_writer /opt/stack/data/venv/lib/python3.12/site-packages/dbcounter.py:115}}
Jun 30 07:20:04.424452 np0000003950 nova-scheduler[96355]: DEBUG dbcounter [-] [96355] Writing DB stats nova_cell0:SELECT=3 {{(pid=96355) stat_writer /opt/stack/data/venv/lib/python3.12/site-packages/dbcounter.py:115}}
Jun 30 07:20:04.426230 np0000003950 nova-scheduler[96357]: DEBUG dbcounter [-] [96357] Writing DB stats nova_cell0:SELECT=3 {{(pid=96357) stat_writer /opt/stack/data/venv/lib/python3.12/site-packages/dbcounter.py:115}}
Jun 30 07:20:17.413454 np0000003950 nova-scheduler[96351]: DEBUG oslo.service.backend._threading.loopingcall [None req-37242cc8-ab61-47f3-b557-d82f41da1d94 None None] Dynamic interval looping call 'nova.service.Service.periodic_tasks' sleeping for 60.00 seconds {{(pid=96351) _run_loop /opt/stack/data/venv/lib/python3.12/site-packages/oslo_service/backend/_threading/loopingcall.py:125}}
Jun 30 07:20:24.417822 np0000003950 nova-scheduler[96355]: DEBUG oslo.service.backend._threading.loopingcall [None req-088887fc-8bd1-49f3-b3a3-2edb48577433 None None] Dynamic interval looping call 'nova.service.Service.periodic_tasks' sleeping for 60.00 seconds {{(pid=96355) _run_loop /opt/stack/data/venv/lib/python3.12/site-packages/oslo_service/backend/_threading/loopingcall.py:125}}
Jun 30 07:20:24.420673 np0000003950 nova-scheduler[96357]: DEBUG oslo.service.backend._threading.loopingcall [None req-e676a966-e061-48fa-8136-745f292f0c52 None None] Dynamic interval looping call 'nova.service.Service.periodic_tasks' sleeping for 60.00 seconds {{(pid=96357) _run_loop /opt/stack/data/venv/lib/python3.12/site-packages/oslo_service/backend/_threading/loopingcall.py:125}}
Jun 30 07:20:35.394160 np0000003950 nova-scheduler[96353]: DEBUG oslo.service.backend._threading.loopingcall [None req-200600fa-a782-406b-b572-f1ba976060ad None None] Dynamic interval looping call 'nova.service.Service.periodic_tasks' sleeping for 60.00 seconds {{(pid=96353) _run_loop /opt/stack/data/venv/lib/python3.12/site-packages/oslo_service/backend/_threading/loopingcall.py:125}}
Jun 30 07:21:17.414191 np0000003950 nova-scheduler[96351]: DEBUG oslo.service.backend._threading.loopingcall [None req-37242cc8-ab61-47f3-b557-d82f41da1d94 None None] Dynamic interval looping call 'nova.service.Service.periodic_tasks' sleeping for 60.00 seconds {{(pid=96351) _run_loop /opt/stack/data/venv/lib/python3.12/site-packages/oslo_service/backend/_threading/loopingcall.py:125}}
Jun 30 07:21:24.418295 np0000003950 nova-scheduler[96355]: DEBUG oslo.service.backend._threading.loopingcall [None req-088887fc-8bd1-49f3-b3a3-2edb48577433 None None] Dynamic interval looping call 'nova.service.Service.periodic_tasks' sleeping for 60.00 seconds {{(pid=96355) _run_loop /opt/stack/data/venv/lib/python3.12/site-packages/oslo_service/backend/_threading/loopingcall.py:125}}
Jun 30 07:21:24.421144 np0000003950 nova-scheduler[96357]: DEBUG oslo.service.backend._threading.loopingcall [None req-e676a966-e061-48fa-8136-745f292f0c52 None None] Dynamic interval looping call 'nova.service.Service.periodic_tasks' sleeping for 60.00 seconds {{(pid=96357) _run_loop /opt/stack/data/venv/lib/python3.12/site-packages/oslo_service/backend/_threading/loopingcall.py:125}}
Jun 30 07:21:35.394701 np0000003950 nova-scheduler[96353]: DEBUG oslo.service.backend._threading.loopingcall [None req-200600fa-a782-406b-b572-f1ba976060ad None None] Dynamic interval looping call 'nova.service.Service.periodic_tasks' sleeping for 60.00 seconds {{(pid=96353) _run_loop /opt/stack/data/venv/lib/python3.12/site-packages/oslo_service/backend/_threading/loopingcall.py:125}}
Jun 30 07:21:54.410570 np0000003950 nova-scheduler[96353]: DEBUG oslo.service.backend._threading.loopingcall [-] Fixed interval looping call 'nova.servicegroup.drivers.db.DbDriver._report_state' sleeping for 119.99 seconds {{(pid=96353) _run_loop /opt/stack/data/venv/lib/python3.12/site-packages/oslo_service/backend/_threading/loopingcall.py:125}}
Jun 30 07:21:54.421162 np0000003950 nova-scheduler[96355]: DEBUG oslo.service.backend._threading.loopingcall [-] Fixed interval looping call 'nova.servicegroup.drivers.db.DbDriver._report_state' sleeping for 120.00 seconds {{(pid=96355) _run_loop /opt/stack/data/venv/lib/python3.12/site-packages/oslo_service/backend/_threading/loopingcall.py:125}}
Jun 30 07:21:54.430269 np0000003950 nova-scheduler[96351]: DEBUG oslo.service.backend._threading.loopingcall [-] Fixed interval looping call 'nova.servicegroup.drivers.db.DbDriver._report_state' sleeping for 119.99 seconds {{(pid=96351) _run_loop /opt/stack/data/venv/lib/python3.12/site-packages/oslo_service/backend/_threading/loopingcall.py:125}}
Jun 30 07:21:54.430951 np0000003950 nova-scheduler[96357]: DEBUG oslo.service.backend._threading.loopingcall [-] Fixed interval looping call 'nova.servicegroup.drivers.db.DbDriver._report_state' sleeping for 119.99 seconds {{(pid=96357) _run_loop /opt/stack/data/venv/lib/python3.12/site-packages/oslo_service/backend/_threading/loopingcall.py:125}}
Jun 30 07:22:04.401323 np0000003950 nova-scheduler[96353]: DEBUG dbcounter [-] [96353] Writing DB stats nova_cell0:SELECT=1,nova_cell0:UPDATE=1 {{(pid=96353) stat_writer /opt/stack/data/venv/lib/python3.12/site-packages/dbcounter.py:115}}
Jun 30 07:22:04.420068 np0000003950 nova-scheduler[96355]: DEBUG dbcounter [-] [96355] Writing DB stats nova_cell0:SELECT=1 {{(pid=96355) stat_writer /opt/stack/data/venv/lib/python3.12/site-packages/dbcounter.py:115}}
Jun 30 07:22:04.427071 np0000003950 nova-scheduler[96357]: DEBUG dbcounter [-] [96357] Writing DB stats nova_cell0:SELECT=1 {{(pid=96357) stat_writer /opt/stack/data/venv/lib/python3.12/site-packages/dbcounter.py:115}}
Jun 30 07:22:04.427540 np0000003950 nova-scheduler[96351]: DEBUG dbcounter [-] [96351] Writing DB stats nova_cell0:SELECT=1 {{(pid=96351) stat_writer /opt/stack/data/venv/lib/python3.12/site-packages/dbcounter.py:115}}
Jun 30 07:22:17.414759 np0000003950 nova-scheduler[96351]: DEBUG oslo.service.backend._threading.loopingcall [None req-37242cc8-ab61-47f3-b557-d82f41da1d94 None None] Dynamic interval looping call 'nova.service.Service.periodic_tasks' sleeping for 60.00 seconds {{(pid=96351) _run_loop /opt/stack/data/venv/lib/python3.12/site-packages/oslo_service/backend/_threading/loopingcall.py:125}}
Jun 30 07:22:19.129748 np0000003950 nova-scheduler[96353]: DEBUG nova.scheduler.manager [None req-0072dfa7-94c3-4241-8366-2e795c874960 tempest-ServerBootFromVolumeStableRescueTest-1136789137 tempest-ServerBootFromVolumeStableRescueTest-1136789137-project-member] Starting to schedule for instances: ['5bfaee76-29e0-4b91-903b-c612cd7cc0ce'] {{(pid=96353) select_destinations /opt/stack/nova/nova/scheduler/manager.py:209}}
Jun 30 07:22:19.130843 np0000003950 nova-scheduler[96353]: DEBUG nova.scheduler.request_filter [None req-0072dfa7-94c3-4241-8366-2e795c874960 tempest-ServerBootFromVolumeStableRescueTest-1136789137 tempest-ServerBootFromVolumeStableRescueTest-1136789137-project-member] compute_status_filter request filter added forbidden trait COMPUTE_STATUS_DISABLED {{(pid=96353) compute_status_filter /opt/stack/nova/nova/scheduler/request_filter.py:253}}
Jun 30 07:22:19.130843 np0000003950 nova-scheduler[96353]: DEBUG nova.scheduler.request_filter [None req-0072dfa7-94c3-4241-8366-2e795c874960 tempest-ServerBootFromVolumeStableRescueTest-1136789137 tempest-ServerBootFromVolumeStableRescueTest-1136789137-project-member] Request filter 'compute_status_filter' took 0.0 seconds {{(pid=96353) wrapper /opt/stack/nova/nova/scheduler/request_filter.py:46}}
Jun 30 07:22:19.131195 np0000003950 nova-scheduler[96353]: DEBUG nova.scheduler.request_filter [None req-0072dfa7-94c3-4241-8366-2e795c874960 tempest-ServerBootFromVolumeStableRescueTest-1136789137 tempest-ServerBootFromVolumeStableRescueTest-1136789137-project-member] Request filter 'accelerators_filter' took 0.0 seconds {{(pid=96353) wrapper /opt/stack/nova/nova/scheduler/request_filter.py:46}}
Jun 30 07:22:19.131394 np0000003950 nova-scheduler[96353]: DEBUG nova.scheduler.request_filter [None req-0072dfa7-94c3-4241-8366-2e795c874960 tempest-ServerBootFromVolumeStableRescueTest-1136789137 tempest-ServerBootFromVolumeStableRescueTest-1136789137-project-member] Request filter 'packed_virtqueue_filter' took 0.0 seconds {{(pid=96353) wrapper /opt/stack/nova/nova/scheduler/request_filter.py:46}}
Jun 30 07:22:19.131708 np0000003950 nova-scheduler[96353]: DEBUG nova.scheduler.request_filter [None req-0072dfa7-94c3-4241-8366-2e795c874960 tempest-ServerBootFromVolumeStableRescueTest-1136789137 tempest-ServerBootFromVolumeStableRescueTest-1136789137-project-member] Request filter 'remote_managed_ports_filter' took 0.0 seconds {{(pid=96353) wrapper /opt/stack/nova/nova/scheduler/request_filter.py:46}}
Jun 30 07:22:19.131915 np0000003950 nova-scheduler[96353]: DEBUG nova.scheduler.request_filter [None req-0072dfa7-94c3-4241-8366-2e795c874960 tempest-ServerBootFromVolumeStableRescueTest-1136789137 tempest-ServerBootFromVolumeStableRescueTest-1136789137-project-member] ephemeral_encryption_filter skipped {{(pid=96353) ephemeral_encryption_filter /opt/stack/nova/nova/scheduler/request_filter.py:426}}
Jun 30 07:22:19.132138 np0000003950 nova-scheduler[96353]: DEBUG nova.scheduler.request_filter [None req-0072dfa7-94c3-4241-8366-2e795c874960 tempest-ServerBootFromVolumeStableRescueTest-1136789137 tempest-ServerBootFromVolumeStableRescueTest-1136789137-project-member] virtio_sound_filter skipped {{(pid=96353) virtio_sound_filter /opt/stack/nova/nova/scheduler/request_filter.py:460}}
Jun 30 07:22:19.132430 np0000003950 nova-scheduler[96353]: DEBUG nova.scheduler.request_filter [None req-0072dfa7-94c3-4241-8366-2e795c874960 tempest-ServerBootFromVolumeStableRescueTest-1136789137 tempest-ServerBootFromVolumeStableRescueTest-1136789137-project-member] tpm_secret_security_filter skipped {{(pid=96353) tpm_secret_security_filter /opt/stack/nova/nova/scheduler/request_filter.py:477}}
Jun 30 07:22:19.958696 np0000003950 nova-scheduler[96353]: INFO nova.utils [None req-0072dfa7-94c3-4241-8366-2e795c874960 tempest-ServerBootFromVolumeStableRescueTest-1136789137 tempest-ServerBootFromVolumeStableRescueTest-1136789137-project-member] The cell worker thread pool ForkProcess-2.cell_worker is initialized
Jun 30 07:22:19.959194 np0000003950 nova-scheduler[96353]: DEBUG oslo_concurrency.lockutils [None req-0072dfa7-94c3-4241-8366-2e795c874960 tempest-ServerBootFromVolumeStableRescueTest-1136789137 tempest-ServerBootFromVolumeStableRescueTest-1136789137-project-member] Acquiring lock "875c01dd-0b1b-4f50-9d9a-da890cf72a21" by "nova.context.set_target_cell..get_or_set_cached_cell_and_set_connections" {{(pid=96353) inner /opt/stack/data/venv/lib/python3.12/site-packages/oslo_concurrency/lockutils.py:511}}
Jun 30 07:22:19.959472 np0000003950 nova-scheduler[96353]: DEBUG oslo_concurrency.lockutils [None req-0072dfa7-94c3-4241-8366-2e795c874960 tempest-ServerBootFromVolumeStableRescueTest-1136789137 tempest-ServerBootFromVolumeStableRescueTest-1136789137-project-member] Lock "875c01dd-0b1b-4f50-9d9a-da890cf72a21" acquired by "nova.context.set_target_cell..get_or_set_cached_cell_and_set_connections" :: waited 0.000s {{(pid=96353) inner /opt/stack/data/venv/lib/python3.12/site-packages/oslo_concurrency/lockutils.py:524}}
Jun 30 07:22:19.961331 np0000003950 nova-scheduler[96353]: DEBUG oslo_concurrency.lockutils [None req-0072dfa7-94c3-4241-8366-2e795c874960 tempest-ServerBootFromVolumeStableRescueTest-1136789137 tempest-ServerBootFromVolumeStableRescueTest-1136789137-project-member] Lock "875c01dd-0b1b-4f50-9d9a-da890cf72a21" "released" by "nova.context.set_target_cell..get_or_set_cached_cell_and_set_connections" :: held 0.002s {{(pid=96353) inner /opt/stack/data/venv/lib/python3.12/site-packages/oslo_concurrency/lockutils.py:543}}
Jun 30 07:22:19.964459 np0000003950 nova-scheduler[96353]: INFO dbcounter [None req-0072dfa7-94c3-4241-8366-2e795c874960 tempest-ServerBootFromVolumeStableRescueTest-1136789137 tempest-ServerBootFromVolumeStableRescueTest-1136789137-project-member] Registered counter for database nova_cell1
Jun 30 07:22:20.020775 np0000003950 nova-scheduler[96353]: DEBUG oslo_db.sqlalchemy.engines [None req-0072dfa7-94c3-4241-8366-2e795c874960 tempest-ServerBootFromVolumeStableRescueTest-1136789137 tempest-ServerBootFromVolumeStableRescueTest-1136789137-project-member] MySQL server mode set to STRICT_TRANS_TABLES,STRICT_ALL_TABLES,NO_ZERO_IN_DATE,NO_ZERO_DATE,ERROR_FOR_DIVISION_BY_ZERO,TRADITIONAL,NO_ENGINE_SUBSTITUTION {{(pid=96353) _check_effective_sql_mode /opt/stack/data/venv/lib/python3.12/site-packages/oslo_db/sqlalchemy/engines.py:325}}
Jun 30 07:22:20.027132 np0000003950 nova-scheduler[96353]: DEBUG dbcounter [-] [96353] Writer thread running {{(pid=96353) stat_writer /opt/stack/data/venv/lib/python3.12/site-packages/dbcounter.py:102}}
Jun 30 07:22:20.047453 np0000003950 nova-scheduler[96353]: DEBUG oslo_db.sqlalchemy.engines [None req-0072dfa7-94c3-4241-8366-2e795c874960 tempest-ServerBootFromVolumeStableRescueTest-1136789137 tempest-ServerBootFromVolumeStableRescueTest-1136789137-project-member] Parent process 95085 forked (96353) with an open database connection, which is being discarded and recreated. {{(pid=96353) checkout /opt/stack/data/venv/lib/python3.12/site-packages/oslo_db/sqlalchemy/engines.py:402}}
Jun 30 07:22:20.106684 np0000003950 nova-scheduler[96353]: DEBUG dbcounter [-] [96353] Writer thread running {{(pid=96353) stat_writer /opt/stack/data/venv/lib/python3.12/site-packages/dbcounter.py:102}}
Jun 30 07:22:20.122155 np0000003950 nova-scheduler[96353]: DEBUG oslo_concurrency.lockutils [None req-0072dfa7-94c3-4241-8366-2e795c874960 tempest-ServerBootFromVolumeStableRescueTest-1136789137 tempest-ServerBootFromVolumeStableRescueTest-1136789137-project-member] Acquiring lock "875c01dd-0b1b-4f50-9d9a-da890cf72a21" by "nova.context.set_target_cell..get_or_set_cached_cell_and_set_connections" {{(pid=96353) inner /opt/stack/data/venv/lib/python3.12/site-packages/oslo_concurrency/lockutils.py:511}}
Jun 30 07:22:20.122428 np0000003950 nova-scheduler[96353]: DEBUG oslo_concurrency.lockutils [None req-0072dfa7-94c3-4241-8366-2e795c874960 tempest-ServerBootFromVolumeStableRescueTest-1136789137 tempest-ServerBootFromVolumeStableRescueTest-1136789137-project-member] Lock "875c01dd-0b1b-4f50-9d9a-da890cf72a21" acquired by "nova.context.set_target_cell..get_or_set_cached_cell_and_set_connections" :: waited 0.000s {{(pid=96353) inner /opt/stack/data/venv/lib/python3.12/site-packages/oslo_concurrency/lockutils.py:524}}
Jun 30 07:22:20.122596 np0000003950 nova-scheduler[96353]: DEBUG oslo_concurrency.lockutils [None req-0072dfa7-94c3-4241-8366-2e795c874960 tempest-ServerBootFromVolumeStableRescueTest-1136789137 tempest-ServerBootFromVolumeStableRescueTest-1136789137-project-member] Lock "875c01dd-0b1b-4f50-9d9a-da890cf72a21" "released" by "nova.context.set_target_cell..get_or_set_cached_cell_and_set_connections" :: held 0.000s {{(pid=96353) inner /opt/stack/data/venv/lib/python3.12/site-packages/oslo_concurrency/lockutils.py:543}}
Jun 30 07:22:20.127488 np0000003950 nova-scheduler[96353]: DEBUG oslo_concurrency.lockutils [None req-0072dfa7-94c3-4241-8366-2e795c874960 tempest-ServerBootFromVolumeStableRescueTest-1136789137 tempest-ServerBootFromVolumeStableRescueTest-1136789137-project-member] Acquiring lock "np0000003950-np0000003950" by "nova.scheduler.host_manager.HostState.update.._locked_update" {{(pid=96353) inner /opt/stack/data/venv/lib/python3.12/site-packages/oslo_concurrency/lockutils.py:511}}
Jun 30 07:22:20.127692 np0000003950 nova-scheduler[96353]: DEBUG oslo_concurrency.lockutils [None req-0072dfa7-94c3-4241-8366-2e795c874960 tempest-ServerBootFromVolumeStableRescueTest-1136789137 tempest-ServerBootFromVolumeStableRescueTest-1136789137-project-member] Lock "np0000003950-np0000003950" acquired by "nova.scheduler.host_manager.HostState.update.._locked_update" :: waited 0.000s {{(pid=96353) inner /opt/stack/data/venv/lib/python3.12/site-packages/oslo_concurrency/lockutils.py:524}}
Jun 30 07:22:20.129111 np0000003950 nova-scheduler[96353]: DEBUG nova.scheduler.host_manager [None req-0072dfa7-94c3-4241-8366-2e795c874960 tempest-ServerBootFromVolumeStableRescueTest-1136789137 tempest-ServerBootFromVolumeStableRescueTest-1136789137-project-member] Update host state from compute node: ComputeNode(cpu_allocation_ratio=4.0,cpu_info='{"arch": "x86_64", "model": "EPYC-Milan", "vendor": "AMD", "topology": {"cells": 1, "sockets": 16, "cores": 1, "threads": 1}, "maxphysaddr": {"mode": "emulate", "bits": 40}, "features": ["clflushopt", "pcid", "rdseed", "invpcid", "lbrv", "rdrand", "de", "vgif", "rdpid", "v-vmsave-vmload", "virt-ssbd", "topoext", "xsaves", "fsgsbase", "pku", "popcnt", "sse4.1", "3dnowprefetch", "tsc-deadline", "erms", "mds-no", "sha-ni", "abm", "fxsr_opt", "rdtscp", "sse4a", "amd-stibp", "smap", "hypervisor", "sse2", "xsaveerptr", "cr8legacy", "msr", "pdpe1gb", "tsc", "cx8", "mtrr", "ibpb", "lfence-always-serializing", "pclmuldq", "cmov", "xgetbv1", "arat", "amd-ssbd", "pschange-mc-no", "pat", "aes", "f16c", "pae", "syscall", "tsc_adjust", "svme-addr-chk", "fsrm", "pse36", "wbnoinvd", "x2apic", "null-sel-clr-base", "stibp", "smep", "misalignsse", "vaes", "clflush", "sse4.2", "bmi2", "flushbyasid", "perfctr_core", "no-nested-data-bp", "mca", "vpclmulqdq", "pfthreshold", "stibp-always-on", "xsave", "pni", "vme", "vmcb-clean", "adx", "tsc-scale", "umip", "clwb", "apic", "lm", "nrip-save", "spec-ctrl", "mce", "ibrs", "sse", "avx2", "npt", "mmx", "arch-capabilities", "skip-l1dfl-vmentry", "fxsr", "pause-filter", "gds-no", "svm", "pse", "sep", "cx16", "fpu", "avx", "amd-psfd", "xsavec", "mmxext", "ssse3", "pge", "bmi1", "fma", "lahf_lm", "osvw", "clzero", "xsaveopt", "movbe", "rdctl-no", "ssbd", "nx", "cmp_legacy"]}',created_at=2026-06-30T07:20:15Z,current_workload=0,deleted=False,deleted_at=None,disk_allocation_ratio=1.0,disk_available_least=75,free_disk_gb=95,free_ram_mb=63789,host='np0000003950',host_ip=10.4.3.147,hypervisor_hostname='np0000003950',hypervisor_type='QEMU',hypervisor_version=8002002,id=1,local_gb=95,local_gb_used=0,mapped=1,memory_mb=64301,memory_mb_used=512,metrics='[]',numa_topology='{"nova_object.name": "NUMATopology", "nova_object.namespace": "nova", "nova_object.version": "1.2", "nova_object.data": {"cells": [{"nova_object.name": "NUMACell", "nova_object.namespace": "nova", "nova_object.version": "1.5", "nova_object.data": {"id": 0, "cpuset": [0, 1, 2, 3, 4, 5, 6, 7, 8, 9, 10, 11, 12, 13, 14, 15], "pcpuset": [0, 1, 2, 3, 4, 5, 6, 7, 8, 9, 10, 11, 12, 13, 14, 15], "memory": 64301, "cpu_usage": 0, "memory_usage": 0, "pinned_cpus": [], "siblings": [[6], [12], [2], [15], [5], [11], [8], [14], [4], [1], [7], [10], [0], [13], [3], [9]], "mempages": [{"nova_object.name": "NUMAPagesTopology", "nova_object.namespace": "nova", "nova_object.version": "1.1", "nova_object.data": {"size_kb": 4, "total": 16461069, "used": 0, "reserved": 0}, "nova_object.changes": ["total", "reserved", "used", "size_kb"]}, {"nova_object.name": "NUMAPagesTopology", "nova_object.namespace": "nova", "nova_object.version": "1.1", "nova_object.data": {"size_kb": 2048, "total": 0, "used": 0, "reserved": 0}, "nova_object.changes": ["total", "reserved", "used", "size_kb"]}, {"nova_object.name": "NUMAPagesTopology", "nova_object.namespace": "nova", "nova_object.version": "1.1", "nova_object.data": {"size_kb": 1048576, "total": 0, "used": 0, "reserved": 0}, "nova_object.changes": ["total", "reserved", "used", "size_kb"]}], "network_metadata": {"nova_object.name": "NetworkMetadata", "nova_object.namespace": "nova", "nova_object.version": "1.0", "nova_object.data": {"physnets": [], "tunneled": false}, "nova_object.changes": ["physnets", "tunneled"]}, "socket": null}, "nova_object.changes": ["pcpuset", "memory", "memory_usage", "cpu_usage", "cpuset", "siblings", "id", "pinned_cpus", "network_metadata", "mempages", "socket"]}]}, "nova_object.changes": ["cells"]}',pci_device_pools=PciDevicePoolList,ram_allocation_ratio=1.0,running_vms=0,service_id=2,stats={failed_builds='0',uptime=' 07:22:00 up 25 min, 2 users, load average: 1.70, 1.66, 0.97
Jun 30 07:22:20.129111 np0000003950 nova-scheduler[96353]: '},supported_hv_specs=[HVSpec,HVSpec,HVSpec,HVSpec,HVSpec,HVSpec,HVSpec,HVSpec,HVSpec,HVSpec,HVSpec,HVSpec,HVSpec,HVSpec,HVSpec,HVSpec,HVSpec,HVSpec,HVSpec,HVSpec,HVSpec,HVSpec,HVSpec,HVSpec,HVSpec],updated_at=2026-06-30T07:22:02Z,uuid=87c9ca8b-41c6-44eb-abe1-9199a478be3b,vcpus=16,vcpus_used=0) {{(pid=96353) _locked_update /opt/stack/nova/nova/scheduler/host_manager.py:168}}
Jun 30 07:22:20.129838 np0000003950 nova-scheduler[96353]: DEBUG nova.scheduler.host_manager [None req-0072dfa7-94c3-4241-8366-2e795c874960 tempest-ServerBootFromVolumeStableRescueTest-1136789137 tempest-ServerBootFromVolumeStableRescueTest-1136789137-project-member] Update host state with aggregates: [] {{(pid=96353) _locked_update /opt/stack/nova/nova/scheduler/host_manager.py:171}}
