Jul 21 17:00:06.250032 np0000005582 nova-conductor[98973]: DEBUG cotyledon.oslo_config_glue [-] workarounds.disable_group_policy_check_upcall = False {{(pid=98973) log_opt_values /opt/stack/data/venv/lib/python3.12/site-packages/oslo_config/cfg.py:3253}}
Jul 21 17:00:06.250032 np0000005582 nova-conductor[98973]: DEBUG cotyledon.oslo_config_glue [-] workarounds.disable_libvirt_livesnapshot = False {{(pid=98973) log_opt_values /opt/stack/data/venv/lib/python3.12/site-packages/oslo_config/cfg.py:3253}}
Jul 21 17:00:06.250032 np0000005582 nova-conductor[98973]: DEBUG cotyledon.oslo_config_glue [-] workarounds.disable_rootwrap = False {{(pid=98973) log_opt_values /opt/stack/data/venv/lib/python3.12/site-packages/oslo_config/cfg.py:3253}}
Jul 21 17:00:06.250264 np0000005582 nova-conductor[98973]: DEBUG cotyledon.oslo_config_glue [-] workarounds.enable_numa_live_migration = False {{(pid=98973) log_opt_values /opt/stack/data/venv/lib/python3.12/site-packages/oslo_config/cfg.py:3253}}
Jul 21 17:00:06.250264 np0000005582 nova-conductor[98973]: DEBUG cotyledon.oslo_config_glue [-] workarounds.enable_qemu_monitor_announce_self = False {{(pid=98973) log_opt_values /opt/stack/data/venv/lib/python3.12/site-packages/oslo_config/cfg.py:3253}}
Jul 21 17:00:06.250264 np0000005582 nova-conductor[98973]: DEBUG cotyledon.oslo_config_glue [-] workarounds.ensure_libvirt_rbd_instance_dir_cleanup = False {{(pid=98973) log_opt_values /opt/stack/data/venv/lib/python3.12/site-packages/oslo_config/cfg.py:3253}}
Jul 21 17:00:06.250264 np0000005582 nova-conductor[98973]: DEBUG cotyledon.oslo_config_glue [-] workarounds.handle_virt_lifecycle_events = True {{(pid=98973) log_opt_values /opt/stack/data/venv/lib/python3.12/site-packages/oslo_config/cfg.py:3253}}
Jul 21 17:00:06.250264 np0000005582 nova-conductor[98973]: DEBUG cotyledon.oslo_config_glue [-] workarounds.libvirt_disable_apic = False {{(pid=98973) log_opt_values /opt/stack/data/venv/lib/python3.12/site-packages/oslo_config/cfg.py:3253}}
Jul 21 17:00:06.250264 np0000005582 nova-conductor[98973]: DEBUG cotyledon.oslo_config_glue [-] workarounds.never_download_image_if_on_rbd = False {{(pid=98973) log_opt_values /opt/stack/data/venv/lib/python3.12/site-packages/oslo_config/cfg.py:3253}}
Jul 21 17:00:06.250264 np0000005582 nova-conductor[98973]: DEBUG cotyledon.oslo_config_glue [-] workarounds.qemu_monitor_announce_self_count = 3 {{(pid=98973) log_opt_values /opt/stack/data/venv/lib/python3.12/site-packages/oslo_config/cfg.py:3253}}
Jul 21 17:00:06.250264 np0000005582 nova-conductor[98973]: DEBUG cotyledon.oslo_config_glue [-] workarounds.qemu_monitor_announce_self_interval = 1 {{(pid=98973) log_opt_values /opt/stack/data/venv/lib/python3.12/site-packages/oslo_config/cfg.py:3253}}
Jul 21 17:00:06.250264 np0000005582 nova-conductor[98973]: DEBUG cotyledon.oslo_config_glue [-] workarounds.reserve_disk_resource_for_image_cache = False {{(pid=98973) log_opt_values /opt/stack/data/venv/lib/python3.12/site-packages/oslo_config/cfg.py:3253}}
Jul 21 17:00:06.250478 np0000005582 nova-conductor[98973]: DEBUG cotyledon.oslo_config_glue [-] workarounds.skip_cpu_compare_at_startup = False {{(pid=98973) log_opt_values /opt/stack/data/venv/lib/python3.12/site-packages/oslo_config/cfg.py:3253}}
Jul 21 17:00:06.250478 np0000005582 nova-conductor[98973]: DEBUG cotyledon.oslo_config_glue [-] workarounds.skip_cpu_compare_on_dest = False {{(pid=98973) log_opt_values /opt/stack/data/venv/lib/python3.12/site-packages/oslo_config/cfg.py:3253}}
Jul 21 17:00:06.250478 np0000005582 nova-conductor[98973]: DEBUG cotyledon.oslo_config_glue [-] workarounds.skip_hypervisor_version_check_on_lm = False {{(pid=98973) log_opt_values /opt/stack/data/venv/lib/python3.12/site-packages/oslo_config/cfg.py:3253}}
Jul 21 17:00:06.250478 np0000005582 nova-conductor[98973]: DEBUG cotyledon.oslo_config_glue [-] workarounds.skip_reserve_in_use_ironic_nodes = False {{(pid=98973) log_opt_values /opt/stack/data/venv/lib/python3.12/site-packages/oslo_config/cfg.py:3253}}
Jul 21 17:00:06.250478 np0000005582 nova-conductor[98973]: DEBUG cotyledon.oslo_config_glue [-] workarounds.unified_limits_count_pcpu_as_vcpu = False {{(pid=98973) log_opt_values /opt/stack/data/venv/lib/python3.12/site-packages/oslo_config/cfg.py:3253}}
Jul 21 17:00:06.250478 np0000005582 nova-conductor[98973]: DEBUG cotyledon.oslo_config_glue [-] workarounds.wait_for_vif_plugged_event_during_hard_reboot = [] {{(pid=98973) log_opt_values /opt/stack/data/venv/lib/python3.12/site-packages/oslo_config/cfg.py:3253}}
Jul 21 17:00:06.250478 np0000005582 nova-conductor[98973]: DEBUG cotyledon.oslo_config_glue [-] wsgi.api_paste_config = /etc/nova/api-paste.ini {{(pid=98973) log_opt_values /opt/stack/data/venv/lib/python3.12/site-packages/oslo_config/cfg.py:3253}}
Jul 21 17:00:06.250478 np0000005582 nova-conductor[98973]: DEBUG cotyledon.oslo_config_glue [-] wsgi.secure_proxy_ssl_header = None {{(pid=98973) log_opt_values /opt/stack/data/venv/lib/python3.12/site-packages/oslo_config/cfg.py:3253}}
Jul 21 17:00:06.250478 np0000005582 nova-conductor[98973]: DEBUG cotyledon.oslo_config_glue [-] zvm.ca_file = None {{(pid=98973) log_opt_values /opt/stack/data/venv/lib/python3.12/site-packages/oslo_config/cfg.py:3253}}
Jul 21 17:00:06.250666 np0000005582 nova-conductor[98973]: DEBUG cotyledon.oslo_config_glue [-] zvm.cloud_connector_url = None {{(pid=98973) log_opt_values /opt/stack/data/venv/lib/python3.12/site-packages/oslo_config/cfg.py:3253}}
Jul 21 17:00:06.250666 np0000005582 nova-conductor[98973]: DEBUG cotyledon.oslo_config_glue [-] zvm.image_tmp_path = /opt/stack/data/nova/images {{(pid=98973) log_opt_values /opt/stack/data/venv/lib/python3.12/site-packages/oslo_config/cfg.py:3253}}
Jul 21 17:00:06.250666 np0000005582 nova-conductor[98973]: DEBUG cotyledon.oslo_config_glue [-] zvm.reachable_timeout = 300 {{(pid=98973) log_opt_values /opt/stack/data/venv/lib/python3.12/site-packages/oslo_config/cfg.py:3253}}
Jul 21 17:00:06.250666 np0000005582 nova-conductor[98973]: DEBUG cotyledon.oslo_config_glue [-] oslo_versionedobjects.fatal_exception_format_errors = False {{(pid=98973) log_opt_values /opt/stack/data/venv/lib/python3.12/site-packages/oslo_config/cfg.py:3253}}
Jul 21 17:00:06.250666 np0000005582 nova-conductor[98973]: DEBUG cotyledon.oslo_config_glue [-] oslo_middleware.http_basic_auth_user_file = /etc/htpasswd {{(pid=98973) log_opt_values /opt/stack/data/venv/lib/python3.12/site-packages/oslo_config/cfg.py:3253}}
Jul 21 17:00:06.250666 np0000005582 nova-conductor[98973]: DEBUG cotyledon.oslo_config_glue [-] profiler.connection_string = messaging:// {{(pid=98973) log_opt_values /opt/stack/data/venv/lib/python3.12/site-packages/oslo_config/cfg.py:3253}}
Jul 21 17:00:06.250666 np0000005582 nova-conductor[98973]: DEBUG cotyledon.oslo_config_glue [-] profiler.enabled = False {{(pid=98973) log_opt_values /opt/stack/data/venv/lib/python3.12/site-packages/oslo_config/cfg.py:3253}}
Jul 21 17:00:06.250666 np0000005582 nova-conductor[98973]: DEBUG cotyledon.oslo_config_glue [-] profiler.es_doc_type = notification {{(pid=98973) log_opt_values /opt/stack/data/venv/lib/python3.12/site-packages/oslo_config/cfg.py:3253}}
Jul 21 17:00:06.250666 np0000005582 nova-conductor[98973]: DEBUG cotyledon.oslo_config_glue [-] profiler.es_scroll_size = 10000 {{(pid=98973) log_opt_values /opt/stack/data/venv/lib/python3.12/site-packages/oslo_config/cfg.py:3253}}
Jul 21 17:00:06.250844 np0000005582 nova-conductor[98973]: DEBUG cotyledon.oslo_config_glue [-] profiler.es_scroll_time = 2m {{(pid=98973) log_opt_values /opt/stack/data/venv/lib/python3.12/site-packages/oslo_config/cfg.py:3253}}
Jul 21 17:00:06.250844 np0000005582 nova-conductor[98973]: DEBUG cotyledon.oslo_config_glue [-] profiler.filter_error_trace = False {{(pid=98973) log_opt_values /opt/stack/data/venv/lib/python3.12/site-packages/oslo_config/cfg.py:3253}}
Jul 21 17:00:06.250844 np0000005582 nova-conductor[98973]: DEBUG cotyledon.oslo_config_glue [-] profiler.hmac_keys = **** {{(pid=98973) log_opt_values /opt/stack/data/venv/lib/python3.12/site-packages/oslo_config/cfg.py:3253}}
Jul 21 17:00:06.250844 np0000005582 nova-conductor[98973]: DEBUG cotyledon.oslo_config_glue [-] profiler.sentinel_service_name = mymaster {{(pid=98973) log_opt_values /opt/stack/data/venv/lib/python3.12/site-packages/oslo_config/cfg.py:3253}}
Jul 21 17:00:06.250844 np0000005582 nova-conductor[98973]: DEBUG cotyledon.oslo_config_glue [-] profiler.socket_timeout = 0.1 {{(pid=98973) log_opt_values /opt/stack/data/venv/lib/python3.12/site-packages/oslo_config/cfg.py:3253}}
Jul 21 17:00:06.250844 np0000005582 nova-conductor[98973]: DEBUG cotyledon.oslo_config_glue [-] profiler.trace_requests = False {{(pid=98973) log_opt_values /opt/stack/data/venv/lib/python3.12/site-packages/oslo_config/cfg.py:3253}}
Jul 21 17:00:06.250844 np0000005582 nova-conductor[98973]: DEBUG cotyledon.oslo_config_glue [-] profiler.trace_sqlalchemy = False {{(pid=98973) log_opt_values /opt/stack/data/venv/lib/python3.12/site-packages/oslo_config/cfg.py:3253}}
Jul 21 17:00:06.250844 np0000005582 nova-conductor[98973]: DEBUG cotyledon.oslo_config_glue [-] profiler_jaeger.process_tags = {} {{(pid=98973) log_opt_values /opt/stack/data/venv/lib/python3.12/site-packages/oslo_config/cfg.py:3253}}
Jul 21 17:00:06.250844 np0000005582 nova-conductor[98973]: DEBUG cotyledon.oslo_config_glue [-] profiler_jaeger.service_name_prefix = None {{(pid=98973) log_opt_values /opt/stack/data/venv/lib/python3.12/site-packages/oslo_config/cfg.py:3253}}
Jul 21 17:00:06.251051 np0000005582 nova-conductor[98973]: DEBUG cotyledon.oslo_config_glue [-] profiler_otlp.service_name_prefix = None {{(pid=98973) log_opt_values /opt/stack/data/venv/lib/python3.12/site-packages/oslo_config/cfg.py:3253}}
Jul 21 17:00:06.251051 np0000005582 nova-conductor[98973]: DEBUG cotyledon.oslo_config_glue [-] oslo_messaging_rabbit.amqp_auto_delete = False {{(pid=98973) log_opt_values /opt/stack/data/venv/lib/python3.12/site-packages/oslo_config/cfg.py:3253}}
Jul 21 17:00:06.251051 np0000005582 nova-conductor[98973]: DEBUG cotyledon.oslo_config_glue [-] oslo_messaging_rabbit.amqp_durable_queues = False {{(pid=98973) log_opt_values /opt/stack/data/venv/lib/python3.12/site-packages/oslo_config/cfg.py:3253}}
Jul 21 17:00:06.251051 np0000005582 nova-conductor[98973]: DEBUG cotyledon.oslo_config_glue [-] oslo_messaging_rabbit.conn_pool_min_size = 2 {{(pid=98973) log_opt_values /opt/stack/data/venv/lib/python3.12/site-packages/oslo_config/cfg.py:3253}}
Jul 21 17:00:06.251051 np0000005582 nova-conductor[98973]: DEBUG cotyledon.oslo_config_glue [-] oslo_messaging_rabbit.conn_pool_ttl = 1200 {{(pid=98973) log_opt_values /opt/stack/data/venv/lib/python3.12/site-packages/oslo_config/cfg.py:3253}}
Jul 21 17:00:06.251051 np0000005582 nova-conductor[98973]: DEBUG cotyledon.oslo_config_glue [-] oslo_messaging_rabbit.direct_mandatory_flag = True {{(pid=98973) log_opt_values /opt/stack/data/venv/lib/python3.12/site-packages/oslo_config/cfg.py:3253}}
Jul 21 17:00:06.251051 np0000005582 nova-conductor[98973]: DEBUG cotyledon.oslo_config_glue [-] oslo_messaging_rabbit.enable_cancel_on_failover = False {{(pid=98973) log_opt_values /opt/stack/data/venv/lib/python3.12/site-packages/oslo_config/cfg.py:3253}}
Jul 21 17:00:06.251051 np0000005582 nova-conductor[98973]: DEBUG cotyledon.oslo_config_glue [-] oslo_messaging_rabbit.heartbeat_rate = 3 {{(pid=98973) log_opt_values /opt/stack/data/venv/lib/python3.12/site-packages/oslo_config/cfg.py:3253}}
Jul 21 17:00:06.251051 np0000005582 nova-conductor[98973]: DEBUG cotyledon.oslo_config_glue [-] oslo_messaging_rabbit.heartbeat_timeout_threshold = 60 {{(pid=98973) log_opt_values /opt/stack/data/venv/lib/python3.12/site-packages/oslo_config/cfg.py:3253}}
Jul 21 17:00:06.251256 np0000005582 nova-conductor[98973]: DEBUG cotyledon.oslo_config_glue [-] oslo_messaging_rabbit.hostname = np0000005582 {{(pid=98973) log_opt_values /opt/stack/data/venv/lib/python3.12/site-packages/oslo_config/cfg.py:3253}}
Jul 21 17:00:06.251256 np0000005582 nova-conductor[98973]: DEBUG cotyledon.oslo_config_glue [-] oslo_messaging_rabbit.kombu_compression = None {{(pid=98973) log_opt_values /opt/stack/data/venv/lib/python3.12/site-packages/oslo_config/cfg.py:3253}}
Jul 21 17:00:06.251256 np0000005582 nova-conductor[98973]: DEBUG cotyledon.oslo_config_glue [-] oslo_messaging_rabbit.kombu_failover_strategy = round-robin {{(pid=98973) log_opt_values /opt/stack/data/venv/lib/python3.12/site-packages/oslo_config/cfg.py:3253}}
Jul 21 17:00:06.251256 np0000005582 nova-conductor[98973]: DEBUG cotyledon.oslo_config_glue [-] oslo_messaging_rabbit.kombu_missing_consumer_retry_timeout = 60 {{(pid=98973) log_opt_values /opt/stack/data/venv/lib/python3.12/site-packages/oslo_config/cfg.py:3253}}
Jul 21 17:00:06.251256 np0000005582 nova-conductor[98973]: DEBUG cotyledon.oslo_config_glue [-] oslo_messaging_rabbit.kombu_reconnect_delay = 1.0 {{(pid=98973) log_opt_values /opt/stack/data/venv/lib/python3.12/site-packages/oslo_config/cfg.py:3253}}
Jul 21 17:00:06.251256 np0000005582 nova-conductor[98973]: DEBUG cotyledon.oslo_config_glue [-] oslo_messaging_rabbit.kombu_reconnect_splay = 0.0 {{(pid=98973) log_opt_values /opt/stack/data/venv/lib/python3.12/site-packages/oslo_config/cfg.py:3253}}
Jul 21 17:00:06.251256 np0000005582 nova-conductor[98973]: DEBUG cotyledon.oslo_config_glue [-] oslo_messaging_rabbit.processname = nova-conductor {{(pid=98973) log_opt_values /opt/stack/data/venv/lib/python3.12/site-packages/oslo_config/cfg.py:3253}}
Jul 21 17:00:06.251256 np0000005582 nova-conductor[98973]: DEBUG cotyledon.oslo_config_glue [-] oslo_messaging_rabbit.rabbit_ha_queues = False {{(pid=98973) log_opt_values /opt/stack/data/venv/lib/python3.12/site-packages/oslo_config/cfg.py:3253}}
Jul 21 17:00:06.251256 np0000005582 nova-conductor[98973]: DEBUG cotyledon.oslo_config_glue [-] oslo_messaging_rabbit.rabbit_interval_max = 30 {{(pid=98973) log_opt_values /opt/stack/data/venv/lib/python3.12/site-packages/oslo_config/cfg.py:3253}}
Jul 21 17:00:06.251485 np0000005582 nova-conductor[98973]: DEBUG cotyledon.oslo_config_glue [-] oslo_messaging_rabbit.rabbit_login_method = AMQPLAIN {{(pid=98973) log_opt_values /opt/stack/data/venv/lib/python3.12/site-packages/oslo_config/cfg.py:3253}}
Jul 21 17:00:06.251485 np0000005582 nova-conductor[98973]: DEBUG cotyledon.oslo_config_glue [-] oslo_messaging_rabbit.rabbit_qos_prefetch_count = 0 {{(pid=98973) log_opt_values /opt/stack/data/venv/lib/python3.12/site-packages/oslo_config/cfg.py:3253}}
Jul 21 17:00:06.251485 np0000005582 nova-conductor[98973]: DEBUG cotyledon.oslo_config_glue [-] oslo_messaging_rabbit.rabbit_quorum_delivery_limit = 0 {{(pid=98973) log_opt_values /opt/stack/data/venv/lib/python3.12/site-packages/oslo_config/cfg.py:3253}}
Jul 21 17:00:06.251485 np0000005582 nova-conductor[98973]: DEBUG cotyledon.oslo_config_glue [-] oslo_messaging_rabbit.rabbit_quorum_max_memory_bytes = 0 {{(pid=98973) log_opt_values /opt/stack/data/venv/lib/python3.12/site-packages/oslo_config/cfg.py:3253}}
Jul 21 17:00:06.251485 np0000005582 nova-conductor[98973]: DEBUG cotyledon.oslo_config_glue [-] oslo_messaging_rabbit.rabbit_quorum_max_memory_length = 0 {{(pid=98973) log_opt_values /opt/stack/data/venv/lib/python3.12/site-packages/oslo_config/cfg.py:3253}}
Jul 21 17:00:06.251485 np0000005582 nova-conductor[98973]: DEBUG cotyledon.oslo_config_glue [-] oslo_messaging_rabbit.rabbit_quorum_queue = False {{(pid=98973) log_opt_values /opt/stack/data/venv/lib/python3.12/site-packages/oslo_config/cfg.py:3253}}
Jul 21 17:00:06.251485 np0000005582 nova-conductor[98973]: DEBUG cotyledon.oslo_config_glue [-] oslo_messaging_rabbit.rabbit_retry_backoff = 2 {{(pid=98973) log_opt_values /opt/stack/data/venv/lib/python3.12/site-packages/oslo_config/cfg.py:3253}}
Jul 21 17:00:06.251485 np0000005582 nova-conductor[98973]: DEBUG cotyledon.oslo_config_glue [-] oslo_messaging_rabbit.rabbit_retry_interval = 1 {{(pid=98973) log_opt_values /opt/stack/data/venv/lib/python3.12/site-packages/oslo_config/cfg.py:3253}}
Jul 21 17:00:06.251485 np0000005582 nova-conductor[98973]: DEBUG cotyledon.oslo_config_glue [-] oslo_messaging_rabbit.rabbit_stream_fanout = False {{(pid=98973) log_opt_values /opt/stack/data/venv/lib/python3.12/site-packages/oslo_config/cfg.py:3253}}
Jul 21 17:00:06.251662 np0000005582 nova-conductor[98973]: DEBUG cotyledon.oslo_config_glue [-] oslo_messaging_rabbit.rabbit_transient_queues_ttl = 1800 {{(pid=98973) log_opt_values /opt/stack/data/venv/lib/python3.12/site-packages/oslo_config/cfg.py:3253}}
Jul 21 17:00:06.251662 np0000005582 nova-conductor[98973]: DEBUG cotyledon.oslo_config_glue [-] oslo_messaging_rabbit.rabbit_transient_quorum_queue = False {{(pid=98973) log_opt_values /opt/stack/data/venv/lib/python3.12/site-packages/oslo_config/cfg.py:3253}}
Jul 21 17:00:06.251662 np0000005582 nova-conductor[98973]: DEBUG cotyledon.oslo_config_glue [-] oslo_messaging_rabbit.rpc_conn_pool_size = 30 {{(pid=98973) log_opt_values /opt/stack/data/venv/lib/python3.12/site-packages/oslo_config/cfg.py:3253}}
Jul 21 17:00:06.251662 np0000005582 nova-conductor[98973]: DEBUG cotyledon.oslo_config_glue [-] oslo_messaging_rabbit.ssl = False {{(pid=98973) log_opt_values /opt/stack/data/venv/lib/python3.12/site-packages/oslo_config/cfg.py:3253}}
Jul 21 17:00:06.251662 np0000005582 nova-conductor[98973]: DEBUG cotyledon.oslo_config_glue [-] oslo_messaging_rabbit.ssl_ca_file = {{(pid=98973) log_opt_values /opt/stack/data/venv/lib/python3.12/site-packages/oslo_config/cfg.py:3253}}
Jul 21 17:00:06.251662 np0000005582 nova-conductor[98973]: DEBUG cotyledon.oslo_config_glue [-] oslo_messaging_rabbit.ssl_cert_file = {{(pid=98973) log_opt_values /opt/stack/data/venv/lib/python3.12/site-packages/oslo_config/cfg.py:3253}}
Jul 21 17:00:06.251662 np0000005582 nova-conductor[98973]: DEBUG cotyledon.oslo_config_glue [-] oslo_messaging_rabbit.ssl_enforce_fips_mode = False {{(pid=98973) log_opt_values /opt/stack/data/venv/lib/python3.12/site-packages/oslo_config/cfg.py:3253}}
Jul 21 17:00:06.251662 np0000005582 nova-conductor[98973]: DEBUG cotyledon.oslo_config_glue [-] oslo_messaging_rabbit.ssl_enforce_hostname_verification = True {{(pid=98973) log_opt_values /opt/stack/data/venv/lib/python3.12/site-packages/oslo_config/cfg.py:3253}}
Jul 21 17:00:06.251662 np0000005582 nova-conductor[98973]: DEBUG cotyledon.oslo_config_glue [-] oslo_messaging_rabbit.ssl_key_file = {{(pid=98973) log_opt_values /opt/stack/data/venv/lib/python3.12/site-packages/oslo_config/cfg.py:3253}}
Jul 21 17:00:06.251890 np0000005582 nova-conductor[98973]: DEBUG cotyledon.oslo_config_glue [-] oslo_messaging_rabbit.ssl_version = {{(pid=98973) log_opt_values /opt/stack/data/venv/lib/python3.12/site-packages/oslo_config/cfg.py:3253}}
Jul 21 17:00:06.251890 np0000005582 nova-conductor[98973]: DEBUG cotyledon.oslo_config_glue [-] oslo_messaging_rabbit.use_queue_manager = False {{(pid=98973) log_opt_values /opt/stack/data/venv/lib/python3.12/site-packages/oslo_config/cfg.py:3253}}
Jul 21 17:00:06.251890 np0000005582 nova-conductor[98973]: DEBUG cotyledon.oslo_config_glue [-] oslo_messaging_notifications.driver = ['messagingv2'] {{(pid=98973) log_opt_values /opt/stack/data/venv/lib/python3.12/site-packages/oslo_config/cfg.py:3253}}
Jul 21 17:00:06.251890 np0000005582 nova-conductor[98973]: DEBUG cotyledon.oslo_config_glue [-] oslo_messaging_notifications.retry = -1 {{(pid=98973) log_opt_values /opt/stack/data/venv/lib/python3.12/site-packages/oslo_config/cfg.py:3253}}
Jul 21 17:00:06.251890 np0000005582 nova-conductor[98973]: DEBUG cotyledon.oslo_config_glue [-] oslo_messaging_notifications.topics = ['notifications'] {{(pid=98973) log_opt_values /opt/stack/data/venv/lib/python3.12/site-packages/oslo_config/cfg.py:3253}}
Jul 21 17:00:06.251890 np0000005582 nova-conductor[98973]: DEBUG cotyledon.oslo_config_glue [-] oslo_messaging_notifications.transport_url = **** {{(pid=98973) log_opt_values /opt/stack/data/venv/lib/python3.12/site-packages/oslo_config/cfg.py:3253}}
Jul 21 17:00:06.251890 np0000005582 nova-conductor[98973]: DEBUG cotyledon.oslo_config_glue [-] oslo_limit.auth_section = None {{(pid=98973) log_opt_values /opt/stack/data/venv/lib/python3.12/site-packages/oslo_config/cfg.py:3253}}
Jul 21 17:00:06.251890 np0000005582 nova-conductor[98973]: DEBUG cotyledon.oslo_config_glue [-] oslo_limit.auth_type = None {{(pid=98973) log_opt_values /opt/stack/data/venv/lib/python3.12/site-packages/oslo_config/cfg.py:3253}}
Jul 21 17:00:06.251890 np0000005582 nova-conductor[98973]: DEBUG cotyledon.oslo_config_glue [-] oslo_limit.cafile = None {{(pid=98973) log_opt_values /opt/stack/data/venv/lib/python3.12/site-packages/oslo_config/cfg.py:3253}}
Jul 21 17:00:06.252120 np0000005582 nova-conductor[98973]: DEBUG cotyledon.oslo_config_glue [-] oslo_limit.certfile = None {{(pid=98973) log_opt_values /opt/stack/data/venv/lib/python3.12/site-packages/oslo_config/cfg.py:3253}}
Jul 21 17:00:06.252120 np0000005582 nova-conductor[98973]: DEBUG cotyledon.oslo_config_glue [-] oslo_limit.collect_timing = False {{(pid=98973) log_opt_values /opt/stack/data/venv/lib/python3.12/site-packages/oslo_config/cfg.py:3253}}
Jul 21 17:00:06.252120 np0000005582 nova-conductor[98973]: DEBUG cotyledon.oslo_config_glue [-] oslo_limit.connect_retries = None {{(pid=98973) log_opt_values /opt/stack/data/venv/lib/python3.12/site-packages/oslo_config/cfg.py:3253}}
Jul 21 17:00:06.252120 np0000005582 nova-conductor[98973]: DEBUG cotyledon.oslo_config_glue [-] oslo_limit.connect_retry_delay = None {{(pid=98973) log_opt_values /opt/stack/data/venv/lib/python3.12/site-packages/oslo_config/cfg.py:3253}}
Jul 21 17:00:06.252120 np0000005582 nova-conductor[98973]: DEBUG cotyledon.oslo_config_glue [-] oslo_limit.endpoint_id = None {{(pid=98973) log_opt_values /opt/stack/data/venv/lib/python3.12/site-packages/oslo_config/cfg.py:3253}}
Jul 21 17:00:06.252120 np0000005582 nova-conductor[98973]: DEBUG cotyledon.oslo_config_glue [-] oslo_limit.endpoint_interface = public {{(pid=98973) log_opt_values /opt/stack/data/venv/lib/python3.12/site-packages/oslo_config/cfg.py:3253}}
Jul 21 17:00:06.252120 np0000005582 nova-conductor[98973]: DEBUG cotyledon.oslo_config_glue [-] oslo_limit.endpoint_override = None {{(pid=98973) log_opt_values /opt/stack/data/venv/lib/python3.12/site-packages/oslo_config/cfg.py:3253}}
Jul 21 17:00:06.252120 np0000005582 nova-conductor[98973]: DEBUG cotyledon.oslo_config_glue [-] oslo_limit.endpoint_region_name = None {{(pid=98973) log_opt_values /opt/stack/data/venv/lib/python3.12/site-packages/oslo_config/cfg.py:3253}}
Jul 21 17:00:06.252120 np0000005582 nova-conductor[98973]: DEBUG cotyledon.oslo_config_glue [-] oslo_limit.endpoint_service_name = None {{(pid=98973) log_opt_values /opt/stack/data/venv/lib/python3.12/site-packages/oslo_config/cfg.py:3253}}
Jul 21 17:00:06.252302 np0000005582 nova-conductor[98973]: DEBUG cotyledon.oslo_config_glue [-] oslo_limit.endpoint_service_type = None {{(pid=98973) log_opt_values /opt/stack/data/venv/lib/python3.12/site-packages/oslo_config/cfg.py:3253}}
Jul 21 17:00:06.252302 np0000005582 nova-conductor[98973]: DEBUG cotyledon.oslo_config_glue [-] oslo_limit.insecure = False {{(pid=98973) log_opt_values /opt/stack/data/venv/lib/python3.12/site-packages/oslo_config/cfg.py:3253}}
Jul 21 17:00:06.252302 np0000005582 nova-conductor[98973]: DEBUG cotyledon.oslo_config_glue [-] oslo_limit.keyfile = None {{(pid=98973) log_opt_values /opt/stack/data/venv/lib/python3.12/site-packages/oslo_config/cfg.py:3253}}
Jul 21 17:00:06.252302 np0000005582 nova-conductor[98973]: DEBUG cotyledon.oslo_config_glue [-] oslo_limit.max_version = None {{(pid=98973) log_opt_values /opt/stack/data/venv/lib/python3.12/site-packages/oslo_config/cfg.py:3253}}
Jul 21 17:00:06.252302 np0000005582 nova-conductor[98973]: DEBUG cotyledon.oslo_config_glue [-] oslo_limit.min_version = None {{(pid=98973) log_opt_values /opt/stack/data/venv/lib/python3.12/site-packages/oslo_config/cfg.py:3253}}
Jul 21 17:00:06.252302 np0000005582 nova-conductor[98973]: DEBUG cotyledon.oslo_config_glue [-] oslo_limit.region_name = None {{(pid=98973) log_opt_values /opt/stack/data/venv/lib/python3.12/site-packages/oslo_config/cfg.py:3253}}
Jul 21 17:00:06.252302 np0000005582 nova-conductor[98973]: DEBUG cotyledon.oslo_config_glue [-] oslo_limit.retriable_status_codes = None {{(pid=98973) log_opt_values /opt/stack/data/venv/lib/python3.12/site-packages/oslo_config/cfg.py:3253}}
Jul 21 17:00:06.252302 np0000005582 nova-conductor[98973]: DEBUG cotyledon.oslo_config_glue [-] oslo_limit.service_name = None {{(pid=98973) log_opt_values /opt/stack/data/venv/lib/python3.12/site-packages/oslo_config/cfg.py:3253}}
Jul 21 17:00:06.252302 np0000005582 nova-conductor[98973]: DEBUG cotyledon.oslo_config_glue [-] oslo_limit.service_type = None {{(pid=98973) log_opt_values /opt/stack/data/venv/lib/python3.12/site-packages/oslo_config/cfg.py:3253}}
Jul 21 17:00:06.252553 np0000005582 nova-conductor[98973]: DEBUG cotyledon.oslo_config_glue [-] oslo_limit.split_loggers = False {{(pid=98973) log_opt_values /opt/stack/data/venv/lib/python3.12/site-packages/oslo_config/cfg.py:3253}}
Jul 21 17:00:06.252553 np0000005582 nova-conductor[98973]: DEBUG cotyledon.oslo_config_glue [-] oslo_limit.status_code_retries = None {{(pid=98973) log_opt_values /opt/stack/data/venv/lib/python3.12/site-packages/oslo_config/cfg.py:3253}}
Jul 21 17:00:06.252553 np0000005582 nova-conductor[98973]: DEBUG cotyledon.oslo_config_glue [-] oslo_limit.status_code_retry_delay = None {{(pid=98973) log_opt_values /opt/stack/data/venv/lib/python3.12/site-packages/oslo_config/cfg.py:3253}}
Jul 21 17:00:06.252553 np0000005582 nova-conductor[98973]: DEBUG cotyledon.oslo_config_glue [-] oslo_limit.timeout = None {{(pid=98973) log_opt_values /opt/stack/data/venv/lib/python3.12/site-packages/oslo_config/cfg.py:3253}}
Jul 21 17:00:06.252553 np0000005582 nova-conductor[98973]: DEBUG cotyledon.oslo_config_glue [-] oslo_limit.valid_interfaces = None {{(pid=98973) log_opt_values /opt/stack/data/venv/lib/python3.12/site-packages/oslo_config/cfg.py:3253}}
Jul 21 17:00:06.252553 np0000005582 nova-conductor[98973]: DEBUG cotyledon.oslo_config_glue [-] oslo_limit.version = None {{(pid=98973) log_opt_values /opt/stack/data/venv/lib/python3.12/site-packages/oslo_config/cfg.py:3253}}
Jul 21 17:00:06.252553 np0000005582 nova-conductor[98973]: DEBUG cotyledon.oslo_config_glue [-] oslo_reports.file_event_handler = None {{(pid=98973) log_opt_values /opt/stack/data/venv/lib/python3.12/site-packages/oslo_config/cfg.py:3253}}
Jul 21 17:00:06.252553 np0000005582 nova-conductor[98973]: DEBUG cotyledon.oslo_config_glue [-] oslo_reports.file_event_handler_interval = 1 {{(pid=98973) log_opt_values /opt/stack/data/venv/lib/python3.12/site-packages/oslo_config/cfg.py:3253}}
Jul 21 17:00:06.252553 np0000005582 nova-conductor[98973]: DEBUG cotyledon.oslo_config_glue [-] oslo_reports.log_dir = None {{(pid=98973) log_opt_values /opt/stack/data/venv/lib/python3.12/site-packages/oslo_config/cfg.py:3253}}
Jul 21 17:00:06.252768 np0000005582 nova-conductor[98973]: DEBUG cotyledon.oslo_config_glue [-] ******************************************************************************** {{(pid=98973) log_opt_values /opt/stack/data/venv/lib/python3.12/site-packages/oslo_config/cfg.py:3260}}
Jul 21 17:00:06.252768 np0000005582 nova-conductor[98973]: DEBUG cotyledon._service_worker [-] Run service ServiceWrapper(3) [98973] {{(pid=98973) wait_forever /opt/stack/data/venv/lib/python3.12/site-packages/cotyledon/_service_worker.py:218}}
Jul 21 17:00:06.252768 np0000005582 nova-conductor[98973]: INFO nova.service [-] Starting conductor node (version 33.1.0)
Jul 21 17:00:06.252768 np0000005582 nova-conductor[98973]: INFO dbcounter [None req-68211e38-0b8b-4b94-b7d3-7c23facc145e None None] Registered counter for database nova_cell0
Jul 21 17:00:06.252870 np0000005582 nova-conductor[98968]: DEBUG oslo_db.sqlalchemy.engines [None req-2d4dfca7-6a69-4ff3-a91f-196cda1b7929 None None] MySQL server mode set to STRICT_TRANS_TABLES,STRICT_ALL_TABLES,NO_ZERO_IN_DATE,NO_ZERO_DATE,ERROR_FOR_DIVISION_BY_ZERO,TRADITIONAL,NO_ENGINE_SUBSTITUTION {{(pid=98968) _check_effective_sql_mode /opt/stack/data/venv/lib/python3.12/site-packages/oslo_db/sqlalchemy/engines.py:325}}
Jul 21 17:00:06.252870 np0000005582 nova-conductor[98968]: DEBUG dbcounter [-] [98968] Writer thread running {{(pid=98968) stat_writer /opt/stack/data/venv/lib/python3.12/site-packages/dbcounter.py:102}}
Jul 21 17:00:06.252927 np0000005582 nova-conductor[98961]: DEBUG oslo_db.sqlalchemy.engines [None req-a0cbc451-17ff-4146-97b2-e0ca4a1893a2 None None] MySQL server mode set to STRICT_TRANS_TABLES,STRICT_ALL_TABLES,NO_ZERO_IN_DATE,NO_ZERO_DATE,ERROR_FOR_DIVISION_BY_ZERO,TRADITIONAL,NO_ENGINE_SUBSTITUTION {{(pid=98961) _check_effective_sql_mode /opt/stack/data/venv/lib/python3.12/site-packages/oslo_db/sqlalchemy/engines.py:325}}
Jul 21 17:00:06.252966 np0000005582 nova-conductor[98973]: DEBUG oslo_db.sqlalchemy.engines [None req-68211e38-0b8b-4b94-b7d3-7c23facc145e None None] MySQL server mode set to STRICT_TRANS_TABLES,STRICT_ALL_TABLES,NO_ZERO_IN_DATE,NO_ZERO_DATE,ERROR_FOR_DIVISION_BY_ZERO,TRADITIONAL,NO_ENGINE_SUBSTITUTION {{(pid=98973) _check_effective_sql_mode /opt/stack/data/venv/lib/python3.12/site-packages/oslo_db/sqlalchemy/engines.py:325}}
Jul 21 17:00:06.255289 np0000005582 nova-conductor[98950]: DEBUG oslo_db.sqlalchemy.engines [None req-efd1b784-b0db-4508-86b7-20d73073a80f None None] MySQL server mode set to STRICT_TRANS_TABLES,STRICT_ALL_TABLES,NO_ZERO_IN_DATE,NO_ZERO_DATE,ERROR_FOR_DIVISION_BY_ZERO,TRADITIONAL,NO_ENGINE_SUBSTITUTION {{(pid=98950) _check_effective_sql_mode /opt/stack/data/venv/lib/python3.12/site-packages/oslo_db/sqlalchemy/engines.py:325}}
Jul 21 17:00:06.259037 np0000005582 nova-conductor[98961]: DEBUG dbcounter [-] [98961] Writer thread running {{(pid=98961) stat_writer /opt/stack/data/venv/lib/python3.12/site-packages/dbcounter.py:102}}
Jul 21 17:00:06.260963 np0000005582 nova-conductor[98968]: DEBUG nova.service [None req-2d4dfca7-6a69-4ff3-a91f-196cda1b7929 None None] Creating RPC server for service: nova-conductor on topic: conductor {{(pid=98968) start /opt/stack/nova/nova/service.py:196}}
Jul 21 17:00:06.262529 np0000005582 nova-conductor[98961]: DEBUG nova.service [None req-a0cbc451-17ff-4146-97b2-e0ca4a1893a2 None None] Creating RPC server for service: nova-conductor on topic: conductor {{(pid=98961) start /opt/stack/nova/nova/service.py:196}}
Jul 21 17:00:06.263270 np0000005582 nova-conductor[98973]: DEBUG dbcounter [-] [98973] Writer thread running {{(pid=98973) stat_writer /opt/stack/data/venv/lib/python3.12/site-packages/dbcounter.py:102}}
Jul 21 17:00:06.266737 np0000005582 nova-conductor[98973]: DEBUG nova.service [None req-68211e38-0b8b-4b94-b7d3-7c23facc145e None None] Creating RPC server for service: nova-conductor on topic: conductor {{(pid=98973) start /opt/stack/nova/nova/service.py:196}}
Jul 21 17:00:06.267517 np0000005582 nova-conductor[98950]: DEBUG dbcounter [-] [98950] Writer thread running {{(pid=98950) stat_writer /opt/stack/data/venv/lib/python3.12/site-packages/dbcounter.py:102}}
Jul 21 17:00:06.270915 np0000005582 nova-conductor[98950]: DEBUG nova.service [None req-efd1b784-b0db-4508-86b7-20d73073a80f None None] Creating RPC server for service: nova-conductor on topic: conductor {{(pid=98950) start /opt/stack/nova/nova/service.py:196}}
Jul 21 17:00:06.288874 np0000005582 nova-conductor[98968]: DEBUG nova.service [None req-2d4dfca7-6a69-4ff3-a91f-196cda1b7929 None None] Join ServiceGroup membership for this service conductor {{(pid=98968) start /opt/stack/nova/nova/service.py:222}}
Jul 21 17:00:06.289120 np0000005582 nova-conductor[98968]: DEBUG nova.servicegroup.drivers.db [None req-2d4dfca7-6a69-4ff3-a91f-196cda1b7929 None None] DB_Driver: join new ServiceGroup member np0000005582 to the conductor group, service = {{(pid=98968) join /opt/stack/nova/nova/servicegroup/drivers/db.py:44}}
Jul 21 17:00:06.290200 np0000005582 nova-conductor[98950]: DEBUG nova.service [None req-efd1b784-b0db-4508-86b7-20d73073a80f None None] Join ServiceGroup membership for this service conductor {{(pid=98950) start /opt/stack/nova/nova/service.py:222}}
Jul 21 17:00:06.290446 np0000005582 nova-conductor[98950]: DEBUG nova.servicegroup.drivers.db [None req-efd1b784-b0db-4508-86b7-20d73073a80f None None] DB_Driver: join new ServiceGroup member np0000005582 to the conductor group, service = {{(pid=98950) join /opt/stack/nova/nova/servicegroup/drivers/db.py:44}}
Jul 21 17:00:06.292553 np0000005582 nova-conductor[98961]: DEBUG nova.service [None req-a0cbc451-17ff-4146-97b2-e0ca4a1893a2 None None] Join ServiceGroup membership for this service conductor {{(pid=98961) start /opt/stack/nova/nova/service.py:222}}
Jul 21 17:00:06.292754 np0000005582 nova-conductor[98961]: DEBUG nova.servicegroup.drivers.db [None req-a0cbc451-17ff-4146-97b2-e0ca4a1893a2 None None] DB_Driver: join new ServiceGroup member np0000005582 to the conductor group, service = {{(pid=98961) join /opt/stack/nova/nova/servicegroup/drivers/db.py:44}}
Jul 21 17:00:06.297389 np0000005582 nova-conductor[98973]: DEBUG nova.service [None req-68211e38-0b8b-4b94-b7d3-7c23facc145e None None] Join ServiceGroup membership for this service conductor {{(pid=98973) start /opt/stack/nova/nova/service.py:222}}
Jul 21 17:00:06.297657 np0000005582 nova-conductor[98973]: DEBUG nova.servicegroup.drivers.db [None req-68211e38-0b8b-4b94-b7d3-7c23facc145e None None] DB_Driver: join new ServiceGroup member np0000005582 to the conductor group, service = {{(pid=98973) join /opt/stack/nova/nova/servicegroup/drivers/db.py:44}}
Jul 21 17:00:11.302457 np0000005582 nova-conductor[98968]: DEBUG oslo.service.backend._threading.loopingcall [-] Fixed interval looping call 'nova.servicegroup.drivers.db.DbDriver._report_state' sleeping for 119.99 seconds {{(pid=98968) _run_loop /opt/stack/data/venv/lib/python3.12/site-packages/oslo_service/backend/_threading/loopingcall.py:125}}
Jul 21 17:00:11.303743 np0000005582 nova-conductor[98950]: DEBUG oslo.service.backend._threading.loopingcall [-] Fixed interval looping call 'nova.servicegroup.drivers.db.DbDriver._report_state' sleeping for 119.99 seconds {{(pid=98950) _run_loop /opt/stack/data/venv/lib/python3.12/site-packages/oslo_service/backend/_threading/loopingcall.py:125}}
Jul 21 17:00:11.305429 np0000005582 nova-conductor[98961]: DEBUG oslo.service.backend._threading.loopingcall [-] Fixed interval looping call 'nova.servicegroup.drivers.db.DbDriver._report_state' sleeping for 119.99 seconds {{(pid=98961) _run_loop /opt/stack/data/venv/lib/python3.12/site-packages/oslo_service/backend/_threading/loopingcall.py:125}}
Jul 21 17:00:11.308094 np0000005582 nova-conductor[98973]: DEBUG oslo.service.backend._threading.loopingcall [-] Fixed interval looping call 'nova.servicegroup.drivers.db.DbDriver._report_state' sleeping for 119.99 seconds {{(pid=98973) _run_loop /opt/stack/data/venv/lib/python3.12/site-packages/oslo_service/backend/_threading/loopingcall.py:125}}
Jul 21 17:00:14.828378 np0000005582 nova-conductor[97489]: DEBUG dbcounter [-] [97489] Writing DB stats nova_api:SELECT=1 {{(pid=97489) stat_writer /opt/stack/data/venv/lib/python3.12/site-packages/dbcounter.py:115}}
Jul 21 17:00:14.974572 np0000005582 nova-conductor[97489]: DEBUG dbcounter [-] [97489] Writing DB stats nova_cell0:SELECT=1 {{(pid=97489) stat_writer /opt/stack/data/venv/lib/python3.12/site-packages/dbcounter.py:115}}
Jul 21 17:00:14.980101 np0000005582 nova-conductor[97489]: DEBUG dbcounter [-] [97489] Writing DB stats nova_cell1:SELECT=1 {{(pid=97489) stat_writer /opt/stack/data/venv/lib/python3.12/site-packages/dbcounter.py:115}}
Jul 21 17:00:21.299160 np0000005582 nova-conductor[98968]: DEBUG dbcounter [-] [98968] Writing DB stats nova_cell0:SELECT=4,nova_cell0:INSERT=1,nova_cell0:UPDATE=1 {{(pid=98968) stat_writer /opt/stack/data/venv/lib/python3.12/site-packages/dbcounter.py:115}}
Jul 21 17:00:21.301570 np0000005582 nova-conductor[98950]: DEBUG dbcounter [-] [98950] Writing DB stats nova_cell0:SELECT=3,nova_cell0:UPDATE=1 {{(pid=98950) stat_writer /opt/stack/data/venv/lib/python3.12/site-packages/dbcounter.py:115}}
Jul 21 17:00:21.302251 np0000005582 nova-conductor[98961]: DEBUG dbcounter [-] [98961] Writing DB stats nova_cell0:SELECT=3 {{(pid=98961) stat_writer /opt/stack/data/venv/lib/python3.12/site-packages/dbcounter.py:115}}
Jul 21 17:00:21.305609 np0000005582 nova-conductor[98973]: DEBUG dbcounter [-] [98973] Writing DB stats nova_cell0:SELECT=3 {{(pid=98973) stat_writer /opt/stack/data/venv/lib/python3.12/site-packages/dbcounter.py:115}}
Jul 21 17:00:31.295594 np0000005582 nova-conductor[98961]: DEBUG oslo.service.backend._threading.loopingcall [None req-d7f70f71-fa58-46e8-b524-bbfba58a6c48 None None] Dynamic interval looping call 'nova.service.Service.periodic_tasks' sleeping for 60.00 seconds {{(pid=98961) _run_loop /opt/stack/data/venv/lib/python3.12/site-packages/oslo_service/backend/_threading/loopingcall.py:125}}
Jul 21 17:00:32.299761 np0000005582 nova-conductor[98973]: DEBUG oslo.service.backend._threading.loopingcall [None req-f18a10a6-c829-48a7-86c7-467fa15c0642 None None] Dynamic interval looping call 'nova.service.Service.periodic_tasks' sleeping for 60.00 seconds {{(pid=98973) _run_loop /opt/stack/data/venv/lib/python3.12/site-packages/oslo_service/backend/_threading/loopingcall.py:125}}
Jul 21 17:00:47.292633 np0000005582 nova-conductor[98950]: DEBUG oslo.service.backend._threading.loopingcall [None req-0cb96936-ee81-44d7-b01e-d1c93fd50e50 None None] Dynamic interval looping call 'nova.service.Service.periodic_tasks' sleeping for 60.00 seconds {{(pid=98950) _run_loop /opt/stack/data/venv/lib/python3.12/site-packages/oslo_service/backend/_threading/loopingcall.py:125}}
Jul 21 17:00:58.291172 np0000005582 nova-conductor[98968]: DEBUG oslo.service.backend._threading.loopingcall [None req-abe24a2d-673d-4506-b9ff-b1787ecf439a None None] Dynamic interval looping call 'nova.service.Service.periodic_tasks' sleeping for 60.00 seconds {{(pid=98968) _run_loop /opt/stack/data/venv/lib/python3.12/site-packages/oslo_service/backend/_threading/loopingcall.py:125}}
Jul 21 17:01:31.296089 np0000005582 nova-conductor[98961]: DEBUG oslo.service.backend._threading.loopingcall [None req-d7f70f71-fa58-46e8-b524-bbfba58a6c48 None None] Dynamic interval looping call 'nova.service.Service.periodic_tasks' sleeping for 60.00 seconds {{(pid=98961) _run_loop /opt/stack/data/venv/lib/python3.12/site-packages/oslo_service/backend/_threading/loopingcall.py:125}}
Jul 21 17:01:32.300271 np0000005582 nova-conductor[98973]: DEBUG oslo.service.backend._threading.loopingcall [None req-f18a10a6-c829-48a7-86c7-467fa15c0642 None None] Dynamic interval looping call 'nova.service.Service.periodic_tasks' sleeping for 60.00 seconds {{(pid=98973) _run_loop /opt/stack/data/venv/lib/python3.12/site-packages/oslo_service/backend/_threading/loopingcall.py:125}}
Jul 21 17:01:47.293180 np0000005582 nova-conductor[98950]: DEBUG oslo.service.backend._threading.loopingcall [None req-0cb96936-ee81-44d7-b01e-d1c93fd50e50 None None] Dynamic interval looping call 'nova.service.Service.periodic_tasks' sleeping for 60.00 seconds {{(pid=98950) _run_loop /opt/stack/data/venv/lib/python3.12/site-packages/oslo_service/backend/_threading/loopingcall.py:125}}
Jul 21 17:01:58.291681 np0000005582 nova-conductor[98968]: DEBUG oslo.service.backend._threading.loopingcall [None req-abe24a2d-673d-4506-b9ff-b1787ecf439a None None] Dynamic interval looping call 'nova.service.Service.periodic_tasks' sleeping for 60.00 seconds {{(pid=98968) _run_loop /opt/stack/data/venv/lib/python3.12/site-packages/oslo_service/backend/_threading/loopingcall.py:125}}
Jul 21 17:02:11.307911 np0000005582 nova-conductor[98950]: DEBUG oslo.service.backend._threading.loopingcall [-] Fixed interval looping call 'nova.servicegroup.drivers.db.DbDriver._report_state' sleeping for 119.99 seconds {{(pid=98950) _run_loop /opt/stack/data/venv/lib/python3.12/site-packages/oslo_service/backend/_threading/loopingcall.py:125}}
Jul 21 17:02:11.309967 np0000005582 nova-conductor[98961]: DEBUG oslo.service.backend._threading.loopingcall [-] Fixed interval looping call 'nova.servicegroup.drivers.db.DbDriver._report_state' sleeping for 119.99 seconds {{(pid=98961) _run_loop /opt/stack/data/venv/lib/python3.12/site-packages/oslo_service/backend/_threading/loopingcall.py:125}}
Jul 21 17:02:11.310474 np0000005582 nova-conductor[98968]: DEBUG oslo.service.backend._threading.loopingcall [-] Fixed interval looping call 'nova.servicegroup.drivers.db.DbDriver._report_state' sleeping for 119.98 seconds {{(pid=98968) _run_loop /opt/stack/data/venv/lib/python3.12/site-packages/oslo_service/backend/_threading/loopingcall.py:125}}
Jul 21 17:02:11.310874 np0000005582 nova-conductor[98973]: DEBUG oslo.service.backend._threading.loopingcall [-] Fixed interval looping call 'nova.servicegroup.drivers.db.DbDriver._report_state' sleeping for 119.99 seconds {{(pid=98973) _run_loop /opt/stack/data/venv/lib/python3.12/site-packages/oslo_service/backend/_threading/loopingcall.py:125}}
Jul 21 17:02:18.615678 np0000005582 nova-conductor[98968]: DEBUG oslo_db.sqlalchemy.engines [None req-109c4317-57ee-4ec0-9cbe-9d2d9c104042 tempest-DeleteServersTestJSON-1066432083 tempest-DeleteServersTestJSON-1066432083-project-member] Parent process 97489 forked (98968) with an open database connection, which is being discarded and recreated. {{(pid=98968) checkout /opt/stack/data/venv/lib/python3.12/site-packages/oslo_db/sqlalchemy/engines.py:402}}
Jul 21 17:02:18.652645 np0000005582 nova-conductor[98968]: DEBUG dbcounter [-] [98968] Writer thread running {{(pid=98968) stat_writer /opt/stack/data/venv/lib/python3.12/site-packages/dbcounter.py:102}}
Jul 21 17:02:19.586732 np0000005582 nova-conductor[98968]: DEBUG nova.conductor.manager [None req-109c4317-57ee-4ec0-9cbe-9d2d9c104042 tempest-DeleteServersTestJSON-1066432083 tempest-DeleteServersTestJSON-1066432083-project-member] Took 0.93 seconds to select destinations for 1 instance(s). {{(pid=98968) _schedule_instances /opt/stack/nova/nova/conductor/manager.py:968}}
Jul 21 17:02:19.619748 np0000005582 nova-conductor[98968]: DEBUG oslo_concurrency.lockutils [None req-109c4317-57ee-4ec0-9cbe-9d2d9c104042 tempest-DeleteServersTestJSON-1066432083 tempest-DeleteServersTestJSON-1066432083-project-member] Acquiring lock "d21b4c02-60bc-40e1-bd6f-c5769dfd2ebb" by "nova.context.set_target_cell..get_or_set_cached_cell_and_set_connections" {{(pid=98968) inner /opt/stack/data/venv/lib/python3.12/site-packages/oslo_concurrency/lockutils.py:512}}
Jul 21 17:02:19.619748 np0000005582 nova-conductor[98968]: DEBUG oslo_concurrency.lockutils [None req-109c4317-57ee-4ec0-9cbe-9d2d9c104042 tempest-DeleteServersTestJSON-1066432083 tempest-DeleteServersTestJSON-1066432083-project-member] Lock "d21b4c02-60bc-40e1-bd6f-c5769dfd2ebb" acquired by "nova.context.set_target_cell..get_or_set_cached_cell_and_set_connections" :: waited 0.000s {{(pid=98968) inner /opt/stack/data/venv/lib/python3.12/site-packages/oslo_concurrency/lockutils.py:525}}
Jul 21 17:02:19.620957 np0000005582 nova-conductor[98968]: DEBUG oslo_concurrency.lockutils [None req-109c4317-57ee-4ec0-9cbe-9d2d9c104042 tempest-DeleteServersTestJSON-1066432083 tempest-DeleteServersTestJSON-1066432083-project-member] Lock "d21b4c02-60bc-40e1-bd6f-c5769dfd2ebb" "released" by "nova.context.set_target_cell..get_or_set_cached_cell_and_set_connections" :: held 0.001s {{(pid=98968) inner /opt/stack/data/venv/lib/python3.12/site-packages/oslo_concurrency/lockutils.py:544}}
Jul 21 17:02:19.623313 np0000005582 nova-conductor[98968]: INFO dbcounter [None req-109c4317-57ee-4ec0-9cbe-9d2d9c104042 tempest-DeleteServersTestJSON-1066432083 tempest-DeleteServersTestJSON-1066432083-project-member] Registered counter for database nova_cell1
Jul 21 17:02:19.663199 np0000005582 nova-conductor[98968]: DEBUG oslo_db.sqlalchemy.engines [None req-109c4317-57ee-4ec0-9cbe-9d2d9c104042 tempest-DeleteServersTestJSON-1066432083 tempest-DeleteServersTestJSON-1066432083-project-member] MySQL server mode set to STRICT_TRANS_TABLES,STRICT_ALL_TABLES,NO_ZERO_IN_DATE,NO_ZERO_DATE,ERROR_FOR_DIVISION_BY_ZERO,TRADITIONAL,NO_ENGINE_SUBSTITUTION {{(pid=98968) _check_effective_sql_mode /opt/stack/data/venv/lib/python3.12/site-packages/oslo_db/sqlalchemy/engines.py:325}}
Jul 21 17:02:19.670182 np0000005582 nova-conductor[98968]: DEBUG dbcounter [-] [98968] Writer thread running {{(pid=98968) stat_writer /opt/stack/data/venv/lib/python3.12/site-packages/dbcounter.py:102}}
Jul 21 17:02:19.725463 np0000005582 nova-conductor[98968]: INFO nova.utils [None req-109c4317-57ee-4ec0-9cbe-9d2d9c104042 tempest-DeleteServersTestJSON-1066432083 tempest-DeleteServersTestJSON-1066432083-project-member] The cell worker thread pool ForkProcess-3.cell_worker is initialized
Jul 21 17:02:19.725836 np0000005582 nova-conductor[98968]: DEBUG oslo_concurrency.lockutils [None req-109c4317-57ee-4ec0-9cbe-9d2d9c104042 tempest-DeleteServersTestJSON-1066432083 tempest-DeleteServersTestJSON-1066432083-project-member] Acquiring lock "00000000-0000-0000-0000-000000000000" by "nova.context.set_target_cell..get_or_set_cached_cell_and_set_connections" {{(pid=98968) inner /opt/stack/data/venv/lib/python3.12/site-packages/oslo_concurrency/lockutils.py:512}}
Jul 21 17:02:19.726472 np0000005582 nova-conductor[98968]: DEBUG oslo_concurrency.lockutils [None req-109c4317-57ee-4ec0-9cbe-9d2d9c104042 tempest-DeleteServersTestJSON-1066432083 tempest-DeleteServersTestJSON-1066432083-project-member] Lock "00000000-0000-0000-0000-000000000000" acquired by "nova.context.set_target_cell..get_or_set_cached_cell_and_set_connections" :: waited 0.001s {{(pid=98968) inner /opt/stack/data/venv/lib/python3.12/site-packages/oslo_concurrency/lockutils.py:525}}
Jul 21 17:02:19.726923 np0000005582 nova-conductor[98968]: DEBUG oslo_concurrency.lockutils [None req-109c4317-57ee-4ec0-9cbe-9d2d9c104042 tempest-DeleteServersTestJSON-1066432083 tempest-DeleteServersTestJSON-1066432083-project-member] Lock "00000000-0000-0000-0000-000000000000" "released" by "nova.context.set_target_cell..get_or_set_cached_cell_and_set_connections" :: held 0.000s {{(pid=98968) inner /opt/stack/data/venv/lib/python3.12/site-packages/oslo_concurrency/lockutils.py:544}}
Jul 21 17:02:19.727743 np0000005582 nova-conductor[98968]: DEBUG oslo_concurrency.lockutils [None req-109c4317-57ee-4ec0-9cbe-9d2d9c104042 tempest-DeleteServersTestJSON-1066432083 tempest-DeleteServersTestJSON-1066432083-project-member] Acquiring lock "d21b4c02-60bc-40e1-bd6f-c5769dfd2ebb" by "nova.context.set_target_cell..get_or_set_cached_cell_and_set_connections" {{(pid=98968) inner /opt/stack/data/venv/lib/python3.12/site-packages/oslo_concurrency/lockutils.py:512}}
Jul 21 17:02:19.727907 np0000005582 nova-conductor[98968]: DEBUG oslo_concurrency.lockutils [None req-109c4317-57ee-4ec0-9cbe-9d2d9c104042 tempest-DeleteServersTestJSON-1066432083 tempest-DeleteServersTestJSON-1066432083-project-member] Lock "d21b4c02-60bc-40e1-bd6f-c5769dfd2ebb" acquired by "nova.context.set_target_cell..get_or_set_cached_cell_and_set_connections" :: waited 0.000s {{(pid=98968) inner /opt/stack/data/venv/lib/python3.12/site-packages/oslo_concurrency/lockutils.py:525}}
Jul 21 17:02:19.728079 np0000005582 nova-conductor[98968]: DEBUG oslo_concurrency.lockutils [None req-109c4317-57ee-4ec0-9cbe-9d2d9c104042 tempest-DeleteServersTestJSON-1066432083 tempest-DeleteServersTestJSON-1066432083-project-member] Lock "d21b4c02-60bc-40e1-bd6f-c5769dfd2ebb" "released" by "nova.context.set_target_cell..get_or_set_cached_cell_and_set_connections" :: held 0.000s {{(pid=98968) inner /opt/stack/data/venv/lib/python3.12/site-packages/oslo_concurrency/lockutils.py:544}}
Jul 21 17:02:19.730504 np0000005582 nova-conductor[98968]: INFO dbcounter [None req-109c4317-57ee-4ec0-9cbe-9d2d9c104042 tempest-DeleteServersTestJSON-1066432083 tempest-DeleteServersTestJSON-1066432083-project-member] Registered counter for database nova_cell0
Jul 21 17:02:19.788259 np0000005582 nova-conductor[98968]: DEBUG oslo_db.sqlalchemy.engines [None req-109c4317-57ee-4ec0-9cbe-9d2d9c104042 tempest-DeleteServersTestJSON-1066432083 tempest-DeleteServersTestJSON-1066432083-project-member] MySQL server mode set to STRICT_TRANS_TABLES,STRICT_ALL_TABLES,NO_ZERO_IN_DATE,NO_ZERO_DATE,ERROR_FOR_DIVISION_BY_ZERO,TRADITIONAL,NO_ENGINE_SUBSTITUTION {{(pid=98968) _check_effective_sql_mode /opt/stack/data/venv/lib/python3.12/site-packages/oslo_db/sqlalchemy/engines.py:325}}
Jul 21 17:02:19.796945 np0000005582 nova-conductor[98968]: DEBUG dbcounter [-] [98968] Writer thread running {{(pid=98968) stat_writer /opt/stack/data/venv/lib/python3.12/site-packages/dbcounter.py:102}}
Jul 21 17:02:19.805900 np0000005582 nova-conductor[98968]: DEBUG nova.quota [None req-109c4317-57ee-4ec0-9cbe-9d2d9c104042 tempest-DeleteServersTestJSON-1066432083 tempest-DeleteServersTestJSON-1066432083-project-member] Getting quotas for project 109ae5aa36c141ccbf06414f43c9e16d. Resources: {'instances', 'ram', 'cores'} {{(pid=98968) _get_quotas /opt/stack/nova/nova/quota.py:389}}
Jul 21 17:02:19.811515 np0000005582 nova-conductor[98968]: DEBUG nova.quota [None req-109c4317-57ee-4ec0-9cbe-9d2d9c104042 tempest-DeleteServersTestJSON-1066432083 tempest-DeleteServersTestJSON-1066432083-project-member] Getting quotas for user 4a35654086d34e078cd94616e4007ce2 and project 109ae5aa36c141ccbf06414f43c9e16d. Resources: {'instances', 'ram', 'cores'} {{(pid=98968) _get_quotas /opt/stack/nova/nova/quota.py:379}}
