Jun 24 13:42:40.606203 np0000003548 systemd[1]: Starting devstack@n-api-meta.service - Devstack devstack@n-api-meta.service...
Jun 24 13:42:40.611859 np0000003548 devstack@n-api-meta.service[95798]: [uWSGI] getting INI configuration from /etc/nova/nova-metadata-uwsgi.ini
Jun 24 13:42:40.614554 np0000003548 devstack@n-api-meta.service[95798]: *** Starting uWSGI 2.0.24-debian (64bit) on [Wed Jun 24 13:42:40 2026] ***
Jun 24 13:42:40.614554 np0000003548 devstack@n-api-meta.service[95798]: compiled with version: 13.2.0 on 17 April 2024 16:23:48
Jun 24 13:42:40.614554 np0000003548 devstack@n-api-meta.service[95798]: os: Linux-6.8.0-100-generic #100-Ubuntu SMP PREEMPT_DYNAMIC Tue Jan 13 16:40:06 UTC 2026
Jun 24 13:42:40.614554 np0000003548 devstack@n-api-meta.service[95798]: nodename: np0000003548
Jun 24 13:42:40.614554 np0000003548 devstack@n-api-meta.service[95798]: machine: x86_64
Jun 24 13:42:40.614554 np0000003548 devstack@n-api-meta.service[95798]: clock source: unix
Jun 24 13:42:40.614732 np0000003548 devstack@n-api-meta.service[95798]: pcre jit disabled
Jun 24 13:42:40.614732 np0000003548 devstack@n-api-meta.service[95798]: detected number of CPU cores: 16
Jun 24 13:42:40.614732 np0000003548 devstack@n-api-meta.service[95798]: current working directory: /
Jun 24 13:42:40.614732 np0000003548 devstack@n-api-meta.service[95798]: detected binary path: /usr/bin/uwsgi-core
Jun 24 13:42:40.614732 np0000003548 devstack@n-api-meta.service[95798]: your processes number limit is 257052
Jun 24 13:42:40.614732 np0000003548 devstack@n-api-meta.service[95798]: your memory page size is 4096 bytes
Jun 24 13:42:40.614732 np0000003548 devstack@n-api-meta.service[95798]: detected max file descriptor number: 2048
Jun 24 13:42:40.614732 np0000003548 devstack@n-api-meta.service[95798]: lock engine: pthread robust mutexes
Jun 24 13:42:40.614903 np0000003548 devstack@n-api-meta.service[95798]: thunder lock: enabled
Jun 24 13:42:40.615214 np0000003548 devstack@n-api-meta.service[95798]: uWSGI http bound on 0.0.0.0:8775 fd 5
Jun 24 13:42:40.615254 np0000003548 devstack@n-api-meta.service[95798]: uwsgi socket 0 bound to TCP address 127.0.0.1:38991 (port auto-assigned) fd 4
Jun 24 13:42:40.615287 np0000003548 devstack@n-api-meta.service[95798]: Python version: 3.12.3 (main, Mar 23 2026, 19:04:32) [GCC 13.3.0]
Jun 24 13:42:40.615317 np0000003548 devstack@n-api-meta.service[95798]: PEP 405 virtualenv detected: /opt/stack/data/venv
Jun 24 13:42:40.615317 np0000003548 devstack@n-api-meta.service[95798]: Set PythonHome to /opt/stack/data/venv
Jun 24 13:42:40.654810 np0000003548 devstack@n-api-meta.service[95798]: Python main interpreter initialized at 0x75a7ceea3668
Jun 24 13:42:40.654810 np0000003548 devstack@n-api-meta.service[95798]: python threads support enabled
Jun 24 13:42:40.654810 np0000003548 devstack@n-api-meta.service[95798]: your server socket listen backlog is limited to 100 connections
Jun 24 13:42:40.654810 np0000003548 devstack@n-api-meta.service[95798]: your mercy for graceful operations on workers is 80 seconds
Jun 24 13:42:40.655393 np0000003548 devstack@n-api-meta.service[95798]: mapped 671795 bytes (656 KB) for 4 cores
Jun 24 13:42:40.655745 np0000003548 devstack@n-api-meta.service[95798]: *** Operational MODE: preforking ***
Jun 24 13:42:40.656201 np0000003548 devstack@n-api-meta.service[95798]: *** uWSGI is running in multiple interpreter mode ***
Jun 24 13:42:40.656201 np0000003548 devstack@n-api-meta.service[95798]: spawned uWSGI master process (pid: 95798)
Jun 24 13:42:40.656146 np0000003548 systemd[1]: Started devstack@n-api-meta.service - Devstack devstack@n-api-meta.service.
Jun 24 13:42:40.656696 np0000003548 devstack@n-api-meta.service[95798]: spawned uWSGI worker 1 (pid: 95799, cores: 1)
Jun 24 13:42:40.657388 np0000003548 devstack@n-api-meta.service[95798]: spawned uWSGI worker 2 (pid: 95800, cores: 1)
Jun 24 13:42:40.658001 np0000003548 devstack@n-api-meta.service[95798]: spawned uWSGI worker 3 (pid: 95801, cores: 1)
Jun 24 13:42:40.658434 np0000003548 devstack@n-api-meta.service[95798]: spawned uWSGI worker 4 (pid: 95802, cores: 1)
Jun 24 13:42:40.659042 np0000003548 devstack@n-api-meta.service[95798]: spawned uWSGI http 1 (pid: 95803)
Jun 24 13:42:40.659042 np0000003548 devstack@n-api-meta.service[95798]: running "unix_signal:15 gracefully_kill_them_all" (master-start)...
Jun 24 13:42:42.554340 np0000003548 devstack@n-api-meta.service[95802]: INFO dbcounter [None req-19b7a181-0511-448c-8c6c-cf9434be66cf None None] Registered counter for database nova_api
Jun 24 13:42:42.592056 np0000003548 devstack@n-api-meta.service[95800]: INFO dbcounter [None req-eb35a3cd-0539-4324-a799-25203d83a997 None None] Registered counter for database nova_api
Jun 24 13:42:42.607214 np0000003548 devstack@n-api-meta.service[95799]: INFO dbcounter [None req-23a4dc84-cc3e-4918-ac49-583e683801c6 None None] Registered counter for database nova_api
Jun 24 13:42:42.613244 np0000003548 devstack@n-api-meta.service[95802]: DEBUG oslo_db.sqlalchemy.engines [None req-19b7a181-0511-448c-8c6c-cf9434be66cf None None] MySQL server mode set to STRICT_TRANS_TABLES,STRICT_ALL_TABLES,NO_ZERO_IN_DATE,NO_ZERO_DATE,ERROR_FOR_DIVISION_BY_ZERO,TRADITIONAL,NO_ENGINE_SUBSTITUTION {{(pid=95802) _check_effective_sql_mode /opt/stack/data/venv/lib/python3.12/site-packages/oslo_db/sqlalchemy/engines.py:325}}
Jun 24 13:42:42.653599 np0000003548 devstack@n-api-meta.service[95802]: DEBUG dbcounter [-] [95802] Writer thread running {{(pid=95802) stat_writer /opt/stack/data/venv/lib/python3.12/site-packages/dbcounter.py:102}}
Jun 24 13:42:42.658858 np0000003548 devstack@n-api-meta.service[95802]: DEBUG nova.context [None req-19b7a181-0511-448c-8c6c-cf9434be66cf None None] Found 2 cells: 00000000-0000-0000-0000-000000000000(cell0),45ba90ef-e9cb-4deb-8304-f9215896ff36(cell1) {{(pid=95802) load_cells /opt/stack/nova/nova/context.py:509}}
Jun 24 13:42:42.659011 np0000003548 devstack@n-api-meta.service[95800]: DEBUG oslo_db.sqlalchemy.engines [None req-eb35a3cd-0539-4324-a799-25203d83a997 None None] MySQL server mode set to STRICT_TRANS_TABLES,STRICT_ALL_TABLES,NO_ZERO_IN_DATE,NO_ZERO_DATE,ERROR_FOR_DIVISION_BY_ZERO,TRADITIONAL,NO_ENGINE_SUBSTITUTION {{(pid=95800) _check_effective_sql_mode /opt/stack/data/venv/lib/python3.12/site-packages/oslo_db/sqlalchemy/engines.py:325}}
Jun 24 13:42:42.659057 np0000003548 devstack@n-api-meta.service[95802]: INFO nova.utils [None req-19b7a181-0511-448c-8c6c-cf9434be66cf None None] The cell worker thread pool MainProcess.cell_worker is initialized
Jun 24 13:42:42.659057 np0000003548 devstack@n-api-meta.service[95802]: DEBUG oslo_concurrency.lockutils [None req-19b7a181-0511-448c-8c6c-cf9434be66cf None None] Acquiring lock "00000000-0000-0000-0000-000000000000" by "nova.context.set_target_cell..get_or_set_cached_cell_and_set_connections" {{(pid=95802) inner /opt/stack/data/venv/lib/python3.12/site-packages/oslo_concurrency/lockutils.py:511}}
Jun 24 13:42:42.659216 np0000003548 devstack@n-api-meta.service[95802]: DEBUG oslo_concurrency.lockutils [None req-19b7a181-0511-448c-8c6c-cf9434be66cf None None] Lock "00000000-0000-0000-0000-000000000000" acquired by "nova.context.set_target_cell..get_or_set_cached_cell_and_set_connections" :: waited 0.000s {{(pid=95802) inner /opt/stack/data/venv/lib/python3.12/site-packages/oslo_concurrency/lockutils.py:524}}
Jun 24 13:42:42.659655 np0000003548 devstack@n-api-meta.service[95802]: DEBUG oslo_concurrency.lockutils [None req-19b7a181-0511-448c-8c6c-cf9434be66cf None None] Lock "00000000-0000-0000-0000-000000000000" "released" by "nova.context.set_target_cell..get_or_set_cached_cell_and_set_connections" :: held 0.000s {{(pid=95802) inner /opt/stack/data/venv/lib/python3.12/site-packages/oslo_concurrency/lockutils.py:543}}
Jun 24 13:42:42.660281 np0000003548 devstack@n-api-meta.service[95799]: DEBUG oslo_db.sqlalchemy.engines [None req-23a4dc84-cc3e-4918-ac49-583e683801c6 None None] MySQL server mode set to STRICT_TRANS_TABLES,STRICT_ALL_TABLES,NO_ZERO_IN_DATE,NO_ZERO_DATE,ERROR_FOR_DIVISION_BY_ZERO,TRADITIONAL,NO_ENGINE_SUBSTITUTION {{(pid=95799) _check_effective_sql_mode /opt/stack/data/venv/lib/python3.12/site-packages/oslo_db/sqlalchemy/engines.py:325}}
Jun 24 13:42:42.660540 np0000003548 devstack@n-api-meta.service[95802]: DEBUG oslo_concurrency.lockutils [None req-19b7a181-0511-448c-8c6c-cf9434be66cf None None] Acquiring lock "45ba90ef-e9cb-4deb-8304-f9215896ff36" by "nova.context.set_target_cell..get_or_set_cached_cell_and_set_connections" {{(pid=95802) inner /opt/stack/data/venv/lib/python3.12/site-packages/oslo_concurrency/lockutils.py:511}}
Jun 24 13:42:42.660740 np0000003548 devstack@n-api-meta.service[95802]: DEBUG oslo_concurrency.lockutils [None req-19b7a181-0511-448c-8c6c-cf9434be66cf None None] Lock "45ba90ef-e9cb-4deb-8304-f9215896ff36" acquired by "nova.context.set_target_cell..get_or_set_cached_cell_and_set_connections" :: waited 0.000s {{(pid=95802) inner /opt/stack/data/venv/lib/python3.12/site-packages/oslo_concurrency/lockutils.py:524}}
Jun 24 13:42:42.661695 np0000003548 devstack@n-api-meta.service[95802]: DEBUG oslo_concurrency.lockutils [None req-19b7a181-0511-448c-8c6c-cf9434be66cf None None] Lock "45ba90ef-e9cb-4deb-8304-f9215896ff36" "released" by "nova.context.set_target_cell..get_or_set_cached_cell_and_set_connections" :: held 0.001s {{(pid=95802) inner /opt/stack/data/venv/lib/python3.12/site-packages/oslo_concurrency/lockutils.py:543}}
Jun 24 13:42:42.663791 np0000003548 devstack@n-api-meta.service[95802]: INFO dbcounter [None req-19b7a181-0511-448c-8c6c-cf9434be66cf None None] Registered counter for database nova_cell0
Jun 24 13:42:42.668854 np0000003548 devstack@n-api-meta.service[95802]: INFO dbcounter [None req-19b7a181-0511-448c-8c6c-cf9434be66cf None None] Registered counter for database nova_cell1
Jun 24 13:42:42.688268 np0000003548 devstack@n-api-meta.service[95800]: DEBUG dbcounter [-] [95800] Writer thread running {{(pid=95800) stat_writer /opt/stack/data/venv/lib/python3.12/site-packages/dbcounter.py:102}}
Jun 24 13:42:42.691258 np0000003548 devstack@n-api-meta.service[95800]: DEBUG nova.context [None req-eb35a3cd-0539-4324-a799-25203d83a997 None None] Found 2 cells: 00000000-0000-0000-0000-000000000000(cell0),45ba90ef-e9cb-4deb-8304-f9215896ff36(cell1) {{(pid=95800) load_cells /opt/stack/nova/nova/context.py:509}}
Jun 24 13:42:42.691547 np0000003548 devstack@n-api-meta.service[95800]: INFO nova.utils [None req-eb35a3cd-0539-4324-a799-25203d83a997 None None] The cell worker thread pool MainProcess.cell_worker is initialized
Jun 24 13:42:42.693486 np0000003548 devstack@n-api-meta.service[95800]: DEBUG oslo_concurrency.lockutils [None req-eb35a3cd-0539-4324-a799-25203d83a997 None None] Acquiring lock "00000000-0000-0000-0000-000000000000" by "nova.context.set_target_cell..get_or_set_cached_cell_and_set_connections" {{(pid=95800) inner /opt/stack/data/venv/lib/python3.12/site-packages/oslo_concurrency/lockutils.py:511}}
Jun 24 13:42:42.693697 np0000003548 devstack@n-api-meta.service[95800]: DEBUG oslo_concurrency.lockutils [None req-eb35a3cd-0539-4324-a799-25203d83a997 None None] Lock "00000000-0000-0000-0000-000000000000" acquired by "nova.context.set_target_cell..get_or_set_cached_cell_and_set_connections" :: waited 0.000s {{(pid=95800) inner /opt/stack/data/venv/lib/python3.12/site-packages/oslo_concurrency/lockutils.py:524}}
Jun 24 13:42:42.694105 np0000003548 devstack@n-api-meta.service[95800]: DEBUG oslo_concurrency.lockutils [None req-eb35a3cd-0539-4324-a799-25203d83a997 None None] Lock "00000000-0000-0000-0000-000000000000" "released" by "nova.context.set_target_cell..get_or_set_cached_cell_and_set_connections" :: held 0.000s {{(pid=95800) inner /opt/stack/data/venv/lib/python3.12/site-packages/oslo_concurrency/lockutils.py:543}}
Jun 24 13:42:42.694747 np0000003548 devstack@n-api-meta.service[95799]: DEBUG dbcounter [-] [95799] Writer thread running {{(pid=95799) stat_writer /opt/stack/data/venv/lib/python3.12/site-packages/dbcounter.py:102}}
Jun 24 13:42:42.694815 np0000003548 devstack@n-api-meta.service[95800]: DEBUG oslo_concurrency.lockutils [None req-eb35a3cd-0539-4324-a799-25203d83a997 None None] Acquiring lock "45ba90ef-e9cb-4deb-8304-f9215896ff36" by "nova.context.set_target_cell..get_or_set_cached_cell_and_set_connections" {{(pid=95800) inner /opt/stack/data/venv/lib/python3.12/site-packages/oslo_concurrency/lockutils.py:511}}
Jun 24 13:42:42.695012 np0000003548 devstack@n-api-meta.service[95800]: DEBUG oslo_concurrency.lockutils [None req-eb35a3cd-0539-4324-a799-25203d83a997 None None] Lock "45ba90ef-e9cb-4deb-8304-f9215896ff36" acquired by "nova.context.set_target_cell..get_or_set_cached_cell_and_set_connections" :: waited 0.000s {{(pid=95800) inner /opt/stack/data/venv/lib/python3.12/site-packages/oslo_concurrency/lockutils.py:524}}
Jun 24 13:42:42.695943 np0000003548 devstack@n-api-meta.service[95800]: DEBUG oslo_concurrency.lockutils [None req-eb35a3cd-0539-4324-a799-25203d83a997 None None] Lock "45ba90ef-e9cb-4deb-8304-f9215896ff36" "released" by "nova.context.set_target_cell..get_or_set_cached_cell_and_set_connections" :: held 0.001s {{(pid=95800) inner /opt/stack/data/venv/lib/python3.12/site-packages/oslo_concurrency/lockutils.py:543}}
Jun 24 13:42:42.696513 np0000003548 devstack@n-api-meta.service[95801]: INFO dbcounter [None req-44cbaacd-9ee1-4b3c-ac9e-f7b198ef95c7 None None] Registered counter for database nova_api
Jun 24 13:42:42.697810 np0000003548 devstack@n-api-meta.service[95800]: INFO dbcounter [None req-eb35a3cd-0539-4324-a799-25203d83a997 None None] Registered counter for database nova_cell0
Jun 24 13:42:42.700587 np0000003548 devstack@n-api-meta.service[95799]: DEBUG nova.context [None req-23a4dc84-cc3e-4918-ac49-583e683801c6 None None] Found 2 cells: 00000000-0000-0000-0000-000000000000(cell0),45ba90ef-e9cb-4deb-8304-f9215896ff36(cell1) {{(pid=95799) load_cells /opt/stack/nova/nova/context.py:509}}
Jun 24 13:42:42.700944 np0000003548 devstack@n-api-meta.service[95799]: INFO nova.utils [None req-23a4dc84-cc3e-4918-ac49-583e683801c6 None None] The cell worker thread pool MainProcess.cell_worker is initialized
Jun 24 13:42:42.701438 np0000003548 devstack@n-api-meta.service[95800]: INFO dbcounter [None req-eb35a3cd-0539-4324-a799-25203d83a997 None None] Registered counter for database nova_cell1
Jun 24 13:42:42.703385 np0000003548 devstack@n-api-meta.service[95799]: DEBUG oslo_concurrency.lockutils [None req-23a4dc84-cc3e-4918-ac49-583e683801c6 None None] Acquiring lock "00000000-0000-0000-0000-000000000000" by "nova.context.set_target_cell..get_or_set_cached_cell_and_set_connections" {{(pid=95799) inner /opt/stack/data/venv/lib/python3.12/site-packages/oslo_concurrency/lockutils.py:511}}
Jun 24 13:42:42.703597 np0000003548 devstack@n-api-meta.service[95799]: DEBUG oslo_concurrency.lockutils [None req-23a4dc84-cc3e-4918-ac49-583e683801c6 None None] Lock "00000000-0000-0000-0000-000000000000" acquired by "nova.context.set_target_cell..get_or_set_cached_cell_and_set_connections" :: waited 0.000s {{(pid=95799) inner /opt/stack/data/venv/lib/python3.12/site-packages/oslo_concurrency/lockutils.py:524}}
Jun 24 13:42:42.704152 np0000003548 devstack@n-api-meta.service[95799]: DEBUG oslo_concurrency.lockutils [None req-23a4dc84-cc3e-4918-ac49-583e683801c6 None None] Lock "00000000-0000-0000-0000-000000000000" "released" by "nova.context.set_target_cell..get_or_set_cached_cell_and_set_connections" :: held 0.001s {{(pid=95799) inner /opt/stack/data/venv/lib/python3.12/site-packages/oslo_concurrency/lockutils.py:543}}
Jun 24 13:42:42.705080 np0000003548 devstack@n-api-meta.service[95799]: DEBUG oslo_concurrency.lockutils [None req-23a4dc84-cc3e-4918-ac49-583e683801c6 None None] Acquiring lock "45ba90ef-e9cb-4deb-8304-f9215896ff36" by "nova.context.set_target_cell..get_or_set_cached_cell_and_set_connections" {{(pid=95799) inner /opt/stack/data/venv/lib/python3.12/site-packages/oslo_concurrency/lockutils.py:511}}
Jun 24 13:42:42.706845 np0000003548 devstack@n-api-meta.service[95799]: DEBUG oslo_concurrency.lockutils [None req-23a4dc84-cc3e-4918-ac49-583e683801c6 None None] Lock "45ba90ef-e9cb-4deb-8304-f9215896ff36" acquired by "nova.context.set_target_cell..get_or_set_cached_cell_and_set_connections" :: waited 0.000s {{(pid=95799) inner /opt/stack/data/venv/lib/python3.12/site-packages/oslo_concurrency/lockutils.py:524}}
Jun 24 13:42:42.706845 np0000003548 devstack@n-api-meta.service[95799]: DEBUG oslo_concurrency.lockutils [None req-23a4dc84-cc3e-4918-ac49-583e683801c6 None None] Lock "45ba90ef-e9cb-4deb-8304-f9215896ff36" "released" by "nova.context.set_target_cell..get_or_set_cached_cell_and_set_connections" :: held 0.001s {{(pid=95799) inner /opt/stack/data/venv/lib/python3.12/site-packages/oslo_concurrency/lockutils.py:543}}
Jun 24 13:42:42.708746 np0000003548 devstack@n-api-meta.service[95799]: INFO dbcounter [None req-23a4dc84-cc3e-4918-ac49-583e683801c6 None None] Registered counter for database nova_cell0
Jun 24 13:42:42.712409 np0000003548 devstack@n-api-meta.service[95799]: INFO dbcounter [None req-23a4dc84-cc3e-4918-ac49-583e683801c6 None None] Registered counter for database nova_cell1
Jun 24 13:42:42.721840 np0000003548 devstack@n-api-meta.service[95802]: DEBUG oslo_db.sqlalchemy.engines [None req-19b7a181-0511-448c-8c6c-cf9434be66cf None None] MySQL server mode set to STRICT_TRANS_TABLES,STRICT_ALL_TABLES,NO_ZERO_IN_DATE,NO_ZERO_DATE,ERROR_FOR_DIVISION_BY_ZERO,TRADITIONAL,NO_ENGINE_SUBSTITUTION {{(pid=95802) _check_effective_sql_mode /opt/stack/data/venv/lib/python3.12/site-packages/oslo_db/sqlalchemy/engines.py:325}}
Jun 24 13:42:42.727194 np0000003548 devstack@n-api-meta.service[95802]: DEBUG oslo_db.sqlalchemy.engines [None req-19b7a181-0511-448c-8c6c-cf9434be66cf None None] MySQL server mode set to STRICT_TRANS_TABLES,STRICT_ALL_TABLES,NO_ZERO_IN_DATE,NO_ZERO_DATE,ERROR_FOR_DIVISION_BY_ZERO,TRADITIONAL,NO_ENGINE_SUBSTITUTION {{(pid=95802) _check_effective_sql_mode /opt/stack/data/venv/lib/python3.12/site-packages/oslo_db/sqlalchemy/engines.py:325}}
Jun 24 13:42:42.755571 np0000003548 devstack@n-api-meta.service[95801]: DEBUG oslo_db.sqlalchemy.engines [None req-44cbaacd-9ee1-4b3c-ac9e-f7b198ef95c7 None None] MySQL server mode set to STRICT_TRANS_TABLES,STRICT_ALL_TABLES,NO_ZERO_IN_DATE,NO_ZERO_DATE,ERROR_FOR_DIVISION_BY_ZERO,TRADITIONAL,NO_ENGINE_SUBSTITUTION {{(pid=95801) _check_effective_sql_mode /opt/stack/data/venv/lib/python3.12/site-packages/oslo_db/sqlalchemy/engines.py:325}}
Jun 24 13:42:42.765586 np0000003548 devstack@n-api-meta.service[95799]: DEBUG oslo_db.sqlalchemy.engines [None req-23a4dc84-cc3e-4918-ac49-583e683801c6 None None] MySQL server mode set to STRICT_TRANS_TABLES,STRICT_ALL_TABLES,NO_ZERO_IN_DATE,NO_ZERO_DATE,ERROR_FOR_DIVISION_BY_ZERO,TRADITIONAL,NO_ENGINE_SUBSTITUTION {{(pid=95799) _check_effective_sql_mode /opt/stack/data/venv/lib/python3.12/site-packages/oslo_db/sqlalchemy/engines.py:325}}
Jun 24 13:42:42.770005 np0000003548 devstack@n-api-meta.service[95800]: DEBUG oslo_db.sqlalchemy.engines [None req-eb35a3cd-0539-4324-a799-25203d83a997 None None] MySQL server mode set to STRICT_TRANS_TABLES,STRICT_ALL_TABLES,NO_ZERO_IN_DATE,NO_ZERO_DATE,ERROR_FOR_DIVISION_BY_ZERO,TRADITIONAL,NO_ENGINE_SUBSTITUTION {{(pid=95800) _check_effective_sql_mode /opt/stack/data/venv/lib/python3.12/site-packages/oslo_db/sqlalchemy/engines.py:325}}
Jun 24 13:42:42.773860 np0000003548 devstack@n-api-meta.service[95800]: DEBUG oslo_db.sqlalchemy.engines [None req-eb35a3cd-0539-4324-a799-25203d83a997 None None] MySQL server mode set to STRICT_TRANS_TABLES,STRICT_ALL_TABLES,NO_ZERO_IN_DATE,NO_ZERO_DATE,ERROR_FOR_DIVISION_BY_ZERO,TRADITIONAL,NO_ENGINE_SUBSTITUTION {{(pid=95800) _check_effective_sql_mode /opt/stack/data/venv/lib/python3.12/site-packages/oslo_db/sqlalchemy/engines.py:325}}
Jun 24 13:42:42.782853 np0000003548 devstack@n-api-meta.service[95799]: DEBUG oslo_db.sqlalchemy.engines [None req-23a4dc84-cc3e-4918-ac49-583e683801c6 None None] MySQL server mode set to STRICT_TRANS_TABLES,STRICT_ALL_TABLES,NO_ZERO_IN_DATE,NO_ZERO_DATE,ERROR_FOR_DIVISION_BY_ZERO,TRADITIONAL,NO_ENGINE_SUBSTITUTION {{(pid=95799) _check_effective_sql_mode /opt/stack/data/venv/lib/python3.12/site-packages/oslo_db/sqlalchemy/engines.py:325}}
Jun 24 13:42:42.796671 np0000003548 devstack@n-api-meta.service[95801]: DEBUG dbcounter [-] [95801] Writer thread running {{(pid=95801) stat_writer /opt/stack/data/venv/lib/python3.12/site-packages/dbcounter.py:102}}
Jun 24 13:42:42.799019 np0000003548 devstack@n-api-meta.service[95801]: DEBUG nova.context [None req-44cbaacd-9ee1-4b3c-ac9e-f7b198ef95c7 None None] Found 2 cells: 00000000-0000-0000-0000-000000000000(cell0),45ba90ef-e9cb-4deb-8304-f9215896ff36(cell1) {{(pid=95801) load_cells /opt/stack/nova/nova/context.py:509}}
Jun 24 13:42:42.799294 np0000003548 devstack@n-api-meta.service[95801]: INFO nova.utils [None req-44cbaacd-9ee1-4b3c-ac9e-f7b198ef95c7 None None] The cell worker thread pool MainProcess.cell_worker is initialized
Jun 24 13:42:42.801083 np0000003548 devstack@n-api-meta.service[95801]: DEBUG oslo_concurrency.lockutils [None req-44cbaacd-9ee1-4b3c-ac9e-f7b198ef95c7 None None] Acquiring lock "00000000-0000-0000-0000-000000000000" by "nova.context.set_target_cell..get_or_set_cached_cell_and_set_connections" {{(pid=95801) inner /opt/stack/data/venv/lib/python3.12/site-packages/oslo_concurrency/lockutils.py:511}}
Jun 24 13:42:42.801287 np0000003548 devstack@n-api-meta.service[95801]: DEBUG oslo_concurrency.lockutils [None req-44cbaacd-9ee1-4b3c-ac9e-f7b198ef95c7 None None] Lock "00000000-0000-0000-0000-000000000000" acquired by "nova.context.set_target_cell..get_or_set_cached_cell_and_set_connections" :: waited 0.000s {{(pid=95801) inner /opt/stack/data/venv/lib/python3.12/site-packages/oslo_concurrency/lockutils.py:524}}
Jun 24 13:42:42.802498 np0000003548 devstack@n-api-meta.service[95801]: DEBUG oslo_concurrency.lockutils [None req-44cbaacd-9ee1-4b3c-ac9e-f7b198ef95c7 None None] Lock "00000000-0000-0000-0000-000000000000" "released" by "nova.context.set_target_cell..get_or_set_cached_cell_and_set_connections" :: held 0.000s {{(pid=95801) inner /opt/stack/data/venv/lib/python3.12/site-packages/oslo_concurrency/lockutils.py:543}}
Jun 24 13:42:42.802498 np0000003548 devstack@n-api-meta.service[95801]: DEBUG oslo_concurrency.lockutils [None req-44cbaacd-9ee1-4b3c-ac9e-f7b198ef95c7 None None] Acquiring lock "45ba90ef-e9cb-4deb-8304-f9215896ff36" by "nova.context.set_target_cell..get_or_set_cached_cell_and_set_connections" {{(pid=95801) inner /opt/stack/data/venv/lib/python3.12/site-packages/oslo_concurrency/lockutils.py:511}}
Jun 24 13:42:42.802498 np0000003548 devstack@n-api-meta.service[95801]: DEBUG oslo_concurrency.lockutils [None req-44cbaacd-9ee1-4b3c-ac9e-f7b198ef95c7 None None] Lock "45ba90ef-e9cb-4deb-8304-f9215896ff36" acquired by "nova.context.set_target_cell..get_or_set_cached_cell_and_set_connections" :: waited 0.000s {{(pid=95801) inner /opt/stack/data/venv/lib/python3.12/site-packages/oslo_concurrency/lockutils.py:524}}
Jun 24 13:42:42.803960 np0000003548 devstack@n-api-meta.service[95801]: DEBUG oslo_concurrency.lockutils [None req-44cbaacd-9ee1-4b3c-ac9e-f7b198ef95c7 None None] Lock "45ba90ef-e9cb-4deb-8304-f9215896ff36" "released" by "nova.context.set_target_cell..get_or_set_cached_cell_and_set_connections" :: held 0.001s {{(pid=95801) inner /opt/stack/data/venv/lib/python3.12/site-packages/oslo_concurrency/lockutils.py:543}}
Jun 24 13:42:42.805404 np0000003548 devstack@n-api-meta.service[95801]: INFO dbcounter [None req-44cbaacd-9ee1-4b3c-ac9e-f7b198ef95c7 None None] Registered counter for database nova_cell0
Jun 24 13:42:42.808783 np0000003548 devstack@n-api-meta.service[95801]: INFO dbcounter [None req-44cbaacd-9ee1-4b3c-ac9e-f7b198ef95c7 None None] Registered counter for database nova_cell1
Jun 24 13:42:42.846812 np0000003548 devstack@n-api-meta.service[95802]: DEBUG dbcounter [-] [95802] Writer thread running {{(pid=95802) stat_writer /opt/stack/data/venv/lib/python3.12/site-packages/dbcounter.py:102}}
Jun 24 13:42:42.847245 np0000003548 devstack@n-api-meta.service[95802]: DEBUG dbcounter [-] [95802] Writer thread running {{(pid=95802) stat_writer /opt/stack/data/venv/lib/python3.12/site-packages/dbcounter.py:102}}
Jun 24 13:42:42.856122 np0000003548 devstack@n-api-meta.service[95802]: INFO dbcounter [None req-19b7a181-0511-448c-8c6c-cf9434be66cf None None] Registered counter for database nova_cell0
Jun 24 13:42:42.861451 np0000003548 devstack@n-api-meta.service[95801]: DEBUG oslo_db.sqlalchemy.engines [None req-44cbaacd-9ee1-4b3c-ac9e-f7b198ef95c7 None None] MySQL server mode set to STRICT_TRANS_TABLES,STRICT_ALL_TABLES,NO_ZERO_IN_DATE,NO_ZERO_DATE,ERROR_FOR_DIVISION_BY_ZERO,TRADITIONAL,NO_ENGINE_SUBSTITUTION {{(pid=95801) _check_effective_sql_mode /opt/stack/data/venv/lib/python3.12/site-packages/oslo_db/sqlalchemy/engines.py:325}}
Jun 24 13:42:42.893887 np0000003548 devstack@n-api-meta.service[95799]: DEBUG dbcounter [-] [95799] Writer thread running {{(pid=95799) stat_writer /opt/stack/data/venv/lib/python3.12/site-packages/dbcounter.py:102}}
Jun 24 13:42:42.895740 np0000003548 devstack@n-api-meta.service[95799]: DEBUG dbcounter [-] [95799] Writer thread running {{(pid=95799) stat_writer /opt/stack/data/venv/lib/python3.12/site-packages/dbcounter.py:102}}
Jun 24 13:42:42.897396 np0000003548 devstack@n-api-meta.service[95800]: DEBUG dbcounter [-] [95800] Writer thread running {{(pid=95800) stat_writer /opt/stack/data/venv/lib/python3.12/site-packages/dbcounter.py:102}}
Jun 24 13:42:42.898089 np0000003548 devstack@n-api-meta.service[95800]: DEBUG dbcounter [-] [95800] Writer thread running {{(pid=95800) stat_writer /opt/stack/data/venv/lib/python3.12/site-packages/dbcounter.py:102}}
Jun 24 13:42:42.902433 np0000003548 devstack@n-api-meta.service[95799]: INFO dbcounter [None req-23a4dc84-cc3e-4918-ac49-583e683801c6 None None] Registered counter for database nova_cell0
Jun 24 13:42:42.903373 np0000003548 devstack@n-api-meta.service[95800]: INFO dbcounter [None req-eb35a3cd-0539-4324-a799-25203d83a997 None None] Registered counter for database nova_cell0
Jun 24 13:42:42.908237 np0000003548 devstack@n-api-meta.service[95802]: DEBUG oslo_db.sqlalchemy.engines [None req-19b7a181-0511-448c-8c6c-cf9434be66cf None None] MySQL server mode set to STRICT_TRANS_TABLES,STRICT_ALL_TABLES,NO_ZERO_IN_DATE,NO_ZERO_DATE,ERROR_FOR_DIVISION_BY_ZERO,TRADITIONAL,NO_ENGINE_SUBSTITUTION {{(pid=95802) _check_effective_sql_mode /opt/stack/data/venv/lib/python3.12/site-packages/oslo_db/sqlalchemy/engines.py:325}}
Jun 24 13:42:42.919927 np0000003548 devstack@n-api-meta.service[95802]: DEBUG dbcounter [-] [95802] Writer thread running {{(pid=95802) stat_writer /opt/stack/data/venv/lib/python3.12/site-packages/dbcounter.py:102}}
Jun 24 13:42:42.922551 np0000003548 devstack@n-api-meta.service[95801]: DEBUG oslo_db.sqlalchemy.engines [None req-44cbaacd-9ee1-4b3c-ac9e-f7b198ef95c7 None None] MySQL server mode set to STRICT_TRANS_TABLES,STRICT_ALL_TABLES,NO_ZERO_IN_DATE,NO_ZERO_DATE,ERROR_FOR_DIVISION_BY_ZERO,TRADITIONAL,NO_ENGINE_SUBSTITUTION {{(pid=95801) _check_effective_sql_mode /opt/stack/data/venv/lib/python3.12/site-packages/oslo_db/sqlalchemy/engines.py:325}}
Jun 24 13:42:42.950412 np0000003548 devstack@n-api-meta.service[95799]: DEBUG oslo_db.sqlalchemy.engines [None req-23a4dc84-cc3e-4918-ac49-583e683801c6 None None] MySQL server mode set to STRICT_TRANS_TABLES,STRICT_ALL_TABLES,NO_ZERO_IN_DATE,NO_ZERO_DATE,ERROR_FOR_DIVISION_BY_ZERO,TRADITIONAL,NO_ENGINE_SUBSTITUTION {{(pid=95799) _check_effective_sql_mode /opt/stack/data/venv/lib/python3.12/site-packages/oslo_db/sqlalchemy/engines.py:325}}
Jun 24 13:42:42.953943 np0000003548 devstack@n-api-meta.service[95800]: DEBUG oslo_db.sqlalchemy.engines [None req-eb35a3cd-0539-4324-a799-25203d83a997 None None] MySQL server mode set to STRICT_TRANS_TABLES,STRICT_ALL_TABLES,NO_ZERO_IN_DATE,NO_ZERO_DATE,ERROR_FOR_DIVISION_BY_ZERO,TRADITIONAL,NO_ENGINE_SUBSTITUTION {{(pid=95800) _check_effective_sql_mode /opt/stack/data/venv/lib/python3.12/site-packages/oslo_db/sqlalchemy/engines.py:325}}
Jun 24 13:42:42.957531 np0000003548 devstack@n-api-meta.service[95799]: DEBUG dbcounter [-] [95799] Writer thread running {{(pid=95799) stat_writer /opt/stack/data/venv/lib/python3.12/site-packages/dbcounter.py:102}}
Jun 24 13:42:42.963615 np0000003548 devstack@n-api-meta.service[95800]: DEBUG dbcounter [-] [95800] Writer thread running {{(pid=95800) stat_writer /opt/stack/data/venv/lib/python3.12/site-packages/dbcounter.py:102}}
Jun 24 13:42:42.968858 np0000003548 devstack@n-api-meta.service[95802]: WARNING nova.api.metadata.handler [None req-19b7a181-0511-448c-8c6c-cf9434be66cf None None] metadata_proxy_shared_secret is not configured, the metadata information returned by the proxy cannot be trusted
Jun 24 13:42:42.971485 np0000003548 devstack@n-api-meta.service[95802]: DEBUG nova.api.openstack.wsgi_app [None req-19b7a181-0511-448c-8c6c-cf9434be66cf None None] ******************************************************************************** {{(pid=95802) log_opt_values /opt/stack/data/venv/lib/python3.12/site-packages/oslo_config/cfg.py:3226}}
Jun 24 13:42:42.971485 np0000003548 devstack@n-api-meta.service[95802]: DEBUG nova.api.openstack.wsgi_app [None req-19b7a181-0511-448c-8c6c-cf9434be66cf None None] Configuration options gathered from: {{(pid=95802) log_opt_values /opt/stack/data/venv/lib/python3.12/site-packages/oslo_config/cfg.py:3227}}
Jun 24 13:42:42.971680 np0000003548 devstack@n-api-meta.service[95802]: DEBUG nova.api.openstack.wsgi_app [None req-19b7a181-0511-448c-8c6c-cf9434be66cf None None] command line args: [] {{(pid=95802) log_opt_values /opt/stack/data/venv/lib/python3.12/site-packages/oslo_config/cfg.py:3228}}
Jun 24 13:42:42.972021 np0000003548 devstack@n-api-meta.service[95802]: DEBUG nova.api.openstack.wsgi_app [None req-19b7a181-0511-448c-8c6c-cf9434be66cf None None] config files: ['/etc/nova/api-paste.ini', '/etc/nova/nova.conf'] {{(pid=95802) log_opt_values /opt/stack/data/venv/lib/python3.12/site-packages/oslo_config/cfg.py:3229}}
Jun 24 13:42:42.972246 np0000003548 devstack@n-api-meta.service[95802]: DEBUG nova.api.openstack.wsgi_app [None req-19b7a181-0511-448c-8c6c-cf9434be66cf None None] ================================================================================ {{(pid=95802) log_opt_values /opt/stack/data/venv/lib/python3.12/site-packages/oslo_config/cfg.py:3234}}
Jun 24 13:42:42.972497 np0000003548 devstack@n-api-meta.service[95802]: DEBUG nova.api.openstack.wsgi_app [None req-19b7a181-0511-448c-8c6c-cf9434be66cf None None] allow_resize_to_same_host = True {{(pid=95802) log_opt_values /opt/stack/data/venv/lib/python3.12/site-packages/oslo_config/cfg.py:3242}}
Jun 24 13:42:42.972728 np0000003548 devstack@n-api-meta.service[95802]: DEBUG nova.api.openstack.wsgi_app [None req-19b7a181-0511-448c-8c6c-cf9434be66cf None None] arq_binding_timeout = 300 {{(pid=95802) log_opt_values /opt/stack/data/venv/lib/python3.12/site-packages/oslo_config/cfg.py:3242}}
Jun 24 13:42:42.972950 np0000003548 devstack@n-api-meta.service[95802]: DEBUG nova.api.openstack.wsgi_app [None req-19b7a181-0511-448c-8c6c-cf9434be66cf None None] block_device_allocate_retries = 60 {{(pid=95802) log_opt_values /opt/stack/data/venv/lib/python3.12/site-packages/oslo_config/cfg.py:3242}}
Jun 24 13:42:42.973141 np0000003548 devstack@n-api-meta.service[95802]: DEBUG nova.api.openstack.wsgi_app [None req-19b7a181-0511-448c-8c6c-cf9434be66cf None None] block_device_allocate_retries_interval = 3 {{(pid=95802) log_opt_values /opt/stack/data/venv/lib/python3.12/site-packages/oslo_config/cfg.py:3242}}
Jun 24 13:42:42.973320 np0000003548 devstack@n-api-meta.service[95802]: DEBUG nova.api.openstack.wsgi_app [None req-19b7a181-0511-448c-8c6c-cf9434be66cf None None] cell_worker_thread_pool_size = 5 {{(pid=95802) log_opt_values /opt/stack/data/venv/lib/python3.12/site-packages/oslo_config/cfg.py:3242}}
Jun 24 13:42:42.973503 np0000003548 devstack@n-api-meta.service[95801]: DEBUG dbcounter [-] [95801] Writer thread running {{(pid=95801) stat_writer /opt/stack/data/venv/lib/python3.12/site-packages/dbcounter.py:102}}
Jun 24 13:42:42.973553 np0000003548 devstack@n-api-meta.service[95802]: DEBUG nova.api.openstack.wsgi_app [None req-19b7a181-0511-448c-8c6c-cf9434be66cf None None] cert = self.pem {{(pid=95802) log_opt_values /opt/stack/data/venv/lib/python3.12/site-packages/oslo_config/cfg.py:3242}}
Jun 24 13:42:42.973758 np0000003548 devstack@n-api-meta.service[95802]: DEBUG nova.api.openstack.wsgi_app [None req-19b7a181-0511-448c-8c6c-cf9434be66cf None None] compute_driver = libvirt.LibvirtDriver {{(pid=95802) log_opt_values /opt/stack/data/venv/lib/python3.12/site-packages/oslo_config/cfg.py:3242}}
Jun 24 13:42:42.974046 np0000003548 devstack@n-api-meta.service[95802]: DEBUG nova.api.openstack.wsgi_app [None req-19b7a181-0511-448c-8c6c-cf9434be66cf None None] compute_monitors = [] {{(pid=95802) log_opt_values /opt/stack/data/venv/lib/python3.12/site-packages/oslo_config/cfg.py:3242}}
Jun 24 13:42:42.974311 np0000003548 devstack@n-api-meta.service[95802]: DEBUG nova.api.openstack.wsgi_app [None req-19b7a181-0511-448c-8c6c-cf9434be66cf None None] config_dir = [] {{(pid=95802) log_opt_values /opt/stack/data/venv/lib/python3.12/site-packages/oslo_config/cfg.py:3242}}
Jun 24 13:42:42.974545 np0000003548 devstack@n-api-meta.service[95802]: DEBUG nova.api.openstack.wsgi_app [None req-19b7a181-0511-448c-8c6c-cf9434be66cf None None] config_drive_format = iso9660 {{(pid=95802) log_opt_values /opt/stack/data/venv/lib/python3.12/site-packages/oslo_config/cfg.py:3242}}
Jun 24 13:42:42.974740 np0000003548 devstack@n-api-meta.service[95802]: DEBUG nova.api.openstack.wsgi_app [None req-19b7a181-0511-448c-8c6c-cf9434be66cf None None] config_file = ['/etc/nova/api-paste.ini', '/etc/nova/nova.conf'] {{(pid=95802) log_opt_values /opt/stack/data/venv/lib/python3.12/site-packages/oslo_config/cfg.py:3242}}
Jun 24 13:42:42.975016 np0000003548 devstack@n-api-meta.service[95802]: DEBUG nova.api.openstack.wsgi_app [None req-19b7a181-0511-448c-8c6c-cf9434be66cf None None] config_source = [] {{(pid=95802) log_opt_values /opt/stack/data/venv/lib/python3.12/site-packages/oslo_config/cfg.py:3242}}
Jun 24 13:42:42.975324 np0000003548 devstack@n-api-meta.service[95802]: DEBUG nova.api.openstack.wsgi_app [None req-19b7a181-0511-448c-8c6c-cf9434be66cf None None] console_host = np0000003548 {{(pid=95802) log_opt_values /opt/stack/data/venv/lib/python3.12/site-packages/oslo_config/cfg.py:3242}}
Jun 24 13:42:42.975573 np0000003548 devstack@n-api-meta.service[95802]: DEBUG nova.api.openstack.wsgi_app [None req-19b7a181-0511-448c-8c6c-cf9434be66cf None None] control_exchange = nova {{(pid=95802) log_opt_values /opt/stack/data/venv/lib/python3.12/site-packages/oslo_config/cfg.py:3242}}
Jun 24 13:42:42.975866 np0000003548 devstack@n-api-meta.service[95802]: DEBUG nova.api.openstack.wsgi_app [None req-19b7a181-0511-448c-8c6c-cf9434be66cf None None] cpu_allocation_ratio = None {{(pid=95802) log_opt_values /opt/stack/data/venv/lib/python3.12/site-packages/oslo_config/cfg.py:3242}}
Jun 24 13:42:42.976269 np0000003548 devstack@n-api-meta.service[95802]: DEBUG nova.api.openstack.wsgi_app [None req-19b7a181-0511-448c-8c6c-cf9434be66cf None None] daemon = False {{(pid=95802) log_opt_values /opt/stack/data/venv/lib/python3.12/site-packages/oslo_config/cfg.py:3242}}
Jun 24 13:42:42.976269 np0000003548 devstack@n-api-meta.service[95802]: DEBUG nova.api.openstack.wsgi_app [None req-19b7a181-0511-448c-8c6c-cf9434be66cf None None] debug = True {{(pid=95802) log_opt_values /opt/stack/data/venv/lib/python3.12/site-packages/oslo_config/cfg.py:3242}}
Jun 24 13:42:42.976463 np0000003548 devstack@n-api-meta.service[95802]: DEBUG nova.api.openstack.wsgi_app [None req-19b7a181-0511-448c-8c6c-cf9434be66cf None None] default_access_ip_network_name = None {{(pid=95802) log_opt_values /opt/stack/data/venv/lib/python3.12/site-packages/oslo_config/cfg.py:3242}}
Jun 24 13:42:42.976689 np0000003548 devstack@n-api-meta.service[95802]: DEBUG nova.api.openstack.wsgi_app [None req-19b7a181-0511-448c-8c6c-cf9434be66cf None None] default_availability_zone = nova {{(pid=95802) log_opt_values /opt/stack/data/venv/lib/python3.12/site-packages/oslo_config/cfg.py:3242}}
Jun 24 13:42:42.977541 np0000003548 devstack@n-api-meta.service[95802]: DEBUG nova.api.openstack.wsgi_app [None req-19b7a181-0511-448c-8c6c-cf9434be66cf None None] default_ephemeral_format = ext4 {{(pid=95802) log_opt_values /opt/stack/data/venv/lib/python3.12/site-packages/oslo_config/cfg.py:3242}}
Jun 24 13:42:42.977541 np0000003548 devstack@n-api-meta.service[95802]: DEBUG nova.api.openstack.wsgi_app [None req-19b7a181-0511-448c-8c6c-cf9434be66cf None None] default_green_pool_size = 1000 {{(pid=95802) log_opt_values /opt/stack/data/venv/lib/python3.12/site-packages/oslo_config/cfg.py:3242}}
Jun 24 13:42:42.977541 np0000003548 devstack@n-api-meta.service[95802]: DEBUG nova.api.openstack.wsgi_app [None req-19b7a181-0511-448c-8c6c-cf9434be66cf None None] default_log_levels = ['amqp=WARN', 'boto=WARN', 'sqlalchemy=WARN', 'suds=INFO', 'oslo.messaging=INFO', 'oslo_messaging=INFO', 'iso8601=WARN', 'requests.packages.urllib3.connectionpool=WARN', 'urllib3.connectionpool=WARN', 'websocket=WARN', 'requests.packages.urllib3.util.retry=WARN', 'urllib3.util.retry=WARN', 'keystonemiddleware=WARN', 'routes.middleware=WARN', 'stevedore=WARN', 'taskflow=WARN', 'keystoneauth=WARN', 'oslo.cache=INFO', 'oslo_policy=INFO', 'dogpile.core.dogpile=INFO', 'glanceclient=WARN', 'oslo.privsep.daemon=INFO'] {{(pid=95802) log_opt_values /opt/stack/data/venv/lib/python3.12/site-packages/oslo_config/cfg.py:3242}}
Jun 24 13:42:42.977541 np0000003548 devstack@n-api-meta.service[95802]: DEBUG nova.api.openstack.wsgi_app [None req-19b7a181-0511-448c-8c6c-cf9434be66cf None None] default_schedule_zone = None {{(pid=95802) log_opt_values /opt/stack/data/venv/lib/python3.12/site-packages/oslo_config/cfg.py:3242}}
Jun 24 13:42:42.977541 np0000003548 devstack@n-api-meta.service[95802]: DEBUG nova.api.openstack.wsgi_app [None req-19b7a181-0511-448c-8c6c-cf9434be66cf None None] default_thread_pool_size = 10 {{(pid=95802) log_opt_values /opt/stack/data/venv/lib/python3.12/site-packages/oslo_config/cfg.py:3242}}
Jun 24 13:42:42.977982 np0000003548 devstack@n-api-meta.service[95802]: DEBUG nova.api.openstack.wsgi_app [None req-19b7a181-0511-448c-8c6c-cf9434be66cf None None] disk_allocation_ratio = None {{(pid=95802) log_opt_values /opt/stack/data/venv/lib/python3.12/site-packages/oslo_config/cfg.py:3242}}
Jun 24 13:42:42.978205 np0000003548 devstack@n-api-meta.service[95802]: DEBUG nova.api.openstack.wsgi_app [None req-19b7a181-0511-448c-8c6c-cf9434be66cf None None] enable_new_services = True {{(pid=95802) log_opt_values /opt/stack/data/venv/lib/python3.12/site-packages/oslo_config/cfg.py:3242}}
Jun 24 13:42:42.978396 np0000003548 devstack@n-api-meta.service[95802]: DEBUG nova.api.openstack.wsgi_app [None req-19b7a181-0511-448c-8c6c-cf9434be66cf None None] flat_injected = False {{(pid=95802) log_opt_values /opt/stack/data/venv/lib/python3.12/site-packages/oslo_config/cfg.py:3242}}
Jun 24 13:42:42.978536 np0000003548 devstack@n-api-meta.service[95802]: DEBUG nova.api.openstack.wsgi_app [None req-19b7a181-0511-448c-8c6c-cf9434be66cf None None] force_config_drive = True {{(pid=95802) log_opt_values /opt/stack/data/venv/lib/python3.12/site-packages/oslo_config/cfg.py:3242}}
Jun 24 13:42:42.978673 np0000003548 devstack@n-api-meta.service[95802]: DEBUG nova.api.openstack.wsgi_app [None req-19b7a181-0511-448c-8c6c-cf9434be66cf None None] force_raw_images = True {{(pid=95802) log_opt_values /opt/stack/data/venv/lib/python3.12/site-packages/oslo_config/cfg.py:3242}}
Jun 24 13:42:42.978793 np0000003548 devstack@n-api-meta.service[95802]: DEBUG nova.api.openstack.wsgi_app [None req-19b7a181-0511-448c-8c6c-cf9434be66cf None None] graceful_shutdown_timeout = 5 {{(pid=95802) log_opt_values /opt/stack/data/venv/lib/python3.12/site-packages/oslo_config/cfg.py:3242}}
Jun 24 13:42:42.978929 np0000003548 devstack@n-api-meta.service[95802]: DEBUG nova.api.openstack.wsgi_app [None req-19b7a181-0511-448c-8c6c-cf9434be66cf None None] heal_instance_info_cache_interval = -1 {{(pid=95802) log_opt_values /opt/stack/data/venv/lib/python3.12/site-packages/oslo_config/cfg.py:3242}}
Jun 24 13:42:42.979102 np0000003548 devstack@n-api-meta.service[95802]: DEBUG nova.api.openstack.wsgi_app [None req-19b7a181-0511-448c-8c6c-cf9434be66cf None None] host = np0000003548 {{(pid=95802) log_opt_values /opt/stack/data/venv/lib/python3.12/site-packages/oslo_config/cfg.py:3242}}
Jun 24 13:42:42.979224 np0000003548 devstack@n-api-meta.service[95802]: DEBUG nova.api.openstack.wsgi_app [None req-19b7a181-0511-448c-8c6c-cf9434be66cf None None] initial_cpu_allocation_ratio = 4.0 {{(pid=95802) log_opt_values /opt/stack/data/venv/lib/python3.12/site-packages/oslo_config/cfg.py:3242}}
Jun 24 13:42:42.979479 np0000003548 devstack@n-api-meta.service[95802]: DEBUG nova.api.openstack.wsgi_app [None req-19b7a181-0511-448c-8c6c-cf9434be66cf None None] initial_disk_allocation_ratio = 1.0 {{(pid=95802) log_opt_values /opt/stack/data/venv/lib/python3.12/site-packages/oslo_config/cfg.py:3242}}
Jun 24 13:42:42.979674 np0000003548 devstack@n-api-meta.service[95802]: DEBUG nova.api.openstack.wsgi_app [None req-19b7a181-0511-448c-8c6c-cf9434be66cf None None] initial_ram_allocation_ratio = 1.0 {{(pid=95802) log_opt_values /opt/stack/data/venv/lib/python3.12/site-packages/oslo_config/cfg.py:3242}}
Jun 24 13:42:42.979913 np0000003548 devstack@n-api-meta.service[95802]: DEBUG nova.api.openstack.wsgi_app [None req-19b7a181-0511-448c-8c6c-cf9434be66cf None None] injected_network_template = /opt/stack/nova/nova/virt/interfaces.template {{(pid=95802) log_opt_values /opt/stack/data/venv/lib/python3.12/site-packages/oslo_config/cfg.py:3242}}
Jun 24 13:42:42.980108 np0000003548 devstack@n-api-meta.service[95802]: DEBUG nova.api.openstack.wsgi_app [None req-19b7a181-0511-448c-8c6c-cf9434be66cf None None] instance_build_timeout = 0 {{(pid=95802) log_opt_values /opt/stack/data/venv/lib/python3.12/site-packages/oslo_config/cfg.py:3242}}
Jun 24 13:42:42.980318 np0000003548 devstack@n-api-meta.service[95802]: DEBUG nova.api.openstack.wsgi_app [None req-19b7a181-0511-448c-8c6c-cf9434be66cf None None] instance_delete_interval = 300 {{(pid=95802) log_opt_values /opt/stack/data/venv/lib/python3.12/site-packages/oslo_config/cfg.py:3242}}
Jun 24 13:42:42.980951 np0000003548 devstack@n-api-meta.service[95801]: DEBUG dbcounter [-] [95801] Writer thread running {{(pid=95801) stat_writer /opt/stack/data/venv/lib/python3.12/site-packages/dbcounter.py:102}}
Jun 24 13:42:42.981021 np0000003548 devstack@n-api-meta.service[95802]: DEBUG nova.api.openstack.wsgi_app [None req-19b7a181-0511-448c-8c6c-cf9434be66cf None None] instance_format = [instance: %(uuid)s] {{(pid=95802) log_opt_values /opt/stack/data/venv/lib/python3.12/site-packages/oslo_config/cfg.py:3242}}
Jun 24 13:42:42.981021 np0000003548 devstack@n-api-meta.service[95802]: DEBUG nova.api.openstack.wsgi_app [None req-19b7a181-0511-448c-8c6c-cf9434be66cf None None] instance_name_template = instance-%08x {{(pid=95802) log_opt_values /opt/stack/data/venv/lib/python3.12/site-packages/oslo_config/cfg.py:3242}}
Jun 24 13:42:42.981021 np0000003548 devstack@n-api-meta.service[95802]: DEBUG nova.api.openstack.wsgi_app [None req-19b7a181-0511-448c-8c6c-cf9434be66cf None None] instance_usage_audit = False {{(pid=95802) log_opt_values /opt/stack/data/venv/lib/python3.12/site-packages/oslo_config/cfg.py:3242}}
Jun 24 13:42:42.981021 np0000003548 devstack@n-api-meta.service[95802]: DEBUG nova.api.openstack.wsgi_app [None req-19b7a181-0511-448c-8c6c-cf9434be66cf None None] instance_usage_audit_period = month {{(pid=95802) log_opt_values /opt/stack/data/venv/lib/python3.12/site-packages/oslo_config/cfg.py:3242}}
Jun 24 13:42:42.981021 np0000003548 devstack@n-api-meta.service[95802]: DEBUG nova.api.openstack.wsgi_app [None req-19b7a181-0511-448c-8c6c-cf9434be66cf None None] instance_uuid_format = [instance: %(uuid)s] {{(pid=95802) log_opt_values /opt/stack/data/venv/lib/python3.12/site-packages/oslo_config/cfg.py:3242}}
Jun 24 13:42:42.981685 np0000003548 devstack@n-api-meta.service[95802]: DEBUG nova.api.openstack.wsgi_app [None req-19b7a181-0511-448c-8c6c-cf9434be66cf None None] instances_path = /opt/stack/data/nova/instances {{(pid=95802) log_opt_values /opt/stack/data/venv/lib/python3.12/site-packages/oslo_config/cfg.py:3242}}
Jun 24 13:42:42.981685 np0000003548 devstack@n-api-meta.service[95802]: DEBUG nova.api.openstack.wsgi_app [None req-19b7a181-0511-448c-8c6c-cf9434be66cf None None] internal_service_availability_zone = internal {{(pid=95802) log_opt_values /opt/stack/data/venv/lib/python3.12/site-packages/oslo_config/cfg.py:3242}}
Jun 24 13:42:42.982085 np0000003548 devstack@n-api-meta.service[95802]: DEBUG nova.api.openstack.wsgi_app [None req-19b7a181-0511-448c-8c6c-cf9434be66cf None None] key = None {{(pid=95802) log_opt_values /opt/stack/data/venv/lib/python3.12/site-packages/oslo_config/cfg.py:3242}}
Jun 24 13:42:42.982319 np0000003548 devstack@n-api-meta.service[95802]: DEBUG nova.api.openstack.wsgi_app [None req-19b7a181-0511-448c-8c6c-cf9434be66cf None None] live_migration_retry_count = 30 {{(pid=95802) log_opt_values /opt/stack/data/venv/lib/python3.12/site-packages/oslo_config/cfg.py:3242}}
Jun 24 13:42:42.982523 np0000003548 devstack@n-api-meta.service[95802]: DEBUG nova.api.openstack.wsgi_app [None req-19b7a181-0511-448c-8c6c-cf9434be66cf None None] log_color = False {{(pid=95802) log_opt_values /opt/stack/data/venv/lib/python3.12/site-packages/oslo_config/cfg.py:3242}}
Jun 24 13:42:42.982706 np0000003548 devstack@n-api-meta.service[95802]: DEBUG nova.api.openstack.wsgi_app [None req-19b7a181-0511-448c-8c6c-cf9434be66cf None None] log_config_append = None {{(pid=95802) log_opt_values /opt/stack/data/venv/lib/python3.12/site-packages/oslo_config/cfg.py:3242}}
Jun 24 13:42:42.982904 np0000003548 devstack@n-api-meta.service[95802]: DEBUG nova.api.openstack.wsgi_app [None req-19b7a181-0511-448c-8c6c-cf9434be66cf None None] log_date_format = %Y-%m-%d %H:%M:%S {{(pid=95802) log_opt_values /opt/stack/data/venv/lib/python3.12/site-packages/oslo_config/cfg.py:3242}}
Jun 24 13:42:42.983578 np0000003548 devstack@n-api-meta.service[95802]: DEBUG nova.api.openstack.wsgi_app [None req-19b7a181-0511-448c-8c6c-cf9434be66cf None None] log_dir = None {{(pid=95802) log_opt_values /opt/stack/data/venv/lib/python3.12/site-packages/oslo_config/cfg.py:3242}}
Jun 24 13:42:42.983578 np0000003548 devstack@n-api-meta.service[95802]: DEBUG nova.api.openstack.wsgi_app [None req-19b7a181-0511-448c-8c6c-cf9434be66cf None None] log_file = None {{(pid=95802) log_opt_values /opt/stack/data/venv/lib/python3.12/site-packages/oslo_config/cfg.py:3242}}
Jun 24 13:42:42.983578 np0000003548 devstack@n-api-meta.service[95802]: DEBUG nova.api.openstack.wsgi_app [None req-19b7a181-0511-448c-8c6c-cf9434be66cf None None] log_options = True {{(pid=95802) log_opt_values /opt/stack/data/venv/lib/python3.12/site-packages/oslo_config/cfg.py:3242}}
Jun 24 13:42:42.983695 np0000003548 devstack@n-api-meta.service[95802]: DEBUG nova.api.openstack.wsgi_app [None req-19b7a181-0511-448c-8c6c-cf9434be66cf None None] log_rotate_interval = 1 {{(pid=95802) log_opt_values /opt/stack/data/venv/lib/python3.12/site-packages/oslo_config/cfg.py:3242}}
Jun 24 13:42:42.983771 np0000003548 devstack@n-api-meta.service[95801]: INFO dbcounter [None req-44cbaacd-9ee1-4b3c-ac9e-f7b198ef95c7 None None] Registered counter for database nova_cell0
Jun 24 13:42:42.983909 np0000003548 devstack@n-api-meta.service[95802]: DEBUG nova.api.openstack.wsgi_app [None req-19b7a181-0511-448c-8c6c-cf9434be66cf None None] log_rotate_interval_type = days {{(pid=95802) log_opt_values /opt/stack/data/venv/lib/python3.12/site-packages/oslo_config/cfg.py:3242}}
Jun 24 13:42:42.984144 np0000003548 devstack@n-api-meta.service[95802]: DEBUG nova.api.openstack.wsgi_app [None req-19b7a181-0511-448c-8c6c-cf9434be66cf None None] log_rotation_type = none {{(pid=95802) log_opt_values /opt/stack/data/venv/lib/python3.12/site-packages/oslo_config/cfg.py:3242}}
Jun 24 13:42:42.984347 np0000003548 devstack@n-api-meta.service[95802]: DEBUG nova.api.openstack.wsgi_app [None req-19b7a181-0511-448c-8c6c-cf9434be66cf None None] logging_context_format_string = %(color)s%(levelname)s %(name)s [%(global_request_id)s %(request_id)s %(project_name)s %(user_name)s%(color)s] %(instance)s%(color)s%(message)s {{(pid=95802) log_opt_values /opt/stack/data/venv/lib/python3.12/site-packages/oslo_config/cfg.py:3242}}
Jun 24 13:42:42.984552 np0000003548 devstack@n-api-meta.service[95802]: DEBUG nova.api.openstack.wsgi_app [None req-19b7a181-0511-448c-8c6c-cf9434be66cf None None] logging_debug_format_suffix = {{(pid=%(process)d) %(funcName)s %(pathname)s:%(lineno)d}} {{(pid=95802) log_opt_values /opt/stack/data/venv/lib/python3.12/site-packages/oslo_config/cfg.py:3242}}
Jun 24 13:42:42.984792 np0000003548 devstack@n-api-meta.service[95802]: DEBUG nova.api.openstack.wsgi_app [None req-19b7a181-0511-448c-8c6c-cf9434be66cf None None] logging_default_format_string = %(color)s%(levelname)s %(name)s [-%(color)s] %(instance)s%(color)s%(message)s {{(pid=95802) log_opt_values /opt/stack/data/venv/lib/python3.12/site-packages/oslo_config/cfg.py:3242}}
Jun 24 13:42:42.985042 np0000003548 devstack@n-api-meta.service[95802]: DEBUG nova.api.openstack.wsgi_app [None req-19b7a181-0511-448c-8c6c-cf9434be66cf None None] logging_exception_prefix = ERROR %(name)s %(instance)s {{(pid=95802) log_opt_values /opt/stack/data/venv/lib/python3.12/site-packages/oslo_config/cfg.py:3242}}
