Jun 24 13:42:47.980392 np0000003548 nova-conductor[98786]: DEBUG cotyledon.oslo_config_glue [-] profiler.filter_error_trace = False {{(pid=98786) log_opt_values /opt/stack/data/venv/lib/python3.12/site-packages/oslo_config/cfg.py:3253}}
Jun 24 13:42:47.980392 np0000003548 nova-conductor[98786]: DEBUG cotyledon.oslo_config_glue [-] profiler.hmac_keys = **** {{(pid=98786) log_opt_values /opt/stack/data/venv/lib/python3.12/site-packages/oslo_config/cfg.py:3253}}
Jun 24 13:42:47.980392 np0000003548 nova-conductor[98786]: DEBUG cotyledon.oslo_config_glue [-] profiler.sentinel_service_name = mymaster {{(pid=98786) log_opt_values /opt/stack/data/venv/lib/python3.12/site-packages/oslo_config/cfg.py:3253}}
Jun 24 13:42:47.980557 np0000003548 nova-conductor[98786]: DEBUG cotyledon.oslo_config_glue [-] profiler.socket_timeout = 0.1 {{(pid=98786) log_opt_values /opt/stack/data/venv/lib/python3.12/site-packages/oslo_config/cfg.py:3253}}
Jun 24 13:42:47.980557 np0000003548 nova-conductor[98786]: DEBUG cotyledon.oslo_config_glue [-] profiler.trace_requests = False {{(pid=98786) log_opt_values /opt/stack/data/venv/lib/python3.12/site-packages/oslo_config/cfg.py:3253}}
Jun 24 13:42:47.980557 np0000003548 nova-conductor[98786]: DEBUG cotyledon.oslo_config_glue [-] profiler.trace_sqlalchemy = False {{(pid=98786) log_opt_values /opt/stack/data/venv/lib/python3.12/site-packages/oslo_config/cfg.py:3253}}
Jun 24 13:42:47.980557 np0000003548 nova-conductor[98786]: DEBUG cotyledon.oslo_config_glue [-] profiler_jaeger.process_tags = {} {{(pid=98786) log_opt_values /opt/stack/data/venv/lib/python3.12/site-packages/oslo_config/cfg.py:3253}}
Jun 24 13:42:47.980557 np0000003548 nova-conductor[98786]: DEBUG cotyledon.oslo_config_glue [-] profiler_jaeger.service_name_prefix = None {{(pid=98786) log_opt_values /opt/stack/data/venv/lib/python3.12/site-packages/oslo_config/cfg.py:3253}}
Jun 24 13:42:47.980557 np0000003548 nova-conductor[98786]: DEBUG cotyledon.oslo_config_glue [-] profiler_otlp.service_name_prefix = None {{(pid=98786) log_opt_values /opt/stack/data/venv/lib/python3.12/site-packages/oslo_config/cfg.py:3253}}
Jun 24 13:42:47.980557 np0000003548 nova-conductor[98786]: DEBUG cotyledon.oslo_config_glue [-] oslo_messaging_rabbit.amqp_auto_delete = False {{(pid=98786) log_opt_values /opt/stack/data/venv/lib/python3.12/site-packages/oslo_config/cfg.py:3253}}
Jun 24 13:42:47.980557 np0000003548 nova-conductor[98786]: DEBUG cotyledon.oslo_config_glue [-] oslo_messaging_rabbit.amqp_durable_queues = False {{(pid=98786) log_opt_values /opt/stack/data/venv/lib/python3.12/site-packages/oslo_config/cfg.py:3253}}
Jun 24 13:42:47.980557 np0000003548 nova-conductor[98786]: DEBUG cotyledon.oslo_config_glue [-] oslo_messaging_rabbit.conn_pool_min_size = 2 {{(pid=98786) log_opt_values /opt/stack/data/venv/lib/python3.12/site-packages/oslo_config/cfg.py:3253}}
Jun 24 13:42:47.980717 np0000003548 nova-conductor[98786]: DEBUG cotyledon.oslo_config_glue [-] oslo_messaging_rabbit.conn_pool_ttl = 1200 {{(pid=98786) log_opt_values /opt/stack/data/venv/lib/python3.12/site-packages/oslo_config/cfg.py:3253}}
Jun 24 13:42:47.980717 np0000003548 nova-conductor[98786]: DEBUG cotyledon.oslo_config_glue [-] oslo_messaging_rabbit.direct_mandatory_flag = True {{(pid=98786) log_opt_values /opt/stack/data/venv/lib/python3.12/site-packages/oslo_config/cfg.py:3253}}
Jun 24 13:42:47.980717 np0000003548 nova-conductor[98786]: DEBUG cotyledon.oslo_config_glue [-] oslo_messaging_rabbit.enable_cancel_on_failover = False {{(pid=98786) log_opt_values /opt/stack/data/venv/lib/python3.12/site-packages/oslo_config/cfg.py:3253}}
Jun 24 13:42:47.980717 np0000003548 nova-conductor[98786]: DEBUG cotyledon.oslo_config_glue [-] oslo_messaging_rabbit.heartbeat_rate = 3 {{(pid=98786) log_opt_values /opt/stack/data/venv/lib/python3.12/site-packages/oslo_config/cfg.py:3253}}
Jun 24 13:42:47.980717 np0000003548 nova-conductor[98786]: DEBUG cotyledon.oslo_config_glue [-] oslo_messaging_rabbit.heartbeat_timeout_threshold = 60 {{(pid=98786) log_opt_values /opt/stack/data/venv/lib/python3.12/site-packages/oslo_config/cfg.py:3253}}
Jun 24 13:42:47.980717 np0000003548 nova-conductor[98786]: DEBUG cotyledon.oslo_config_glue [-] oslo_messaging_rabbit.hostname = np0000003548 {{(pid=98786) log_opt_values /opt/stack/data/venv/lib/python3.12/site-packages/oslo_config/cfg.py:3253}}
Jun 24 13:42:47.980717 np0000003548 nova-conductor[98786]: DEBUG cotyledon.oslo_config_glue [-] oslo_messaging_rabbit.kombu_compression = None {{(pid=98786) log_opt_values /opt/stack/data/venv/lib/python3.12/site-packages/oslo_config/cfg.py:3253}}
Jun 24 13:42:47.980717 np0000003548 nova-conductor[98786]: DEBUG cotyledon.oslo_config_glue [-] oslo_messaging_rabbit.kombu_failover_strategy = round-robin {{(pid=98786) log_opt_values /opt/stack/data/venv/lib/python3.12/site-packages/oslo_config/cfg.py:3253}}
Jun 24 13:42:47.980717 np0000003548 nova-conductor[98786]: DEBUG cotyledon.oslo_config_glue [-] oslo_messaging_rabbit.kombu_missing_consumer_retry_timeout = 60 {{(pid=98786) log_opt_values /opt/stack/data/venv/lib/python3.12/site-packages/oslo_config/cfg.py:3253}}
Jun 24 13:42:47.980944 np0000003548 nova-conductor[98786]: DEBUG cotyledon.oslo_config_glue [-] oslo_messaging_rabbit.kombu_reconnect_delay = 1.0 {{(pid=98786) log_opt_values /opt/stack/data/venv/lib/python3.12/site-packages/oslo_config/cfg.py:3253}}
Jun 24 13:42:47.980944 np0000003548 nova-conductor[98786]: DEBUG cotyledon.oslo_config_glue [-] oslo_messaging_rabbit.kombu_reconnect_splay = 0.0 {{(pid=98786) log_opt_values /opt/stack/data/venv/lib/python3.12/site-packages/oslo_config/cfg.py:3253}}
Jun 24 13:42:47.980944 np0000003548 nova-conductor[98786]: DEBUG cotyledon.oslo_config_glue [-] oslo_messaging_rabbit.processname = nova-conductor {{(pid=98786) log_opt_values /opt/stack/data/venv/lib/python3.12/site-packages/oslo_config/cfg.py:3253}}
Jun 24 13:42:47.980944 np0000003548 nova-conductor[98786]: DEBUG cotyledon.oslo_config_glue [-] oslo_messaging_rabbit.rabbit_ha_queues = False {{(pid=98786) log_opt_values /opt/stack/data/venv/lib/python3.12/site-packages/oslo_config/cfg.py:3253}}
Jun 24 13:42:47.980944 np0000003548 nova-conductor[98786]: DEBUG cotyledon.oslo_config_glue [-] oslo_messaging_rabbit.rabbit_interval_max = 30 {{(pid=98786) log_opt_values /opt/stack/data/venv/lib/python3.12/site-packages/oslo_config/cfg.py:3253}}
Jun 24 13:42:47.980944 np0000003548 nova-conductor[98786]: DEBUG cotyledon.oslo_config_glue [-] oslo_messaging_rabbit.rabbit_login_method = AMQPLAIN {{(pid=98786) log_opt_values /opt/stack/data/venv/lib/python3.12/site-packages/oslo_config/cfg.py:3253}}
Jun 24 13:42:47.980944 np0000003548 nova-conductor[98786]: DEBUG cotyledon.oslo_config_glue [-] oslo_messaging_rabbit.rabbit_qos_prefetch_count = 0 {{(pid=98786) log_opt_values /opt/stack/data/venv/lib/python3.12/site-packages/oslo_config/cfg.py:3253}}
Jun 24 13:42:47.980944 np0000003548 nova-conductor[98786]: DEBUG cotyledon.oslo_config_glue [-] oslo_messaging_rabbit.rabbit_quorum_delivery_limit = 0 {{(pid=98786) log_opt_values /opt/stack/data/venv/lib/python3.12/site-packages/oslo_config/cfg.py:3253}}
Jun 24 13:42:47.980944 np0000003548 nova-conductor[98786]: DEBUG cotyledon.oslo_config_glue [-] oslo_messaging_rabbit.rabbit_quorum_max_memory_bytes = 0 {{(pid=98786) log_opt_values /opt/stack/data/venv/lib/python3.12/site-packages/oslo_config/cfg.py:3253}}
Jun 24 13:42:47.981108 np0000003548 nova-conductor[98786]: DEBUG cotyledon.oslo_config_glue [-] oslo_messaging_rabbit.rabbit_quorum_max_memory_length = 0 {{(pid=98786) log_opt_values /opt/stack/data/venv/lib/python3.12/site-packages/oslo_config/cfg.py:3253}}
Jun 24 13:42:47.981108 np0000003548 nova-conductor[98786]: DEBUG cotyledon.oslo_config_glue [-] oslo_messaging_rabbit.rabbit_quorum_queue = False {{(pid=98786) log_opt_values /opt/stack/data/venv/lib/python3.12/site-packages/oslo_config/cfg.py:3253}}
Jun 24 13:42:47.981108 np0000003548 nova-conductor[98786]: DEBUG cotyledon.oslo_config_glue [-] oslo_messaging_rabbit.rabbit_retry_backoff = 2 {{(pid=98786) log_opt_values /opt/stack/data/venv/lib/python3.12/site-packages/oslo_config/cfg.py:3253}}
Jun 24 13:42:47.981108 np0000003548 nova-conductor[98786]: DEBUG cotyledon.oslo_config_glue [-] oslo_messaging_rabbit.rabbit_retry_interval = 1 {{(pid=98786) log_opt_values /opt/stack/data/venv/lib/python3.12/site-packages/oslo_config/cfg.py:3253}}
Jun 24 13:42:47.981108 np0000003548 nova-conductor[98786]: DEBUG cotyledon.oslo_config_glue [-] oslo_messaging_rabbit.rabbit_stream_fanout = False {{(pid=98786) log_opt_values /opt/stack/data/venv/lib/python3.12/site-packages/oslo_config/cfg.py:3253}}
Jun 24 13:42:47.981108 np0000003548 nova-conductor[98786]: DEBUG cotyledon.oslo_config_glue [-] oslo_messaging_rabbit.rabbit_transient_queues_ttl = 1800 {{(pid=98786) log_opt_values /opt/stack/data/venv/lib/python3.12/site-packages/oslo_config/cfg.py:3253}}
Jun 24 13:42:47.981108 np0000003548 nova-conductor[98786]: DEBUG cotyledon.oslo_config_glue [-] oslo_messaging_rabbit.rabbit_transient_quorum_queue = False {{(pid=98786) log_opt_values /opt/stack/data/venv/lib/python3.12/site-packages/oslo_config/cfg.py:3253}}
Jun 24 13:42:47.981108 np0000003548 nova-conductor[98786]: DEBUG cotyledon.oslo_config_glue [-] oslo_messaging_rabbit.rpc_conn_pool_size = 30 {{(pid=98786) log_opt_values /opt/stack/data/venv/lib/python3.12/site-packages/oslo_config/cfg.py:3253}}
Jun 24 13:42:47.981108 np0000003548 nova-conductor[98786]: DEBUG cotyledon.oslo_config_glue [-] oslo_messaging_rabbit.ssl = False {{(pid=98786) log_opt_values /opt/stack/data/venv/lib/python3.12/site-packages/oslo_config/cfg.py:3253}}
Jun 24 13:42:47.981267 np0000003548 nova-conductor[98786]: DEBUG cotyledon.oslo_config_glue [-] oslo_messaging_rabbit.ssl_ca_file = {{(pid=98786) log_opt_values /opt/stack/data/venv/lib/python3.12/site-packages/oslo_config/cfg.py:3253}}
Jun 24 13:42:47.981267 np0000003548 nova-conductor[98786]: DEBUG cotyledon.oslo_config_glue [-] oslo_messaging_rabbit.ssl_cert_file = {{(pid=98786) log_opt_values /opt/stack/data/venv/lib/python3.12/site-packages/oslo_config/cfg.py:3253}}
Jun 24 13:42:47.981267 np0000003548 nova-conductor[98786]: DEBUG cotyledon.oslo_config_glue [-] oslo_messaging_rabbit.ssl_enforce_fips_mode = False {{(pid=98786) log_opt_values /opt/stack/data/venv/lib/python3.12/site-packages/oslo_config/cfg.py:3253}}
Jun 24 13:42:47.981267 np0000003548 nova-conductor[98786]: DEBUG cotyledon.oslo_config_glue [-] oslo_messaging_rabbit.ssl_enforce_hostname_verification = True {{(pid=98786) log_opt_values /opt/stack/data/venv/lib/python3.12/site-packages/oslo_config/cfg.py:3253}}
Jun 24 13:42:47.981267 np0000003548 nova-conductor[98786]: DEBUG cotyledon.oslo_config_glue [-] oslo_messaging_rabbit.ssl_key_file = {{(pid=98786) log_opt_values /opt/stack/data/venv/lib/python3.12/site-packages/oslo_config/cfg.py:3253}}
Jun 24 13:42:47.981267 np0000003548 nova-conductor[98786]: DEBUG cotyledon.oslo_config_glue [-] oslo_messaging_rabbit.ssl_version = {{(pid=98786) log_opt_values /opt/stack/data/venv/lib/python3.12/site-packages/oslo_config/cfg.py:3253}}
Jun 24 13:42:47.981267 np0000003548 nova-conductor[98786]: DEBUG cotyledon.oslo_config_glue [-] oslo_messaging_rabbit.use_queue_manager = False {{(pid=98786) log_opt_values /opt/stack/data/venv/lib/python3.12/site-packages/oslo_config/cfg.py:3253}}
Jun 24 13:42:47.981267 np0000003548 nova-conductor[98786]: DEBUG cotyledon.oslo_config_glue [-] oslo_messaging_notifications.driver = ['messagingv2'] {{(pid=98786) log_opt_values /opt/stack/data/venv/lib/python3.12/site-packages/oslo_config/cfg.py:3253}}
Jun 24 13:42:47.981267 np0000003548 nova-conductor[98786]: DEBUG cotyledon.oslo_config_glue [-] oslo_messaging_notifications.retry = -1 {{(pid=98786) log_opt_values /opt/stack/data/venv/lib/python3.12/site-packages/oslo_config/cfg.py:3253}}
Jun 24 13:42:47.981439 np0000003548 nova-conductor[98786]: DEBUG cotyledon.oslo_config_glue [-] oslo_messaging_notifications.topics = ['notifications'] {{(pid=98786) log_opt_values /opt/stack/data/venv/lib/python3.12/site-packages/oslo_config/cfg.py:3253}}
Jun 24 13:42:47.981439 np0000003548 nova-conductor[98786]: DEBUG cotyledon.oslo_config_glue [-] oslo_messaging_notifications.transport_url = **** {{(pid=98786) log_opt_values /opt/stack/data/venv/lib/python3.12/site-packages/oslo_config/cfg.py:3253}}
Jun 24 13:42:47.981439 np0000003548 nova-conductor[98786]: DEBUG cotyledon.oslo_config_glue [-] oslo_limit.auth_section = None {{(pid=98786) log_opt_values /opt/stack/data/venv/lib/python3.12/site-packages/oslo_config/cfg.py:3253}}
Jun 24 13:42:47.981439 np0000003548 nova-conductor[98786]: DEBUG cotyledon.oslo_config_glue [-] oslo_limit.auth_type = None {{(pid=98786) log_opt_values /opt/stack/data/venv/lib/python3.12/site-packages/oslo_config/cfg.py:3253}}
Jun 24 13:42:47.981439 np0000003548 nova-conductor[98786]: DEBUG cotyledon.oslo_config_glue [-] oslo_limit.cafile = None {{(pid=98786) log_opt_values /opt/stack/data/venv/lib/python3.12/site-packages/oslo_config/cfg.py:3253}}
Jun 24 13:42:47.981439 np0000003548 nova-conductor[98786]: DEBUG cotyledon.oslo_config_glue [-] oslo_limit.certfile = None {{(pid=98786) log_opt_values /opt/stack/data/venv/lib/python3.12/site-packages/oslo_config/cfg.py:3253}}
Jun 24 13:42:47.981439 np0000003548 nova-conductor[98786]: DEBUG cotyledon.oslo_config_glue [-] oslo_limit.collect_timing = False {{(pid=98786) log_opt_values /opt/stack/data/venv/lib/python3.12/site-packages/oslo_config/cfg.py:3253}}
Jun 24 13:42:47.981439 np0000003548 nova-conductor[98786]: DEBUG cotyledon.oslo_config_glue [-] oslo_limit.connect_retries = None {{(pid=98786) log_opt_values /opt/stack/data/venv/lib/python3.12/site-packages/oslo_config/cfg.py:3253}}
Jun 24 13:42:47.981439 np0000003548 nova-conductor[98786]: DEBUG cotyledon.oslo_config_glue [-] oslo_limit.connect_retry_delay = None {{(pid=98786) log_opt_values /opt/stack/data/venv/lib/python3.12/site-packages/oslo_config/cfg.py:3253}}
Jun 24 13:42:47.981596 np0000003548 nova-conductor[98786]: DEBUG cotyledon.oslo_config_glue [-] oslo_limit.endpoint_id = None {{(pid=98786) log_opt_values /opt/stack/data/venv/lib/python3.12/site-packages/oslo_config/cfg.py:3253}}
Jun 24 13:42:47.981596 np0000003548 nova-conductor[98786]: DEBUG cotyledon.oslo_config_glue [-] oslo_limit.endpoint_interface = public {{(pid=98786) log_opt_values /opt/stack/data/venv/lib/python3.12/site-packages/oslo_config/cfg.py:3253}}
Jun 24 13:42:47.981596 np0000003548 nova-conductor[98786]: DEBUG cotyledon.oslo_config_glue [-] oslo_limit.endpoint_override = None {{(pid=98786) log_opt_values /opt/stack/data/venv/lib/python3.12/site-packages/oslo_config/cfg.py:3253}}
Jun 24 13:42:47.981596 np0000003548 nova-conductor[98786]: DEBUG cotyledon.oslo_config_glue [-] oslo_limit.endpoint_region_name = None {{(pid=98786) log_opt_values /opt/stack/data/venv/lib/python3.12/site-packages/oslo_config/cfg.py:3253}}
Jun 24 13:42:47.981596 np0000003548 nova-conductor[98786]: DEBUG cotyledon.oslo_config_glue [-] oslo_limit.endpoint_service_name = None {{(pid=98786) log_opt_values /opt/stack/data/venv/lib/python3.12/site-packages/oslo_config/cfg.py:3253}}
Jun 24 13:42:47.981596 np0000003548 nova-conductor[98786]: DEBUG cotyledon.oslo_config_glue [-] oslo_limit.endpoint_service_type = None {{(pid=98786) log_opt_values /opt/stack/data/venv/lib/python3.12/site-packages/oslo_config/cfg.py:3253}}
Jun 24 13:42:47.981596 np0000003548 nova-conductor[98786]: DEBUG cotyledon.oslo_config_glue [-] oslo_limit.insecure = False {{(pid=98786) log_opt_values /opt/stack/data/venv/lib/python3.12/site-packages/oslo_config/cfg.py:3253}}
Jun 24 13:42:47.981596 np0000003548 nova-conductor[98786]: DEBUG cotyledon.oslo_config_glue [-] oslo_limit.keyfile = None {{(pid=98786) log_opt_values /opt/stack/data/venv/lib/python3.12/site-packages/oslo_config/cfg.py:3253}}
Jun 24 13:42:47.981596 np0000003548 nova-conductor[98786]: DEBUG cotyledon.oslo_config_glue [-] oslo_limit.max_version = None {{(pid=98786) log_opt_values /opt/stack/data/venv/lib/python3.12/site-packages/oslo_config/cfg.py:3253}}
Jun 24 13:42:47.981756 np0000003548 nova-conductor[98786]: DEBUG cotyledon.oslo_config_glue [-] oslo_limit.min_version = None {{(pid=98786) log_opt_values /opt/stack/data/venv/lib/python3.12/site-packages/oslo_config/cfg.py:3253}}
Jun 24 13:42:47.981756 np0000003548 nova-conductor[98786]: DEBUG cotyledon.oslo_config_glue [-] oslo_limit.region_name = None {{(pid=98786) log_opt_values /opt/stack/data/venv/lib/python3.12/site-packages/oslo_config/cfg.py:3253}}
Jun 24 13:42:47.981756 np0000003548 nova-conductor[98786]: DEBUG cotyledon.oslo_config_glue [-] oslo_limit.retriable_status_codes = None {{(pid=98786) log_opt_values /opt/stack/data/venv/lib/python3.12/site-packages/oslo_config/cfg.py:3253}}
Jun 24 13:42:47.981756 np0000003548 nova-conductor[98786]: DEBUG cotyledon.oslo_config_glue [-] oslo_limit.service_name = None {{(pid=98786) log_opt_values /opt/stack/data/venv/lib/python3.12/site-packages/oslo_config/cfg.py:3253}}
Jun 24 13:42:47.981756 np0000003548 nova-conductor[98786]: DEBUG cotyledon.oslo_config_glue [-] oslo_limit.service_type = None {{(pid=98786) log_opt_values /opt/stack/data/venv/lib/python3.12/site-packages/oslo_config/cfg.py:3253}}
Jun 24 13:42:47.981756 np0000003548 nova-conductor[98786]: DEBUG cotyledon.oslo_config_glue [-] oslo_limit.split_loggers = False {{(pid=98786) log_opt_values /opt/stack/data/venv/lib/python3.12/site-packages/oslo_config/cfg.py:3253}}
Jun 24 13:42:47.981756 np0000003548 nova-conductor[98786]: DEBUG cotyledon.oslo_config_glue [-] oslo_limit.status_code_retries = None {{(pid=98786) log_opt_values /opt/stack/data/venv/lib/python3.12/site-packages/oslo_config/cfg.py:3253}}
Jun 24 13:42:47.981756 np0000003548 nova-conductor[98786]: DEBUG cotyledon.oslo_config_glue [-] oslo_limit.status_code_retry_delay = None {{(pid=98786) log_opt_values /opt/stack/data/venv/lib/python3.12/site-packages/oslo_config/cfg.py:3253}}
Jun 24 13:42:47.981756 np0000003548 nova-conductor[98786]: DEBUG cotyledon.oslo_config_glue [-] oslo_limit.timeout = None {{(pid=98786) log_opt_values /opt/stack/data/venv/lib/python3.12/site-packages/oslo_config/cfg.py:3253}}
Jun 24 13:42:47.982041 np0000003548 nova-conductor[98786]: DEBUG cotyledon.oslo_config_glue [-] oslo_limit.valid_interfaces = None {{(pid=98786) log_opt_values /opt/stack/data/venv/lib/python3.12/site-packages/oslo_config/cfg.py:3253}}
Jun 24 13:42:47.982041 np0000003548 nova-conductor[98786]: DEBUG cotyledon.oslo_config_glue [-] oslo_limit.version = None {{(pid=98786) log_opt_values /opt/stack/data/venv/lib/python3.12/site-packages/oslo_config/cfg.py:3253}}
Jun 24 13:42:47.982041 np0000003548 nova-conductor[98786]: DEBUG cotyledon.oslo_config_glue [-] oslo_reports.file_event_handler = None {{(pid=98786) log_opt_values /opt/stack/data/venv/lib/python3.12/site-packages/oslo_config/cfg.py:3253}}
Jun 24 13:42:47.982041 np0000003548 nova-conductor[98786]: DEBUG cotyledon.oslo_config_glue [-] oslo_reports.file_event_handler_interval = 1 {{(pid=98786) log_opt_values /opt/stack/data/venv/lib/python3.12/site-packages/oslo_config/cfg.py:3253}}
Jun 24 13:42:47.982041 np0000003548 nova-conductor[98786]: DEBUG cotyledon.oslo_config_glue [-] oslo_reports.log_dir = None {{(pid=98786) log_opt_values /opt/stack/data/venv/lib/python3.12/site-packages/oslo_config/cfg.py:3253}}
Jun 24 13:42:47.982041 np0000003548 nova-conductor[98786]: DEBUG cotyledon.oslo_config_glue [-] ******************************************************************************** {{(pid=98786) log_opt_values /opt/stack/data/venv/lib/python3.12/site-packages/oslo_config/cfg.py:3260}}
Jun 24 13:42:47.982041 np0000003548 nova-conductor[98786]: DEBUG cotyledon._service_worker [-] Run service ServiceWrapper(3) [98786] {{(pid=98786) wait_forever /opt/stack/data/venv/lib/python3.12/site-packages/cotyledon/_service_worker.py:218}}
Jun 24 13:42:47.982041 np0000003548 nova-conductor[98786]: INFO nova.service [-] Starting conductor node (version 33.1.0)
Jun 24 13:42:47.982041 np0000003548 nova-conductor[98786]: INFO dbcounter [None req-02b7c98f-9df1-48cd-b493-6d84c25e4c20 None None] Registered counter for database nova_cell0
Jun 24 13:42:47.982265 np0000003548 nova-conductor[98766]: DEBUG oslo_db.sqlalchemy.engines [None req-6b877d48-5784-4682-a26e-a1e18c988331 None None] MySQL server mode set to STRICT_TRANS_TABLES,STRICT_ALL_TABLES,NO_ZERO_IN_DATE,NO_ZERO_DATE,ERROR_FOR_DIVISION_BY_ZERO,TRADITIONAL,NO_ENGINE_SUBSTITUTION {{(pid=98766) _check_effective_sql_mode /opt/stack/data/venv/lib/python3.12/site-packages/oslo_db/sqlalchemy/engines.py:325}}
Jun 24 13:42:47.982265 np0000003548 nova-conductor[98766]: DEBUG dbcounter [-] [98766] Writer thread running {{(pid=98766) stat_writer /opt/stack/data/venv/lib/python3.12/site-packages/dbcounter.py:102}}
Jun 24 13:42:47.982326 np0000003548 nova-conductor[98781]: DEBUG oslo_db.sqlalchemy.engines [None req-4910b929-0c5f-4598-b95c-94e9b3faafaa None None] MySQL server mode set to STRICT_TRANS_TABLES,STRICT_ALL_TABLES,NO_ZERO_IN_DATE,NO_ZERO_DATE,ERROR_FOR_DIVISION_BY_ZERO,TRADITIONAL,NO_ENGINE_SUBSTITUTION {{(pid=98781) _check_effective_sql_mode /opt/stack/data/venv/lib/python3.12/site-packages/oslo_db/sqlalchemy/engines.py:325}}
Jun 24 13:42:47.984068 np0000003548 nova-conductor[98775]: DEBUG oslo_db.sqlalchemy.engines [None req-d1a3e9e8-14ca-4186-82f1-67a40ef0ba76 None None] MySQL server mode set to STRICT_TRANS_TABLES,STRICT_ALL_TABLES,NO_ZERO_IN_DATE,NO_ZERO_DATE,ERROR_FOR_DIVISION_BY_ZERO,TRADITIONAL,NO_ENGINE_SUBSTITUTION {{(pid=98775) _check_effective_sql_mode /opt/stack/data/venv/lib/python3.12/site-packages/oslo_db/sqlalchemy/engines.py:325}}
Jun 24 13:42:47.987869 np0000003548 nova-conductor[98786]: DEBUG oslo_db.sqlalchemy.engines [None req-02b7c98f-9df1-48cd-b493-6d84c25e4c20 None None] MySQL server mode set to STRICT_TRANS_TABLES,STRICT_ALL_TABLES,NO_ZERO_IN_DATE,NO_ZERO_DATE,ERROR_FOR_DIVISION_BY_ZERO,TRADITIONAL,NO_ENGINE_SUBSTITUTION {{(pid=98786) _check_effective_sql_mode /opt/stack/data/venv/lib/python3.12/site-packages/oslo_db/sqlalchemy/engines.py:325}}
Jun 24 13:42:47.992734 np0000003548 nova-conductor[98781]: DEBUG dbcounter [-] [98781] Writer thread running {{(pid=98781) stat_writer /opt/stack/data/venv/lib/python3.12/site-packages/dbcounter.py:102}}
Jun 24 13:42:47.995687 np0000003548 nova-conductor[98775]: DEBUG dbcounter [-] [98775] Writer thread running {{(pid=98775) stat_writer /opt/stack/data/venv/lib/python3.12/site-packages/dbcounter.py:102}}
Jun 24 13:42:47.997200 np0000003548 nova-conductor[98766]: DEBUG nova.service [None req-6b877d48-5784-4682-a26e-a1e18c988331 None None] Creating RPC server for service: nova-conductor on topic: conductor {{(pid=98766) start /opt/stack/nova/nova/service.py:196}}
Jun 24 13:42:47.997751 np0000003548 nova-conductor[98786]: DEBUG dbcounter [-] [98786] Writer thread running {{(pid=98786) stat_writer /opt/stack/data/venv/lib/python3.12/site-packages/dbcounter.py:102}}
Jun 24 13:42:47.999410 np0000003548 nova-conductor[98775]: DEBUG nova.service [None req-d1a3e9e8-14ca-4186-82f1-67a40ef0ba76 None None] Creating RPC server for service: nova-conductor on topic: conductor {{(pid=98775) start /opt/stack/nova/nova/service.py:196}}
Jun 24 13:42:48.001089 np0000003548 nova-conductor[98786]: DEBUG nova.service [None req-02b7c98f-9df1-48cd-b493-6d84c25e4c20 None None] Creating RPC server for service: nova-conductor on topic: conductor {{(pid=98786) start /opt/stack/nova/nova/service.py:196}}
Jun 24 13:42:48.015680 np0000003548 nova-conductor[98781]: DEBUG nova.service [None req-4910b929-0c5f-4598-b95c-94e9b3faafaa None None] Creating RPC server for service: nova-conductor on topic: conductor {{(pid=98781) start /opt/stack/nova/nova/service.py:196}}
Jun 24 13:42:48.024538 np0000003548 nova-conductor[98775]: DEBUG nova.service [None req-d1a3e9e8-14ca-4186-82f1-67a40ef0ba76 None None] Join ServiceGroup membership for this service conductor {{(pid=98775) start /opt/stack/nova/nova/service.py:222}}
Jun 24 13:42:48.024877 np0000003548 nova-conductor[98775]: DEBUG nova.servicegroup.drivers.db [None req-d1a3e9e8-14ca-4186-82f1-67a40ef0ba76 None None] DB_Driver: join new ServiceGroup member np0000003548 to the conductor group, service = {{(pid=98775) join /opt/stack/nova/nova/servicegroup/drivers/db.py:44}}
Jun 24 13:42:48.026675 np0000003548 nova-conductor[98766]: DEBUG nova.service [None req-6b877d48-5784-4682-a26e-a1e18c988331 None None] Join ServiceGroup membership for this service conductor {{(pid=98766) start /opt/stack/nova/nova/service.py:222}}
Jun 24 13:42:48.026963 np0000003548 nova-conductor[98766]: DEBUG nova.servicegroup.drivers.db [None req-6b877d48-5784-4682-a26e-a1e18c988331 None None] DB_Driver: join new ServiceGroup member np0000003548 to the conductor group, service = {{(pid=98766) join /opt/stack/nova/nova/servicegroup/drivers/db.py:44}}
Jun 24 13:42:48.029657 np0000003548 nova-conductor[98786]: DEBUG nova.service [None req-02b7c98f-9df1-48cd-b493-6d84c25e4c20 None None] Join ServiceGroup membership for this service conductor {{(pid=98786) start /opt/stack/nova/nova/service.py:222}}
Jun 24 13:42:48.030302 np0000003548 nova-conductor[98786]: DEBUG nova.servicegroup.drivers.db [None req-02b7c98f-9df1-48cd-b493-6d84c25e4c20 None None] DB_Driver: join new ServiceGroup member np0000003548 to the conductor group, service = {{(pid=98786) join /opt/stack/nova/nova/servicegroup/drivers/db.py:44}}
Jun 24 13:42:48.036851 np0000003548 nova-conductor[98781]: DEBUG nova.service [None req-4910b929-0c5f-4598-b95c-94e9b3faafaa None None] Join ServiceGroup membership for this service conductor {{(pid=98781) start /opt/stack/nova/nova/service.py:222}}
Jun 24 13:42:48.037095 np0000003548 nova-conductor[98781]: DEBUG nova.servicegroup.drivers.db [None req-4910b929-0c5f-4598-b95c-94e9b3faafaa None None] DB_Driver: join new ServiceGroup member np0000003548 to the conductor group, service = {{(pid=98781) join /opt/stack/nova/nova/servicegroup/drivers/db.py:44}}
Jun 24 13:42:53.044123 np0000003548 nova-conductor[98766]: DEBUG oslo.service.backend._threading.loopingcall [-] Fixed interval looping call 'nova.servicegroup.drivers.db.DbDriver._report_state' sleeping for 119.98 seconds {{(pid=98766) _run_loop /opt/stack/data/venv/lib/python3.12/site-packages/oslo_service/backend/_threading/loopingcall.py:125}}
Jun 24 13:42:53.045335 np0000003548 nova-conductor[98775]: DEBUG oslo.service.backend._threading.loopingcall [-] Fixed interval looping call 'nova.servicegroup.drivers.db.DbDriver._report_state' sleeping for 119.98 seconds {{(pid=98775) _run_loop /opt/stack/data/venv/lib/python3.12/site-packages/oslo_service/backend/_threading/loopingcall.py:125}}
Jun 24 13:42:53.047009 np0000003548 nova-conductor[98786]: DEBUG oslo.service.backend._threading.loopingcall [-] Fixed interval looping call 'nova.servicegroup.drivers.db.DbDriver._report_state' sleeping for 119.99 seconds {{(pid=98786) _run_loop /opt/stack/data/venv/lib/python3.12/site-packages/oslo_service/backend/_threading/loopingcall.py:125}}
Jun 24 13:42:53.048315 np0000003548 nova-conductor[98781]: DEBUG oslo.service.backend._threading.loopingcall [-] Fixed interval looping call 'nova.servicegroup.drivers.db.DbDriver._report_state' sleeping for 119.99 seconds {{(pid=98781) _run_loop /opt/stack/data/venv/lib/python3.12/site-packages/oslo_service/backend/_threading/loopingcall.py:125}}
Jun 24 13:42:56.552285 np0000003548 nova-conductor[97331]: DEBUG dbcounter [-] [97331] Writing DB stats nova_api:SELECT=1 {{(pid=97331) stat_writer /opt/stack/data/venv/lib/python3.12/site-packages/dbcounter.py:115}}
Jun 24 13:42:56.702419 np0000003548 nova-conductor[97331]: DEBUG dbcounter [-] [97331] Writing DB stats nova_cell0:SELECT=1 {{(pid=97331) stat_writer /opt/stack/data/venv/lib/python3.12/site-packages/dbcounter.py:115}}
Jun 24 13:42:56.706987 np0000003548 nova-conductor[97331]: DEBUG dbcounter [-] [97331] Writing DB stats nova_cell1:SELECT=1 {{(pid=97331) stat_writer /opt/stack/data/venv/lib/python3.12/site-packages/dbcounter.py:115}}
Jun 24 13:43:03.037194 np0000003548 nova-conductor[98766]: DEBUG dbcounter [-] [98766] Writing DB stats nova_cell0:SELECT=4,nova_cell0:INSERT=1,nova_cell0:UPDATE=1 {{(pid=98766) stat_writer /opt/stack/data/venv/lib/python3.12/site-packages/dbcounter.py:115}}
Jun 24 13:43:03.037684 np0000003548 nova-conductor[98775]: DEBUG dbcounter [-] [98775] Writing DB stats nova_cell0:SELECT=3,nova_cell0:UPDATE=1 {{(pid=98775) stat_writer /opt/stack/data/venv/lib/python3.12/site-packages/dbcounter.py:115}}
Jun 24 13:43:03.045724 np0000003548 nova-conductor[98781]: DEBUG dbcounter [-] [98781] Writing DB stats nova_cell0:SELECT=4,nova_cell0:INSERT=1,nova_cell0:UPDATE=1 {{(pid=98781) stat_writer /opt/stack/data/venv/lib/python3.12/site-packages/dbcounter.py:115}}
Jun 24 13:43:03.046103 np0000003548 nova-conductor[98786]: DEBUG dbcounter [-] [98786] Writing DB stats nova_cell0:SELECT=3,nova_cell0:UPDATE=1 {{(pid=98786) stat_writer /opt/stack/data/venv/lib/python3.12/site-packages/dbcounter.py:115}}
Jun 24 13:43:21.039714 np0000003548 nova-conductor[98781]: DEBUG oslo.service.backend._threading.loopingcall [None req-b3dd7a33-d9c6-42da-b27a-2b84f29a1150 None None] Dynamic interval looping call 'nova.service.Service.periodic_tasks' sleeping for 60.00 seconds {{(pid=98781) _run_loop /opt/stack/data/venv/lib/python3.12/site-packages/oslo_service/backend/_threading/loopingcall.py:125}}
Jun 24 13:43:26.029475 np0000003548 nova-conductor[98766]: DEBUG oslo.service.backend._threading.loopingcall [None req-ee2fe5b3-ffc9-4c5d-a6d0-999f02bd147c None None] Dynamic interval looping call 'nova.service.Service.periodic_tasks' sleeping for 60.00 seconds {{(pid=98766) _run_loop /opt/stack/data/venv/lib/python3.12/site-packages/oslo_service/backend/_threading/loopingcall.py:125}}
Jun 24 13:43:28.027802 np0000003548 nova-conductor[98775]: DEBUG oslo.service.backend._threading.loopingcall [None req-7257af2a-e9e2-40f3-998c-2fd0eb0f2bdc None None] Dynamic interval looping call 'nova.service.Service.periodic_tasks' sleeping for 60.00 seconds {{(pid=98775) _run_loop /opt/stack/data/venv/lib/python3.12/site-packages/oslo_service/backend/_threading/loopingcall.py:125}}
Jun 24 13:43:38.032190 np0000003548 nova-conductor[98786]: DEBUG oslo.service.backend._threading.loopingcall [None req-80734bd6-cbfb-4f13-b1f8-4b9b551a87ee None None] Dynamic interval looping call 'nova.service.Service.periodic_tasks' sleeping for 60.00 seconds {{(pid=98786) _run_loop /opt/stack/data/venv/lib/python3.12/site-packages/oslo_service/backend/_threading/loopingcall.py:125}}
Jun 24 13:44:21.040358 np0000003548 nova-conductor[98781]: DEBUG oslo.service.backend._threading.loopingcall [None req-b3dd7a33-d9c6-42da-b27a-2b84f29a1150 None None] Dynamic interval looping call 'nova.service.Service.periodic_tasks' sleeping for 60.00 seconds {{(pid=98781) _run_loop /opt/stack/data/venv/lib/python3.12/site-packages/oslo_service/backend/_threading/loopingcall.py:125}}
Jun 24 13:44:26.030130 np0000003548 nova-conductor[98766]: DEBUG oslo.service.backend._threading.loopingcall [None req-ee2fe5b3-ffc9-4c5d-a6d0-999f02bd147c None None] Dynamic interval looping call 'nova.service.Service.periodic_tasks' sleeping for 60.00 seconds {{(pid=98766) _run_loop /opt/stack/data/venv/lib/python3.12/site-packages/oslo_service/backend/_threading/loopingcall.py:125}}
Jun 24 13:44:28.028334 np0000003548 nova-conductor[98775]: DEBUG oslo.service.backend._threading.loopingcall [None req-7257af2a-e9e2-40f3-998c-2fd0eb0f2bdc None None] Dynamic interval looping call 'nova.service.Service.periodic_tasks' sleeping for 60.00 seconds {{(pid=98775) _run_loop /opt/stack/data/venv/lib/python3.12/site-packages/oslo_service/backend/_threading/loopingcall.py:125}}
Jun 24 13:44:38.032709 np0000003548 nova-conductor[98786]: DEBUG oslo.service.backend._threading.loopingcall [None req-80734bd6-cbfb-4f13-b1f8-4b9b551a87ee None None] Dynamic interval looping call 'nova.service.Service.periodic_tasks' sleeping for 60.00 seconds {{(pid=98786) _run_loop /opt/stack/data/venv/lib/python3.12/site-packages/oslo_service/backend/_threading/loopingcall.py:125}}
Jun 24 13:44:53.030208 np0000003548 nova-conductor[98766]: DEBUG oslo.service.backend._threading.loopingcall [-] Fixed interval looping call 'nova.servicegroup.drivers.db.DbDriver._report_state' sleeping for 119.99 seconds {{(pid=98766) _run_loop /opt/stack/data/venv/lib/python3.12/site-packages/oslo_service/backend/_threading/loopingcall.py:125}}
Jun 24 13:44:53.030647 np0000003548 nova-conductor[98775]: DEBUG oslo.service.backend._threading.loopingcall [-] Fixed interval looping call 'nova.servicegroup.drivers.db.DbDriver._report_state' sleeping for 120.00 seconds {{(pid=98775) _run_loop /opt/stack/data/venv/lib/python3.12/site-packages/oslo_service/backend/_threading/loopingcall.py:125}}
Jun 24 13:44:53.040873 np0000003548 nova-conductor[98786]: DEBUG oslo.service.backend._threading.loopingcall [-] Fixed interval looping call 'nova.servicegroup.drivers.db.DbDriver._report_state' sleeping for 120.00 seconds {{(pid=98786) _run_loop /opt/stack/data/venv/lib/python3.12/site-packages/oslo_service/backend/_threading/loopingcall.py:125}}
Jun 24 13:44:53.042670 np0000003548 nova-conductor[98781]: DEBUG oslo.service.backend._threading.loopingcall [-] Fixed interval looping call 'nova.servicegroup.drivers.db.DbDriver._report_state' sleeping for 120.00 seconds {{(pid=98781) _run_loop /opt/stack/data/venv/lib/python3.12/site-packages/oslo_service/backend/_threading/loopingcall.py:125}}
Jun 24 13:45:03.027221 np0000003548 nova-conductor[98766]: DEBUG dbcounter [-] [98766] Writing DB stats nova_cell0:SELECT=1,nova_cell0:UPDATE=1 {{(pid=98766) stat_writer /opt/stack/data/venv/lib/python3.12/site-packages/dbcounter.py:115}}
Jun 24 13:45:03.028055 np0000003548 nova-conductor[98775]: DEBUG dbcounter [-] [98775] Writing DB stats nova_cell0:SELECT=1,nova_cell0:UPDATE=1 {{(pid=98775) stat_writer /opt/stack/data/venv/lib/python3.12/site-packages/dbcounter.py:115}}
Jun 24 13:45:03.038946 np0000003548 nova-conductor[98786]: DEBUG dbcounter [-] [98786] Writing DB stats nova_cell0:SELECT=1 {{(pid=98786) stat_writer /opt/stack/data/venv/lib/python3.12/site-packages/dbcounter.py:115}}
Jun 24 13:45:03.040751 np0000003548 nova-conductor[98781]: DEBUG dbcounter [-] [98781] Writing DB stats nova_cell0:SELECT=1 {{(pid=98781) stat_writer /opt/stack/data/venv/lib/python3.12/site-packages/dbcounter.py:115}}
Jun 24 13:45:21.040938 np0000003548 nova-conductor[98781]: DEBUG oslo.service.backend._threading.loopingcall [None req-b3dd7a33-d9c6-42da-b27a-2b84f29a1150 None None] Dynamic interval looping call 'nova.service.Service.periodic_tasks' sleeping for 60.00 seconds {{(pid=98781) _run_loop /opt/stack/data/venv/lib/python3.12/site-packages/oslo_service/backend/_threading/loopingcall.py:125}}
Jun 24 13:45:21.499892 np0000003548 nova-conductor[98775]: DEBUG oslo_db.sqlalchemy.engines [None req-82b71a35-0374-47d2-a008-ba64aed9f8db tempest-ServersNegativeTestJSON-144256388 tempest-ServersNegativeTestJSON-144256388-project-member] Parent process 97331 forked (98775) with an open database connection, which is being discarded and recreated. {{(pid=98775) checkout /opt/stack/data/venv/lib/python3.12/site-packages/oslo_db/sqlalchemy/engines.py:402}}
Jun 24 13:45:21.551680 np0000003548 nova-conductor[98775]: DEBUG dbcounter [-] [98775] Writer thread running {{(pid=98775) stat_writer /opt/stack/data/venv/lib/python3.12/site-packages/dbcounter.py:102}}
Jun 24 13:45:23.082817 np0000003548 nova-conductor[98775]: DEBUG nova.conductor.manager [None req-82b71a35-0374-47d2-a008-ba64aed9f8db tempest-ServersNegativeTestJSON-144256388 tempest-ServersNegativeTestJSON-144256388-project-member] Took 1.53 seconds to select destinations for 1 instance(s). {{(pid=98775) _schedule_instances /opt/stack/nova/nova/conductor/manager.py:968}}
Jun 24 13:45:23.116289 np0000003548 nova-conductor[98775]: DEBUG oslo_concurrency.lockutils [None req-82b71a35-0374-47d2-a008-ba64aed9f8db tempest-ServersNegativeTestJSON-144256388 tempest-ServersNegativeTestJSON-144256388-project-member] Acquiring lock "45ba90ef-e9cb-4deb-8304-f9215896ff36" by "nova.context.set_target_cell..get_or_set_cached_cell_and_set_connections" {{(pid=98775) inner /opt/stack/data/venv/lib/python3.12/site-packages/oslo_concurrency/lockutils.py:511}}
Jun 24 13:45:23.116289 np0000003548 nova-conductor[98775]: DEBUG oslo_concurrency.lockutils [None req-82b71a35-0374-47d2-a008-ba64aed9f8db tempest-ServersNegativeTestJSON-144256388 tempest-ServersNegativeTestJSON-144256388-project-member] Lock "45ba90ef-e9cb-4deb-8304-f9215896ff36" acquired by "nova.context.set_target_cell..get_or_set_cached_cell_and_set_connections" :: waited 0.000s {{(pid=98775) inner /opt/stack/data/venv/lib/python3.12/site-packages/oslo_concurrency/lockutils.py:524}}
Jun 24 13:45:23.117870 np0000003548 nova-conductor[98775]: DEBUG oslo_concurrency.lockutils [None req-82b71a35-0374-47d2-a008-ba64aed9f8db tempest-ServersNegativeTestJSON-144256388 tempest-ServersNegativeTestJSON-144256388-project-member] Lock "45ba90ef-e9cb-4deb-8304-f9215896ff36" "released" by "nova.context.set_target_cell..get_or_set_cached_cell_and_set_connections" :: held 0.001s {{(pid=98775) inner /opt/stack/data/venv/lib/python3.12/site-packages/oslo_concurrency/lockutils.py:543}}
Jun 24 13:45:23.120680 np0000003548 nova-conductor[98775]: INFO dbcounter [None req-82b71a35-0374-47d2-a008-ba64aed9f8db tempest-ServersNegativeTestJSON-144256388 tempest-ServersNegativeTestJSON-144256388-project-member] Registered counter for database nova_cell1
Jun 24 13:45:23.165301 np0000003548 nova-conductor[98775]: DEBUG oslo_db.sqlalchemy.engines [None req-82b71a35-0374-47d2-a008-ba64aed9f8db tempest-ServersNegativeTestJSON-144256388 tempest-ServersNegativeTestJSON-144256388-project-member] MySQL server mode set to STRICT_TRANS_TABLES,STRICT_ALL_TABLES,NO_ZERO_IN_DATE,NO_ZERO_DATE,ERROR_FOR_DIVISION_BY_ZERO,TRADITIONAL,NO_ENGINE_SUBSTITUTION {{(pid=98775) _check_effective_sql_mode /opt/stack/data/venv/lib/python3.12/site-packages/oslo_db/sqlalchemy/engines.py:325}}
Jun 24 13:45:23.172855 np0000003548 nova-conductor[98775]: DEBUG dbcounter [-] [98775] Writer thread running {{(pid=98775) stat_writer /opt/stack/data/venv/lib/python3.12/site-packages/dbcounter.py:102}}
Jun 24 13:45:23.244301 np0000003548 nova-conductor[98775]: INFO nova.utils [None req-82b71a35-0374-47d2-a008-ba64aed9f8db tempest-ServersNegativeTestJSON-144256388 tempest-ServersNegativeTestJSON-144256388-project-member] The cell worker thread pool ForkProcess-2.cell_worker is initialized
Jun 24 13:45:23.244625 np0000003548 nova-conductor[98775]: DEBUG oslo_concurrency.lockutils [None req-82b71a35-0374-47d2-a008-ba64aed9f8db tempest-ServersNegativeTestJSON-144256388 tempest-ServersNegativeTestJSON-144256388-project-member] Acquiring lock "00000000-0000-0000-0000-000000000000" by "nova.context.set_target_cell..get_or_set_cached_cell_and_set_connections" {{(pid=98775) inner /opt/stack/data/venv/lib/python3.12/site-packages/oslo_concurrency/lockutils.py:511}}
Jun 24 13:45:23.245045 np0000003548 nova-conductor[98775]: DEBUG oslo_concurrency.lockutils [None req-82b71a35-0374-47d2-a008-ba64aed9f8db tempest-ServersNegativeTestJSON-144256388 tempest-ServersNegativeTestJSON-144256388-project-member] Lock "00000000-0000-0000-0000-000000000000" acquired by "nova.context.set_target_cell..get_or_set_cached_cell_and_set_connections" :: waited 0.000s {{(pid=98775) inner /opt/stack/data/venv/lib/python3.12/site-packages/oslo_concurrency/lockutils.py:524}}
Jun 24 13:45:23.245585 np0000003548 nova-conductor[98775]: DEBUG oslo_concurrency.lockutils [None req-82b71a35-0374-47d2-a008-ba64aed9f8db tempest-ServersNegativeTestJSON-144256388 tempest-ServersNegativeTestJSON-144256388-project-member] Lock "00000000-0000-0000-0000-000000000000" "released" by "nova.context.set_target_cell..get_or_set_cached_cell_and_set_connections" :: held 0.000s {{(pid=98775) inner /opt/stack/data/venv/lib/python3.12/site-packages/oslo_concurrency/lockutils.py:543}}
Jun 24 13:45:23.246419 np0000003548 nova-conductor[98775]: DEBUG oslo_concurrency.lockutils [None req-82b71a35-0374-47d2-a008-ba64aed9f8db tempest-ServersNegativeTestJSON-144256388 tempest-ServersNegativeTestJSON-144256388-project-member] Acquiring lock "45ba90ef-e9cb-4deb-8304-f9215896ff36" by "nova.context.set_target_cell..get_or_set_cached_cell_and_set_connections" {{(pid=98775) inner /opt/stack/data/venv/lib/python3.12/site-packages/oslo_concurrency/lockutils.py:511}}
Jun 24 13:45:23.246419 np0000003548 nova-conductor[98775]: DEBUG oslo_concurrency.lockutils [None req-82b71a35-0374-47d2-a008-ba64aed9f8db tempest-ServersNegativeTestJSON-144256388 tempest-ServersNegativeTestJSON-144256388-project-member] Lock "45ba90ef-e9cb-4deb-8304-f9215896ff36" acquired by "nova.context.set_target_cell..get_or_set_cached_cell_and_set_connections" :: waited 0.000s {{(pid=98775) inner /opt/stack/data/venv/lib/python3.12/site-packages/oslo_concurrency/lockutils.py:524}}
Jun 24 13:45:23.246419 np0000003548 nova-conductor[98775]: DEBUG oslo_concurrency.lockutils [None req-82b71a35-0374-47d2-a008-ba64aed9f8db tempest-ServersNegativeTestJSON-144256388 tempest-ServersNegativeTestJSON-144256388-project-member] Lock "45ba90ef-e9cb-4deb-8304-f9215896ff36" "released" by "nova.context.set_target_cell..get_or_set_cached_cell_and_set_connections" :: held 0.000s {{(pid=98775) inner /opt/stack/data/venv/lib/python3.12/site-packages/oslo_concurrency/lockutils.py:543}}
Jun 24 13:45:23.248046 np0000003548 nova-conductor[98775]: INFO dbcounter [None req-82b71a35-0374-47d2-a008-ba64aed9f8db tempest-ServersNegativeTestJSON-144256388 tempest-ServersNegativeTestJSON-144256388-project-member] Registered counter for database nova_cell0
Jun 24 13:45:23.290847 np0000003548 nova-conductor[98775]: DEBUG oslo_db.sqlalchemy.engines [None req-82b71a35-0374-47d2-a008-ba64aed9f8db tempest-ServersNegativeTestJSON-144256388 tempest-ServersNegativeTestJSON-144256388-project-member] MySQL server mode set to STRICT_TRANS_TABLES,STRICT_ALL_TABLES,NO_ZERO_IN_DATE,NO_ZERO_DATE,ERROR_FOR_DIVISION_BY_ZERO,TRADITIONAL,NO_ENGINE_SUBSTITUTION {{(pid=98775) _check_effective_sql_mode /opt/stack/data/venv/lib/python3.12/site-packages/oslo_db/sqlalchemy/engines.py:325}}
Jun 24 13:45:23.297322 np0000003548 nova-conductor[98775]: DEBUG dbcounter [-] [98775] Writer thread running {{(pid=98775) stat_writer /opt/stack/data/venv/lib/python3.12/site-packages/dbcounter.py:102}}
Jun 24 13:45:23.306904 np0000003548 nova-conductor[98775]: DEBUG nova.quota [None req-82b71a35-0374-47d2-a008-ba64aed9f8db tempest-ServersNegativeTestJSON-144256388 tempest-ServersNegativeTestJSON-144256388-project-member] Getting quotas for project c784562bf75b469895dcce2652ae9b64. Resources: {'ram', 'instances', 'cores'} {{(pid=98775) _get_quotas /opt/stack/nova/nova/quota.py:392}}
Jun 24 13:45:23.309463 np0000003548 nova-conductor[98775]: DEBUG nova.quota [None req-82b71a35-0374-47d2-a008-ba64aed9f8db tempest-ServersNegativeTestJSON-144256388 tempest-ServersNegativeTestJSON-144256388-project-member] Getting quotas for user 483134c844d34e1dac9165ef2e2accff and project c784562bf75b469895dcce2652ae9b64. Resources: {'ram', 'instances', 'cores'} {{(pid=98775) _get_quotas /opt/stack/nova/nova/quota.py:382}}
Jun 24 13:45:23.314553 np0000003548 nova-conductor[98775]: DEBUG nova.conductor.manager [None req-82b71a35-0374-47d2-a008-ba64aed9f8db tempest-ServersNegativeTestJSON-144256388 tempest-ServersNegativeTestJSON-144256388-project-member] [instance: aff3ae6b-79a9-4d8f-a2ce-dd809e597dfc] Selected host: np0000003548; Selected node: np0000003548; Alternates: [] {{(pid=98775) schedule_and_build_instances /opt/stack/nova/nova/conductor/manager.py:1784}}
Jun 24 13:45:23.314993 np0000003548 nova-conductor[98775]: DEBUG oslo_concurrency.lockutils [None req-82b71a35-0374-47d2-a008-ba64aed9f8db tempest-ServersNegativeTestJSON-144256388 tempest-ServersNegativeTestJSON-144256388-project-member] Acquiring lock "45ba90ef-e9cb-4deb-8304-f9215896ff36" by "nova.context.set_target_cell..get_or_set_cached_cell_and_set_connections" {{(pid=98775) inner /opt/stack/data/venv/lib/python3.12/site-packages/oslo_concurrency/lockutils.py:511}}
Jun 24 13:45:23.315159 np0000003548 nova-conductor[98775]: DEBUG oslo_concurrency.lockutils [None req-82b71a35-0374-47d2-a008-ba64aed9f8db tempest-ServersNegativeTestJSON-144256388 tempest-ServersNegativeTestJSON-144256388-project-member] Lock "45ba90ef-e9cb-4deb-8304-f9215896ff36" acquired by "nova.context.set_target_cell..get_or_set_cached_cell_and_set_connections" :: waited 0.000s {{(pid=98775) inner /opt/stack/data/venv/lib/python3.12/site-packages/oslo_concurrency/lockutils.py:524}}
Jun 24 13:45:23.315300 np0000003548 nova-conductor[98775]: DEBUG oslo_concurrency.lockutils [None req-82b71a35-0374-47d2-a008-ba64aed9f8db tempest-ServersNegativeTestJSON-144256388 tempest-ServersNegativeTestJSON-144256388-project-member] Lock "45ba90ef-e9cb-4deb-8304-f9215896ff36" "released" by "nova.context.set_target_cell..get_or_set_cached_cell_and_set_connections" :: held 0.000s {{(pid=98775) inner /opt/stack/data/venv/lib/python3.12/site-packages/oslo_concurrency/lockutils.py:543}}
Jun 24 13:45:23.322175 np0000003548 nova-conductor[98775]: DEBUG nova.conductor.manager [None req-82b71a35-0374-47d2-a008-ba64aed9f8db tempest-ServersNegativeTestJSON-144256388 tempest-ServersNegativeTestJSON-144256388-project-member] [instance: aff3ae6b-79a9-4d8f-a2ce-dd809e597dfc] block_device_mapping [BlockDeviceMapping(attachment_id=,boot_index=0,connection_info=None,created_at=,delete_on_termination=True,deleted=,deleted_at=,destination_type='local',device_name=None,device_type='disk',disk_bus=None,encrypted=False,encryption_format=None,encryption_options=None,encryption_secret_uuid=None,guest_format=None,id=,image_id='6051ea88-231a-4900-8b01-4172d6968e30',instance=,instance_uuid=,no_device=False,snapshot_id=None,source_type='image',tag=None,updated_at=,uuid=,volume_id=None,volume_size=None,volume_type=None)] {{(pid=98775) _create_block_device_mapping /opt/stack/nova/nova/conductor/manager.py:1529}}
Jun 24 13:45:23.323488 np0000003548 nova-conductor[98775]: DEBUG oslo_concurrency.lockutils [None req-82b71a35-0374-47d2-a008-ba64aed9f8db tempest-ServersNegativeTestJSON-144256388 tempest-ServersNegativeTestJSON-144256388-project-member] Acquiring lock "45ba90ef-e9cb-4deb-8304-f9215896ff36" by "nova.context.set_target_cell..get_or_set_cached_cell_and_set_connections" {{(pid=98775) inner /opt/stack/data/venv/lib/python3.12/site-packages/oslo_concurrency/lockutils.py:511}}
Jun 24 13:45:23.323654 np0000003548 nova-conductor[98775]: DEBUG oslo_concurrency.lockutils [None req-82b71a35-0374-47d2-a008-ba64aed9f8db tempest-ServersNegativeTestJSON-144256388 tempest-ServersNegativeTestJSON-144256388-project-member] Lock "45ba90ef-e9cb-4deb-8304-f9215896ff36" acquired by "nova.context.set_target_cell..get_or_set_cached_cell_and_set_connections" :: waited 0.000s {{(pid=98775) inner /opt/stack/data/venv/lib/python3.12/site-packages/oslo_concurrency/lockutils.py:524}}
Jun 24 13:45:23.323775 np0000003548 nova-conductor[98775]: DEBUG oslo_concurrency.lockutils [None req-82b71a35-0374-47d2-a008-ba64aed9f8db tempest-ServersNegativeTestJSON-144256388 tempest-ServersNegativeTestJSON-144256388-project-member] Lock "45ba90ef-e9cb-4deb-8304-f9215896ff36" "released" by "nova.context.set_target_cell..get_or_set_cached_cell_and_set_connections" :: held 0.000s {{(pid=98775) inner /opt/stack/data/venv/lib/python3.12/site-packages/oslo_concurrency/lockutils.py:543}}
Jun 24 13:45:23.362711 np0000003548 nova-conductor[98775]: DEBUG oslo_concurrency.lockutils [None req-82b71a35-0374-47d2-a008-ba64aed9f8db tempest-ServersNegativeTestJSON-144256388 tempest-ServersNegativeTestJSON-144256388-project-member] Acquiring lock "45ba90ef-e9cb-4deb-8304-f9215896ff36" by "nova.context.set_target_cell..get_or_set_cached_cell_and_set_connections" {{(pid=98775) inner /opt/stack/data/venv/lib/python3.12/site-packages/oslo_concurrency/lockutils.py:511}}
Jun 24 13:45:23.363213 np0000003548 nova-conductor[98775]: DEBUG oslo_concurrency.lockutils [None req-82b71a35-0374-47d2-a008-ba64aed9f8db tempest-ServersNegativeTestJSON-144256388 tempest-ServersNegativeTestJSON-144256388-project-member] Lock "45ba90ef-e9cb-4deb-8304-f9215896ff36" acquired by "nova.context.set_target_cell..get_or_set_cached_cell_and_set_connections" :: waited 0.000s {{(pid=98775) inner /opt/stack/data/venv/lib/python3.12/site-packages/oslo_concurrency/lockutils.py:524}}
Jun 24 13:45:23.363213 np0000003548 nova-conductor[98775]: DEBUG oslo_concurrency.lockutils [None req-82b71a35-0374-47d2-a008-ba64aed9f8db tempest-ServersNegativeTestJSON-144256388 tempest-ServersNegativeTestJSON-144256388-project-member] Lock "45ba90ef-e9cb-4deb-8304-f9215896ff36" "released" by "nova.context.set_target_cell..get_or_set_cached_cell_and_set_connections" :: held 0.000s {{(pid=98775) inner /opt/stack/data/venv/lib/python3.12/site-packages/oslo_concurrency/lockutils.py:543}}
Jun 24 13:45:23.363335 np0000003548 nova-conductor[98775]: DEBUG oslo_concurrency.lockutils [None req-82b71a35-0374-47d2-a008-ba64aed9f8db tempest-ServersNegativeTestJSON-144256388 tempest-ServersNegativeTestJSON-144256388-project-member] Acquiring lock "compute-rpcapi-router" {{(pid=98775) lock /opt/stack/data/venv/lib/python3.12/site-packages/oslo_concurrency/lockutils.py:395}}
Jun 24 13:45:23.363421 np0000003548 nova-conductor[98775]: DEBUG oslo_concurrency.lockutils [None req-82b71a35-0374-47d2-a008-ba64aed9f8db tempest-ServersNegativeTestJSON-144256388 tempest-ServersNegativeTestJSON-144256388-project-member] Acquired lock "compute-rpcapi-router" {{(pid=98775) lock /opt/stack/data/venv/lib/python3.12/site-packages/oslo_concurrency/lockutils.py:398}}
