Jul 03 12:55:07.528578 np0000004418 devstack@g-api.service[102646]: DEBUG glance.api.middleware.version_negotiation [None req-d39d2aaf-c0c3-4a59-b2e5-c9fa0e36d6c2 tempest-TaggedBootDevicesTest_v242-1472741545 tempest-TaggedBootDevicesTest_v242-1472741545-project-member] Using url versioning {{(pid=102646) process_request /opt/stack/glance/glance/api/middleware/version_negotiation.py:57}}
Jul 03 12:55:07.529334 np0000004418 devstack@g-api.service[102646]: DEBUG glance.api.middleware.version_negotiation [None req-d39d2aaf-c0c3-4a59-b2e5-c9fa0e36d6c2 tempest-TaggedBootDevicesTest_v242-1472741545 tempest-TaggedBootDevicesTest_v242-1472741545-project-member] Matched version: v2 {{(pid=102646) process_request /opt/stack/glance/glance/api/middleware/version_negotiation.py:69}}
Jul 03 12:55:07.529334 np0000004418 devstack@g-api.service[102646]: DEBUG glance.api.middleware.version_negotiation [None req-d39d2aaf-c0c3-4a59-b2e5-c9fa0e36d6c2 tempest-TaggedBootDevicesTest_v242-1472741545 tempest-TaggedBootDevicesTest_v242-1472741545-project-member] new path /v2/schemas/image {{(pid=102646) process_request /opt/stack/glance/glance/api/middleware/version_negotiation.py:70}}
Jul 03 12:55:07.530792 np0000004418 devstack@g-api.service[102646]: [pid: 102646|app: 0|req: 11/32] 127.0.0.1 () {44 vars in 1051 bytes} [Fri Jul 3 12:55:07 2026] GET /v2/schemas/image => generated 6083 bytes in 2 msecs (HTTP/1.1 200) 4 headers in 158 bytes (1 switches on core 0)
Jul 03 12:55:07.543340 np0000004418 devstack@g-api.service[102645]: DEBUG glance.api.middleware.version_negotiation [None req-eb2170ec-c111-478d-81bb-48a2a834e87b tempest-AttachSCSIVolumeTestJSON-447637828 tempest-AttachSCSIVolumeTestJSON-447637828-project-admin] Determining version of request: GET /v2/schemas/image Accept: */* {{(pid=102645) process_request /opt/stack/glance/glance/api/middleware/version_negotiation.py:44}}
Jul 03 12:55:07.543340 np0000004418 devstack@g-api.service[102645]: DEBUG glance.api.middleware.version_negotiation [None req-eb2170ec-c111-478d-81bb-48a2a834e87b tempest-AttachSCSIVolumeTestJSON-447637828 tempest-AttachSCSIVolumeTestJSON-447637828-project-admin] Using url versioning {{(pid=102645) process_request /opt/stack/glance/glance/api/middleware/version_negotiation.py:57}}
Jul 03 12:55:07.543340 np0000004418 devstack@g-api.service[102645]: DEBUG glance.api.middleware.version_negotiation [None req-eb2170ec-c111-478d-81bb-48a2a834e87b tempest-AttachSCSIVolumeTestJSON-447637828 tempest-AttachSCSIVolumeTestJSON-447637828-project-admin] Matched version: v2 {{(pid=102645) process_request /opt/stack/glance/glance/api/middleware/version_negotiation.py:69}}
Jul 03 12:55:07.543340 np0000004418 devstack@g-api.service[102645]: DEBUG glance.api.middleware.version_negotiation [None req-eb2170ec-c111-478d-81bb-48a2a834e87b tempest-AttachSCSIVolumeTestJSON-447637828 tempest-AttachSCSIVolumeTestJSON-447637828-project-admin] new path /v2/schemas/image {{(pid=102645) process_request /opt/stack/glance/glance/api/middleware/version_negotiation.py:70}}
Jul 03 12:55:07.545623 np0000004418 devstack@g-api.service[102645]: [pid: 102645|app: 0|req: 7/33] 127.0.0.1 () {44 vars in 1051 bytes} [Fri Jul 3 12:55:07 2026] GET /v2/schemas/image => generated 6083 bytes in 3 msecs (HTTP/1.1 200) 4 headers in 158 bytes (1 switches on core 0)
Jul 03 12:55:08.165294 np0000004418 devstack@g-api.service[102648]: INFO glance.api.v2.image_data [None req-a97f4292-f018-44a7-9276-46cd74a88f6f tempest-AttachSCSIVolumeTestJSON-447637828 tempest-AttachSCSIVolumeTestJSON-447637828-project-admin] Unable to create trust: no such option collect_timing in group [keystone_authtoken] Use the existing user token.
Jul 03 12:55:08.537199 np0000004418 devstack@g-api.service[102647]: DEBUG glance.api.middleware.version_negotiation [None req-d39d2aaf-c0c3-4a59-b2e5-c9fa0e36d6c2 tempest-TaggedBootDevicesTest_v242-1472741545 tempest-TaggedBootDevicesTest_v242-1472741545-project-member] Determining version of request: GET /versions Accept: */* {{(pid=102647) process_request /opt/stack/glance/glance/api/middleware/version_negotiation.py:44}}
Jul 03 12:55:08.537634 np0000004418 devstack@g-api.service[102647]: [pid: 102647|app: 0|req: 9/34] 127.0.0.1 () {44 vars in 1035 bytes} [Fri Jul 3 12:55:08 2026] GET /versions => generated 1394 bytes in 1 msecs (HTTP/1.1 200) 3 headers in 92 bytes (1 switches on core 0)
Jul 03 12:55:08.545330 np0000004418 devstack@g-api.service[102646]: DEBUG glance.api.middleware.version_negotiation [None req-d39d2aaf-c0c3-4a59-b2e5-c9fa0e36d6c2 tempest-TaggedBootDevicesTest_v242-1472741545 tempest-TaggedBootDevicesTest_v242-1472741545-project-member] Determining version of request: GET /v2/images/5125fd69-1bb2-47ac-bc31-9c6e73394e22/locations Accept: */* {{(pid=102646) process_request /opt/stack/glance/glance/api/middleware/version_negotiation.py:44}}
Jul 03 12:55:08.545330 np0000004418 devstack@g-api.service[102646]: DEBUG glance.api.middleware.version_negotiation [None req-d39d2aaf-c0c3-4a59-b2e5-c9fa0e36d6c2 tempest-TaggedBootDevicesTest_v242-1472741545 tempest-TaggedBootDevicesTest_v242-1472741545-project-member] Using url versioning {{(pid=102646) process_request /opt/stack/glance/glance/api/middleware/version_negotiation.py:57}}
Jul 03 12:55:08.545330 np0000004418 devstack@g-api.service[102646]: DEBUG glance.api.middleware.version_negotiation [None req-d39d2aaf-c0c3-4a59-b2e5-c9fa0e36d6c2 tempest-TaggedBootDevicesTest_v242-1472741545 tempest-TaggedBootDevicesTest_v242-1472741545-project-member] Matched version: v2 {{(pid=102646) process_request /opt/stack/glance/glance/api/middleware/version_negotiation.py:69}}
Jul 03 12:55:08.545330 np0000004418 devstack@g-api.service[102646]: DEBUG glance.api.middleware.version_negotiation [None req-d39d2aaf-c0c3-4a59-b2e5-c9fa0e36d6c2 tempest-TaggedBootDevicesTest_v242-1472741545 tempest-TaggedBootDevicesTest_v242-1472741545-project-member] new path /v2/images/5125fd69-1bb2-47ac-bc31-9c6e73394e22/locations {{(pid=102646) process_request /opt/stack/glance/glance/api/middleware/version_negotiation.py:70}}
Jul 03 12:55:08.812032 np0000004418 devstack@g-api.service[102648]: DEBUG glance.location [None req-a97f4292-f018-44a7-9276-46cd74a88f6f tempest-AttachSCSIVolumeTestJSON-447637828 tempest-AttachSCSIVolumeTestJSON-447637828-project-admin] Enabling in-flight format inspection for qcow2 {{(pid=102648) set_data /opt/stack/glance/glance/location.py:596}}
Jul 03 12:55:08.814415 np0000004418 devstack@g-api.service[102648]: DEBUG glance_store.backend [None req-a97f4292-f018-44a7-9276-46cd74a88f6f tempest-AttachSCSIVolumeTestJSON-447637828 tempest-AttachSCSIVolumeTestJSON-447637828-project-admin] Attempting to import store swift {{(pid=102648) _load_store /opt/stack/data/venv/lib/python3.12/site-packages/glance_store/backend.py:215}}
Jul 03 12:55:08.814415 np0000004418 devstack@g-api.service[102648]: DEBUG glance_store.capabilities [None req-a97f4292-f018-44a7-9276-46cd74a88f6f tempest-AttachSCSIVolumeTestJSON-447637828 tempest-AttachSCSIVolumeTestJSON-447637828-project-admin] Store glance_store._drivers.swift.store.SingleTenantStore doesn't support updating dynamic storage capabilities. Please overwrite 'update_capabilities' method of the store to implement updating logics if needed. {{(pid=102648) update_capabilities /opt/stack/data/venv/lib/python3.12/site-packages/glance_store/capabilities.py:91}}
Jul 03 12:55:08.814415 np0000004418 devstack@g-api.service[102648]: DEBUG glance_store.driver [None req-a97f4292-f018-44a7-9276-46cd74a88f6f tempest-AttachSCSIVolumeTestJSON-447637828 tempest-AttachSCSIVolumeTestJSON-447637828-project-admin] Late loading location class glance_store._drivers.swift.store.StoreLocation {{(pid=102648) get_store_location_class /opt/stack/data/venv/lib/python3.12/site-packages/glance_store/driver.py:134}}
Jul 03 12:55:08.814415 np0000004418 devstack@g-api.service[102648]: DEBUG glance_store.location [None req-a97f4292-f018-44a7-9276-46cd74a88f6f tempest-AttachSCSIVolumeTestJSON-447637828 tempest-AttachSCSIVolumeTestJSON-447637828-project-admin] Registering scheme swift+https with {'store': , 'location_class': , 'store_entry': 'swift'} {{(pid=102648) register_scheme_map /opt/stack/data/venv/lib/python3.12/site-packages/glance_store/location.py:146}}
Jul 03 12:55:08.814614 np0000004418 devstack@g-api.service[102648]: DEBUG glance_store.location [None req-a97f4292-f018-44a7-9276-46cd74a88f6f tempest-AttachSCSIVolumeTestJSON-447637828 tempest-AttachSCSIVolumeTestJSON-447637828-project-admin] Registering scheme swift+https with {'store': , 'location_class': , 'store_entry': 'swift'} {{(pid=102648) register_scheme_map /opt/stack/data/venv/lib/python3.12/site-packages/glance_store/location.py:146}}
Jul 03 12:55:08.814614 np0000004418 devstack@g-api.service[102648]: DEBUG glance_store.location [None req-a97f4292-f018-44a7-9276-46cd74a88f6f tempest-AttachSCSIVolumeTestJSON-447637828 tempest-AttachSCSIVolumeTestJSON-447637828-project-admin] Registering scheme swift with {'store': , 'location_class': , 'store_entry': 'swift'} {{(pid=102648) register_scheme_map /opt/stack/data/venv/lib/python3.12/site-packages/glance_store/location.py:146}}
Jul 03 12:55:08.814614 np0000004418 devstack@g-api.service[102648]: DEBUG glance_store.location [None req-a97f4292-f018-44a7-9276-46cd74a88f6f tempest-AttachSCSIVolumeTestJSON-447637828 tempest-AttachSCSIVolumeTestJSON-447637828-project-admin] Registering scheme swift+https with {'store': , 'location_class': , 'store_entry': 'swift'} {{(pid=102648) register_scheme_map /opt/stack/data/venv/lib/python3.12/site-packages/glance_store/location.py:146}}
Jul 03 12:55:08.814723 np0000004418 devstack@g-api.service[102648]: DEBUG glance_store.location [None req-a97f4292-f018-44a7-9276-46cd74a88f6f tempest-AttachSCSIVolumeTestJSON-447637828 tempest-AttachSCSIVolumeTestJSON-447637828-project-admin] Registering scheme swift with {'store': , 'location_class': , 'store_entry': 'swift'} {{(pid=102648) register_scheme_map /opt/stack/data/venv/lib/python3.12/site-packages/glance_store/location.py:146}}
Jul 03 12:55:08.814723 np0000004418 devstack@g-api.service[102648]: DEBUG glance_store.location [None req-a97f4292-f018-44a7-9276-46cd74a88f6f tempest-AttachSCSIVolumeTestJSON-447637828 tempest-AttachSCSIVolumeTestJSON-447637828-project-admin] Registering scheme swift+http with {'store': , 'location_class': , 'store_entry': 'swift'} {{(pid=102648) register_scheme_map /opt/stack/data/venv/lib/python3.12/site-packages/glance_store/location.py:146}}
Jul 03 12:55:08.814723 np0000004418 devstack@g-api.service[102648]: DEBUG glance_store.location [None req-a97f4292-f018-44a7-9276-46cd74a88f6f tempest-AttachSCSIVolumeTestJSON-447637828 tempest-AttachSCSIVolumeTestJSON-447637828-project-admin] Registering scheme swift+https with {'store': , 'location_class': , 'store_entry': 'swift'} {{(pid=102648) register_scheme_map /opt/stack/data/venv/lib/python3.12/site-packages/glance_store/location.py:146}}
Jul 03 12:55:08.814817 np0000004418 devstack@g-api.service[102648]: DEBUG glance_store.location [None req-a97f4292-f018-44a7-9276-46cd74a88f6f tempest-AttachSCSIVolumeTestJSON-447637828 tempest-AttachSCSIVolumeTestJSON-447637828-project-admin] Registering scheme swift with {'store': , 'location_class': , 'store_entry': 'swift'} {{(pid=102648) register_scheme_map /opt/stack/data/venv/lib/python3.12/site-packages/glance_store/location.py:146}}
Jul 03 12:55:08.814817 np0000004418 devstack@g-api.service[102648]: DEBUG glance_store.location [None req-a97f4292-f018-44a7-9276-46cd74a88f6f tempest-AttachSCSIVolumeTestJSON-447637828 tempest-AttachSCSIVolumeTestJSON-447637828-project-admin] Registering scheme swift+http with {'store': , 'location_class': , 'store_entry': 'swift'} {{(pid=102648) register_scheme_map /opt/stack/data/venv/lib/python3.12/site-packages/glance_store/location.py:146}}
Jul 03 12:55:08.814817 np0000004418 devstack@g-api.service[102648]: DEBUG glance_store.location [None req-a97f4292-f018-44a7-9276-46cd74a88f6f tempest-AttachSCSIVolumeTestJSON-447637828 tempest-AttachSCSIVolumeTestJSON-447637828-project-admin] Registering scheme swift+config with {'store': , 'location_class': , 'store_entry': 'swift'} {{(pid=102648) register_scheme_map /opt/stack/data/venv/lib/python3.12/site-packages/glance_store/location.py:146}}
Jul 03 12:55:08.923882 np0000004418 devstack@g-api.service[102646]: [pid: 102646|app: 0|req: 12/35] 127.0.0.1 () {44 vars in 1131 bytes} [Fri Jul 3 12:55:08 2026] GET /v2/images/5125fd69-1bb2-47ac-bc31-9c6e73394e22/locations => generated 92 bytes in 379 msecs (HTTP/1.1 200) 4 headers in 156 bytes (1 switches on core 0)
Jul 03 12:55:08.933085 np0000004418 devstack@g-api.service[102645]: DEBUG glance.api.middleware.version_negotiation [None req-d39d2aaf-c0c3-4a59-b2e5-c9fa0e36d6c2 tempest-TaggedBootDevicesTest_v242-1472741545 tempest-TaggedBootDevicesTest_v242-1472741545-project-member] Determining version of request: GET /v2/images/5125fd69-1bb2-47ac-bc31-9c6e73394e22 Accept: */* {{(pid=102645) process_request /opt/stack/glance/glance/api/middleware/version_negotiation.py:44}}
Jul 03 12:55:08.933479 np0000004418 devstack@g-api.service[102645]: DEBUG glance.api.middleware.version_negotiation [None req-d39d2aaf-c0c3-4a59-b2e5-c9fa0e36d6c2 tempest-TaggedBootDevicesTest_v242-1472741545 tempest-TaggedBootDevicesTest_v242-1472741545-project-member] Using url versioning {{(pid=102645) process_request /opt/stack/glance/glance/api/middleware/version_negotiation.py:57}}
Jul 03 12:55:08.933479 np0000004418 devstack@g-api.service[102645]: DEBUG glance.api.middleware.version_negotiation [None req-d39d2aaf-c0c3-4a59-b2e5-c9fa0e36d6c2 tempest-TaggedBootDevicesTest_v242-1472741545 tempest-TaggedBootDevicesTest_v242-1472741545-project-member] Matched version: v2 {{(pid=102645) process_request /opt/stack/glance/glance/api/middleware/version_negotiation.py:69}}
Jul 03 12:55:08.933479 np0000004418 devstack@g-api.service[102645]: DEBUG glance.api.middleware.version_negotiation [None req-d39d2aaf-c0c3-4a59-b2e5-c9fa0e36d6c2 tempest-TaggedBootDevicesTest_v242-1472741545 tempest-TaggedBootDevicesTest_v242-1472741545-project-member] new path /v2/images/5125fd69-1bb2-47ac-bc31-9c6e73394e22 {{(pid=102645) process_request /opt/stack/glance/glance/api/middleware/version_negotiation.py:70}}
Jul 03 12:55:08.949404 np0000004418 devstack@g-api.service[102645]: [pid: 102645|app: 0|req: 8/36] 127.0.0.1 () {44 vars in 1111 bytes} [Fri Jul 3 12:55:08 2026] GET /v2/images/5125fd69-1bb2-47ac-bc31-9c6e73394e22 => generated 1044 bytes in 15 msecs (HTTP/1.1 200) 4 headers in 158 bytes (1 switches on core 0)
Jul 03 12:55:08.959148 np0000004418 devstack@g-api.service[102647]: DEBUG glance.api.middleware.version_negotiation [None req-d39d2aaf-c0c3-4a59-b2e5-c9fa0e36d6c2 tempest-TaggedBootDevicesTest_v242-1472741545 tempest-TaggedBootDevicesTest_v242-1472741545-project-member] Determining version of request: GET /v2/schemas/image Accept: */* {{(pid=102647) process_request /opt/stack/glance/glance/api/middleware/version_negotiation.py:44}}
Jul 03 12:55:08.959148 np0000004418 devstack@g-api.service[102647]: DEBUG glance.api.middleware.version_negotiation [None req-d39d2aaf-c0c3-4a59-b2e5-c9fa0e36d6c2 tempest-TaggedBootDevicesTest_v242-1472741545 tempest-TaggedBootDevicesTest_v242-1472741545-project-member] Using url versioning {{(pid=102647) process_request /opt/stack/glance/glance/api/middleware/version_negotiation.py:57}}
Jul 03 12:55:08.959334 np0000004418 devstack@g-api.service[102647]: DEBUG glance.api.middleware.version_negotiation [None req-d39d2aaf-c0c3-4a59-b2e5-c9fa0e36d6c2 tempest-TaggedBootDevicesTest_v242-1472741545 tempest-TaggedBootDevicesTest_v242-1472741545-project-member] Matched version: v2 {{(pid=102647) process_request /opt/stack/glance/glance/api/middleware/version_negotiation.py:69}}
Jul 03 12:55:08.959627 np0000004418 devstack@g-api.service[102647]: DEBUG glance.api.middleware.version_negotiation [None req-d39d2aaf-c0c3-4a59-b2e5-c9fa0e36d6c2 tempest-TaggedBootDevicesTest_v242-1472741545 tempest-TaggedBootDevicesTest_v242-1472741545-project-member] new path /v2/schemas/image {{(pid=102647) process_request /opt/stack/glance/glance/api/middleware/version_negotiation.py:70}}
Jul 03 12:55:08.963138 np0000004418 devstack@g-api.service[102647]: [pid: 102647|app: 0|req: 10/37] 127.0.0.1 () {44 vars in 1051 bytes} [Fri Jul 3 12:55:08 2026] GET /v2/schemas/image => generated 6083 bytes in 4 msecs (HTTP/1.1 200) 4 headers in 158 bytes (1 switches on core 0)
Jul 03 12:55:08.974904 np0000004418 devstack@g-api.service[102646]: DEBUG glance.api.middleware.version_negotiation [None req-d39d2aaf-c0c3-4a59-b2e5-c9fa0e36d6c2 service glance] Determining version of request: GET /v2/schemas/image Accept: */* {{(pid=102646) process_request /opt/stack/glance/glance/api/middleware/version_negotiation.py:44}}
Jul 03 12:55:08.975050 np0000004418 devstack@g-api.service[102646]: DEBUG glance.api.middleware.version_negotiation [None req-d39d2aaf-c0c3-4a59-b2e5-c9fa0e36d6c2 service glance] Using url versioning {{(pid=102646) process_request /opt/stack/glance/glance/api/middleware/version_negotiation.py:57}}
Jul 03 12:55:08.975229 np0000004418 devstack@g-api.service[102646]: DEBUG glance.api.middleware.version_negotiation [None req-d39d2aaf-c0c3-4a59-b2e5-c9fa0e36d6c2 service glance] Matched version: v2 {{(pid=102646) process_request /opt/stack/glance/glance/api/middleware/version_negotiation.py:69}}
Jul 03 12:55:08.975360 np0000004418 devstack@g-api.service[102646]: DEBUG glance.api.middleware.version_negotiation [None req-d39d2aaf-c0c3-4a59-b2e5-c9fa0e36d6c2 service glance] new path /v2/schemas/image {{(pid=102646) process_request /opt/stack/glance/glance/api/middleware/version_negotiation.py:70}}
Jul 03 12:55:08.977609 np0000004418 devstack@g-api.service[102646]: [pid: 102646|app: 0|req: 13/38] 127.0.0.1 () {44 vars in 1051 bytes} [Fri Jul 3 12:55:08 2026] GET /v2/schemas/image => generated 6083 bytes in 2 msecs (HTTP/1.1 200) 4 headers in 158 bytes (1 switches on core 0)
Jul 03 12:55:09.008799 np0000004418 devstack@g-api.service[102645]: DEBUG glance.api.middleware.version_negotiation [None req-d39d2aaf-c0c3-4a59-b2e5-c9fa0e36d6c2 tempest-TaggedBootDevicesTest_v242-1472741545 tempest-TaggedBootDevicesTest_v242-1472741545-project-member] Determining version of request: GET /v2/images/5125fd69-1bb2-47ac-bc31-9c6e73394e22 Accept: */* {{(pid=102645) process_request /opt/stack/glance/glance/api/middleware/version_negotiation.py:44}}
Jul 03 12:55:09.008981 np0000004418 devstack@g-api.service[102645]: DEBUG glance.api.middleware.version_negotiation [None req-d39d2aaf-c0c3-4a59-b2e5-c9fa0e36d6c2 tempest-TaggedBootDevicesTest_v242-1472741545 tempest-TaggedBootDevicesTest_v242-1472741545-project-member] Using url versioning {{(pid=102645) process_request /opt/stack/glance/glance/api/middleware/version_negotiation.py:57}}
Jul 03 12:55:09.009115 np0000004418 devstack@g-api.service[102645]: DEBUG glance.api.middleware.version_negotiation [None req-d39d2aaf-c0c3-4a59-b2e5-c9fa0e36d6c2 tempest-TaggedBootDevicesTest_v242-1472741545 tempest-TaggedBootDevicesTest_v242-1472741545-project-member] Matched version: v2 {{(pid=102645) process_request /opt/stack/glance/glance/api/middleware/version_negotiation.py:69}}
Jul 03 12:55:09.009246 np0000004418 devstack@g-api.service[102645]: DEBUG glance.api.middleware.version_negotiation [None req-d39d2aaf-c0c3-4a59-b2e5-c9fa0e36d6c2 tempest-TaggedBootDevicesTest_v242-1472741545 tempest-TaggedBootDevicesTest_v242-1472741545-project-member] new path /v2/images/5125fd69-1bb2-47ac-bc31-9c6e73394e22 {{(pid=102645) process_request /opt/stack/glance/glance/api/middleware/version_negotiation.py:70}}
Jul 03 12:55:09.020245 np0000004418 devstack@g-api.service[102645]: [pid: 102645|app: 0|req: 9/39] 127.0.0.1 () {44 vars in 1111 bytes} [Fri Jul 3 12:55:09 2026] GET /v2/images/5125fd69-1bb2-47ac-bc31-9c6e73394e22 => generated 1044 bytes in 11 msecs (HTTP/1.1 200) 4 headers in 158 bytes (1 switches on core 0)
Jul 03 12:55:09.028515 np0000004418 devstack@g-api.service[102647]: DEBUG glance.api.middleware.version_negotiation [None req-d39d2aaf-c0c3-4a59-b2e5-c9fa0e36d6c2 tempest-TaggedBootDevicesTest_v242-1472741545 tempest-TaggedBootDevicesTest_v242-1472741545-project-member] Determining version of request: GET /v2/images/5125fd69-1bb2-47ac-bc31-9c6e73394e22/file Accept: */* {{(pid=102647) process_request /opt/stack/glance/glance/api/middleware/version_negotiation.py:44}}
Jul 03 12:55:09.028660 np0000004418 devstack@g-api.service[102647]: DEBUG glance.api.middleware.version_negotiation [None req-d39d2aaf-c0c3-4a59-b2e5-c9fa0e36d6c2 tempest-TaggedBootDevicesTest_v242-1472741545 tempest-TaggedBootDevicesTest_v242-1472741545-project-member] Using url versioning {{(pid=102647) process_request /opt/stack/glance/glance/api/middleware/version_negotiation.py:57}}
Jul 03 12:55:09.028766 np0000004418 devstack@g-api.service[102647]: DEBUG glance.api.middleware.version_negotiation [None req-d39d2aaf-c0c3-4a59-b2e5-c9fa0e36d6c2 tempest-TaggedBootDevicesTest_v242-1472741545 tempest-TaggedBootDevicesTest_v242-1472741545-project-member] Matched version: v2 {{(pid=102647) process_request /opt/stack/glance/glance/api/middleware/version_negotiation.py:69}}
Jul 03 12:55:09.028832 np0000004418 devstack@g-api.service[102647]: DEBUG glance.api.middleware.version_negotiation [None req-d39d2aaf-c0c3-4a59-b2e5-c9fa0e36d6c2 tempest-TaggedBootDevicesTest_v242-1472741545 tempest-TaggedBootDevicesTest_v242-1472741545-project-member] new path /v2/images/5125fd69-1bb2-47ac-bc31-9c6e73394e22/file {{(pid=102647) process_request /opt/stack/glance/glance/api/middleware/version_negotiation.py:70}}
Jul 03 12:55:09.042438 np0000004418 devstack@g-api.service[102647]: DEBUG glance.api.middleware.cache [None req-d39d2aaf-c0c3-4a59-b2e5-c9fa0e36d6c2 tempest-TaggedBootDevicesTest_v242-1472741545 tempest-TaggedBootDevicesTest_v242-1472741545-project-member] Cache hit for image '5125fd69-1bb2-47ac-bc31-9c6e73394e22' {{(pid=102647) process_request /opt/stack/glance/glance/api/middleware/cache.py:160}}
Jul 03 12:55:09.100154 np0000004418 devstack@g-api.service[102647]: [pid: 102647|app: 0|req: 11/40] 127.0.0.1 () {44 vars in 1121 bytes} [Fri Jul 3 12:55:09 2026] GET /v2/images/5125fd69-1bb2-47ac-bc31-9c6e73394e22/file => generated 21692416 bytes in 72 msecs (HTTP/1.1 200) 5 headers in 217 bytes (337 switches on core 0)
Jul 03 12:55:09.223555 np0000004418 devstack@g-api.service[102646]: DEBUG glance.api.middleware.version_negotiation [None req-d39d2aaf-c0c3-4a59-b2e5-c9fa0e36d6c2 tempest-TaggedBootDevicesTest_v242-1472741545 tempest-TaggedBootDevicesTest_v242-1472741545-project-member] Determining version of request: GET /v2/images/5125fd69-1bb2-47ac-bc31-9c6e73394e22 Accept: */* {{(pid=102646) process_request /opt/stack/glance/glance/api/middleware/version_negotiation.py:44}}
Jul 03 12:55:09.223555 np0000004418 devstack@g-api.service[102646]: DEBUG glance.api.middleware.version_negotiation [None req-d39d2aaf-c0c3-4a59-b2e5-c9fa0e36d6c2 tempest-TaggedBootDevicesTest_v242-1472741545 tempest-TaggedBootDevicesTest_v242-1472741545-project-member] Using url versioning {{(pid=102646) process_request /opt/stack/glance/glance/api/middleware/version_negotiation.py:57}}
Jul 03 12:55:09.223713 np0000004418 devstack@g-api.service[102646]: DEBUG glance.api.middleware.version_negotiation [None req-d39d2aaf-c0c3-4a59-b2e5-c9fa0e36d6c2 tempest-TaggedBootDevicesTest_v242-1472741545 tempest-TaggedBootDevicesTest_v242-1472741545-project-member] Matched version: v2 {{(pid=102646) process_request /opt/stack/glance/glance/api/middleware/version_negotiation.py:69}}
Jul 03 12:55:09.223867 np0000004418 devstack@g-api.service[102646]: DEBUG glance.api.middleware.version_negotiation [None req-d39d2aaf-c0c3-4a59-b2e5-c9fa0e36d6c2 tempest-TaggedBootDevicesTest_v242-1472741545 tempest-TaggedBootDevicesTest_v242-1472741545-project-member] new path /v2/images/5125fd69-1bb2-47ac-bc31-9c6e73394e22 {{(pid=102646) process_request /opt/stack/glance/glance/api/middleware/version_negotiation.py:70}}
Jul 03 12:55:09.241552 np0000004418 devstack@g-api.service[102646]: [pid: 102646|app: 0|req: 14/41] 127.0.0.1 () {44 vars in 1111 bytes} [Fri Jul 3 12:55:09 2026] GET /v2/images/5125fd69-1bb2-47ac-bc31-9c6e73394e22 => generated 1044 bytes in 14 msecs (HTTP/1.1 200) 4 headers in 158 bytes (1 switches on core 0)
Jul 03 12:55:09.245247 np0000004418 devstack@g-api.service[102645]: DEBUG glance.api.middleware.version_negotiation [None req-d39d2aaf-c0c3-4a59-b2e5-c9fa0e36d6c2 tempest-TaggedBootDevicesTest_v242-1472741545 tempest-TaggedBootDevicesTest_v242-1472741545-project-member] Determining version of request: GET /v2/schemas/image Accept: */* {{(pid=102645) process_request /opt/stack/glance/glance/api/middleware/version_negotiation.py:44}}
Jul 03 12:55:09.245247 np0000004418 devstack@g-api.service[102645]: DEBUG glance.api.middleware.version_negotiation [None req-d39d2aaf-c0c3-4a59-b2e5-c9fa0e36d6c2 tempest-TaggedBootDevicesTest_v242-1472741545 tempest-TaggedBootDevicesTest_v242-1472741545-project-member] Using url versioning {{(pid=102645) process_request /opt/stack/glance/glance/api/middleware/version_negotiation.py:57}}
Jul 03 12:55:09.245657 np0000004418 devstack@g-api.service[102645]: DEBUG glance.api.middleware.version_negotiation [None req-d39d2aaf-c0c3-4a59-b2e5-c9fa0e36d6c2 tempest-TaggedBootDevicesTest_v242-1472741545 tempest-TaggedBootDevicesTest_v242-1472741545-project-member] Matched version: v2 {{(pid=102645) process_request /opt/stack/glance/glance/api/middleware/version_negotiation.py:69}}
Jul 03 12:55:09.245657 np0000004418 devstack@g-api.service[102645]: DEBUG glance.api.middleware.version_negotiation [None req-d39d2aaf-c0c3-4a59-b2e5-c9fa0e36d6c2 tempest-TaggedBootDevicesTest_v242-1472741545 tempest-TaggedBootDevicesTest_v242-1472741545-project-member] new path /v2/schemas/image {{(pid=102645) process_request /opt/stack/glance/glance/api/middleware/version_negotiation.py:70}}
Jul 03 12:55:09.246027 np0000004418 devstack@g-api.service[102648]: DEBUG swiftclient [None req-a97f4292-f018-44a7-9276-46cd74a88f6f tempest-AttachSCSIVolumeTestJSON-447637828 tempest-AttachSCSIVolumeTestJSON-447637828-project-admin] REQ: curl -i https://10.4.3.13:8080/v1/AUTH_c8f1948335ad45079a36bc6eb85d8850/glance -I -H "X-Auth-Token: gAAAAABqR7EsaNDQ..." {{(pid=102648) http_log /opt/stack/data/venv/lib/python3.12/site-packages/swiftclient/client.py:160}}
Jul 03 12:55:09.246027 np0000004418 devstack@g-api.service[102648]: DEBUG swiftclient [None req-a97f4292-f018-44a7-9276-46cd74a88f6f tempest-AttachSCSIVolumeTestJSON-447637828 tempest-AttachSCSIVolumeTestJSON-447637828-project-admin] RESP STATUS: 204 No Content {{(pid=102648) http_log /opt/stack/data/venv/lib/python3.12/site-packages/swiftclient/client.py:161}}
Jul 03 12:55:09.246027 np0000004418 devstack@g-api.service[102648]: DEBUG swiftclient [None req-a97f4292-f018-44a7-9276-46cd74a88f6f tempest-AttachSCSIVolumeTestJSON-447637828 tempest-AttachSCSIVolumeTestJSON-447637828-project-admin] RESP HEADERS: {'Date': 'Fri, 03 Jul 2026 12:55:09 GMT', 'Server': 'Apache/2.4.58 (Ubuntu)', 'Content-Type': 'text/plain; charset=utf-8', 'X-Container-Object-Count': '3', 'X-Container-Bytes-Used': '64356352', 'X-Timestamp': '1783083184.20998', 'Last-Modified': 'Fri, 03 Jul 2026 12:53:05 GMT', 'Accept-Ranges': 'bytes', 'X-Storage-Policy': 'Policy-0', 'X-Container-Sharding': 'False', 'Vary': 'Accept', 'X-Trans-Id': 'tx178f266853db49a6b4ce7-006a47b12c', 'X-Openstack-Request-Id': 'tx178f266853db49a6b4ce7-006a47b12c', 'Connection': 'close'} {{(pid=102648) http_log /opt/stack/data/venv/lib/python3.12/site-packages/swiftclient/client.py:162}}
Jul 03 12:55:09.246027 np0000004418 devstack@g-api.service[102648]: DEBUG glance_store._drivers.swift.store [None req-a97f4292-f018-44a7-9276-46cd74a88f6f tempest-AttachSCSIVolumeTestJSON-447637828 tempest-AttachSCSIVolumeTestJSON-447637828-project-admin] Adding image object '0c2dad9d-df64-479a-befb-7cf572dfedf6' to Swift {{(pid=102648) add /opt/stack/data/venv/lib/python3.12/site-packages/glance_store/_drivers/swift/store.py:970}}
Jul 03 12:55:09.246712 np0000004418 devstack@g-api.service[102648]: DEBUG glance_store._drivers.swift.store [None req-a97f4292-f018-44a7-9276-46cd74a88f6f tempest-AttachSCSIVolumeTestJSON-447637828 tempest-AttachSCSIVolumeTestJSON-447637828-project-admin] Cannot determine image size because it is either not provided in the request or chunked-transfer encoding is used. Adding image as a segmented object to Swift. {{(pid=102648) add /opt/stack/data/venv/lib/python3.12/site-packages/glance_store/_drivers/swift/store.py:994}}
Jul 03 12:55:09.250852 np0000004418 devstack@g-api.service[102645]: [pid: 102645|app: 0|req: 10/42] 127.0.0.1 () {44 vars in 1051 bytes} [Fri Jul 3 12:55:09 2026] GET /v2/schemas/image => generated 6083 bytes in 5 msecs (HTTP/1.1 200) 4 headers in 158 bytes (1 switches on core 0)
Jul 03 12:55:09.255912 np0000004418 devstack@g-api.service[102648]: DEBUG oslo_utils.imageutils.format_inspector [None req-a97f4292-f018-44a7-9276-46cd74a88f6f tempest-AttachSCSIVolumeTestJSON-447637828 tempest-AttachSCSIVolumeTestJSON-447637828-project-admin] Format inspector for vmdk does not match, excluding from consideration (Signature KDMV not found: b'QFI\xfb') {{(pid=102648) _process_chunk /opt/stack/data/venv/lib/python3.12/site-packages/oslo_utils/imageutils/format_inspector.py:1758}}
Jul 03 12:55:09.259685 np0000004418 devstack@g-api.service[102648]: DEBUG oslo_utils.imageutils.format_inspector [None req-a97f4292-f018-44a7-9276-46cd74a88f6f tempest-AttachSCSIVolumeTestJSON-447637828 tempest-AttachSCSIVolumeTestJSON-447637828-project-admin] Format inspector for vhdx does not match, excluding from consideration (Region signature not found at 30000) {{(pid=102648) _process_chunk /opt/stack/data/venv/lib/python3.12/site-packages/oslo_utils/imageutils/format_inspector.py:1758}}
Jul 03 12:55:09.505213 np0000004418 devstack@g-api.service[102648]: DEBUG swiftclient [None req-a97f4292-f018-44a7-9276-46cd74a88f6f tempest-AttachSCSIVolumeTestJSON-447637828 tempest-AttachSCSIVolumeTestJSON-447637828-project-admin] REQ: curl -i https://10.4.3.13:8080/v1/AUTH_c8f1948335ad45079a36bc6eb85d8850/glance/0c2dad9d-df64-479a-befb-7cf572dfedf6-00001 -X PUT -H "X-Auth-Token: gAAAAABqR7EsaNDQ..." {{(pid=102648) http_log /opt/stack/data/venv/lib/python3.12/site-packages/swiftclient/client.py:160}}
Jul 03 12:55:09.505213 np0000004418 devstack@g-api.service[102648]: DEBUG swiftclient [None req-a97f4292-f018-44a7-9276-46cd74a88f6f tempest-AttachSCSIVolumeTestJSON-447637828 tempest-AttachSCSIVolumeTestJSON-447637828-project-admin] RESP STATUS: 201 Created {{(pid=102648) http_log /opt/stack/data/venv/lib/python3.12/site-packages/swiftclient/client.py:161}}
Jul 03 12:55:09.505213 np0000004418 devstack@g-api.service[102648]: DEBUG swiftclient [None req-a97f4292-f018-44a7-9276-46cd74a88f6f tempest-AttachSCSIVolumeTestJSON-447637828 tempest-AttachSCSIVolumeTestJSON-447637828-project-admin] RESP HEADERS: {'Date': 'Fri, 03 Jul 2026 12:55:09 GMT', 'Server': 'Apache/2.4.58 (Ubuntu)', 'Content-Type': 'text/html; charset=UTF-8', 'Content-Length': '0', 'Etag': '87617e24a5e30cb3b87fda8c0764838f', 'Last-Modified': 'Fri, 03 Jul 2026 12:55:10 GMT', 'X-Trans-Id': 'txaab5e6c460784e118327a-006a47b12d', 'X-Openstack-Request-Id': 'txaab5e6c460784e118327a-006a47b12d', 'Connection': 'close'} {{(pid=102648) http_log /opt/stack/data/venv/lib/python3.12/site-packages/swiftclient/client.py:162}}
Jul 03 12:55:09.505213 np0000004418 devstack@g-api.service[102648]: DEBUG glance_store._drivers.swift.store [None req-a97f4292-f018-44a7-9276-46cd74a88f6f tempest-AttachSCSIVolumeTestJSON-447637828 tempest-AttachSCSIVolumeTestJSON-447637828-project-admin] Wrote chunk 0c2dad9d-df64-479a-befb-7cf572dfedf6-00001 (1/?) of length 21692416 to Swift returning MD5 of content: 87617e24a5e30cb3b87fda8c0764838f {{(pid=102648) add /opt/stack/data/venv/lib/python3.12/site-packages/glance_store/_drivers/swift/store.py:1059}}
Jul 03 12:55:09.505860 np0000004418 devstack@g-api.service[102648]: DEBUG glance_store._drivers.swift.store [None req-a97f4292-f018-44a7-9276-46cd74a88f6f tempest-AttachSCSIVolumeTestJSON-447637828 tempest-AttachSCSIVolumeTestJSON-447637828-project-admin] Not writing zero-length chunk. {{(pid=102648) add /opt/stack/data/venv/lib/python3.12/site-packages/glance_store/_drivers/swift/store.py:1028}}
Jul 03 12:55:09.547317 np0000004418 devstack@g-api.service[102648]: DEBUG swiftclient [None req-a97f4292-f018-44a7-9276-46cd74a88f6f tempest-AttachSCSIVolumeTestJSON-447637828 tempest-AttachSCSIVolumeTestJSON-447637828-project-admin] REQ: curl -i https://10.4.3.13:8080/v1/AUTH_c8f1948335ad45079a36bc6eb85d8850/glance/0c2dad9d-df64-479a-befb-7cf572dfedf6 -X PUT -H "X-Object-Manifest: glance/0c2dad9d-df64-479a-befb-7cf572dfedf6-" -H "X-Auth-Token: gAAAAABqR7EsaNDQ..." -H "Content-Length: 0" {{(pid=102648) http_log /opt/stack/data/venv/lib/python3.12/site-packages/swiftclient/client.py:160}}
Jul 03 12:55:09.547317 np0000004418 devstack@g-api.service[102648]: DEBUG swiftclient [None req-a97f4292-f018-44a7-9276-46cd74a88f6f tempest-AttachSCSIVolumeTestJSON-447637828 tempest-AttachSCSIVolumeTestJSON-447637828-project-admin] RESP STATUS: 201 Created {{(pid=102648) http_log /opt/stack/data/venv/lib/python3.12/site-packages/swiftclient/client.py:161}}
Jul 03 12:55:09.547317 np0000004418 devstack@g-api.service[102648]: DEBUG swiftclient [None req-a97f4292-f018-44a7-9276-46cd74a88f6f tempest-AttachSCSIVolumeTestJSON-447637828 tempest-AttachSCSIVolumeTestJSON-447637828-project-admin] RESP HEADERS: {'Date': 'Fri, 03 Jul 2026 12:55:09 GMT', 'Server': 'Apache/2.4.58 (Ubuntu)', 'Content-Type': 'text/html; charset=UTF-8', 'Content-Length': '0', 'Etag': 'd41d8cd98f00b204e9800998ecf8427e', 'Last-Modified': 'Fri, 03 Jul 2026 12:55:10 GMT', 'X-Trans-Id': 'txbf9c7c9055254769aafa9-006a47b12d', 'X-Openstack-Request-Id': 'txbf9c7c9055254769aafa9-006a47b12d', 'Connection': 'close'} {{(pid=102648) http_log /opt/stack/data/venv/lib/python3.12/site-packages/swiftclient/client.py:162}}
Jul 03 12:55:09.547317 np0000004418 devstack@g-api.service[102648]: INFO glance.location [None req-a97f4292-f018-44a7-9276-46cd74a88f6f tempest-AttachSCSIVolumeTestJSON-447637828 tempest-AttachSCSIVolumeTestJSON-447637828-project-admin] Image format matched and virtual size computed: 117440512
Jul 03 12:55:09.594488 np0000004418 devstack@g-api.service[102648]: DEBUG glance_store.backend [None req-a97f4292-f018-44a7-9276-46cd74a88f6f tempest-AttachSCSIVolumeTestJSON-447637828 tempest-AttachSCSIVolumeTestJSON-447637828-project-admin] Attempting to import store swift {{(pid=102648) _load_store /opt/stack/data/venv/lib/python3.12/site-packages/glance_store/backend.py:215}}
Jul 03 12:55:09.595931 np0000004418 devstack@g-api.service[102648]: DEBUG glance_store.capabilities [None req-a97f4292-f018-44a7-9276-46cd74a88f6f tempest-AttachSCSIVolumeTestJSON-447637828 tempest-AttachSCSIVolumeTestJSON-447637828-project-admin] Store glance_store._drivers.swift.store.SingleTenantStore doesn't support updating dynamic storage capabilities. Please overwrite 'update_capabilities' method of the store to implement updating logics if needed. {{(pid=102648) update_capabilities /opt/stack/data/venv/lib/python3.12/site-packages/glance_store/capabilities.py:91}}
Jul 03 12:55:09.596057 np0000004418 devstack@g-api.service[102648]: DEBUG glance_store.driver [None req-a97f4292-f018-44a7-9276-46cd74a88f6f tempest-AttachSCSIVolumeTestJSON-447637828 tempest-AttachSCSIVolumeTestJSON-447637828-project-admin] Late loading location class glance_store._drivers.swift.store.StoreLocation {{(pid=102648) get_store_location_class /opt/stack/data/venv/lib/python3.12/site-packages/glance_store/driver.py:134}}
Jul 03 12:55:09.596178 np0000004418 devstack@g-api.service[102648]: DEBUG glance_store.location [None req-a97f4292-f018-44a7-9276-46cd74a88f6f tempest-AttachSCSIVolumeTestJSON-447637828 tempest-AttachSCSIVolumeTestJSON-447637828-project-admin] Registering scheme swift+https with {'store': , 'location_class': , 'store_entry': 'swift'} {{(pid=102648) register_scheme_map /opt/stack/data/venv/lib/python3.12/site-packages/glance_store/location.py:146}}
Jul 03 12:55:09.596390 np0000004418 devstack@g-api.service[102648]: DEBUG glance_store.location [None req-a97f4292-f018-44a7-9276-46cd74a88f6f tempest-AttachSCSIVolumeTestJSON-447637828 tempest-AttachSCSIVolumeTestJSON-447637828-project-admin] Registering scheme swift+https with {'store': , 'location_class': , 'store_entry': 'swift'} {{(pid=102648) register_scheme_map /opt/stack/data/venv/lib/python3.12/site-packages/glance_store/location.py:146}}
Jul 03 12:55:09.596468 np0000004418 devstack@g-api.service[102648]: DEBUG glance_store.location [None req-a97f4292-f018-44a7-9276-46cd74a88f6f tempest-AttachSCSIVolumeTestJSON-447637828 tempest-AttachSCSIVolumeTestJSON-447637828-project-admin] Registering scheme swift with {'store': , 'location_class': , 'store_entry': 'swift'} {{(pid=102648) register_scheme_map /opt/stack/data/venv/lib/python3.12/site-packages/glance_store/location.py:146}}
Jul 03 12:55:09.596771 np0000004418 devstack@g-api.service[102648]: DEBUG glance_store.location [None req-a97f4292-f018-44a7-9276-46cd74a88f6f tempest-AttachSCSIVolumeTestJSON-447637828 tempest-AttachSCSIVolumeTestJSON-447637828-project-admin] Registering scheme swift+https with {'store': , 'location_class': , 'store_entry': 'swift'} {{(pid=102648) register_scheme_map /opt/stack/data/venv/lib/python3.12/site-packages/glance_store/location.py:146}}
Jul 03 12:55:09.596881 np0000004418 devstack@g-api.service[102648]: DEBUG glance_store.location [None req-a97f4292-f018-44a7-9276-46cd74a88f6f tempest-AttachSCSIVolumeTestJSON-447637828 tempest-AttachSCSIVolumeTestJSON-447637828-project-admin] Registering scheme swift with {'store': , 'location_class': , 'store_entry': 'swift'} {{(pid=102648) register_scheme_map /opt/stack/data/venv/lib/python3.12/site-packages/glance_store/location.py:146}}
Jul 03 12:55:09.596977 np0000004418 devstack@g-api.service[102648]: DEBUG glance_store.location [None req-a97f4292-f018-44a7-9276-46cd74a88f6f tempest-AttachSCSIVolumeTestJSON-447637828 tempest-AttachSCSIVolumeTestJSON-447637828-project-admin] Registering scheme swift+http with {'store': , 'location_class': , 'store_entry': 'swift'} {{(pid=102648) register_scheme_map /opt/stack/data/venv/lib/python3.12/site-packages/glance_store/location.py:146}}
Jul 03 12:55:09.597118 np0000004418 devstack@g-api.service[102648]: DEBUG glance_store.location [None req-a97f4292-f018-44a7-9276-46cd74a88f6f tempest-AttachSCSIVolumeTestJSON-447637828 tempest-AttachSCSIVolumeTestJSON-447637828-project-admin] Registering scheme swift+https with {'store': , 'location_class': , 'store_entry': 'swift'} {{(pid=102648) register_scheme_map /opt/stack/data/venv/lib/python3.12/site-packages/glance_store/location.py:146}}
Jul 03 12:55:09.597206 np0000004418 devstack@g-api.service[102648]: DEBUG glance_store.location [None req-a97f4292-f018-44a7-9276-46cd74a88f6f tempest-AttachSCSIVolumeTestJSON-447637828 tempest-AttachSCSIVolumeTestJSON-447637828-project-admin] Registering scheme swift with {'store': , 'location_class': , 'store_entry': 'swift'} {{(pid=102648) register_scheme_map /opt/stack/data/venv/lib/python3.12/site-packages/glance_store/location.py:146}}
Jul 03 12:55:09.597426 np0000004418 devstack@g-api.service[102648]: DEBUG glance_store.location [None req-a97f4292-f018-44a7-9276-46cd74a88f6f tempest-AttachSCSIVolumeTestJSON-447637828 tempest-AttachSCSIVolumeTestJSON-447637828-project-admin] Registering scheme swift+http with {'store': , 'location_class': , 'store_entry': 'swift'} {{(pid=102648) register_scheme_map /opt/stack/data/venv/lib/python3.12/site-packages/glance_store/location.py:146}}
Jul 03 12:55:09.597591 np0000004418 devstack@g-api.service[102648]: DEBUG glance_store.location [None req-a97f4292-f018-44a7-9276-46cd74a88f6f tempest-AttachSCSIVolumeTestJSON-447637828 tempest-AttachSCSIVolumeTestJSON-447637828-project-admin] Registering scheme swift+config with {'store': , 'location_class': , 'store_entry': 'swift'} {{(pid=102648) register_scheme_map /opt/stack/data/venv/lib/python3.12/site-packages/glance_store/location.py:146}}
Jul 03 12:55:09.597708 np0000004418 devstack@g-api.service[102648]: DEBUG glance_store.backend [None req-a97f4292-f018-44a7-9276-46cd74a88f6f tempest-AttachSCSIVolumeTestJSON-447637828 tempest-AttachSCSIVolumeTestJSON-447637828-project-admin] Skipping store.set_acls... not implemented. {{(pid=102648) set_acls /opt/stack/data/venv/lib/python3.12/site-packages/glance_store/backend.py:507}}
Jul 03 12:55:09.600733 np0000004418 devstack@g-api.service[102648]: [pid: 102648|app: 0|req: 8/43] 127.0.0.1 () {40 vars in 854 bytes} [Fri Jul 3 12:55:07 2026] PUT /v2/images/0c2dad9d-df64-479a-befb-7cf572dfedf6/file => generated 0 bytes in 2197 msecs (HTTP/1.1 204) 4 headers in 171 bytes (1 switches on core 0)
Jul 03 12:55:10.397136 np0000004418 devstack@g-api.service[102647]: DEBUG glance.api.middleware.version_negotiation [None req-d39d2aaf-c0c3-4a59-b2e5-c9fa0e36d6c2 tempest-TaggedBootDevicesTest_v242-1472741545 tempest-TaggedBootDevicesTest_v242-1472741545-project-member] Determining version of request: GET / Accept: application/json {{(pid=102647) process_request /opt/stack/glance/glance/api/middleware/version_negotiation.py:44}}
Jul 03 12:55:10.397523 np0000004418 devstack@g-api.service[102647]: DEBUG glance.api.middleware.version_negotiation [None req-d39d2aaf-c0c3-4a59-b2e5-c9fa0e36d6c2 tempest-TaggedBootDevicesTest_v242-1472741545 tempest-TaggedBootDevicesTest_v242-1472741545-project-member] Using url versioning {{(pid=102647) process_request /opt/stack/glance/glance/api/middleware/version_negotiation.py:57}}
Jul 03 12:55:10.397523 np0000004418 devstack@g-api.service[102647]: DEBUG glance.api.middleware.version_negotiation [None req-d39d2aaf-c0c3-4a59-b2e5-c9fa0e36d6c2 tempest-TaggedBootDevicesTest_v242-1472741545 tempest-TaggedBootDevicesTest_v242-1472741545-project-member] Unknown version. Returning version choices. {{(pid=102647) process_request /opt/stack/glance/glance/api/middleware/version_negotiation.py:64}}
Jul 03 12:55:10.398464 np0000004418 devstack@g-api.service[102647]: [pid: 102647|app: 0|req: 12/44] 127.0.0.1 () {36 vars in 555 bytes} [Fri Jul 3 12:55:10 2026] GET / => generated 1394 bytes in 1 msecs (HTTP/1.1 300) 3 headers in 106 bytes (1 switches on core 0)
Jul 03 12:55:10.612921 np0000004418 devstack@g-api.service[102646]: DEBUG glance.api.middleware.version_negotiation [None req-d39d2aaf-c0c3-4a59-b2e5-c9fa0e36d6c2 tempest-TaggedBootDevicesTest_v242-1472741545 tempest-TaggedBootDevicesTest_v242-1472741545-project-member] Determining version of request: GET /v2/images/5125fd69-1bb2-47ac-bc31-9c6e73394e22 Accept: */* {{(pid=102646) process_request /opt/stack/glance/glance/api/middleware/version_negotiation.py:44}}
Jul 03 12:55:10.613251 np0000004418 devstack@g-api.service[102646]: DEBUG glance.api.middleware.version_negotiation [None req-d39d2aaf-c0c3-4a59-b2e5-c9fa0e36d6c2 tempest-TaggedBootDevicesTest_v242-1472741545 tempest-TaggedBootDevicesTest_v242-1472741545-project-member] Using url versioning {{(pid=102646) process_request /opt/stack/glance/glance/api/middleware/version_negotiation.py:57}}
Jul 03 12:55:10.613298 np0000004418 devstack@g-api.service[102646]: DEBUG glance.api.middleware.version_negotiation [None req-d39d2aaf-c0c3-4a59-b2e5-c9fa0e36d6c2 tempest-TaggedBootDevicesTest_v242-1472741545 tempest-TaggedBootDevicesTest_v242-1472741545-project-member] Matched version: v2 {{(pid=102646) process_request /opt/stack/glance/glance/api/middleware/version_negotiation.py:69}}
Jul 03 12:55:10.613431 np0000004418 devstack@g-api.service[102646]: DEBUG glance.api.middleware.version_negotiation [None req-d39d2aaf-c0c3-4a59-b2e5-c9fa0e36d6c2 tempest-TaggedBootDevicesTest_v242-1472741545 tempest-TaggedBootDevicesTest_v242-1472741545-project-member] new path /v2/images/5125fd69-1bb2-47ac-bc31-9c6e73394e22 {{(pid=102646) process_request /opt/stack/glance/glance/api/middleware/version_negotiation.py:70}}
Jul 03 12:55:10.636828 np0000004418 devstack@g-api.service[102646]: [pid: 102646|app: 0|req: 15/45] 127.0.0.1 () {44 vars in 1111 bytes} [Fri Jul 3 12:55:10 2026] GET /v2/images/5125fd69-1bb2-47ac-bc31-9c6e73394e22 => generated 1044 bytes in 23 msecs (HTTP/1.1 200) 4 headers in 158 bytes (1 switches on core 0)
Jul 03 12:55:10.648130 np0000004418 devstack@g-api.service[102645]: DEBUG glance.api.middleware.version_negotiation [None req-d39d2aaf-c0c3-4a59-b2e5-c9fa0e36d6c2 tempest-TaggedBootDevicesTest_v242-1472741545 tempest-TaggedBootDevicesTest_v242-1472741545-project-member] Determining version of request: GET /v2/schemas/image Accept: */* {{(pid=102645) process_request /opt/stack/glance/glance/api/middleware/version_negotiation.py:44}}
Jul 03 12:55:10.648636 np0000004418 devstack@g-api.service[102645]: DEBUG glance.api.middleware.version_negotiation [None req-d39d2aaf-c0c3-4a59-b2e5-c9fa0e36d6c2 tempest-TaggedBootDevicesTest_v242-1472741545 tempest-TaggedBootDevicesTest_v242-1472741545-project-member] Using url versioning {{(pid=102645) process_request /opt/stack/glance/glance/api/middleware/version_negotiation.py:57}}
Jul 03 12:55:10.648636 np0000004418 devstack@g-api.service[102645]: DEBUG glance.api.middleware.version_negotiation [None req-d39d2aaf-c0c3-4a59-b2e5-c9fa0e36d6c2 tempest-TaggedBootDevicesTest_v242-1472741545 tempest-TaggedBootDevicesTest_v242-1472741545-project-member] Matched version: v2 {{(pid=102645) process_request /opt/stack/glance/glance/api/middleware/version_negotiation.py:69}}
Jul 03 12:55:10.648636 np0000004418 devstack@g-api.service[102645]: DEBUG glance.api.middleware.version_negotiation [None req-d39d2aaf-c0c3-4a59-b2e5-c9fa0e36d6c2 tempest-TaggedBootDevicesTest_v242-1472741545 tempest-TaggedBootDevicesTest_v242-1472741545-project-member] new path /v2/schemas/image {{(pid=102645) process_request /opt/stack/glance/glance/api/middleware/version_negotiation.py:70}}
Jul 03 12:55:10.656035 np0000004418 devstack@g-api.service[102645]: [pid: 102645|app: 0|req: 11/46] 127.0.0.1 () {44 vars in 1051 bytes} [Fri Jul 3 12:55:10 2026] GET /v2/schemas/image => generated 6083 bytes in 6 msecs (HTTP/1.1 200) 4 headers in 158 bytes (1 switches on core 0)
Jul 03 12:55:10.917613 np0000004418 devstack@g-api.service[102648]: DEBUG glance.api.middleware.version_negotiation [None req-a97f4292-f018-44a7-9276-46cd74a88f6f tempest-AttachSCSIVolumeTestJSON-447637828 tempest-AttachSCSIVolumeTestJSON-447637828-project-admin] Determining version of request: GET /v2/images/5125fd69-1bb2-47ac-bc31-9c6e73394e22 Accept: */* {{(pid=102648) process_request /opt/stack/glance/glance/api/middleware/version_negotiation.py:44}}
Jul 03 12:55:10.917962 np0000004418 devstack@g-api.service[102648]: DEBUG glance.api.middleware.version_negotiation [None req-a97f4292-f018-44a7-9276-46cd74a88f6f tempest-AttachSCSIVolumeTestJSON-447637828 tempest-AttachSCSIVolumeTestJSON-447637828-project-admin] Using url versioning {{(pid=102648) process_request /opt/stack/glance/glance/api/middleware/version_negotiation.py:57}}
Jul 03 12:55:10.917962 np0000004418 devstack@g-api.service[102648]: DEBUG glance.api.middleware.version_negotiation [None req-a97f4292-f018-44a7-9276-46cd74a88f6f tempest-AttachSCSIVolumeTestJSON-447637828 tempest-AttachSCSIVolumeTestJSON-447637828-project-admin] Matched version: v2 {{(pid=102648) process_request /opt/stack/glance/glance/api/middleware/version_negotiation.py:69}}
Jul 03 12:55:10.918188 np0000004418 devstack@g-api.service[102648]: DEBUG glance.api.middleware.version_negotiation [None req-a97f4292-f018-44a7-9276-46cd74a88f6f tempest-AttachSCSIVolumeTestJSON-447637828 tempest-AttachSCSIVolumeTestJSON-447637828-project-admin] new path /v2/images/5125fd69-1bb2-47ac-bc31-9c6e73394e22 {{(pid=102648) process_request /opt/stack/glance/glance/api/middleware/version_negotiation.py:70}}
Jul 03 12:55:11.289216 np0000004418 devstack@g-api.service[102648]: [pid: 102648|app: 0|req: 9/47] 127.0.0.1 () {44 vars in 1111 bytes} [Fri Jul 3 12:55:10 2026] GET /v2/images/5125fd69-1bb2-47ac-bc31-9c6e73394e22 => generated 1044 bytes in 372 msecs (HTTP/1.1 200) 4 headers in 158 bytes (1 switches on core 0)
Jul 03 12:55:11.330609 np0000004418 devstack@g-api.service[102647]: DEBUG glance.api.middleware.version_negotiation [None req-d39d2aaf-c0c3-4a59-b2e5-c9fa0e36d6c2 tempest-TaggedBootDevicesTest_v242-1472741545 tempest-TaggedBootDevicesTest_v242-1472741545-project-member] Determining version of request: GET /v2/schemas/image Accept: */* {{(pid=102647) process_request /opt/stack/glance/glance/api/middleware/version_negotiation.py:44}}
Jul 03 12:55:11.330807 np0000004418 devstack@g-api.service[102647]: DEBUG glance.api.middleware.version_negotiation [None req-d39d2aaf-c0c3-4a59-b2e5-c9fa0e36d6c2 tempest-TaggedBootDevicesTest_v242-1472741545 tempest-TaggedBootDevicesTest_v242-1472741545-project-member] Using url versioning {{(pid=102647) process_request /opt/stack/glance/glance/api/middleware/version_negotiation.py:57}}
Jul 03 12:55:11.330926 np0000004418 devstack@g-api.service[102647]: DEBUG glance.api.middleware.version_negotiation [None req-d39d2aaf-c0c3-4a59-b2e5-c9fa0e36d6c2 tempest-TaggedBootDevicesTest_v242-1472741545 tempest-TaggedBootDevicesTest_v242-1472741545-project-member] Matched version: v2 {{(pid=102647) process_request /opt/stack/glance/glance/api/middleware/version_negotiation.py:69}}
