Aug 06 05:16:28.086530 np0000006623 nova-scheduler[96757]: INFO dbcounter [None req-20bc667a-eda3-421f-b019-0891bdfba7fb None None] Registered counter for database nova_cell0
Aug 06 05:16:28.086554 np0000006623 nova-scheduler[96760]: DEBUG cotyledon.oslo_config_glue [-] workarounds.libvirt_disable_apic = False {{(pid=96760) log_opt_values /opt/stack/data/venv/lib/python3.12/site-packages/oslo_config/cfg.py:3545}}
Aug 06 05:16:28.086554 np0000006623 nova-scheduler[96760]: DEBUG cotyledon.oslo_config_glue [-] workarounds.never_download_image_if_on_rbd = False {{(pid=96760) log_opt_values /opt/stack/data/venv/lib/python3.12/site-packages/oslo_config/cfg.py:3545}}
Aug 06 05:16:28.086554 np0000006623 nova-scheduler[96760]: DEBUG cotyledon.oslo_config_glue [-] workarounds.qemu_monitor_announce_self_count = 3 {{(pid=96760) log_opt_values /opt/stack/data/venv/lib/python3.12/site-packages/oslo_config/cfg.py:3545}}
Aug 06 05:16:28.086554 np0000006623 nova-scheduler[96760]: DEBUG cotyledon.oslo_config_glue [-] workarounds.qemu_monitor_announce_self_interval = 1 {{(pid=96760) log_opt_values /opt/stack/data/venv/lib/python3.12/site-packages/oslo_config/cfg.py:3545}}
Aug 06 05:16:28.086554 np0000006623 nova-scheduler[96760]: DEBUG cotyledon.oslo_config_glue [-] workarounds.reserve_disk_resource_for_image_cache = False {{(pid=96760) log_opt_values /opt/stack/data/venv/lib/python3.12/site-packages/oslo_config/cfg.py:3545}}
Aug 06 05:16:28.086554 np0000006623 nova-scheduler[96760]: DEBUG cotyledon.oslo_config_glue [-] workarounds.skip_cpu_compare_at_startup = False {{(pid=96760) log_opt_values /opt/stack/data/venv/lib/python3.12/site-packages/oslo_config/cfg.py:3545}}
Aug 06 05:16:28.086554 np0000006623 nova-scheduler[96760]: DEBUG cotyledon.oslo_config_glue [-] workarounds.skip_cpu_compare_on_dest = False {{(pid=96760) log_opt_values /opt/stack/data/venv/lib/python3.12/site-packages/oslo_config/cfg.py:3545}}
Aug 06 05:16:28.086554 np0000006623 nova-scheduler[96760]: DEBUG cotyledon.oslo_config_glue [-] workarounds.skip_hypervisor_version_check_on_lm = False {{(pid=96760) log_opt_values /opt/stack/data/venv/lib/python3.12/site-packages/oslo_config/cfg.py:3545}}
Aug 06 05:16:28.086554 np0000006623 nova-scheduler[96760]: DEBUG cotyledon.oslo_config_glue [-] workarounds.skip_reserve_in_use_ironic_nodes = False {{(pid=96760) log_opt_values /opt/stack/data/venv/lib/python3.12/site-packages/oslo_config/cfg.py:3545}}
Aug 06 05:16:28.086740 np0000006623 nova-scheduler[96760]: DEBUG cotyledon.oslo_config_glue [-] workarounds.unified_limits_count_pcpu_as_vcpu = False {{(pid=96760) log_opt_values /opt/stack/data/venv/lib/python3.12/site-packages/oslo_config/cfg.py:3545}}
Aug 06 05:16:28.086740 np0000006623 nova-scheduler[96760]: DEBUG cotyledon.oslo_config_glue [-] workarounds.wait_for_vif_plugged_event_during_hard_reboot = [] {{(pid=96760) log_opt_values /opt/stack/data/venv/lib/python3.12/site-packages/oslo_config/cfg.py:3545}}
Aug 06 05:16:28.086740 np0000006623 nova-scheduler[96760]: DEBUG cotyledon.oslo_config_glue [-] wsgi.api_paste_config = /etc/nova/api-paste.ini {{(pid=96760) log_opt_values /opt/stack/data/venv/lib/python3.12/site-packages/oslo_config/cfg.py:3545}}
Aug 06 05:16:28.086740 np0000006623 nova-scheduler[96760]: DEBUG cotyledon.oslo_config_glue [-] wsgi.secure_proxy_ssl_header = None {{(pid=96760) log_opt_values /opt/stack/data/venv/lib/python3.12/site-packages/oslo_config/cfg.py:3545}}
Aug 06 05:16:28.086740 np0000006623 nova-scheduler[96760]: DEBUG cotyledon.oslo_config_glue [-] zvm.ca_file = None {{(pid=96760) log_opt_values /opt/stack/data/venv/lib/python3.12/site-packages/oslo_config/cfg.py:3545}}
Aug 06 05:16:28.086740 np0000006623 nova-scheduler[96760]: DEBUG cotyledon.oslo_config_glue [-] zvm.cloud_connector_url = None {{(pid=96760) log_opt_values /opt/stack/data/venv/lib/python3.12/site-packages/oslo_config/cfg.py:3545}}
Aug 06 05:16:28.086740 np0000006623 nova-scheduler[96760]: DEBUG cotyledon.oslo_config_glue [-] zvm.image_tmp_path = /opt/stack/data/nova/images {{(pid=96760) log_opt_values /opt/stack/data/venv/lib/python3.12/site-packages/oslo_config/cfg.py:3545}}
Aug 06 05:16:28.086740 np0000006623 nova-scheduler[96760]: DEBUG cotyledon.oslo_config_glue [-] zvm.reachable_timeout = 300 {{(pid=96760) log_opt_values /opt/stack/data/venv/lib/python3.12/site-packages/oslo_config/cfg.py:3545}}
Aug 06 05:16:28.086740 np0000006623 nova-scheduler[96760]: DEBUG cotyledon.oslo_config_glue [-] oslo_versionedobjects.fatal_exception_format_errors = False {{(pid=96760) log_opt_values /opt/stack/data/venv/lib/python3.12/site-packages/oslo_config/cfg.py:3545}}
Aug 06 05:16:28.086925 np0000006623 nova-scheduler[96760]: DEBUG cotyledon.oslo_config_glue [-] oslo_middleware.http_basic_auth_user_file = /etc/htpasswd {{(pid=96760) log_opt_values /opt/stack/data/venv/lib/python3.12/site-packages/oslo_config/cfg.py:3545}}
Aug 06 05:16:28.086925 np0000006623 nova-scheduler[96760]: DEBUG cotyledon.oslo_config_glue [-] oslo_messaging_metrics.metrics_buffer_size = 1000 {{(pid=96760) log_opt_values /opt/stack/data/venv/lib/python3.12/site-packages/oslo_config/cfg.py:3545}}
Aug 06 05:16:28.086925 np0000006623 nova-scheduler[96760]: DEBUG cotyledon.oslo_config_glue [-] oslo_messaging_metrics.metrics_enabled = False {{(pid=96760) log_opt_values /opt/stack/data/venv/lib/python3.12/site-packages/oslo_config/cfg.py:3545}}
Aug 06 05:16:28.086925 np0000006623 nova-scheduler[96760]: DEBUG cotyledon.oslo_config_glue [-] oslo_messaging_metrics.metrics_process_name = {{(pid=96760) log_opt_values /opt/stack/data/venv/lib/python3.12/site-packages/oslo_config/cfg.py:3545}}
Aug 06 05:16:28.086925 np0000006623 nova-scheduler[96760]: DEBUG cotyledon.oslo_config_glue [-] oslo_messaging_metrics.metrics_socket_file = /var/tmp/metrics_collector.sock {{(pid=96760) log_opt_values /opt/stack/data/venv/lib/python3.12/site-packages/oslo_config/cfg.py:3545}}
Aug 06 05:16:28.086925 np0000006623 nova-scheduler[96760]: DEBUG cotyledon.oslo_config_glue [-] oslo_messaging_metrics.metrics_thread_stop_timeout = 10 {{(pid=96760) log_opt_values /opt/stack/data/venv/lib/python3.12/site-packages/oslo_config/cfg.py:3545}}
Aug 06 05:16:28.086925 np0000006623 nova-scheduler[96760]: DEBUG cotyledon.oslo_config_glue [-] profiler.connection_string = messaging:// {{(pid=96760) log_opt_values /opt/stack/data/venv/lib/python3.12/site-packages/oslo_config/cfg.py:3545}}
Aug 06 05:16:28.086925 np0000006623 nova-scheduler[96760]: DEBUG cotyledon.oslo_config_glue [-] profiler.enabled = False {{(pid=96760) log_opt_values /opt/stack/data/venv/lib/python3.12/site-packages/oslo_config/cfg.py:3545}}
Aug 06 05:16:28.086925 np0000006623 nova-scheduler[96760]: DEBUG cotyledon.oslo_config_glue [-] profiler.es_doc_type = notification {{(pid=96760) log_opt_values /opt/stack/data/venv/lib/python3.12/site-packages/oslo_config/cfg.py:3545}}
Aug 06 05:16:28.087087 np0000006623 nova-scheduler[96760]: DEBUG cotyledon.oslo_config_glue [-] profiler.es_scroll_size = 10000 {{(pid=96760) log_opt_values /opt/stack/data/venv/lib/python3.12/site-packages/oslo_config/cfg.py:3545}}
Aug 06 05:16:28.087087 np0000006623 nova-scheduler[96760]: DEBUG cotyledon.oslo_config_glue [-] profiler.es_scroll_time = 2m {{(pid=96760) log_opt_values /opt/stack/data/venv/lib/python3.12/site-packages/oslo_config/cfg.py:3545}}
Aug 06 05:16:28.087087 np0000006623 nova-scheduler[96760]: DEBUG cotyledon.oslo_config_glue [-] profiler.filter_error_trace = False {{(pid=96760) log_opt_values /opt/stack/data/venv/lib/python3.12/site-packages/oslo_config/cfg.py:3545}}
Aug 06 05:16:28.087087 np0000006623 nova-scheduler[96760]: DEBUG cotyledon.oslo_config_glue [-] profiler.hmac_keys = **** {{(pid=96760) log_opt_values /opt/stack/data/venv/lib/python3.12/site-packages/oslo_config/cfg.py:3545}}
Aug 06 05:16:28.087087 np0000006623 nova-scheduler[96760]: DEBUG cotyledon.oslo_config_glue [-] profiler.sentinel_service_name = mymaster {{(pid=96760) log_opt_values /opt/stack/data/venv/lib/python3.12/site-packages/oslo_config/cfg.py:3545}}
Aug 06 05:16:28.087087 np0000006623 nova-scheduler[96760]: DEBUG cotyledon.oslo_config_glue [-] profiler.socket_timeout = 0.1 {{(pid=96760) log_opt_values /opt/stack/data/venv/lib/python3.12/site-packages/oslo_config/cfg.py:3545}}
Aug 06 05:16:28.087087 np0000006623 nova-scheduler[96760]: DEBUG cotyledon.oslo_config_glue [-] profiler.trace_requests = False {{(pid=96760) log_opt_values /opt/stack/data/venv/lib/python3.12/site-packages/oslo_config/cfg.py:3545}}
Aug 06 05:16:28.087087 np0000006623 nova-scheduler[96760]: DEBUG cotyledon.oslo_config_glue [-] profiler.trace_sqlalchemy = False {{(pid=96760) log_opt_values /opt/stack/data/venv/lib/python3.12/site-packages/oslo_config/cfg.py:3545}}
Aug 06 05:16:28.087087 np0000006623 nova-scheduler[96760]: DEBUG cotyledon.oslo_config_glue [-] profiler_jaeger.process_tags = {} {{(pid=96760) log_opt_values /opt/stack/data/venv/lib/python3.12/site-packages/oslo_config/cfg.py:3545}}
Aug 06 05:16:28.087572 np0000006623 nova-scheduler[96760]: DEBUG cotyledon.oslo_config_glue [-] profiler_jaeger.service_name_prefix = None {{(pid=96760) log_opt_values /opt/stack/data/venv/lib/python3.12/site-packages/oslo_config/cfg.py:3545}}
Aug 06 05:16:28.087572 np0000006623 nova-scheduler[96760]: DEBUG cotyledon.oslo_config_glue [-] profiler_otlp.service_name_prefix = None {{(pid=96760) log_opt_values /opt/stack/data/venv/lib/python3.12/site-packages/oslo_config/cfg.py:3545}}
Aug 06 05:16:28.087572 np0000006623 nova-scheduler[96760]: DEBUG cotyledon.oslo_config_glue [-] oslo_messaging_rabbit.amqp_auto_delete = False {{(pid=96760) log_opt_values /opt/stack/data/venv/lib/python3.12/site-packages/oslo_config/cfg.py:3545}}
Aug 06 05:16:28.087572 np0000006623 nova-scheduler[96760]: DEBUG cotyledon.oslo_config_glue [-] oslo_messaging_rabbit.amqp_durable_queues = False {{(pid=96760) log_opt_values /opt/stack/data/venv/lib/python3.12/site-packages/oslo_config/cfg.py:3545}}
Aug 06 05:16:28.087572 np0000006623 nova-scheduler[96760]: DEBUG cotyledon.oslo_config_glue [-] oslo_messaging_rabbit.conn_pool_min_size = 2 {{(pid=96760) log_opt_values /opt/stack/data/venv/lib/python3.12/site-packages/oslo_config/cfg.py:3545}}
Aug 06 05:16:28.087572 np0000006623 nova-scheduler[96760]: DEBUG cotyledon.oslo_config_glue [-] oslo_messaging_rabbit.conn_pool_ttl = 1200 {{(pid=96760) log_opt_values /opt/stack/data/venv/lib/python3.12/site-packages/oslo_config/cfg.py:3545}}
Aug 06 05:16:28.087572 np0000006623 nova-scheduler[96760]: DEBUG cotyledon.oslo_config_glue [-] oslo_messaging_rabbit.direct_mandatory_flag = True {{(pid=96760) log_opt_values /opt/stack/data/venv/lib/python3.12/site-packages/oslo_config/cfg.py:3545}}
Aug 06 05:16:28.087572 np0000006623 nova-scheduler[96760]: DEBUG cotyledon.oslo_config_glue [-] oslo_messaging_rabbit.enable_cancel_on_failover = False {{(pid=96760) log_opt_values /opt/stack/data/venv/lib/python3.12/site-packages/oslo_config/cfg.py:3545}}
Aug 06 05:16:28.087572 np0000006623 nova-scheduler[96760]: DEBUG cotyledon.oslo_config_glue [-] oslo_messaging_rabbit.heartbeat_rate = 3 {{(pid=96760) log_opt_values /opt/stack/data/venv/lib/python3.12/site-packages/oslo_config/cfg.py:3545}}
Aug 06 05:16:28.088347 np0000006623 nova-scheduler[96760]: DEBUG cotyledon.oslo_config_glue [-] oslo_messaging_rabbit.heartbeat_timeout_threshold = 60 {{(pid=96760) log_opt_values /opt/stack/data/venv/lib/python3.12/site-packages/oslo_config/cfg.py:3545}}
Aug 06 05:16:28.088347 np0000006623 nova-scheduler[96760]: DEBUG cotyledon.oslo_config_glue [-] oslo_messaging_rabbit.hostname = np0000006623 {{(pid=96760) log_opt_values /opt/stack/data/venv/lib/python3.12/site-packages/oslo_config/cfg.py:3545}}
Aug 06 05:16:28.088347 np0000006623 nova-scheduler[96760]: DEBUG cotyledon.oslo_config_glue [-] oslo_messaging_rabbit.kombu_compression = None {{(pid=96760) log_opt_values /opt/stack/data/venv/lib/python3.12/site-packages/oslo_config/cfg.py:3545}}
Aug 06 05:16:28.088347 np0000006623 nova-scheduler[96760]: DEBUG cotyledon.oslo_config_glue [-] oslo_messaging_rabbit.kombu_failover_strategy = round-robin {{(pid=96760) log_opt_values /opt/stack/data/venv/lib/python3.12/site-packages/oslo_config/cfg.py:3545}}
Aug 06 05:16:28.088347 np0000006623 nova-scheduler[96760]: DEBUG cotyledon.oslo_config_glue [-] oslo_messaging_rabbit.kombu_missing_consumer_retry_timeout = 60 {{(pid=96760) log_opt_values /opt/stack/data/venv/lib/python3.12/site-packages/oslo_config/cfg.py:3545}}
Aug 06 05:16:28.088347 np0000006623 nova-scheduler[96760]: DEBUG cotyledon.oslo_config_glue [-] oslo_messaging_rabbit.kombu_reconnect_delay = 1.0 {{(pid=96760) log_opt_values /opt/stack/data/venv/lib/python3.12/site-packages/oslo_config/cfg.py:3545}}
Aug 06 05:16:28.088347 np0000006623 nova-scheduler[96760]: DEBUG cotyledon.oslo_config_glue [-] oslo_messaging_rabbit.kombu_reconnect_splay = 0.0 {{(pid=96760) log_opt_values /opt/stack/data/venv/lib/python3.12/site-packages/oslo_config/cfg.py:3545}}
Aug 06 05:16:28.088347 np0000006623 nova-scheduler[96760]: DEBUG cotyledon.oslo_config_glue [-] oslo_messaging_rabbit.processname = nova-scheduler {{(pid=96760) log_opt_values /opt/stack/data/venv/lib/python3.12/site-packages/oslo_config/cfg.py:3545}}
Aug 06 05:16:28.088347 np0000006623 nova-scheduler[96760]: DEBUG cotyledon.oslo_config_glue [-] oslo_messaging_rabbit.rabbit_ha_queues = False {{(pid=96760) log_opt_values /opt/stack/data/venv/lib/python3.12/site-packages/oslo_config/cfg.py:3545}}
Aug 06 05:16:28.088659 np0000006623 nova-scheduler[96760]: DEBUG cotyledon.oslo_config_glue [-] oslo_messaging_rabbit.rabbit_interval_max = 30 {{(pid=96760) log_opt_values /opt/stack/data/venv/lib/python3.12/site-packages/oslo_config/cfg.py:3545}}
Aug 06 05:16:28.088659 np0000006623 nova-scheduler[96760]: DEBUG cotyledon.oslo_config_glue [-] oslo_messaging_rabbit.rabbit_login_method = AMQPLAIN {{(pid=96760) log_opt_values /opt/stack/data/venv/lib/python3.12/site-packages/oslo_config/cfg.py:3545}}
Aug 06 05:16:28.088659 np0000006623 nova-scheduler[96760]: DEBUG cotyledon.oslo_config_glue [-] oslo_messaging_rabbit.rabbit_qos_prefetch_count = 0 {{(pid=96760) log_opt_values /opt/stack/data/venv/lib/python3.12/site-packages/oslo_config/cfg.py:3545}}
Aug 06 05:16:28.088659 np0000006623 nova-scheduler[96760]: DEBUG cotyledon.oslo_config_glue [-] oslo_messaging_rabbit.rabbit_quorum_delivery_limit = 0 {{(pid=96760) log_opt_values /opt/stack/data/venv/lib/python3.12/site-packages/oslo_config/cfg.py:3545}}
Aug 06 05:16:28.088659 np0000006623 nova-scheduler[96760]: DEBUG cotyledon.oslo_config_glue [-] oslo_messaging_rabbit.rabbit_quorum_max_memory_bytes = 0 {{(pid=96760) log_opt_values /opt/stack/data/venv/lib/python3.12/site-packages/oslo_config/cfg.py:3545}}
Aug 06 05:16:28.088659 np0000006623 nova-scheduler[96760]: DEBUG cotyledon.oslo_config_glue [-] oslo_messaging_rabbit.rabbit_quorum_max_memory_length = 0 {{(pid=96760) log_opt_values /opt/stack/data/venv/lib/python3.12/site-packages/oslo_config/cfg.py:3545}}
Aug 06 05:16:28.088659 np0000006623 nova-scheduler[96760]: DEBUG cotyledon.oslo_config_glue [-] oslo_messaging_rabbit.rabbit_quorum_queue = False {{(pid=96760) log_opt_values /opt/stack/data/venv/lib/python3.12/site-packages/oslo_config/cfg.py:3545}}
Aug 06 05:16:28.088659 np0000006623 nova-scheduler[96760]: DEBUG cotyledon.oslo_config_glue [-] oslo_messaging_rabbit.rabbit_retry_backoff = 2 {{(pid=96760) log_opt_values /opt/stack/data/venv/lib/python3.12/site-packages/oslo_config/cfg.py:3545}}
Aug 06 05:16:28.088659 np0000006623 nova-scheduler[96760]: DEBUG cotyledon.oslo_config_glue [-] oslo_messaging_rabbit.rabbit_retry_interval = 1 {{(pid=96760) log_opt_values /opt/stack/data/venv/lib/python3.12/site-packages/oslo_config/cfg.py:3545}}
Aug 06 05:16:28.088927 np0000006623 nova-scheduler[96760]: DEBUG cotyledon.oslo_config_glue [-] oslo_messaging_rabbit.rabbit_stream_fanout = False {{(pid=96760) log_opt_values /opt/stack/data/venv/lib/python3.12/site-packages/oslo_config/cfg.py:3545}}
Aug 06 05:16:28.088927 np0000006623 nova-scheduler[96760]: DEBUG cotyledon.oslo_config_glue [-] oslo_messaging_rabbit.rabbit_transient_queues_ttl = 1800 {{(pid=96760) log_opt_values /opt/stack/data/venv/lib/python3.12/site-packages/oslo_config/cfg.py:3545}}
Aug 06 05:16:28.088927 np0000006623 nova-scheduler[96760]: DEBUG cotyledon.oslo_config_glue [-] oslo_messaging_rabbit.rabbit_transient_quorum_queue = False {{(pid=96760) log_opt_values /opt/stack/data/venv/lib/python3.12/site-packages/oslo_config/cfg.py:3545}}
Aug 06 05:16:28.088927 np0000006623 nova-scheduler[96760]: DEBUG cotyledon.oslo_config_glue [-] oslo_messaging_rabbit.rpc_conn_pool_size = 30 {{(pid=96760) log_opt_values /opt/stack/data/venv/lib/python3.12/site-packages/oslo_config/cfg.py:3545}}
Aug 06 05:16:28.088927 np0000006623 nova-scheduler[96760]: DEBUG cotyledon.oslo_config_glue [-] oslo_messaging_rabbit.ssl = False {{(pid=96760) log_opt_values /opt/stack/data/venv/lib/python3.12/site-packages/oslo_config/cfg.py:3545}}
Aug 06 05:16:28.088927 np0000006623 nova-scheduler[96760]: DEBUG cotyledon.oslo_config_glue [-] oslo_messaging_rabbit.ssl_ca_file = {{(pid=96760) log_opt_values /opt/stack/data/venv/lib/python3.12/site-packages/oslo_config/cfg.py:3545}}
Aug 06 05:16:28.088927 np0000006623 nova-scheduler[96760]: DEBUG cotyledon.oslo_config_glue [-] oslo_messaging_rabbit.ssl_cert_file = {{(pid=96760) log_opt_values /opt/stack/data/venv/lib/python3.12/site-packages/oslo_config/cfg.py:3545}}
Aug 06 05:16:28.088927 np0000006623 nova-scheduler[96760]: DEBUG cotyledon.oslo_config_glue [-] oslo_messaging_rabbit.ssl_enforce_fips_mode = False {{(pid=96760) log_opt_values /opt/stack/data/venv/lib/python3.12/site-packages/oslo_config/cfg.py:3545}}
Aug 06 05:16:28.088927 np0000006623 nova-scheduler[96760]: DEBUG cotyledon.oslo_config_glue [-] oslo_messaging_rabbit.ssl_enforce_hostname_verification = True {{(pid=96760) log_opt_values /opt/stack/data/venv/lib/python3.12/site-packages/oslo_config/cfg.py:3545}}
Aug 06 05:16:28.089956 np0000006623 nova-scheduler[96760]: DEBUG cotyledon.oslo_config_glue [-] oslo_messaging_rabbit.ssl_key_file = {{(pid=96760) log_opt_values /opt/stack/data/venv/lib/python3.12/site-packages/oslo_config/cfg.py:3545}}
Aug 06 05:16:28.089956 np0000006623 nova-scheduler[96760]: DEBUG cotyledon.oslo_config_glue [-] oslo_messaging_rabbit.ssl_version = {{(pid=96760) log_opt_values /opt/stack/data/venv/lib/python3.12/site-packages/oslo_config/cfg.py:3545}}
Aug 06 05:16:28.089956 np0000006623 nova-scheduler[96760]: DEBUG cotyledon.oslo_config_glue [-] oslo_messaging_rabbit.use_queue_manager = False {{(pid=96760) log_opt_values /opt/stack/data/venv/lib/python3.12/site-packages/oslo_config/cfg.py:3545}}
Aug 06 05:16:28.089956 np0000006623 nova-scheduler[96760]: DEBUG cotyledon.oslo_config_glue [-] oslo_messaging_notifications.driver = ['messagingv2'] {{(pid=96760) log_opt_values /opt/stack/data/venv/lib/python3.12/site-packages/oslo_config/cfg.py:3545}}
Aug 06 05:16:28.089956 np0000006623 nova-scheduler[96760]: DEBUG cotyledon.oslo_config_glue [-] oslo_messaging_notifications.retry = -1 {{(pid=96760) log_opt_values /opt/stack/data/venv/lib/python3.12/site-packages/oslo_config/cfg.py:3545}}
Aug 06 05:16:28.089956 np0000006623 nova-scheduler[96760]: DEBUG cotyledon.oslo_config_glue [-] oslo_messaging_notifications.topics = ['notifications'] {{(pid=96760) log_opt_values /opt/stack/data/venv/lib/python3.12/site-packages/oslo_config/cfg.py:3545}}
Aug 06 05:16:28.089956 np0000006623 nova-scheduler[96760]: DEBUG cotyledon.oslo_config_glue [-] oslo_messaging_notifications.transport_url = **** {{(pid=96760) log_opt_values /opt/stack/data/venv/lib/python3.12/site-packages/oslo_config/cfg.py:3545}}
Aug 06 05:16:28.089956 np0000006623 nova-scheduler[96760]: DEBUG cotyledon.oslo_config_glue [-] oslo_limit.auth_section = None {{(pid=96760) log_opt_values /opt/stack/data/venv/lib/python3.12/site-packages/oslo_config/cfg.py:3545}}
Aug 06 05:16:28.089956 np0000006623 nova-scheduler[96760]: DEBUG cotyledon.oslo_config_glue [-] oslo_limit.auth_type = None {{(pid=96760) log_opt_values /opt/stack/data/venv/lib/python3.12/site-packages/oslo_config/cfg.py:3545}}
Aug 06 05:16:28.090145 np0000006623 nova-scheduler[96760]: DEBUG cotyledon.oslo_config_glue [-] oslo_limit.cafile = None {{(pid=96760) log_opt_values /opt/stack/data/venv/lib/python3.12/site-packages/oslo_config/cfg.py:3545}}
Aug 06 05:16:28.090145 np0000006623 nova-scheduler[96760]: DEBUG cotyledon.oslo_config_glue [-] oslo_limit.certfile = None {{(pid=96760) log_opt_values /opt/stack/data/venv/lib/python3.12/site-packages/oslo_config/cfg.py:3545}}
Aug 06 05:16:28.090145 np0000006623 nova-scheduler[96760]: DEBUG cotyledon.oslo_config_glue [-] oslo_limit.collect_timing = False {{(pid=96760) log_opt_values /opt/stack/data/venv/lib/python3.12/site-packages/oslo_config/cfg.py:3545}}
Aug 06 05:16:28.090145 np0000006623 nova-scheduler[96760]: DEBUG cotyledon.oslo_config_glue [-] oslo_limit.connect_retries = None {{(pid=96760) log_opt_values /opt/stack/data/venv/lib/python3.12/site-packages/oslo_config/cfg.py:3545}}
Aug 06 05:16:28.090145 np0000006623 nova-scheduler[96760]: DEBUG cotyledon.oslo_config_glue [-] oslo_limit.connect_retry_delay = None {{(pid=96760) log_opt_values /opt/stack/data/venv/lib/python3.12/site-packages/oslo_config/cfg.py:3545}}
Aug 06 05:16:28.090145 np0000006623 nova-scheduler[96760]: DEBUG cotyledon.oslo_config_glue [-] oslo_limit.endpoint_id = None {{(pid=96760) log_opt_values /opt/stack/data/venv/lib/python3.12/site-packages/oslo_config/cfg.py:3545}}
Aug 06 05:16:28.090145 np0000006623 nova-scheduler[96760]: DEBUG cotyledon.oslo_config_glue [-] oslo_limit.endpoint_interface = public {{(pid=96760) log_opt_values /opt/stack/data/venv/lib/python3.12/site-packages/oslo_config/cfg.py:3545}}
Aug 06 05:16:28.090145 np0000006623 nova-scheduler[96760]: DEBUG cotyledon.oslo_config_glue [-] oslo_limit.endpoint_override = None {{(pid=96760) log_opt_values /opt/stack/data/venv/lib/python3.12/site-packages/oslo_config/cfg.py:3545}}
Aug 06 05:16:28.090145 np0000006623 nova-scheduler[96760]: DEBUG cotyledon.oslo_config_glue [-] oslo_limit.endpoint_region_name = None {{(pid=96760) log_opt_values /opt/stack/data/venv/lib/python3.12/site-packages/oslo_config/cfg.py:3545}}
Aug 06 05:16:28.090666 np0000006623 nova-scheduler[96760]: DEBUG cotyledon.oslo_config_glue [-] oslo_limit.endpoint_service_name = None {{(pid=96760) log_opt_values /opt/stack/data/venv/lib/python3.12/site-packages/oslo_config/cfg.py:3545}}
Aug 06 05:16:28.090666 np0000006623 nova-scheduler[96760]: DEBUG cotyledon.oslo_config_glue [-] oslo_limit.endpoint_service_type = None {{(pid=96760) log_opt_values /opt/stack/data/venv/lib/python3.12/site-packages/oslo_config/cfg.py:3545}}
Aug 06 05:16:28.090666 np0000006623 nova-scheduler[96760]: DEBUG cotyledon.oslo_config_glue [-] oslo_limit.insecure = False {{(pid=96760) log_opt_values /opt/stack/data/venv/lib/python3.12/site-packages/oslo_config/cfg.py:3545}}
Aug 06 05:16:28.090666 np0000006623 nova-scheduler[96760]: DEBUG cotyledon.oslo_config_glue [-] oslo_limit.keyfile = None {{(pid=96760) log_opt_values /opt/stack/data/venv/lib/python3.12/site-packages/oslo_config/cfg.py:3545}}
Aug 06 05:16:28.090666 np0000006623 nova-scheduler[96760]: DEBUG cotyledon.oslo_config_glue [-] oslo_limit.max_version = None {{(pid=96760) log_opt_values /opt/stack/data/venv/lib/python3.12/site-packages/oslo_config/cfg.py:3545}}
Aug 06 05:16:28.090666 np0000006623 nova-scheduler[96760]: DEBUG cotyledon.oslo_config_glue [-] oslo_limit.min_version = None {{(pid=96760) log_opt_values /opt/stack/data/venv/lib/python3.12/site-packages/oslo_config/cfg.py:3545}}
Aug 06 05:16:28.090666 np0000006623 nova-scheduler[96760]: DEBUG cotyledon.oslo_config_glue [-] oslo_limit.region_name = None {{(pid=96760) log_opt_values /opt/stack/data/venv/lib/python3.12/site-packages/oslo_config/cfg.py:3545}}
Aug 06 05:16:28.090666 np0000006623 nova-scheduler[96760]: DEBUG cotyledon.oslo_config_glue [-] oslo_limit.retriable_status_codes = None {{(pid=96760) log_opt_values /opt/stack/data/venv/lib/python3.12/site-packages/oslo_config/cfg.py:3545}}
Aug 06 05:16:28.090666 np0000006623 nova-scheduler[96760]: DEBUG cotyledon.oslo_config_glue [-] oslo_limit.service_name = None {{(pid=96760) log_opt_values /opt/stack/data/venv/lib/python3.12/site-packages/oslo_config/cfg.py:3545}}
Aug 06 05:16:28.090937 np0000006623 nova-scheduler[96760]: DEBUG cotyledon.oslo_config_glue [-] oslo_limit.service_type = None {{(pid=96760) log_opt_values /opt/stack/data/venv/lib/python3.12/site-packages/oslo_config/cfg.py:3545}}
Aug 06 05:16:28.090937 np0000006623 nova-scheduler[96760]: DEBUG cotyledon.oslo_config_glue [-] oslo_limit.split_loggers = False {{(pid=96760) log_opt_values /opt/stack/data/venv/lib/python3.12/site-packages/oslo_config/cfg.py:3545}}
Aug 06 05:16:28.090937 np0000006623 nova-scheduler[96760]: DEBUG cotyledon.oslo_config_glue [-] oslo_limit.status_code_retries = None {{(pid=96760) log_opt_values /opt/stack/data/venv/lib/python3.12/site-packages/oslo_config/cfg.py:3545}}
Aug 06 05:16:28.090937 np0000006623 nova-scheduler[96760]: DEBUG cotyledon.oslo_config_glue [-] oslo_limit.status_code_retry_delay = None {{(pid=96760) log_opt_values /opt/stack/data/venv/lib/python3.12/site-packages/oslo_config/cfg.py:3545}}
Aug 06 05:16:28.090937 np0000006623 nova-scheduler[96760]: DEBUG cotyledon.oslo_config_glue [-] oslo_limit.timeout = None {{(pid=96760) log_opt_values /opt/stack/data/venv/lib/python3.12/site-packages/oslo_config/cfg.py:3545}}
Aug 06 05:16:28.090937 np0000006623 nova-scheduler[96760]: DEBUG cotyledon.oslo_config_glue [-] oslo_limit.valid_interfaces = None {{(pid=96760) log_opt_values /opt/stack/data/venv/lib/python3.12/site-packages/oslo_config/cfg.py:3545}}
Aug 06 05:16:28.090937 np0000006623 nova-scheduler[96760]: DEBUG cotyledon.oslo_config_glue [-] oslo_limit.version = None {{(pid=96760) log_opt_values /opt/stack/data/venv/lib/python3.12/site-packages/oslo_config/cfg.py:3545}}
Aug 06 05:16:28.090937 np0000006623 nova-scheduler[96760]: DEBUG cotyledon.oslo_config_glue [-] oslo_reports.file_event_handler = None {{(pid=96760) log_opt_values /opt/stack/data/venv/lib/python3.12/site-packages/oslo_config/cfg.py:3545}}
Aug 06 05:16:28.090937 np0000006623 nova-scheduler[96760]: DEBUG cotyledon.oslo_config_glue [-] oslo_reports.file_event_handler_interval = 1 {{(pid=96760) log_opt_values /opt/stack/data/venv/lib/python3.12/site-packages/oslo_config/cfg.py:3545}}
Aug 06 05:16:28.091219 np0000006623 nova-scheduler[96760]: DEBUG cotyledon.oslo_config_glue [-] oslo_reports.log_dir = None {{(pid=96760) log_opt_values /opt/stack/data/venv/lib/python3.12/site-packages/oslo_config/cfg.py:3545}}
Aug 06 05:16:28.091219 np0000006623 nova-scheduler[96760]: DEBUG cotyledon.oslo_config_glue [-] ******************************************************************************** {{(pid=96760) log_opt_values /opt/stack/data/venv/lib/python3.12/site-packages/oslo_config/cfg.py:3552}}
Aug 06 05:16:28.091219 np0000006623 nova-scheduler[96760]: DEBUG cotyledon._service_worker [-] Run service ServiceWrapper(3) [96760] {{(pid=96760) wait_forever /opt/stack/data/venv/lib/python3.12/site-packages/cotyledon/_service_worker.py:218}}
Aug 06 05:16:28.091219 np0000006623 nova-scheduler[96760]: INFO nova.service [-] Starting scheduler node (version 33.1.0)
Aug 06 05:16:28.091415 np0000006623 nova-scheduler[96749]: DEBUG oslo_db.sqlalchemy.engines [None req-7dccc19d-f195-4549-b802-2ee63b0a0940 None None] MySQL server mode set to STRICT_TRANS_TABLES,STRICT_ALL_TABLES,NO_ZERO_IN_DATE,NO_ZERO_DATE,ERROR_FOR_DIVISION_BY_ZERO,TRADITIONAL,NO_ENGINE_SUBSTITUTION {{(pid=96749) _check_effective_sql_mode /opt/stack/data/venv/lib/python3.12/site-packages/oslo_db/sqlalchemy/engines.py:325}}
Aug 06 05:16:28.091463 np0000006623 nova-scheduler[96760]: INFO dbcounter [None req-7d392347-69ab-45e3-90a1-5a42785a0330 None None] Registered counter for database nova_cell0
Aug 06 05:16:28.091505 np0000006623 nova-scheduler[96749]: DEBUG dbcounter [-] [96749] Writer thread running {{(pid=96749) stat_writer /opt/stack/data/venv/lib/python3.12/site-packages/dbcounter.py:102}}
Aug 06 05:16:28.091548 np0000006623 nova-scheduler[96751]: DEBUG oslo_db.sqlalchemy.engines [None req-fe372c2d-897c-4df6-9230-8f8801638705 None None] MySQL server mode set to STRICT_TRANS_TABLES,STRICT_ALL_TABLES,NO_ZERO_IN_DATE,NO_ZERO_DATE,ERROR_FOR_DIVISION_BY_ZERO,TRADITIONAL,NO_ENGINE_SUBSTITUTION {{(pid=96751) _check_effective_sql_mode /opt/stack/data/venv/lib/python3.12/site-packages/oslo_db/sqlalchemy/engines.py:325}}
Aug 06 05:16:28.091590 np0000006623 nova-scheduler[96749]: DEBUG nova.service [None req-7dccc19d-f195-4549-b802-2ee63b0a0940 None None] Creating RPC server for service: nova-scheduler on topic: scheduler {{(pid=96749) start /opt/stack/nova/nova/service.py:196}}
Aug 06 05:16:28.091632 np0000006623 nova-scheduler[96751]: DEBUG dbcounter [-] [96751] Writer thread running {{(pid=96751) stat_writer /opt/stack/data/venv/lib/python3.12/site-packages/dbcounter.py:102}}
Aug 06 05:16:28.091632 np0000006623 nova-scheduler[96751]: DEBUG nova.service [None req-fe372c2d-897c-4df6-9230-8f8801638705 None None] Creating RPC server for service: nova-scheduler on topic: scheduler {{(pid=96751) start /opt/stack/nova/nova/service.py:196}}
Aug 06 05:16:28.091709 np0000006623 nova-scheduler[96757]: DEBUG oslo_db.sqlalchemy.engines [None req-20bc667a-eda3-421f-b019-0891bdfba7fb None None] MySQL server mode set to STRICT_TRANS_TABLES,STRICT_ALL_TABLES,NO_ZERO_IN_DATE,NO_ZERO_DATE,ERROR_FOR_DIVISION_BY_ZERO,TRADITIONAL,NO_ENGINE_SUBSTITUTION {{(pid=96757) _check_effective_sql_mode /opt/stack/data/venv/lib/python3.12/site-packages/oslo_db/sqlalchemy/engines.py:325}}
Aug 06 05:16:28.094397 np0000006623 nova-scheduler[96757]: DEBUG dbcounter [-] [96757] Writer thread running {{(pid=96757) stat_writer /opt/stack/data/venv/lib/python3.12/site-packages/dbcounter.py:102}}
Aug 06 05:16:28.098668 np0000006623 nova-scheduler[96757]: DEBUG nova.service [None req-20bc667a-eda3-421f-b019-0891bdfba7fb None None] Creating RPC server for service: nova-scheduler on topic: scheduler {{(pid=96757) start /opt/stack/nova/nova/service.py:196}}
Aug 06 05:16:28.104251 np0000006623 nova-scheduler[96760]: DEBUG oslo_db.sqlalchemy.engines [None req-7d392347-69ab-45e3-90a1-5a42785a0330 None None] MySQL server mode set to STRICT_TRANS_TABLES,STRICT_ALL_TABLES,NO_ZERO_IN_DATE,NO_ZERO_DATE,ERROR_FOR_DIVISION_BY_ZERO,TRADITIONAL,NO_ENGINE_SUBSTITUTION {{(pid=96760) _check_effective_sql_mode /opt/stack/data/venv/lib/python3.12/site-packages/oslo_db/sqlalchemy/engines.py:325}}
Aug 06 05:16:28.105197 np0000006623 nova-scheduler[96749]: DEBUG nova.service [None req-7dccc19d-f195-4549-b802-2ee63b0a0940 None None] Join ServiceGroup membership for this service scheduler {{(pid=96749) start /opt/stack/nova/nova/service.py:222}}
Aug 06 05:16:28.105490 np0000006623 nova-scheduler[96749]: DEBUG nova.servicegroup.drivers.db [None req-7dccc19d-f195-4549-b802-2ee63b0a0940 None None] DB_Driver: join new ServiceGroup member np0000006623 to the scheduler group, service = {{(pid=96749) join /opt/stack/nova/nova/servicegroup/drivers/db.py:44}}
Aug 06 05:16:28.110139 np0000006623 nova-scheduler[96751]: DEBUG nova.service [None req-fe372c2d-897c-4df6-9230-8f8801638705 None None] Join ServiceGroup membership for this service scheduler {{(pid=96751) start /opt/stack/nova/nova/service.py:222}}
Aug 06 05:16:28.110400 np0000006623 nova-scheduler[96751]: DEBUG nova.servicegroup.drivers.db [None req-fe372c2d-897c-4df6-9230-8f8801638705 None None] DB_Driver: join new ServiceGroup member np0000006623 to the scheduler group, service = {{(pid=96751) join /opt/stack/nova/nova/servicegroup/drivers/db.py:44}}
Aug 06 05:16:28.114956 np0000006623 nova-scheduler[96760]: DEBUG dbcounter [-] [96760] Writer thread running {{(pid=96760) stat_writer /opt/stack/data/venv/lib/python3.12/site-packages/dbcounter.py:102}}
Aug 06 05:16:28.117733 np0000006623 nova-scheduler[96757]: DEBUG nova.service [None req-20bc667a-eda3-421f-b019-0891bdfba7fb None None] Join ServiceGroup membership for this service scheduler {{(pid=96757) start /opt/stack/nova/nova/service.py:222}}
Aug 06 05:16:28.117937 np0000006623 nova-scheduler[96757]: DEBUG nova.servicegroup.drivers.db [None req-20bc667a-eda3-421f-b019-0891bdfba7fb None None] DB_Driver: join new ServiceGroup member np0000006623 to the scheduler group, service = {{(pid=96757) join /opt/stack/nova/nova/servicegroup/drivers/db.py:44}}
Aug 06 05:16:28.118113 np0000006623 nova-scheduler[96760]: DEBUG nova.service [None req-7d392347-69ab-45e3-90a1-5a42785a0330 None None] Creating RPC server for service: nova-scheduler on topic: scheduler {{(pid=96760) start /opt/stack/nova/nova/service.py:196}}
Aug 06 05:16:28.137350 np0000006623 nova-scheduler[96760]: DEBUG nova.service [None req-7d392347-69ab-45e3-90a1-5a42785a0330 None None] Join ServiceGroup membership for this service scheduler {{(pid=96760) start /opt/stack/nova/nova/service.py:222}}
Aug 06 05:16:28.137473 np0000006623 nova-scheduler[96760]: DEBUG nova.servicegroup.drivers.db [None req-7d392347-69ab-45e3-90a1-5a42785a0330 None None] DB_Driver: join new ServiceGroup member np0000006623 to the scheduler group, service = {{(pid=96760) join /opt/stack/nova/nova/servicegroup/drivers/db.py:44}}
Aug 06 05:16:33.121232 np0000006623 nova-scheduler[96749]: DEBUG oslo.service.backend._threading.loopingcall [-] Fixed interval looping call 'nova.servicegroup.drivers.db.DbDriver._report_state' sleeping for 119.99 seconds {{(pid=96749) _run_loop /opt/stack/data/venv/lib/python3.12/site-packages/oslo_service/backend/_threading/loopingcall.py:125}}
Aug 06 05:16:33.125795 np0000006623 nova-scheduler[96751]: DEBUG oslo.service.backend._threading.loopingcall [-] Fixed interval looping call 'nova.servicegroup.drivers.db.DbDriver._report_state' sleeping for 119.99 seconds {{(pid=96751) _run_loop /opt/stack/data/venv/lib/python3.12/site-packages/oslo_service/backend/_threading/loopingcall.py:125}}
Aug 06 05:16:33.131067 np0000006623 nova-scheduler[96757]: DEBUG oslo.service.backend._threading.loopingcall [-] Fixed interval looping call 'nova.servicegroup.drivers.db.DbDriver._report_state' sleeping for 119.99 seconds {{(pid=96757) _run_loop /opt/stack/data/venv/lib/python3.12/site-packages/oslo_service/backend/_threading/loopingcall.py:125}}
Aug 06 05:16:33.149021 np0000006623 nova-scheduler[96760]: DEBUG oslo.service.backend._threading.loopingcall [-] Fixed interval looping call 'nova.servicegroup.drivers.db.DbDriver._report_state' sleeping for 119.99 seconds {{(pid=96760) _run_loop /opt/stack/data/venv/lib/python3.12/site-packages/oslo_service/backend/_threading/loopingcall.py:125}}
Aug 06 05:16:36.618893 np0000006623 nova-scheduler[95556]: DEBUG dbcounter [-] [95556] Writing DB stats nova_api:SELECT=3 {{(pid=95556) stat_writer /opt/stack/data/venv/lib/python3.12/site-packages/dbcounter.py:115}}
Aug 06 05:16:36.769928 np0000006623 nova-scheduler[95556]: DEBUG dbcounter [-] [95556] Writing DB stats nova_cell1:SELECT=1 {{(pid=95556) stat_writer /opt/stack/data/venv/lib/python3.12/site-packages/dbcounter.py:115}}
Aug 06 05:16:36.775720 np0000006623 nova-scheduler[95556]: DEBUG dbcounter [-] [95556] Writing DB stats nova_cell0:SELECT=1 {{(pid=95556) stat_writer /opt/stack/data/venv/lib/python3.12/site-packages/dbcounter.py:115}}
Aug 06 05:16:39.107850 np0000006623 nova-scheduler[96749]: DEBUG oslo.service.backend._threading.loopingcall [None req-b8b1fb80-6192-4a9d-b87e-6b4ee3042aeb None None] Dynamic interval looping call 'nova.service.Service.periodic_tasks' sleeping for 60.00 seconds {{(pid=96749) _run_loop /opt/stack/data/venv/lib/python3.12/site-packages/oslo_service/backend/_threading/loopingcall.py:125}}
Aug 06 05:16:43.117377 np0000006623 nova-scheduler[96749]: DEBUG dbcounter [-] [96749] Writing DB stats nova_cell0:SELECT=4,nova_cell0:INSERT=1,nova_cell0:UPDATE=1 {{(pid=96749) stat_writer /opt/stack/data/venv/lib/python3.12/site-packages/dbcounter.py:115}}
Aug 06 05:16:43.126529 np0000006623 nova-scheduler[96751]: DEBUG dbcounter [-] [96751] Writing DB stats nova_cell0:SELECT=3,nova_cell0:UPDATE=1 {{(pid=96751) stat_writer /opt/stack/data/venv/lib/python3.12/site-packages/dbcounter.py:115}}
Aug 06 05:16:43.127377 np0000006623 nova-scheduler[96757]: DEBUG dbcounter [-] [96757] Writing DB stats nova_cell0:SELECT=3 {{(pid=96757) stat_writer /opt/stack/data/venv/lib/python3.12/site-packages/dbcounter.py:115}}
Aug 06 05:16:43.149320 np0000006623 nova-scheduler[96760]: DEBUG dbcounter [-] [96760] Writing DB stats nova_cell0:SELECT=3 {{(pid=96760) stat_writer /opt/stack/data/venv/lib/python3.12/site-packages/dbcounter.py:115}}
Aug 06 05:17:03.120241 np0000006623 nova-scheduler[96757]: DEBUG oslo.service.backend._threading.loopingcall [None req-2856f96d-e881-4348-a599-88c0c379234b None None] Dynamic interval looping call 'nova.service.Service.periodic_tasks' sleeping for 60.00 seconds {{(pid=96757) _run_loop /opt/stack/data/venv/lib/python3.12/site-packages/oslo_service/backend/_threading/loopingcall.py:125}}
Aug 06 05:17:19.139518 np0000006623 nova-scheduler[96760]: DEBUG oslo.service.backend._threading.loopingcall [None req-9906ec4e-4887-435e-b12c-226caa10add2 None None] Dynamic interval looping call 'nova.service.Service.periodic_tasks' sleeping for 60.00 seconds {{(pid=96760) _run_loop /opt/stack/data/venv/lib/python3.12/site-packages/oslo_service/backend/_threading/loopingcall.py:125}}
Aug 06 05:17:20.112660 np0000006623 nova-scheduler[96751]: DEBUG oslo.service.backend._threading.loopingcall [None req-4f6d60eb-2635-4593-a3b3-c63a28e03be6 None None] Dynamic interval looping call 'nova.service.Service.periodic_tasks' sleeping for 60.00 seconds {{(pid=96751) _run_loop /opt/stack/data/venv/lib/python3.12/site-packages/oslo_service/backend/_threading/loopingcall.py:125}}
Aug 06 05:17:39.108370 np0000006623 nova-scheduler[96749]: DEBUG oslo.service.backend._threading.loopingcall [None req-b8b1fb80-6192-4a9d-b87e-6b4ee3042aeb None None] Dynamic interval looping call 'nova.service.Service.periodic_tasks' sleeping for 60.00 seconds {{(pid=96749) _run_loop /opt/stack/data/venv/lib/python3.12/site-packages/oslo_service/backend/_threading/loopingcall.py:125}}
Aug 06 05:18:03.120725 np0000006623 nova-scheduler[96757]: DEBUG oslo.service.backend._threading.loopingcall [None req-2856f96d-e881-4348-a599-88c0c379234b None None] Dynamic interval looping call 'nova.service.Service.periodic_tasks' sleeping for 60.00 seconds {{(pid=96757) _run_loop /opt/stack/data/venv/lib/python3.12/site-packages/oslo_service/backend/_threading/loopingcall.py:125}}
Aug 06 05:18:19.140009 np0000006623 nova-scheduler[96760]: DEBUG oslo.service.backend._threading.loopingcall [None req-9906ec4e-4887-435e-b12c-226caa10add2 None None] Dynamic interval looping call 'nova.service.Service.periodic_tasks' sleeping for 60.00 seconds {{(pid=96760) _run_loop /opt/stack/data/venv/lib/python3.12/site-packages/oslo_service/backend/_threading/loopingcall.py:125}}
Aug 06 05:18:20.113142 np0000006623 nova-scheduler[96751]: DEBUG oslo.service.backend._threading.loopingcall [None req-4f6d60eb-2635-4593-a3b3-c63a28e03be6 None None] Dynamic interval looping call 'nova.service.Service.periodic_tasks' sleeping for 60.00 seconds {{(pid=96751) _run_loop /opt/stack/data/venv/lib/python3.12/site-packages/oslo_service/backend/_threading/loopingcall.py:125}}
Aug 06 05:18:33.120063 np0000006623 nova-scheduler[96749]: DEBUG oslo.service.backend._threading.loopingcall [-] Fixed interval looping call 'nova.servicegroup.drivers.db.DbDriver._report_state' sleeping for 119.99 seconds {{(pid=96749) _run_loop /opt/stack/data/venv/lib/python3.12/site-packages/oslo_service/backend/_threading/loopingcall.py:125}}
Aug 06 05:18:33.120584 np0000006623 nova-scheduler[96751]: DEBUG oslo.service.backend._threading.loopingcall [-] Fixed interval looping call 'nova.servicegroup.drivers.db.DbDriver._report_state' sleeping for 120.00 seconds {{(pid=96751) _run_loop /opt/stack/data/venv/lib/python3.12/site-packages/oslo_service/backend/_threading/loopingcall.py:125}}
Aug 06 05:18:33.125395 np0000006623 nova-scheduler[96757]: DEBUG oslo.service.backend._threading.loopingcall [-] Fixed interval looping call 'nova.servicegroup.drivers.db.DbDriver._report_state' sleeping for 120.00 seconds {{(pid=96757) _run_loop /opt/stack/data/venv/lib/python3.12/site-packages/oslo_service/backend/_threading/loopingcall.py:125}}
Aug 06 05:18:33.142921 np0000006623 nova-scheduler[96760]: DEBUG oslo.service.backend._threading.loopingcall [-] Fixed interval looping call 'nova.servicegroup.drivers.db.DbDriver._report_state' sleeping for 120.00 seconds {{(pid=96760) _run_loop /opt/stack/data/venv/lib/python3.12/site-packages/oslo_service/backend/_threading/loopingcall.py:125}}
Aug 06 05:18:39.108794 np0000006623 nova-scheduler[96749]: DEBUG oslo.service.backend._threading.loopingcall [None req-b8b1fb80-6192-4a9d-b87e-6b4ee3042aeb None None] Dynamic interval looping call 'nova.service.Service.periodic_tasks' sleeping for 60.00 seconds {{(pid=96749) _run_loop /opt/stack/data/venv/lib/python3.12/site-packages/oslo_service/backend/_threading/loopingcall.py:125}}
Aug 06 05:18:43.115626 np0000006623 nova-scheduler[96749]: DEBUG dbcounter [-] [96749] Writing DB stats nova_cell0:SELECT=1,nova_cell0:UPDATE=1 {{(pid=96749) stat_writer /opt/stack/data/venv/lib/python3.12/site-packages/dbcounter.py:115}}
Aug 06 05:18:43.119548 np0000006623 nova-scheduler[96751]: DEBUG dbcounter [-] [96751] Writing DB stats nova_cell0:SELECT=1,nova_cell0:UPDATE=1 {{(pid=96751) stat_writer /opt/stack/data/venv/lib/python3.12/site-packages/dbcounter.py:115}}
Aug 06 05:18:43.124024 np0000006623 nova-scheduler[96757]: DEBUG dbcounter [-] [96757] Writing DB stats nova_cell0:SELECT=1 {{(pid=96757) stat_writer /opt/stack/data/venv/lib/python3.12/site-packages/dbcounter.py:115}}
Aug 06 05:18:43.141216 np0000006623 nova-scheduler[96760]: DEBUG dbcounter [-] [96760] Writing DB stats nova_cell0:SELECT=1 {{(pid=96760) stat_writer /opt/stack/data/venv/lib/python3.12/site-packages/dbcounter.py:115}}
Aug 06 05:18:55.901638 np0000006623 nova-scheduler[96749]: DEBUG nova.scheduler.manager [None req-0df5708a-6fec-4178-a66f-2ea0a7874139 tempest-ServerRescueNegativeTestJSON-541264158 tempest-ServerRescueNegativeTestJSON-541264158-project-member] Starting to schedule for instances: ['acecfa67-3fd6-4753-98e3-633a086bb562'] {{(pid=96749) select_destinations /opt/stack/nova/nova/scheduler/manager.py:209}}
Aug 06 05:18:55.904447 np0000006623 nova-scheduler[96749]: DEBUG nova.scheduler.request_filter [None req-0df5708a-6fec-4178-a66f-2ea0a7874139 tempest-ServerRescueNegativeTestJSON-541264158 tempest-ServerRescueNegativeTestJSON-541264158-project-member] compute_status_filter request filter added forbidden trait COMPUTE_STATUS_DISABLED {{(pid=96749) compute_status_filter /opt/stack/nova/nova/scheduler/request_filter.py:253}}
Aug 06 05:18:55.904850 np0000006623 nova-scheduler[96749]: DEBUG nova.scheduler.request_filter [None req-0df5708a-6fec-4178-a66f-2ea0a7874139 tempest-ServerRescueNegativeTestJSON-541264158 tempest-ServerRescueNegativeTestJSON-541264158-project-member] Request filter 'compute_status_filter' took 0.0 seconds {{(pid=96749) wrapper /opt/stack/nova/nova/scheduler/request_filter.py:46}}
Aug 06 05:18:55.905109 np0000006623 nova-scheduler[96749]: DEBUG nova.scheduler.request_filter [None req-0df5708a-6fec-4178-a66f-2ea0a7874139 tempest-ServerRescueNegativeTestJSON-541264158 tempest-ServerRescueNegativeTestJSON-541264158-project-member] Request filter 'accelerators_filter' took 0.0 seconds {{(pid=96749) wrapper /opt/stack/nova/nova/scheduler/request_filter.py:46}}
Aug 06 05:18:55.905734 np0000006623 nova-scheduler[96749]: DEBUG nova.scheduler.request_filter [None req-0df5708a-6fec-4178-a66f-2ea0a7874139 tempest-ServerRescueNegativeTestJSON-541264158 tempest-ServerRescueNegativeTestJSON-541264158-project-member] Request filter 'packed_virtqueue_filter' took 0.0 seconds {{(pid=96749) wrapper /opt/stack/nova/nova/scheduler/request_filter.py:46}}
Aug 06 05:18:55.905994 np0000006623 nova-scheduler[96749]: DEBUG nova.scheduler.request_filter [None req-0df5708a-6fec-4178-a66f-2ea0a7874139 tempest-ServerRescueNegativeTestJSON-541264158 tempest-ServerRescueNegativeTestJSON-541264158-project-member] Request filter 'remote_managed_ports_filter' took 0.0 seconds {{(pid=96749) wrapper /opt/stack/nova/nova/scheduler/request_filter.py:46}}
Aug 06 05:18:55.906491 np0000006623 nova-scheduler[96749]: DEBUG nova.scheduler.request_filter [None req-0df5708a-6fec-4178-a66f-2ea0a7874139 tempest-ServerRescueNegativeTestJSON-541264158 tempest-ServerRescueNegativeTestJSON-541264158-project-member] ephemeral_encryption_filter skipped {{(pid=96749) ephemeral_encryption_filter /opt/stack/nova/nova/scheduler/request_filter.py:426}}
Aug 06 05:18:55.906784 np0000006623 nova-scheduler[96749]: DEBUG nova.scheduler.request_filter [None req-0df5708a-6fec-4178-a66f-2ea0a7874139 tempest-ServerRescueNegativeTestJSON-541264158 tempest-ServerRescueNegativeTestJSON-541264158-project-member] virtio_sound_filter skipped {{(pid=96749) virtio_sound_filter /opt/stack/nova/nova/scheduler/request_filter.py:460}}
Aug 06 05:18:55.906958 np0000006623 nova-scheduler[96749]: DEBUG nova.scheduler.request_filter [None req-0df5708a-6fec-4178-a66f-2ea0a7874139 tempest-ServerRescueNegativeTestJSON-541264158 tempest-ServerRescueNegativeTestJSON-541264158-project-member] tpm_secret_security_filter skipped {{(pid=96749) tpm_secret_security_filter /opt/stack/nova/nova/scheduler/request_filter.py:477}}
Aug 06 05:18:56.627350 np0000006623 nova-scheduler[96749]: INFO nova.utils [None req-0df5708a-6fec-4178-a66f-2ea0a7874139 tempest-ServerRescueNegativeTestJSON-541264158 tempest-ServerRescueNegativeTestJSON-541264158-project-member] The cell worker thread pool ForkProcess-1.cell_worker is initialized
Aug 06 05:18:56.627687 np0000006623 nova-scheduler[96749]: DEBUG oslo_concurrency.lockutils [None req-0df5708a-6fec-4178-a66f-2ea0a7874139 tempest-ServerRescueNegativeTestJSON-541264158 tempest-ServerRescueNegativeTestJSON-541264158-project-member] Acquiring lock "1552e4dd-bfc4-4b5e-87b9-64bf2123d6c5" by "nova.context.set_target_cell..get_or_set_cached_cell_and_set_connections" {{(pid=96749) inner /opt/stack/data/venv/lib/python3.12/site-packages/oslo_concurrency/lockutils.py:512}}
Aug 06 05:18:56.628007 np0000006623 nova-scheduler[96749]: DEBUG oslo_concurrency.lockutils [None req-0df5708a-6fec-4178-a66f-2ea0a7874139 tempest-ServerRescueNegativeTestJSON-541264158 tempest-ServerRescueNegativeTestJSON-541264158-project-member] Lock "1552e4dd-bfc4-4b5e-87b9-64bf2123d6c5" acquired by "nova.context.set_target_cell..get_or_set_cached_cell_and_set_connections" :: waited 0.000s {{(pid=96749) inner /opt/stack/data/venv/lib/python3.12/site-packages/oslo_concurrency/lockutils.py:525}}
Aug 06 05:18:56.629862 np0000006623 nova-scheduler[96749]: DEBUG oslo_concurrency.lockutils [None req-0df5708a-6fec-4178-a66f-2ea0a7874139 tempest-ServerRescueNegativeTestJSON-541264158 tempest-ServerRescueNegativeTestJSON-541264158-project-member] Lock "1552e4dd-bfc4-4b5e-87b9-64bf2123d6c5" "released" by "nova.context.set_target_cell..get_or_set_cached_cell_and_set_connections" :: held 0.002s {{(pid=96749) inner /opt/stack/data/venv/lib/python3.12/site-packages/oslo_concurrency/lockutils.py:544}}
Aug 06 05:18:56.632362 np0000006623 nova-scheduler[96749]: INFO dbcounter [None req-0df5708a-6fec-4178-a66f-2ea0a7874139 tempest-ServerRescueNegativeTestJSON-541264158 tempest-ServerRescueNegativeTestJSON-541264158-project-member] Registered counter for database nova_cell1
Aug 06 05:18:56.684126 np0000006623 nova-scheduler[96749]: DEBUG oslo_db.sqlalchemy.engines [None req-0df5708a-6fec-4178-a66f-2ea0a7874139 tempest-ServerRescueNegativeTestJSON-541264158 tempest-ServerRescueNegativeTestJSON-541264158-project-member] MySQL server mode set to STRICT_TRANS_TABLES,STRICT_ALL_TABLES,NO_ZERO_IN_DATE,NO_ZERO_DATE,ERROR_FOR_DIVISION_BY_ZERO,TRADITIONAL,NO_ENGINE_SUBSTITUTION {{(pid=96749) _check_effective_sql_mode /opt/stack/data/venv/lib/python3.12/site-packages/oslo_db/sqlalchemy/engines.py:325}}
Aug 06 05:18:56.691030 np0000006623 nova-scheduler[96749]: DEBUG dbcounter [-] [96749] Writer thread running {{(pid=96749) stat_writer /opt/stack/data/venv/lib/python3.12/site-packages/dbcounter.py:102}}
Aug 06 05:18:56.703975 np0000006623 nova-scheduler[96749]: DEBUG oslo_db.sqlalchemy.engines [None req-0df5708a-6fec-4178-a66f-2ea0a7874139 tempest-ServerRescueNegativeTestJSON-541264158 tempest-ServerRescueNegativeTestJSON-541264158-project-member] Parent process 95556 forked (96749) with an open database connection, which is being discarded and recreated. {{(pid=96749) checkout /opt/stack/data/venv/lib/python3.12/site-packages/oslo_db/sqlalchemy/engines.py:402}}
Aug 06 05:18:56.760105 np0000006623 nova-scheduler[96749]: DEBUG dbcounter [-] [96749] Writer thread running {{(pid=96749) stat_writer /opt/stack/data/venv/lib/python3.12/site-packages/dbcounter.py:102}}
Aug 06 05:18:56.763017 np0000006623 nova-scheduler[96749]: DEBUG oslo_concurrency.lockutils [None req-0df5708a-6fec-4178-a66f-2ea0a7874139 tempest-ServerRescueNegativeTestJSON-541264158 tempest-ServerRescueNegativeTestJSON-541264158-project-member] Acquiring lock "1552e4dd-bfc4-4b5e-87b9-64bf2123d6c5" by "nova.context.set_target_cell..get_or_set_cached_cell_and_set_connections" {{(pid=96749) inner /opt/stack/data/venv/lib/python3.12/site-packages/oslo_concurrency/lockutils.py:512}}
