Aug 12 11:15:28.321406 np0000007040 devstack@g-api.service[99832]: DEBUG glance.api.middleware.version_negotiation [None req-bac42ae4-74a3-4f30-a00d-2c35d2ea5694 tempest-VolumesActionsTest-728180197 tempest-VolumesActionsTest-728180197-project-member] new path /v2/images/d52f9d8e-ee85-4206-ba96-9f8e679adc85 {{(pid=99832) process_request /opt/stack/glance/glance/api/middleware/version_negotiation.py:70}}
Aug 12 11:15:28.332975 np0000007040 devstack@g-api.service[99832]: [pid: 99832|app: 0|req: 103/311] 127.0.0.1 () {40 vars in 834 bytes} [Wed Aug 12 11:15:28 2026] GET /v2/images/d52f9d8e-ee85-4206-ba96-9f8e679adc85 => generated 650 bytes in 12 msecs (HTTP/1.1 200) 4 headers in 157 bytes (1 switches on core 0)
Aug 12 11:15:28.479142 np0000007040 devstack@g-api.service[99831]: DEBUG swiftclient [None req-a0c43304-5320-4882-9021-43ec1b2e5923 tempest-VolumesActionsTest-728180197 tempest-VolumesActionsTest-728180197-project-member] REQ: curl -i https://10.4.3.58:8080/v1/AUTH_06754c817eaa4b888e5dca3bfedd9df4/glance/d52f9d8e-ee85-4206-ba96-9f8e679adc85-00001 -X PUT -H "X-Auth-Token: gAAAAABqfFXOX02x..." {{(pid=99831) http_log /opt/stack/data/venv/lib/python3.12/site-packages/swiftclient/client.py:160}}
Aug 12 11:15:28.479384 np0000007040 devstack@g-api.service[99831]: DEBUG swiftclient [None req-a0c43304-5320-4882-9021-43ec1b2e5923 tempest-VolumesActionsTest-728180197 tempest-VolumesActionsTest-728180197-project-member] RESP STATUS: 201 Created {{(pid=99831) http_log /opt/stack/data/venv/lib/python3.12/site-packages/swiftclient/client.py:161}}
Aug 12 11:15:28.479419 np0000007040 devstack@g-api.service[99831]: DEBUG swiftclient [None req-a0c43304-5320-4882-9021-43ec1b2e5923 tempest-VolumesActionsTest-728180197 tempest-VolumesActionsTest-728180197-project-member] RESP HEADERS: {'Date': 'Wed, 12 Aug 2026 11:15:28 GMT', 'Server': 'Apache/2.4.58 (Ubuntu)', 'Content-Type': 'text/html; charset=UTF-8', 'Content-Length': '0', 'Etag': 'eda9a9889837ac4bc81d6387d92c1bec', 'Last-Modified': 'Wed, 12 Aug 2026 11:15:27 GMT', 'X-Trans-Id': 'tx638c714f099c4dfd89840-006a7c55ce', 'X-Openstack-Request-Id': 'tx638c714f099c4dfd89840-006a7c55ce', 'Connection': 'close'} {{(pid=99831) http_log /opt/stack/data/venv/lib/python3.12/site-packages/swiftclient/client.py:162}}
Aug 12 11:15:28.479547 np0000007040 devstack@g-api.service[99831]: DEBUG glance_store._drivers.swift.store [None req-a0c43304-5320-4882-9021-43ec1b2e5923 tempest-VolumesActionsTest-728180197 tempest-VolumesActionsTest-728180197-project-member] Wrote chunk d52f9d8e-ee85-4206-ba96-9f8e679adc85-00001 (1/?) of length 204800000 to Swift returning MD5 of content: eda9a9889837ac4bc81d6387d92c1bec {{(pid=99831) add /opt/stack/data/venv/lib/python3.12/site-packages/glance_store/_drivers/swift/store.py:1059}}
Aug 12 11:15:29.341547 np0000007040 devstack@g-api.service[99833]: DEBUG glance.api.middleware.version_negotiation [None req-2ab5ba8e-79cf-43d6-ba8c-30be98ba38d8 tempest-VolumesActionsTest-728180197 tempest-VolumesActionsTest-728180197-project-member] Determining version of request: GET /v2/images/d52f9d8e-ee85-4206-ba96-9f8e679adc85 Accept: application/json {{(pid=99833) process_request /opt/stack/glance/glance/api/middleware/version_negotiation.py:44}}
Aug 12 11:15:29.343715 np0000007040 devstack@g-api.service[99833]: DEBUG glance.api.middleware.version_negotiation [None req-2ab5ba8e-79cf-43d6-ba8c-30be98ba38d8 tempest-VolumesActionsTest-728180197 tempest-VolumesActionsTest-728180197-project-member] Using url versioning {{(pid=99833) process_request /opt/stack/glance/glance/api/middleware/version_negotiation.py:57}}
Aug 12 11:15:29.343715 np0000007040 devstack@g-api.service[99833]: DEBUG glance.api.middleware.version_negotiation [None req-2ab5ba8e-79cf-43d6-ba8c-30be98ba38d8 tempest-VolumesActionsTest-728180197 tempest-VolumesActionsTest-728180197-project-member] Matched version: v2 {{(pid=99833) process_request /opt/stack/glance/glance/api/middleware/version_negotiation.py:69}}
Aug 12 11:15:29.343715 np0000007040 devstack@g-api.service[99833]: DEBUG glance.api.middleware.version_negotiation [None req-2ab5ba8e-79cf-43d6-ba8c-30be98ba38d8 tempest-VolumesActionsTest-728180197 tempest-VolumesActionsTest-728180197-project-member] new path /v2/images/d52f9d8e-ee85-4206-ba96-9f8e679adc85 {{(pid=99833) process_request /opt/stack/glance/glance/api/middleware/version_negotiation.py:70}}
Aug 12 11:15:29.353979 np0000007040 devstack@g-api.service[99833]: [pid: 99833|app: 0|req: 109/312] 127.0.0.1 () {40 vars in 834 bytes} [Wed Aug 12 11:15:29 2026] GET /v2/images/d52f9d8e-ee85-4206-ba96-9f8e679adc85 => generated 650 bytes in 13 msecs (HTTP/1.1 200) 4 headers in 157 bytes (1 switches on core 0)
Aug 12 11:15:30.364848 np0000007040 devstack@g-api.service[99831]: DEBUG swiftclient [None req-a0c43304-5320-4882-9021-43ec1b2e5923 tempest-VolumesActionsTest-728180197 tempest-VolumesActionsTest-728180197-project-member] REQ: curl -i https://10.4.3.58:8080/v1/AUTH_06754c817eaa4b888e5dca3bfedd9df4/glance/d52f9d8e-ee85-4206-ba96-9f8e679adc85-00002 -X PUT -H "X-Auth-Token: gAAAAABqfFXOX02x..." {{(pid=99831) http_log /opt/stack/data/venv/lib/python3.12/site-packages/swiftclient/client.py:160}}
Aug 12 11:15:30.364848 np0000007040 devstack@g-api.service[99831]: DEBUG swiftclient [None req-a0c43304-5320-4882-9021-43ec1b2e5923 tempest-VolumesActionsTest-728180197 tempest-VolumesActionsTest-728180197-project-member] RESP STATUS: 201 Created {{(pid=99831) http_log /opt/stack/data/venv/lib/python3.12/site-packages/swiftclient/client.py:161}}
Aug 12 11:15:30.365352 np0000007040 devstack@g-api.service[99832]: DEBUG glance.api.middleware.version_negotiation [None req-71c6cb98-da72-42cf-ac46-7f6b3b8aa1ed tempest-VolumesActionsTest-728180197 tempest-VolumesActionsTest-728180197-project-member] Determining version of request: GET /v2/images/d52f9d8e-ee85-4206-ba96-9f8e679adc85 Accept: application/json {{(pid=99832) process_request /opt/stack/glance/glance/api/middleware/version_negotiation.py:44}}
Aug 12 11:15:30.365681 np0000007040 devstack@g-api.service[99831]: DEBUG swiftclient [None req-a0c43304-5320-4882-9021-43ec1b2e5923 tempest-VolumesActionsTest-728180197 tempest-VolumesActionsTest-728180197-project-member] RESP HEADERS: {'Date': 'Wed, 12 Aug 2026 11:15:30 GMT', 'Server': 'Apache/2.4.58 (Ubuntu)', 'Content-Type': 'text/html; charset=UTF-8', 'Content-Length': '0', 'Etag': 'eda9a9889837ac4bc81d6387d92c1bec', 'Last-Modified': 'Wed, 12 Aug 2026 11:15:29 GMT', 'X-Trans-Id': 'tx32a59b44bf14495999e6e-006a7c55d0', 'X-Openstack-Request-Id': 'tx32a59b44bf14495999e6e-006a7c55d0', 'Connection': 'close'} {{(pid=99831) http_log /opt/stack/data/venv/lib/python3.12/site-packages/swiftclient/client.py:162}}
Aug 12 11:15:30.365681 np0000007040 devstack@g-api.service[99831]: DEBUG glance_store._drivers.swift.store [None req-a0c43304-5320-4882-9021-43ec1b2e5923 tempest-VolumesActionsTest-728180197 tempest-VolumesActionsTest-728180197-project-member] Wrote chunk d52f9d8e-ee85-4206-ba96-9f8e679adc85-00002 (2/?) of length 204800000 to Swift returning MD5 of content: eda9a9889837ac4bc81d6387d92c1bec {{(pid=99831) add /opt/stack/data/venv/lib/python3.12/site-packages/glance_store/_drivers/swift/store.py:1059}}
Aug 12 11:15:30.365817 np0000007040 devstack@g-api.service[99832]: DEBUG glance.api.middleware.version_negotiation [None req-71c6cb98-da72-42cf-ac46-7f6b3b8aa1ed tempest-VolumesActionsTest-728180197 tempest-VolumesActionsTest-728180197-project-member] Using url versioning {{(pid=99832) process_request /opt/stack/glance/glance/api/middleware/version_negotiation.py:57}}
Aug 12 11:15:30.365817 np0000007040 devstack@g-api.service[99832]: DEBUG glance.api.middleware.version_negotiation [None req-71c6cb98-da72-42cf-ac46-7f6b3b8aa1ed tempest-VolumesActionsTest-728180197 tempest-VolumesActionsTest-728180197-project-member] Matched version: v2 {{(pid=99832) process_request /opt/stack/glance/glance/api/middleware/version_negotiation.py:69}}
Aug 12 11:15:30.365817 np0000007040 devstack@g-api.service[99832]: DEBUG glance.api.middleware.version_negotiation [None req-71c6cb98-da72-42cf-ac46-7f6b3b8aa1ed tempest-VolumesActionsTest-728180197 tempest-VolumesActionsTest-728180197-project-member] new path /v2/images/d52f9d8e-ee85-4206-ba96-9f8e679adc85 {{(pid=99832) process_request /opt/stack/glance/glance/api/middleware/version_negotiation.py:70}}
Aug 12 11:15:30.375365 np0000007040 devstack@g-api.service[99832]: [pid: 99832|app: 0|req: 104/313] 127.0.0.1 () {40 vars in 834 bytes} [Wed Aug 12 11:15:30 2026] GET /v2/images/d52f9d8e-ee85-4206-ba96-9f8e679adc85 => generated 650 bytes in 12 msecs (HTTP/1.1 200) 4 headers in 157 bytes (1 switches on core 0)
Aug 12 11:15:31.385415 np0000007040 devstack@g-api.service[99833]: DEBUG glance.api.middleware.version_negotiation [None req-56330fe1-9fce-49dc-ba0b-b9ce301f0319 tempest-VolumesActionsTest-728180197 tempest-VolumesActionsTest-728180197-project-member] Determining version of request: GET /v2/images/d52f9d8e-ee85-4206-ba96-9f8e679adc85 Accept: application/json {{(pid=99833) process_request /opt/stack/glance/glance/api/middleware/version_negotiation.py:44}}
Aug 12 11:15:31.385801 np0000007040 devstack@g-api.service[99833]: DEBUG glance.api.middleware.version_negotiation [None req-56330fe1-9fce-49dc-ba0b-b9ce301f0319 tempest-VolumesActionsTest-728180197 tempest-VolumesActionsTest-728180197-project-member] Using url versioning {{(pid=99833) process_request /opt/stack/glance/glance/api/middleware/version_negotiation.py:57}}
Aug 12 11:15:31.385801 np0000007040 devstack@g-api.service[99833]: DEBUG glance.api.middleware.version_negotiation [None req-56330fe1-9fce-49dc-ba0b-b9ce301f0319 tempest-VolumesActionsTest-728180197 tempest-VolumesActionsTest-728180197-project-member] Matched version: v2 {{(pid=99833) process_request /opt/stack/glance/glance/api/middleware/version_negotiation.py:69}}
Aug 12 11:15:31.385890 np0000007040 devstack@g-api.service[99833]: DEBUG glance.api.middleware.version_negotiation [None req-56330fe1-9fce-49dc-ba0b-b9ce301f0319 tempest-VolumesActionsTest-728180197 tempest-VolumesActionsTest-728180197-project-member] new path /v2/images/d52f9d8e-ee85-4206-ba96-9f8e679adc85 {{(pid=99833) process_request /opt/stack/glance/glance/api/middleware/version_negotiation.py:70}}
Aug 12 11:15:31.395586 np0000007040 devstack@g-api.service[99833]: [pid: 99833|app: 0|req: 110/314] 127.0.0.1 () {40 vars in 834 bytes} [Wed Aug 12 11:15:31 2026] GET /v2/images/d52f9d8e-ee85-4206-ba96-9f8e679adc85 => generated 650 bytes in 10 msecs (HTTP/1.1 200) 4 headers in 157 bytes (1 switches on core 0)
Aug 12 11:15:32.407331 np0000007040 devstack@g-api.service[99832]: DEBUG glance.api.middleware.version_negotiation [None req-44c486be-0cc9-4457-b98c-4b1afc02d5f7 tempest-VolumesActionsTest-728180197 tempest-VolumesActionsTest-728180197-project-member] Determining version of request: GET /v2/images/d52f9d8e-ee85-4206-ba96-9f8e679adc85 Accept: application/json {{(pid=99832) process_request /opt/stack/glance/glance/api/middleware/version_negotiation.py:44}}
Aug 12 11:15:32.407753 np0000007040 devstack@g-api.service[99832]: DEBUG glance.api.middleware.version_negotiation [None req-44c486be-0cc9-4457-b98c-4b1afc02d5f7 tempest-VolumesActionsTest-728180197 tempest-VolumesActionsTest-728180197-project-member] Using url versioning {{(pid=99832) process_request /opt/stack/glance/glance/api/middleware/version_negotiation.py:57}}
Aug 12 11:15:32.407753 np0000007040 devstack@g-api.service[99832]: DEBUG glance.api.middleware.version_negotiation [None req-44c486be-0cc9-4457-b98c-4b1afc02d5f7 tempest-VolumesActionsTest-728180197 tempest-VolumesActionsTest-728180197-project-member] Matched version: v2 {{(pid=99832) process_request /opt/stack/glance/glance/api/middleware/version_negotiation.py:69}}
Aug 12 11:15:32.407841 np0000007040 devstack@g-api.service[99832]: DEBUG glance.api.middleware.version_negotiation [None req-44c486be-0cc9-4457-b98c-4b1afc02d5f7 tempest-VolumesActionsTest-728180197 tempest-VolumesActionsTest-728180197-project-member] new path /v2/images/d52f9d8e-ee85-4206-ba96-9f8e679adc85 {{(pid=99832) process_request /opt/stack/glance/glance/api/middleware/version_negotiation.py:70}}
Aug 12 11:15:32.421090 np0000007040 devstack@g-api.service[99832]: [pid: 99832|app: 0|req: 105/315] 127.0.0.1 () {40 vars in 834 bytes} [Wed Aug 12 11:15:32 2026] GET /v2/images/d52f9d8e-ee85-4206-ba96-9f8e679adc85 => generated 650 bytes in 14 msecs (HTTP/1.1 200) 4 headers in 157 bytes (1 switches on core 0)
Aug 12 11:15:32.515753 np0000007040 devstack@g-api.service[99831]: DEBUG swiftclient [None req-a0c43304-5320-4882-9021-43ec1b2e5923 tempest-VolumesActionsTest-728180197 tempest-VolumesActionsTest-728180197-project-member] REQ: curl -i https://10.4.3.58:8080/v1/AUTH_06754c817eaa4b888e5dca3bfedd9df4/glance/d52f9d8e-ee85-4206-ba96-9f8e679adc85-00003 -X PUT -H "X-Auth-Token: gAAAAABqfFXOX02x..." {{(pid=99831) http_log /opt/stack/data/venv/lib/python3.12/site-packages/swiftclient/client.py:160}}
Aug 12 11:15:32.516022 np0000007040 devstack@g-api.service[99831]: DEBUG swiftclient [None req-a0c43304-5320-4882-9021-43ec1b2e5923 tempest-VolumesActionsTest-728180197 tempest-VolumesActionsTest-728180197-project-member] RESP STATUS: 201 Created {{(pid=99831) http_log /opt/stack/data/venv/lib/python3.12/site-packages/swiftclient/client.py:161}}
Aug 12 11:15:32.516106 np0000007040 devstack@g-api.service[99831]: DEBUG swiftclient [None req-a0c43304-5320-4882-9021-43ec1b2e5923 tempest-VolumesActionsTest-728180197 tempest-VolumesActionsTest-728180197-project-member] RESP HEADERS: {'Date': 'Wed, 12 Aug 2026 11:15:32 GMT', 'Server': 'Apache/2.4.58 (Ubuntu)', 'Content-Type': 'text/html; charset=UTF-8', 'Content-Length': '0', 'Etag': 'eda9a9889837ac4bc81d6387d92c1bec', 'Last-Modified': 'Wed, 12 Aug 2026 11:15:31 GMT', 'X-Trans-Id': 'tx6e7e35c9a4f7429190456-006a7c55d2', 'X-Openstack-Request-Id': 'tx6e7e35c9a4f7429190456-006a7c55d2', 'Connection': 'close'} {{(pid=99831) http_log /opt/stack/data/venv/lib/python3.12/site-packages/swiftclient/client.py:162}}
Aug 12 11:15:32.516220 np0000007040 devstack@g-api.service[99831]: DEBUG glance_store._drivers.swift.store [None req-a0c43304-5320-4882-9021-43ec1b2e5923 tempest-VolumesActionsTest-728180197 tempest-VolumesActionsTest-728180197-project-member] Wrote chunk d52f9d8e-ee85-4206-ba96-9f8e679adc85-00003 (3/?) of length 204800000 to Swift returning MD5 of content: eda9a9889837ac4bc81d6387d92c1bec {{(pid=99831) add /opt/stack/data/venv/lib/python3.12/site-packages/glance_store/_drivers/swift/store.py:1059}}
Aug 12 11:15:33.429465 np0000007040 devstack@g-api.service[99833]: DEBUG glance.api.middleware.version_negotiation [None req-18fbb008-c2c9-4796-9780-4909c0313b16 tempest-VolumesActionsTest-728180197 tempest-VolumesActionsTest-728180197-project-member] Determining version of request: GET /v2/images/d52f9d8e-ee85-4206-ba96-9f8e679adc85 Accept: application/json {{(pid=99833) process_request /opt/stack/glance/glance/api/middleware/version_negotiation.py:44}}
Aug 12 11:15:33.430660 np0000007040 devstack@g-api.service[99833]: DEBUG glance.api.middleware.version_negotiation [None req-18fbb008-c2c9-4796-9780-4909c0313b16 tempest-VolumesActionsTest-728180197 tempest-VolumesActionsTest-728180197-project-member] Using url versioning {{(pid=99833) process_request /opt/stack/glance/glance/api/middleware/version_negotiation.py:57}}
Aug 12 11:15:33.430660 np0000007040 devstack@g-api.service[99833]: DEBUG glance.api.middleware.version_negotiation [None req-18fbb008-c2c9-4796-9780-4909c0313b16 tempest-VolumesActionsTest-728180197 tempest-VolumesActionsTest-728180197-project-member] Matched version: v2 {{(pid=99833) process_request /opt/stack/glance/glance/api/middleware/version_negotiation.py:69}}
Aug 12 11:15:33.430660 np0000007040 devstack@g-api.service[99833]: DEBUG glance.api.middleware.version_negotiation [None req-18fbb008-c2c9-4796-9780-4909c0313b16 tempest-VolumesActionsTest-728180197 tempest-VolumesActionsTest-728180197-project-member] new path /v2/images/d52f9d8e-ee85-4206-ba96-9f8e679adc85 {{(pid=99833) process_request /opt/stack/glance/glance/api/middleware/version_negotiation.py:70}}
Aug 12 11:15:33.441883 np0000007040 devstack@g-api.service[99833]: [pid: 99833|app: 0|req: 111/316] 127.0.0.1 () {40 vars in 834 bytes} [Wed Aug 12 11:15:33 2026] GET /v2/images/d52f9d8e-ee85-4206-ba96-9f8e679adc85 => generated 650 bytes in 12 msecs (HTTP/1.1 200) 4 headers in 157 bytes (1 switches on core 0)
Aug 12 11:15:34.451200 np0000007040 devstack@g-api.service[99832]: DEBUG glance.api.middleware.version_negotiation [None req-51b215f3-9668-4ce0-8cc0-4d2619f2a67b tempest-VolumesActionsTest-728180197 tempest-VolumesActionsTest-728180197-project-member] Determining version of request: GET /v2/images/d52f9d8e-ee85-4206-ba96-9f8e679adc85 Accept: application/json {{(pid=99832) process_request /opt/stack/glance/glance/api/middleware/version_negotiation.py:44}}
Aug 12 11:15:34.451733 np0000007040 devstack@g-api.service[99832]: DEBUG glance.api.middleware.version_negotiation [None req-51b215f3-9668-4ce0-8cc0-4d2619f2a67b tempest-VolumesActionsTest-728180197 tempest-VolumesActionsTest-728180197-project-member] Using url versioning {{(pid=99832) process_request /opt/stack/glance/glance/api/middleware/version_negotiation.py:57}}
Aug 12 11:15:34.451733 np0000007040 devstack@g-api.service[99832]: DEBUG glance.api.middleware.version_negotiation [None req-51b215f3-9668-4ce0-8cc0-4d2619f2a67b tempest-VolumesActionsTest-728180197 tempest-VolumesActionsTest-728180197-project-member] Matched version: v2 {{(pid=99832) process_request /opt/stack/glance/glance/api/middleware/version_negotiation.py:69}}
Aug 12 11:15:34.451733 np0000007040 devstack@g-api.service[99832]: DEBUG glance.api.middleware.version_negotiation [None req-51b215f3-9668-4ce0-8cc0-4d2619f2a67b tempest-VolumesActionsTest-728180197 tempest-VolumesActionsTest-728180197-project-member] new path /v2/images/d52f9d8e-ee85-4206-ba96-9f8e679adc85 {{(pid=99832) process_request /opt/stack/glance/glance/api/middleware/version_negotiation.py:70}}
Aug 12 11:15:34.459025 np0000007040 devstack@g-api.service[99832]: [pid: 99832|app: 0|req: 106/317] 127.0.0.1 () {40 vars in 834 bytes} [Wed Aug 12 11:15:34 2026] GET /v2/images/d52f9d8e-ee85-4206-ba96-9f8e679adc85 => generated 650 bytes in 8 msecs (HTTP/1.1 200) 4 headers in 157 bytes (1 switches on core 0)
Aug 12 11:15:34.531957 np0000007040 devstack@g-api.service[99831]: DEBUG swiftclient [None req-a0c43304-5320-4882-9021-43ec1b2e5923 tempest-VolumesActionsTest-728180197 tempest-VolumesActionsTest-728180197-project-member] REQ: curl -i https://10.4.3.58:8080/v1/AUTH_06754c817eaa4b888e5dca3bfedd9df4/glance/d52f9d8e-ee85-4206-ba96-9f8e679adc85-00004 -X PUT -H "X-Auth-Token: gAAAAABqfFXOX02x..." {{(pid=99831) http_log /opt/stack/data/venv/lib/python3.12/site-packages/swiftclient/client.py:160}}
Aug 12 11:15:34.531957 np0000007040 devstack@g-api.service[99831]: DEBUG swiftclient [None req-a0c43304-5320-4882-9021-43ec1b2e5923 tempest-VolumesActionsTest-728180197 tempest-VolumesActionsTest-728180197-project-member] RESP STATUS: 201 Created {{(pid=99831) http_log /opt/stack/data/venv/lib/python3.12/site-packages/swiftclient/client.py:161}}
Aug 12 11:15:34.531957 np0000007040 devstack@g-api.service[99831]: DEBUG swiftclient [None req-a0c43304-5320-4882-9021-43ec1b2e5923 tempest-VolumesActionsTest-728180197 tempest-VolumesActionsTest-728180197-project-member] RESP HEADERS: {'Date': 'Wed, 12 Aug 2026 11:15:34 GMT', 'Server': 'Apache/2.4.58 (Ubuntu)', 'Content-Type': 'text/html; charset=UTF-8', 'Content-Length': '0', 'Etag': 'eda9a9889837ac4bc81d6387d92c1bec', 'Last-Modified': 'Wed, 12 Aug 2026 11:15:33 GMT', 'X-Trans-Id': 'tx1f04ec46a4cc4b3c840c6-006a7c55d4', 'X-Openstack-Request-Id': 'tx1f04ec46a4cc4b3c840c6-006a7c55d4', 'Connection': 'close'} {{(pid=99831) http_log /opt/stack/data/venv/lib/python3.12/site-packages/swiftclient/client.py:162}}
Aug 12 11:15:34.531957 np0000007040 devstack@g-api.service[99831]: DEBUG glance_store._drivers.swift.store [None req-a0c43304-5320-4882-9021-43ec1b2e5923 tempest-VolumesActionsTest-728180197 tempest-VolumesActionsTest-728180197-project-member] Wrote chunk d52f9d8e-ee85-4206-ba96-9f8e679adc85-00004 (4/?) of length 204800000 to Swift returning MD5 of content: eda9a9889837ac4bc81d6387d92c1bec {{(pid=99831) add /opt/stack/data/venv/lib/python3.12/site-packages/glance_store/_drivers/swift/store.py:1059}}
Aug 12 11:15:35.468737 np0000007040 devstack@g-api.service[99833]: DEBUG glance.api.middleware.version_negotiation [None req-87b99010-3c76-4a78-9a61-99ec48ac3b59 tempest-VolumesActionsTest-728180197 tempest-VolumesActionsTest-728180197-project-member] Determining version of request: GET /v2/images/d52f9d8e-ee85-4206-ba96-9f8e679adc85 Accept: application/json {{(pid=99833) process_request /opt/stack/glance/glance/api/middleware/version_negotiation.py:44}}
Aug 12 11:15:35.468737 np0000007040 devstack@g-api.service[99833]: DEBUG glance.api.middleware.version_negotiation [None req-87b99010-3c76-4a78-9a61-99ec48ac3b59 tempest-VolumesActionsTest-728180197 tempest-VolumesActionsTest-728180197-project-member] Using url versioning {{(pid=99833) process_request /opt/stack/glance/glance/api/middleware/version_negotiation.py:57}}
Aug 12 11:15:35.469482 np0000007040 devstack@g-api.service[99833]: DEBUG glance.api.middleware.version_negotiation [None req-87b99010-3c76-4a78-9a61-99ec48ac3b59 tempest-VolumesActionsTest-728180197 tempest-VolumesActionsTest-728180197-project-member] Matched version: v2 {{(pid=99833) process_request /opt/stack/glance/glance/api/middleware/version_negotiation.py:69}}
Aug 12 11:15:35.469482 np0000007040 devstack@g-api.service[99833]: DEBUG glance.api.middleware.version_negotiation [None req-87b99010-3c76-4a78-9a61-99ec48ac3b59 tempest-VolumesActionsTest-728180197 tempest-VolumesActionsTest-728180197-project-member] new path /v2/images/d52f9d8e-ee85-4206-ba96-9f8e679adc85 {{(pid=99833) process_request /opt/stack/glance/glance/api/middleware/version_negotiation.py:70}}
Aug 12 11:15:35.480776 np0000007040 devstack@g-api.service[99833]: [pid: 99833|app: 0|req: 112/318] 127.0.0.1 () {40 vars in 834 bytes} [Wed Aug 12 11:15:35 2026] GET /v2/images/d52f9d8e-ee85-4206-ba96-9f8e679adc85 => generated 650 bytes in 12 msecs (HTTP/1.1 200) 4 headers in 157 bytes (1 switches on core 0)
Aug 12 11:15:36.454884 np0000007040 devstack@g-api.service[99831]: DEBUG dbcounter [-] [99831] Writing DB stats glance:SELECT=74,glance:INSERT=23,glance:UPDATE=6 {{(pid=99831) stat_writer /opt/stack/data/venv/lib/python3.12/site-packages/dbcounter.py:115}}
Aug 12 11:15:36.488985 np0000007040 devstack@g-api.service[99832]: DEBUG glance.api.middleware.version_negotiation [None req-7c8b11a5-15e7-458a-8117-3be448468be2 tempest-VolumesActionsTest-728180197 tempest-VolumesActionsTest-728180197-project-member] Determining version of request: GET /v2/images/d52f9d8e-ee85-4206-ba96-9f8e679adc85 Accept: application/json {{(pid=99832) process_request /opt/stack/glance/glance/api/middleware/version_negotiation.py:44}}
Aug 12 11:15:36.489482 np0000007040 devstack@g-api.service[99832]: DEBUG glance.api.middleware.version_negotiation [None req-7c8b11a5-15e7-458a-8117-3be448468be2 tempest-VolumesActionsTest-728180197 tempest-VolumesActionsTest-728180197-project-member] Using url versioning {{(pid=99832) process_request /opt/stack/glance/glance/api/middleware/version_negotiation.py:57}}
Aug 12 11:15:36.489482 np0000007040 devstack@g-api.service[99832]: DEBUG glance.api.middleware.version_negotiation [None req-7c8b11a5-15e7-458a-8117-3be448468be2 tempest-VolumesActionsTest-728180197 tempest-VolumesActionsTest-728180197-project-member] Matched version: v2 {{(pid=99832) process_request /opt/stack/glance/glance/api/middleware/version_negotiation.py:69}}
Aug 12 11:15:36.489482 np0000007040 devstack@g-api.service[99832]: DEBUG glance.api.middleware.version_negotiation [None req-7c8b11a5-15e7-458a-8117-3be448468be2 tempest-VolumesActionsTest-728180197 tempest-VolumesActionsTest-728180197-project-member] new path /v2/images/d52f9d8e-ee85-4206-ba96-9f8e679adc85 {{(pid=99832) process_request /opt/stack/glance/glance/api/middleware/version_negotiation.py:70}}
Aug 12 11:15:36.504697 np0000007040 devstack@g-api.service[99832]: [pid: 99832|app: 0|req: 107/319] 127.0.0.1 () {40 vars in 834 bytes} [Wed Aug 12 11:15:36 2026] GET /v2/images/d52f9d8e-ee85-4206-ba96-9f8e679adc85 => generated 650 bytes in 16 msecs (HTTP/1.1 200) 4 headers in 157 bytes (1 switches on core 0)
Aug 12 11:15:36.531839 np0000007040 devstack@g-api.service[99831]: DEBUG swiftclient [None req-a0c43304-5320-4882-9021-43ec1b2e5923 tempest-VolumesActionsTest-728180197 tempest-VolumesActionsTest-728180197-project-member] REQ: curl -i https://10.4.3.58:8080/v1/AUTH_06754c817eaa4b888e5dca3bfedd9df4/glance/d52f9d8e-ee85-4206-ba96-9f8e679adc85-00005 -X PUT -H "X-Auth-Token: gAAAAABqfFXOX02x..." {{(pid=99831) http_log /opt/stack/data/venv/lib/python3.12/site-packages/swiftclient/client.py:160}}
Aug 12 11:15:36.531943 np0000007040 devstack@g-api.service[99831]: DEBUG swiftclient [None req-a0c43304-5320-4882-9021-43ec1b2e5923 tempest-VolumesActionsTest-728180197 tempest-VolumesActionsTest-728180197-project-member] RESP STATUS: 201 Created {{(pid=99831) http_log /opt/stack/data/venv/lib/python3.12/site-packages/swiftclient/client.py:161}}
Aug 12 11:15:36.532118 np0000007040 devstack@g-api.service[99831]: DEBUG swiftclient [None req-a0c43304-5320-4882-9021-43ec1b2e5923 tempest-VolumesActionsTest-728180197 tempest-VolumesActionsTest-728180197-project-member] RESP HEADERS: {'Date': 'Wed, 12 Aug 2026 11:15:36 GMT', 'Server': 'Apache/2.4.58 (Ubuntu)', 'Content-Type': 'text/html; charset=UTF-8', 'Content-Length': '0', 'Etag': 'eda9a9889837ac4bc81d6387d92c1bec', 'Last-Modified': 'Wed, 12 Aug 2026 11:15:35 GMT', 'X-Trans-Id': 'txf49116e0dfb445eaa7410-006a7c55d6', 'X-Openstack-Request-Id': 'txf49116e0dfb445eaa7410-006a7c55d6', 'Connection': 'close'} {{(pid=99831) http_log /opt/stack/data/venv/lib/python3.12/site-packages/swiftclient/client.py:162}}
Aug 12 11:15:36.532295 np0000007040 devstack@g-api.service[99831]: DEBUG glance_store._drivers.swift.store [None req-a0c43304-5320-4882-9021-43ec1b2e5923 tempest-VolumesActionsTest-728180197 tempest-VolumesActionsTest-728180197-project-member] Wrote chunk d52f9d8e-ee85-4206-ba96-9f8e679adc85-00005 (5/?) of length 204800000 to Swift returning MD5 of content: eda9a9889837ac4bc81d6387d92c1bec {{(pid=99831) add /opt/stack/data/venv/lib/python3.12/site-packages/glance_store/_drivers/swift/store.py:1059}}
Aug 12 11:15:37.015448 np0000007040 devstack@g-api.service[99831]: DEBUG swiftclient [None req-a0c43304-5320-4882-9021-43ec1b2e5923 tempest-VolumesActionsTest-728180197 tempest-VolumesActionsTest-728180197-project-member] REQ: curl -i https://10.4.3.58:8080/v1/AUTH_06754c817eaa4b888e5dca3bfedd9df4/glance/d52f9d8e-ee85-4206-ba96-9f8e679adc85-00006 -X PUT -H "X-Auth-Token: gAAAAABqfFXOX02x..." {{(pid=99831) http_log /opt/stack/data/venv/lib/python3.12/site-packages/swiftclient/client.py:160}}
Aug 12 11:15:37.015593 np0000007040 devstack@g-api.service[99831]: DEBUG swiftclient [None req-a0c43304-5320-4882-9021-43ec1b2e5923 tempest-VolumesActionsTest-728180197 tempest-VolumesActionsTest-728180197-project-member] RESP STATUS: 201 Created {{(pid=99831) http_log /opt/stack/data/venv/lib/python3.12/site-packages/swiftclient/client.py:161}}
Aug 12 11:15:37.015649 np0000007040 devstack@g-api.service[99831]: DEBUG swiftclient [None req-a0c43304-5320-4882-9021-43ec1b2e5923 tempest-VolumesActionsTest-728180197 tempest-VolumesActionsTest-728180197-project-member] RESP HEADERS: {'Date': 'Wed, 12 Aug 2026 11:15:37 GMT', 'Server': 'Apache/2.4.58 (Ubuntu)', 'Content-Type': 'text/html; charset=UTF-8', 'Content-Length': '0', 'Etag': '708761f3b8777ec77058e63da08eeeb6', 'Last-Modified': 'Wed, 12 Aug 2026 11:15:37 GMT', 'X-Trans-Id': 'txf220e8f8e00e45d798054-006a7c55d8', 'X-Openstack-Request-Id': 'txf220e8f8e00e45d798054-006a7c55d8', 'Connection': 'close'} {{(pid=99831) http_log /opt/stack/data/venv/lib/python3.12/site-packages/swiftclient/client.py:162}}
Aug 12 11:15:37.015739 np0000007040 devstack@g-api.service[99831]: DEBUG glance_store._drivers.swift.store [None req-a0c43304-5320-4882-9021-43ec1b2e5923 tempest-VolumesActionsTest-728180197 tempest-VolumesActionsTest-728180197-project-member] Wrote chunk d52f9d8e-ee85-4206-ba96-9f8e679adc85-00006 (6/?) of length 49741824 to Swift returning MD5 of content: 708761f3b8777ec77058e63da08eeeb6 {{(pid=99831) add /opt/stack/data/venv/lib/python3.12/site-packages/glance_store/_drivers/swift/store.py:1059}}
Aug 12 11:15:37.016017 np0000007040 devstack@g-api.service[99831]: DEBUG glance_store._drivers.swift.store [None req-a0c43304-5320-4882-9021-43ec1b2e5923 tempest-VolumesActionsTest-728180197 tempest-VolumesActionsTest-728180197-project-member] Not writing zero-length chunk. {{(pid=99831) add /opt/stack/data/venv/lib/python3.12/site-packages/glance_store/_drivers/swift/store.py:1028}}
Aug 12 11:15:37.035676 np0000007040 devstack@g-api.service[99831]: DEBUG swiftclient [None req-a0c43304-5320-4882-9021-43ec1b2e5923 tempest-VolumesActionsTest-728180197 tempest-VolumesActionsTest-728180197-project-member] REQ: curl -i https://10.4.3.58:8080/v1/AUTH_06754c817eaa4b888e5dca3bfedd9df4/glance/d52f9d8e-ee85-4206-ba96-9f8e679adc85 -X PUT -H "X-Object-Manifest: glance/d52f9d8e-ee85-4206-ba96-9f8e679adc85-" -H "X-Auth-Token: gAAAAABqfFXOX02x..." -H "Content-Length: 0" {{(pid=99831) http_log /opt/stack/data/venv/lib/python3.12/site-packages/swiftclient/client.py:160}}
Aug 12 11:15:37.036021 np0000007040 devstack@g-api.service[99831]: DEBUG swiftclient [None req-a0c43304-5320-4882-9021-43ec1b2e5923 tempest-VolumesActionsTest-728180197 tempest-VolumesActionsTest-728180197-project-member] RESP STATUS: 201 Created {{(pid=99831) http_log /opt/stack/data/venv/lib/python3.12/site-packages/swiftclient/client.py:161}}
Aug 12 11:15:37.036021 np0000007040 devstack@g-api.service[99831]: DEBUG swiftclient [None req-a0c43304-5320-4882-9021-43ec1b2e5923 tempest-VolumesActionsTest-728180197 tempest-VolumesActionsTest-728180197-project-member] RESP HEADERS: {'Date': 'Wed, 12 Aug 2026 11:15:37 GMT', 'Server': 'Apache/2.4.58 (Ubuntu)', 'Content-Type': 'text/html; charset=UTF-8', 'Content-Length': '0', 'Etag': 'd41d8cd98f00b204e9800998ecf8427e', 'Last-Modified': 'Wed, 12 Aug 2026 11:15:38 GMT', 'X-Trans-Id': 'tx7f27603b9a8348abba131-006a7c55d9', 'X-Openstack-Request-Id': 'tx7f27603b9a8348abba131-006a7c55d9', 'Connection': 'close'} {{(pid=99831) http_log /opt/stack/data/venv/lib/python3.12/site-packages/swiftclient/client.py:162}}
Aug 12 11:15:37.036535 np0000007040 devstack@g-api.service[99831]: INFO glance.location [None req-a0c43304-5320-4882-9021-43ec1b2e5923 tempest-VolumesActionsTest-728180197 tempest-VolumesActionsTest-728180197-project-member] Image format matched and virtual size computed: 1073741824
Aug 12 11:15:37.063529 np0000007040 devstack@g-api.service[99831]: DEBUG glance_store.backend [None req-a0c43304-5320-4882-9021-43ec1b2e5923 tempest-VolumesActionsTest-728180197 tempest-VolumesActionsTest-728180197-project-member] Attempting to import store swift {{(pid=99831) _load_store /opt/stack/data/venv/lib/python3.12/site-packages/glance_store/backend.py:215}}
Aug 12 11:15:37.064886 np0000007040 devstack@g-api.service[99831]: DEBUG glance_store.capabilities [None req-a0c43304-5320-4882-9021-43ec1b2e5923 tempest-VolumesActionsTest-728180197 tempest-VolumesActionsTest-728180197-project-member] Store glance_store._drivers.swift.store.SingleTenantStore doesn't support updating dynamic storage capabilities. Please overwrite 'update_capabilities' method of the store to implement updating logics if needed. {{(pid=99831) update_capabilities /opt/stack/data/venv/lib/python3.12/site-packages/glance_store/capabilities.py:91}}
Aug 12 11:15:37.065475 np0000007040 devstack@g-api.service[99831]: DEBUG glance_store.driver [None req-a0c43304-5320-4882-9021-43ec1b2e5923 tempest-VolumesActionsTest-728180197 tempest-VolumesActionsTest-728180197-project-member] Late loading location class glance_store._drivers.swift.store.StoreLocation {{(pid=99831) get_store_location_class /opt/stack/data/venv/lib/python3.12/site-packages/glance_store/driver.py:134}}
Aug 12 11:15:37.065587 np0000007040 devstack@g-api.service[99831]: DEBUG glance_store.location [None req-a0c43304-5320-4882-9021-43ec1b2e5923 tempest-VolumesActionsTest-728180197 tempest-VolumesActionsTest-728180197-project-member] Registering scheme swift+https with {'store': , 'location_class': , 'store_entry': 'swift'} {{(pid=99831) register_scheme_map /opt/stack/data/venv/lib/python3.12/site-packages/glance_store/location.py:146}}
Aug 12 11:15:37.065707 np0000007040 devstack@g-api.service[99831]: DEBUG glance_store.location [None req-a0c43304-5320-4882-9021-43ec1b2e5923 tempest-VolumesActionsTest-728180197 tempest-VolumesActionsTest-728180197-project-member] Registering scheme swift+https with {'store': , 'location_class': , 'store_entry': 'swift'} {{(pid=99831) register_scheme_map /opt/stack/data/venv/lib/python3.12/site-packages/glance_store/location.py:146}}
Aug 12 11:15:37.065781 np0000007040 devstack@g-api.service[99831]: DEBUG glance_store.location [None req-a0c43304-5320-4882-9021-43ec1b2e5923 tempest-VolumesActionsTest-728180197 tempest-VolumesActionsTest-728180197-project-member] Registering scheme swift with {'store': , 'location_class': , 'store_entry': 'swift'} {{(pid=99831) register_scheme_map /opt/stack/data/venv/lib/python3.12/site-packages/glance_store/location.py:146}}
Aug 12 11:15:37.065868 np0000007040 devstack@g-api.service[99831]: DEBUG glance_store.location [None req-a0c43304-5320-4882-9021-43ec1b2e5923 tempest-VolumesActionsTest-728180197 tempest-VolumesActionsTest-728180197-project-member] Registering scheme swift+https with {'store': , 'location_class': , 'store_entry': 'swift'} {{(pid=99831) register_scheme_map /opt/stack/data/venv/lib/python3.12/site-packages/glance_store/location.py:146}}
Aug 12 11:15:37.066092 np0000007040 devstack@g-api.service[99831]: DEBUG glance_store.location [None req-a0c43304-5320-4882-9021-43ec1b2e5923 tempest-VolumesActionsTest-728180197 tempest-VolumesActionsTest-728180197-project-member] Registering scheme swift with {'store': , 'location_class': , 'store_entry': 'swift'} {{(pid=99831) register_scheme_map /opt/stack/data/venv/lib/python3.12/site-packages/glance_store/location.py:146}}
Aug 12 11:15:37.066174 np0000007040 devstack@g-api.service[99831]: DEBUG glance_store.location [None req-a0c43304-5320-4882-9021-43ec1b2e5923 tempest-VolumesActionsTest-728180197 tempest-VolumesActionsTest-728180197-project-member] Registering scheme swift+http with {'store': , 'location_class': , 'store_entry': 'swift'} {{(pid=99831) register_scheme_map /opt/stack/data/venv/lib/python3.12/site-packages/glance_store/location.py:146}}
Aug 12 11:15:37.066259 np0000007040 devstack@g-api.service[99831]: DEBUG glance_store.location [None req-a0c43304-5320-4882-9021-43ec1b2e5923 tempest-VolumesActionsTest-728180197 tempest-VolumesActionsTest-728180197-project-member] Registering scheme swift+https with {'store': , 'location_class': , 'store_entry': 'swift'} {{(pid=99831) register_scheme_map /opt/stack/data/venv/lib/python3.12/site-packages/glance_store/location.py:146}}
Aug 12 11:15:37.066320 np0000007040 devstack@g-api.service[99831]: DEBUG glance_store.location [None req-a0c43304-5320-4882-9021-43ec1b2e5923 tempest-VolumesActionsTest-728180197 tempest-VolumesActionsTest-728180197-project-member] Registering scheme swift with {'store': , 'location_class': , 'store_entry': 'swift'} {{(pid=99831) register_scheme_map /opt/stack/data/venv/lib/python3.12/site-packages/glance_store/location.py:146}}
Aug 12 11:15:37.066373 np0000007040 devstack@g-api.service[99831]: DEBUG glance_store.location [None req-a0c43304-5320-4882-9021-43ec1b2e5923 tempest-VolumesActionsTest-728180197 tempest-VolumesActionsTest-728180197-project-member] Registering scheme swift+http with {'store': , 'location_class': , 'store_entry': 'swift'} {{(pid=99831) register_scheme_map /opt/stack/data/venv/lib/python3.12/site-packages/glance_store/location.py:146}}
Aug 12 11:15:37.066425 np0000007040 devstack@g-api.service[99831]: DEBUG glance_store.location [None req-a0c43304-5320-4882-9021-43ec1b2e5923 tempest-VolumesActionsTest-728180197 tempest-VolumesActionsTest-728180197-project-member] Registering scheme swift+config with {'store': , 'location_class': , 'store_entry': 'swift'} {{(pid=99831) register_scheme_map /opt/stack/data/venv/lib/python3.12/site-packages/glance_store/location.py:146}}
Aug 12 11:15:37.066494 np0000007040 devstack@g-api.service[99831]: DEBUG glance_store.backend [None req-a0c43304-5320-4882-9021-43ec1b2e5923 tempest-VolumesActionsTest-728180197 tempest-VolumesActionsTest-728180197-project-member] Skipping store.set_acls... not implemented. {{(pid=99831) set_acls /opt/stack/data/venv/lib/python3.12/site-packages/glance_store/backend.py:507}}
Aug 12 11:15:37.068531 np0000007040 devstack@g-api.service[99831]: [pid: 99831|app: 0|req: 101/320] 127.0.0.1 () {46 vars in 1154 bytes} [Wed Aug 12 11:15:25 2026] PUT /v2/images/d52f9d8e-ee85-4206-ba96-9f8e679adc85/file => generated 0 bytes in 11560 msecs (HTTP/1.1 204) 4 headers in 171 bytes (1 switches on core 0)
Aug 12 11:15:37.077994 np0000007040 devstack@g-api.service[99833]: DEBUG glance.api.middleware.version_negotiation [None req-2daaab3a-94e5-43f4-9a2b-e9c3550fa32b tempest-VolumesActionsTest-728180197 tempest-VolumesActionsTest-728180197-project-member] Determining version of request: GET /v2/images/d52f9d8e-ee85-4206-ba96-9f8e679adc85 Accept: */* {{(pid=99833) process_request /opt/stack/glance/glance/api/middleware/version_negotiation.py:44}}
Aug 12 11:15:37.077994 np0000007040 devstack@g-api.service[99833]: DEBUG glance.api.middleware.version_negotiation [None req-2daaab3a-94e5-43f4-9a2b-e9c3550fa32b tempest-VolumesActionsTest-728180197 tempest-VolumesActionsTest-728180197-project-member] Using url versioning {{(pid=99833) process_request /opt/stack/glance/glance/api/middleware/version_negotiation.py:57}}
Aug 12 11:15:37.077994 np0000007040 devstack@g-api.service[99833]: DEBUG glance.api.middleware.version_negotiation [None req-2daaab3a-94e5-43f4-9a2b-e9c3550fa32b tempest-VolumesActionsTest-728180197 tempest-VolumesActionsTest-728180197-project-member] Matched version: v2 {{(pid=99833) process_request /opt/stack/glance/glance/api/middleware/version_negotiation.py:69}}
Aug 12 11:15:37.077994 np0000007040 devstack@g-api.service[99833]: DEBUG glance.api.middleware.version_negotiation [None req-2daaab3a-94e5-43f4-9a2b-e9c3550fa32b tempest-VolumesActionsTest-728180197 tempest-VolumesActionsTest-728180197-project-member] new path /v2/images/d52f9d8e-ee85-4206-ba96-9f8e679adc85 {{(pid=99833) process_request /opt/stack/glance/glance/api/middleware/version_negotiation.py:70}}
Aug 12 11:15:37.086865 np0000007040 devstack@g-api.service[99833]: [pid: 99833|app: 0|req: 113/321] 127.0.0.1 () {44 vars in 1111 bytes} [Wed Aug 12 11:15:37 2026] GET /v2/images/d52f9d8e-ee85-4206-ba96-9f8e679adc85 => generated 822 bytes in 10 msecs (HTTP/1.1 200) 4 headers in 157 bytes (1 switches on core 0)
Aug 12 11:15:37.094283 np0000007040 devstack@g-api.service[99832]: DEBUG glance.api.middleware.version_negotiation [None req-dd79f749-b6d2-4763-a548-3beee3995658 tempest-VolumesActionsTest-728180197 tempest-VolumesActionsTest-728180197-project-member] Determining version of request: GET /v2/schemas/image Accept: */* {{(pid=99832) process_request /opt/stack/glance/glance/api/middleware/version_negotiation.py:44}}
Aug 12 11:15:37.094445 np0000007040 devstack@g-api.service[99832]: DEBUG glance.api.middleware.version_negotiation [None req-dd79f749-b6d2-4763-a548-3beee3995658 tempest-VolumesActionsTest-728180197 tempest-VolumesActionsTest-728180197-project-member] Using url versioning {{(pid=99832) process_request /opt/stack/glance/glance/api/middleware/version_negotiation.py:57}}
Aug 12 11:15:37.094612 np0000007040 devstack@g-api.service[99832]: DEBUG glance.api.middleware.version_negotiation [None req-dd79f749-b6d2-4763-a548-3beee3995658 tempest-VolumesActionsTest-728180197 tempest-VolumesActionsTest-728180197-project-member] Matched version: v2 {{(pid=99832) process_request /opt/stack/glance/glance/api/middleware/version_negotiation.py:69}}
Aug 12 11:15:37.094750 np0000007040 devstack@g-api.service[99832]: DEBUG glance.api.middleware.version_negotiation [None req-dd79f749-b6d2-4763-a548-3beee3995658 tempest-VolumesActionsTest-728180197 tempest-VolumesActionsTest-728180197-project-member] new path /v2/schemas/image {{(pid=99832) process_request /opt/stack/glance/glance/api/middleware/version_negotiation.py:70}}
Aug 12 11:15:37.097534 np0000007040 devstack@g-api.service[99832]: [pid: 99832|app: 0|req: 108/322] 127.0.0.1 () {44 vars in 1051 bytes} [Wed Aug 12 11:15:37 2026] GET /v2/schemas/image => generated 6083 bytes in 3 msecs (HTTP/1.1 200) 4 headers in 158 bytes (1 switches on core 0)
Aug 12 11:15:37.105618 np0000007040 devstack@g-api.service[99831]: DEBUG glance.api.middleware.version_negotiation [None req-a0c43304-5320-4882-9021-43ec1b2e5923 tempest-VolumesActionsTest-728180197 tempest-VolumesActionsTest-728180197-project-member] Determining version of request: GET /v2/schemas/image Accept: */* {{(pid=99831) process_request /opt/stack/glance/glance/api/middleware/version_negotiation.py:44}}
Aug 12 11:15:37.105796 np0000007040 devstack@g-api.service[99831]: DEBUG glance.api.middleware.version_negotiation [None req-a0c43304-5320-4882-9021-43ec1b2e5923 tempest-VolumesActionsTest-728180197 tempest-VolumesActionsTest-728180197-project-member] Using url versioning {{(pid=99831) process_request /opt/stack/glance/glance/api/middleware/version_negotiation.py:57}}
Aug 12 11:15:37.105992 np0000007040 devstack@g-api.service[99831]: DEBUG glance.api.middleware.version_negotiation [None req-a0c43304-5320-4882-9021-43ec1b2e5923 tempest-VolumesActionsTest-728180197 tempest-VolumesActionsTest-728180197-project-member] Matched version: v2 {{(pid=99831) process_request /opt/stack/glance/glance/api/middleware/version_negotiation.py:69}}
Aug 12 11:15:37.106122 np0000007040 devstack@g-api.service[99831]: DEBUG glance.api.middleware.version_negotiation [None req-a0c43304-5320-4882-9021-43ec1b2e5923 tempest-VolumesActionsTest-728180197 tempest-VolumesActionsTest-728180197-project-member] new path /v2/schemas/image {{(pid=99831) process_request /opt/stack/glance/glance/api/middleware/version_negotiation.py:70}}
Aug 12 11:15:37.109398 np0000007040 devstack@g-api.service[99831]: [pid: 99831|app: 0|req: 102/323] 127.0.0.1 () {44 vars in 1051 bytes} [Wed Aug 12 11:15:37 2026] GET /v2/schemas/image => generated 6083 bytes in 4 msecs (HTTP/1.1 200) 4 headers in 158 bytes (1 switches on core 0)
Aug 12 11:15:37.513272 np0000007040 devstack@g-api.service[99833]: DEBUG glance.api.middleware.version_negotiation [None req-a0c43304-5320-4882-9021-43ec1b2e5923 tempest-VolumesActionsTest-728180197 tempest-VolumesActionsTest-728180197-project-member] Determining version of request: GET /v2/images/d52f9d8e-ee85-4206-ba96-9f8e679adc85 Accept: application/json {{(pid=99833) process_request /opt/stack/glance/glance/api/middleware/version_negotiation.py:44}}
Aug 12 11:15:37.514164 np0000007040 devstack@g-api.service[99833]: DEBUG glance.api.middleware.version_negotiation [None req-a0c43304-5320-4882-9021-43ec1b2e5923 tempest-VolumesActionsTest-728180197 tempest-VolumesActionsTest-728180197-project-member] Using url versioning {{(pid=99833) process_request /opt/stack/glance/glance/api/middleware/version_negotiation.py:57}}
Aug 12 11:15:37.515108 np0000007040 devstack@g-api.service[99833]: DEBUG glance.api.middleware.version_negotiation [None req-a0c43304-5320-4882-9021-43ec1b2e5923 tempest-VolumesActionsTest-728180197 tempest-VolumesActionsTest-728180197-project-member] Matched version: v2 {{(pid=99833) process_request /opt/stack/glance/glance/api/middleware/version_negotiation.py:69}}
Aug 12 11:15:37.515108 np0000007040 devstack@g-api.service[99833]: DEBUG glance.api.middleware.version_negotiation [None req-a0c43304-5320-4882-9021-43ec1b2e5923 tempest-VolumesActionsTest-728180197 tempest-VolumesActionsTest-728180197-project-member] new path /v2/images/d52f9d8e-ee85-4206-ba96-9f8e679adc85 {{(pid=99833) process_request /opt/stack/glance/glance/api/middleware/version_negotiation.py:70}}
Aug 12 11:15:37.530083 np0000007040 devstack@g-api.service[99833]: [pid: 99833|app: 0|req: 114/324] 127.0.0.1 () {40 vars in 834 bytes} [Wed Aug 12 11:15:37 2026] GET /v2/images/d52f9d8e-ee85-4206-ba96-9f8e679adc85 => generated 822 bytes in 17 msecs (HTTP/1.1 200) 4 headers in 157 bytes (1 switches on core 0)
Aug 12 11:15:37.573038 np0000007040 devstack@g-api.service[99832]: DEBUG glance.api.middleware.version_negotiation [None req-a0c43304-5320-4882-9021-43ec1b2e5923 tempest-VolumesActionsTest-728180197 tempest-VolumesActionsTest-728180197-project-member] Determining version of request: GET /v2/images/d52f9d8e-ee85-4206-ba96-9f8e679adc85 Accept: application/json {{(pid=99832) process_request /opt/stack/glance/glance/api/middleware/version_negotiation.py:44}}
Aug 12 11:15:37.573646 np0000007040 devstack@g-api.service[99832]: DEBUG glance.api.middleware.version_negotiation [None req-a0c43304-5320-4882-9021-43ec1b2e5923 tempest-VolumesActionsTest-728180197 tempest-VolumesActionsTest-728180197-project-member] Using url versioning {{(pid=99832) process_request /opt/stack/glance/glance/api/middleware/version_negotiation.py:57}}
Aug 12 11:15:37.573646 np0000007040 devstack@g-api.service[99832]: DEBUG glance.api.middleware.version_negotiation [None req-a0c43304-5320-4882-9021-43ec1b2e5923 tempest-VolumesActionsTest-728180197 tempest-VolumesActionsTest-728180197-project-member] Matched version: v2 {{(pid=99832) process_request /opt/stack/glance/glance/api/middleware/version_negotiation.py:69}}
Aug 12 11:15:37.573646 np0000007040 devstack@g-api.service[99832]: DEBUG glance.api.middleware.version_negotiation [None req-a0c43304-5320-4882-9021-43ec1b2e5923 tempest-VolumesActionsTest-728180197 tempest-VolumesActionsTest-728180197-project-member] new path /v2/images/d52f9d8e-ee85-4206-ba96-9f8e679adc85 {{(pid=99832) process_request /opt/stack/glance/glance/api/middleware/version_negotiation.py:70}}
Aug 12 11:15:37.584123 np0000007040 devstack@g-api.service[99832]: [pid: 99832|app: 0|req: 109/325] 127.0.0.1 () {40 vars in 834 bytes} [Wed Aug 12 11:15:37 2026] GET /v2/images/d52f9d8e-ee85-4206-ba96-9f8e679adc85 => generated 822 bytes in 11 msecs (HTTP/1.1 200) 4 headers in 157 bytes (1 switches on core 0)
Aug 12 11:15:37.709118 np0000007040 devstack@g-api.service[99831]: DEBUG glance.api.middleware.version_negotiation [None req-a0c43304-5320-4882-9021-43ec1b2e5923 tempest-VolumesActionsTest-728180197 tempest-VolumesActionsTest-728180197-project-member] Determining version of request: GET /v2/schemas/image Accept: */* {{(pid=99831) process_request /opt/stack/glance/glance/api/middleware/version_negotiation.py:44}}
Aug 12 11:15:37.709547 np0000007040 devstack@g-api.service[99831]: DEBUG glance.api.middleware.version_negotiation [None req-a0c43304-5320-4882-9021-43ec1b2e5923 tempest-VolumesActionsTest-728180197 tempest-VolumesActionsTest-728180197-project-member] Using url versioning {{(pid=99831) process_request /opt/stack/glance/glance/api/middleware/version_negotiation.py:57}}
Aug 12 11:15:37.709547 np0000007040 devstack@g-api.service[99831]: DEBUG glance.api.middleware.version_negotiation [None req-a0c43304-5320-4882-9021-43ec1b2e5923 tempest-VolumesActionsTest-728180197 tempest-VolumesActionsTest-728180197-project-member] Matched version: v2 {{(pid=99831) process_request /opt/stack/glance/glance/api/middleware/version_negotiation.py:69}}
Aug 12 11:15:37.709547 np0000007040 devstack@g-api.service[99831]: DEBUG glance.api.middleware.version_negotiation [None req-a0c43304-5320-4882-9021-43ec1b2e5923 tempest-VolumesActionsTest-728180197 tempest-VolumesActionsTest-728180197-project-member] new path /v2/schemas/image {{(pid=99831) process_request /opt/stack/glance/glance/api/middleware/version_negotiation.py:70}}
Aug 12 11:15:37.807375 np0000007040 devstack@g-api.service[99831]: [pid: 99831|app: 0|req: 103/326] 127.0.0.1 () {44 vars in 1051 bytes} [Wed Aug 12 11:15:37 2026] GET /v2/schemas/image => generated 6083 bytes in 98 msecs (HTTP/1.1 200) 4 headers in 158 bytes (1 switches on core 0)
Aug 12 11:15:37.815269 np0000007040 devstack@g-api.service[99833]: DEBUG glance.api.middleware.version_negotiation [None req-6597cbc6-e84f-4894-b661-f841f1e756e6 tempest-VolumesActionsTest-728180197 tempest-VolumesActionsTest-728180197-project-member] Determining version of request: POST /v2/images Accept: */* {{(pid=99833) process_request /opt/stack/glance/glance/api/middleware/version_negotiation.py:44}}
Aug 12 11:15:37.815735 np0000007040 devstack@g-api.service[99833]: DEBUG glance.api.middleware.version_negotiation [None req-6597cbc6-e84f-4894-b661-f841f1e756e6 tempest-VolumesActionsTest-728180197 tempest-VolumesActionsTest-728180197-project-member] Using url versioning {{(pid=99833) process_request /opt/stack/glance/glance/api/middleware/version_negotiation.py:57}}
Aug 12 11:15:37.815939 np0000007040 devstack@g-api.service[99833]: DEBUG glance.api.middleware.version_negotiation [None req-6597cbc6-e84f-4894-b661-f841f1e756e6 tempest-VolumesActionsTest-728180197 tempest-VolumesActionsTest-728180197-project-member] Matched version: v2 {{(pid=99833) process_request /opt/stack/glance/glance/api/middleware/version_negotiation.py:69}}
