Aug 12 11:09:42.805977 np0000007040 nova-scheduler[93532]: DEBUG cotyledon.oslo_config_glue [-] oslo_messaging_rabbit.rabbit_quorum_max_memory_length = 0 {{(pid=93532) log_opt_values /opt/stack/data/venv/lib/python3.12/site-packages/oslo_config/cfg.py:3545}}
Aug 12 11:09:42.805977 np0000007040 nova-scheduler[93532]: DEBUG cotyledon.oslo_config_glue [-] oslo_messaging_rabbit.rabbit_quorum_queue = False {{(pid=93532) log_opt_values /opt/stack/data/venv/lib/python3.12/site-packages/oslo_config/cfg.py:3545}}
Aug 12 11:09:42.805977 np0000007040 nova-scheduler[93532]: DEBUG cotyledon.oslo_config_glue [-] oslo_messaging_rabbit.rabbit_retry_backoff = 2 {{(pid=93532) log_opt_values /opt/stack/data/venv/lib/python3.12/site-packages/oslo_config/cfg.py:3545}}
Aug 12 11:09:42.805977 np0000007040 nova-scheduler[93532]: DEBUG cotyledon.oslo_config_glue [-] oslo_messaging_rabbit.rabbit_retry_interval = 1 {{(pid=93532) log_opt_values /opt/stack/data/venv/lib/python3.12/site-packages/oslo_config/cfg.py:3545}}
Aug 12 11:09:42.806129 np0000007040 nova-scheduler[93532]: DEBUG cotyledon.oslo_config_glue [-] oslo_messaging_rabbit.rabbit_stream_fanout = False {{(pid=93532) log_opt_values /opt/stack/data/venv/lib/python3.12/site-packages/oslo_config/cfg.py:3545}}
Aug 12 11:09:42.806129 np0000007040 nova-scheduler[93532]: DEBUG cotyledon.oslo_config_glue [-] oslo_messaging_rabbit.rabbit_transient_queues_ttl = 1800 {{(pid=93532) log_opt_values /opt/stack/data/venv/lib/python3.12/site-packages/oslo_config/cfg.py:3545}}
Aug 12 11:09:42.806129 np0000007040 nova-scheduler[93532]: DEBUG cotyledon.oslo_config_glue [-] oslo_messaging_rabbit.rabbit_transient_quorum_queue = False {{(pid=93532) log_opt_values /opt/stack/data/venv/lib/python3.12/site-packages/oslo_config/cfg.py:3545}}
Aug 12 11:09:42.806129 np0000007040 nova-scheduler[93532]: DEBUG cotyledon.oslo_config_glue [-] oslo_messaging_rabbit.rpc_conn_pool_size = 30 {{(pid=93532) log_opt_values /opt/stack/data/venv/lib/python3.12/site-packages/oslo_config/cfg.py:3545}}
Aug 12 11:09:42.806129 np0000007040 nova-scheduler[93532]: DEBUG cotyledon.oslo_config_glue [-] oslo_messaging_rabbit.ssl = False {{(pid=93532) log_opt_values /opt/stack/data/venv/lib/python3.12/site-packages/oslo_config/cfg.py:3545}}
Aug 12 11:09:42.806129 np0000007040 nova-scheduler[93532]: DEBUG cotyledon.oslo_config_glue [-] oslo_messaging_rabbit.ssl_ca_file = {{(pid=93532) log_opt_values /opt/stack/data/venv/lib/python3.12/site-packages/oslo_config/cfg.py:3545}}
Aug 12 11:09:42.806129 np0000007040 nova-scheduler[93532]: DEBUG cotyledon.oslo_config_glue [-] oslo_messaging_rabbit.ssl_cert_file = {{(pid=93532) log_opt_values /opt/stack/data/venv/lib/python3.12/site-packages/oslo_config/cfg.py:3545}}
Aug 12 11:09:42.806129 np0000007040 nova-scheduler[93532]: DEBUG cotyledon.oslo_config_glue [-] oslo_messaging_rabbit.ssl_enforce_fips_mode = False {{(pid=93532) log_opt_values /opt/stack/data/venv/lib/python3.12/site-packages/oslo_config/cfg.py:3545}}
Aug 12 11:09:42.806129 np0000007040 nova-scheduler[93532]: DEBUG cotyledon.oslo_config_glue [-] oslo_messaging_rabbit.ssl_enforce_hostname_verification = True {{(pid=93532) log_opt_values /opt/stack/data/venv/lib/python3.12/site-packages/oslo_config/cfg.py:3545}}
Aug 12 11:09:42.806279 np0000007040 nova-scheduler[93532]: DEBUG cotyledon.oslo_config_glue [-] oslo_messaging_rabbit.ssl_key_file = {{(pid=93532) log_opt_values /opt/stack/data/venv/lib/python3.12/site-packages/oslo_config/cfg.py:3545}}
Aug 12 11:09:42.806279 np0000007040 nova-scheduler[93532]: DEBUG cotyledon.oslo_config_glue [-] oslo_messaging_rabbit.ssl_version = {{(pid=93532) log_opt_values /opt/stack/data/venv/lib/python3.12/site-packages/oslo_config/cfg.py:3545}}
Aug 12 11:09:42.806279 np0000007040 nova-scheduler[93532]: DEBUG cotyledon.oslo_config_glue [-] oslo_messaging_rabbit.use_queue_manager = False {{(pid=93532) log_opt_values /opt/stack/data/venv/lib/python3.12/site-packages/oslo_config/cfg.py:3545}}
Aug 12 11:09:42.806279 np0000007040 nova-scheduler[93532]: DEBUG cotyledon.oslo_config_glue [-] oslo_messaging_notifications.driver = ['messagingv2'] {{(pid=93532) log_opt_values /opt/stack/data/venv/lib/python3.12/site-packages/oslo_config/cfg.py:3545}}
Aug 12 11:09:42.806279 np0000007040 nova-scheduler[93532]: DEBUG cotyledon.oslo_config_glue [-] oslo_messaging_notifications.retry = -1 {{(pid=93532) log_opt_values /opt/stack/data/venv/lib/python3.12/site-packages/oslo_config/cfg.py:3545}}
Aug 12 11:09:42.806279 np0000007040 nova-scheduler[93532]: DEBUG cotyledon.oslo_config_glue [-] oslo_messaging_notifications.topics = ['notifications'] {{(pid=93532) log_opt_values /opt/stack/data/venv/lib/python3.12/site-packages/oslo_config/cfg.py:3545}}
Aug 12 11:09:42.806279 np0000007040 nova-scheduler[93532]: DEBUG cotyledon.oslo_config_glue [-] oslo_messaging_notifications.transport_url = **** {{(pid=93532) log_opt_values /opt/stack/data/venv/lib/python3.12/site-packages/oslo_config/cfg.py:3545}}
Aug 12 11:09:42.806279 np0000007040 nova-scheduler[93532]: DEBUG cotyledon.oslo_config_glue [-] oslo_limit.auth_section = None {{(pid=93532) log_opt_values /opt/stack/data/venv/lib/python3.12/site-packages/oslo_config/cfg.py:3545}}
Aug 12 11:09:42.806279 np0000007040 nova-scheduler[93532]: DEBUG cotyledon.oslo_config_glue [-] oslo_limit.auth_type = None {{(pid=93532) log_opt_values /opt/stack/data/venv/lib/python3.12/site-packages/oslo_config/cfg.py:3545}}
Aug 12 11:09:42.806450 np0000007040 nova-scheduler[93532]: DEBUG cotyledon.oslo_config_glue [-] oslo_limit.cafile = None {{(pid=93532) log_opt_values /opt/stack/data/venv/lib/python3.12/site-packages/oslo_config/cfg.py:3545}}
Aug 12 11:09:42.806450 np0000007040 nova-scheduler[93532]: DEBUG cotyledon.oslo_config_glue [-] oslo_limit.certfile = None {{(pid=93532) log_opt_values /opt/stack/data/venv/lib/python3.12/site-packages/oslo_config/cfg.py:3545}}
Aug 12 11:09:42.806450 np0000007040 nova-scheduler[93532]: DEBUG cotyledon.oslo_config_glue [-] oslo_limit.collect_timing = False {{(pid=93532) log_opt_values /opt/stack/data/venv/lib/python3.12/site-packages/oslo_config/cfg.py:3545}}
Aug 12 11:09:42.806450 np0000007040 nova-scheduler[93532]: DEBUG cotyledon.oslo_config_glue [-] oslo_limit.connect_retries = None {{(pid=93532) log_opt_values /opt/stack/data/venv/lib/python3.12/site-packages/oslo_config/cfg.py:3545}}
Aug 12 11:09:42.806450 np0000007040 nova-scheduler[93532]: DEBUG cotyledon.oslo_config_glue [-] oslo_limit.connect_retry_delay = None {{(pid=93532) log_opt_values /opt/stack/data/venv/lib/python3.12/site-packages/oslo_config/cfg.py:3545}}
Aug 12 11:09:42.806450 np0000007040 nova-scheduler[93532]: DEBUG cotyledon.oslo_config_glue [-] oslo_limit.endpoint_id = None {{(pid=93532) log_opt_values /opt/stack/data/venv/lib/python3.12/site-packages/oslo_config/cfg.py:3545}}
Aug 12 11:09:42.806450 np0000007040 nova-scheduler[93532]: DEBUG cotyledon.oslo_config_glue [-] oslo_limit.endpoint_interface = public {{(pid=93532) log_opt_values /opt/stack/data/venv/lib/python3.12/site-packages/oslo_config/cfg.py:3545}}
Aug 12 11:09:42.806450 np0000007040 nova-scheduler[93532]: DEBUG cotyledon.oslo_config_glue [-] oslo_limit.endpoint_override = None {{(pid=93532) log_opt_values /opt/stack/data/venv/lib/python3.12/site-packages/oslo_config/cfg.py:3545}}
Aug 12 11:09:42.806450 np0000007040 nova-scheduler[93532]: DEBUG cotyledon.oslo_config_glue [-] oslo_limit.endpoint_region_name = None {{(pid=93532) log_opt_values /opt/stack/data/venv/lib/python3.12/site-packages/oslo_config/cfg.py:3545}}
Aug 12 11:09:42.806604 np0000007040 nova-scheduler[93532]: DEBUG cotyledon.oslo_config_glue [-] oslo_limit.endpoint_service_name = None {{(pid=93532) log_opt_values /opt/stack/data/venv/lib/python3.12/site-packages/oslo_config/cfg.py:3545}}
Aug 12 11:09:42.806604 np0000007040 nova-scheduler[93532]: DEBUG cotyledon.oslo_config_glue [-] oslo_limit.endpoint_service_type = None {{(pid=93532) log_opt_values /opt/stack/data/venv/lib/python3.12/site-packages/oslo_config/cfg.py:3545}}
Aug 12 11:09:42.806604 np0000007040 nova-scheduler[93532]: DEBUG cotyledon.oslo_config_glue [-] oslo_limit.insecure = False {{(pid=93532) log_opt_values /opt/stack/data/venv/lib/python3.12/site-packages/oslo_config/cfg.py:3545}}
Aug 12 11:09:42.806604 np0000007040 nova-scheduler[93532]: DEBUG cotyledon.oslo_config_glue [-] oslo_limit.keyfile = None {{(pid=93532) log_opt_values /opt/stack/data/venv/lib/python3.12/site-packages/oslo_config/cfg.py:3545}}
Aug 12 11:09:42.806604 np0000007040 nova-scheduler[93532]: DEBUG cotyledon.oslo_config_glue [-] oslo_limit.max_version = None {{(pid=93532) log_opt_values /opt/stack/data/venv/lib/python3.12/site-packages/oslo_config/cfg.py:3545}}
Aug 12 11:09:42.806604 np0000007040 nova-scheduler[93532]: DEBUG cotyledon.oslo_config_glue [-] oslo_limit.min_version = None {{(pid=93532) log_opt_values /opt/stack/data/venv/lib/python3.12/site-packages/oslo_config/cfg.py:3545}}
Aug 12 11:09:42.806604 np0000007040 nova-scheduler[93532]: DEBUG cotyledon.oslo_config_glue [-] oslo_limit.region_name = None {{(pid=93532) log_opt_values /opt/stack/data/venv/lib/python3.12/site-packages/oslo_config/cfg.py:3545}}
Aug 12 11:09:42.806604 np0000007040 nova-scheduler[93532]: DEBUG cotyledon.oslo_config_glue [-] oslo_limit.retriable_status_codes = None {{(pid=93532) log_opt_values /opt/stack/data/venv/lib/python3.12/site-packages/oslo_config/cfg.py:3545}}
Aug 12 11:09:42.806604 np0000007040 nova-scheduler[93532]: DEBUG cotyledon.oslo_config_glue [-] oslo_limit.service_name = None {{(pid=93532) log_opt_values /opt/stack/data/venv/lib/python3.12/site-packages/oslo_config/cfg.py:3545}}
Aug 12 11:09:42.806776 np0000007040 nova-scheduler[93532]: DEBUG cotyledon.oslo_config_glue [-] oslo_limit.service_type = None {{(pid=93532) log_opt_values /opt/stack/data/venv/lib/python3.12/site-packages/oslo_config/cfg.py:3545}}
Aug 12 11:09:42.806776 np0000007040 nova-scheduler[93532]: DEBUG cotyledon.oslo_config_glue [-] oslo_limit.split_loggers = False {{(pid=93532) log_opt_values /opt/stack/data/venv/lib/python3.12/site-packages/oslo_config/cfg.py:3545}}
Aug 12 11:09:42.806776 np0000007040 nova-scheduler[93532]: DEBUG cotyledon.oslo_config_glue [-] oslo_limit.status_code_retries = None {{(pid=93532) log_opt_values /opt/stack/data/venv/lib/python3.12/site-packages/oslo_config/cfg.py:3545}}
Aug 12 11:09:42.806776 np0000007040 nova-scheduler[93532]: DEBUG cotyledon.oslo_config_glue [-] oslo_limit.status_code_retry_delay = None {{(pid=93532) log_opt_values /opt/stack/data/venv/lib/python3.12/site-packages/oslo_config/cfg.py:3545}}
Aug 12 11:09:42.806776 np0000007040 nova-scheduler[93532]: DEBUG cotyledon.oslo_config_glue [-] oslo_limit.timeout = None {{(pid=93532) log_opt_values /opt/stack/data/venv/lib/python3.12/site-packages/oslo_config/cfg.py:3545}}
Aug 12 11:09:42.806776 np0000007040 nova-scheduler[93532]: DEBUG cotyledon.oslo_config_glue [-] oslo_limit.valid_interfaces = None {{(pid=93532) log_opt_values /opt/stack/data/venv/lib/python3.12/site-packages/oslo_config/cfg.py:3545}}
Aug 12 11:09:42.806776 np0000007040 nova-scheduler[93532]: DEBUG cotyledon.oslo_config_glue [-] oslo_limit.version = None {{(pid=93532) log_opt_values /opt/stack/data/venv/lib/python3.12/site-packages/oslo_config/cfg.py:3545}}
Aug 12 11:09:42.806776 np0000007040 nova-scheduler[93532]: DEBUG cotyledon.oslo_config_glue [-] oslo_reports.file_event_handler = None {{(pid=93532) log_opt_values /opt/stack/data/venv/lib/python3.12/site-packages/oslo_config/cfg.py:3545}}
Aug 12 11:09:42.806776 np0000007040 nova-scheduler[93532]: DEBUG cotyledon.oslo_config_glue [-] oslo_reports.file_event_handler_interval = 1 {{(pid=93532) log_opt_values /opt/stack/data/venv/lib/python3.12/site-packages/oslo_config/cfg.py:3545}}
Aug 12 11:09:42.806936 np0000007040 nova-scheduler[93532]: DEBUG cotyledon.oslo_config_glue [-] oslo_reports.log_dir = None {{(pid=93532) log_opt_values /opt/stack/data/venv/lib/python3.12/site-packages/oslo_config/cfg.py:3545}}
Aug 12 11:09:42.806936 np0000007040 nova-scheduler[93532]: DEBUG cotyledon.oslo_config_glue [-] ******************************************************************************** {{(pid=93532) log_opt_values /opt/stack/data/venv/lib/python3.12/site-packages/oslo_config/cfg.py:3552}}
Aug 12 11:09:42.806936 np0000007040 nova-scheduler[93532]: DEBUG cotyledon._service_worker [-] Run service ServiceWrapper(2) [93532] {{(pid=93532) wait_forever /opt/stack/data/venv/lib/python3.12/site-packages/cotyledon/_service_worker.py:218}}
Aug 12 11:09:42.806936 np0000007040 nova-scheduler[93532]: INFO nova.service [-] Starting scheduler node (version 33.1.0)
Aug 12 11:09:42.807007 np0000007040 nova-scheduler[93530]: INFO dbcounter [None req-5c3dd327-092f-417f-bbd3-61d984631f3c None None] Registered counter for database nova_cell0
Aug 12 11:09:42.807028 np0000007040 nova-scheduler[93532]: INFO dbcounter [None req-3579e0b0-9566-44db-b5ed-c76b53c1be58 None None] Registered counter for database nova_cell0
Aug 12 11:09:42.807984 np0000007040 nova-scheduler[93528]: DEBUG oslo_db.sqlalchemy.engines [None req-92da7e55-b7d7-4def-a6cd-be3906231caa None None] MySQL server mode set to STRICT_TRANS_TABLES,STRICT_ALL_TABLES,NO_ZERO_IN_DATE,NO_ZERO_DATE,ERROR_FOR_DIVISION_BY_ZERO,TRADITIONAL,NO_ENGINE_SUBSTITUTION {{(pid=93528) _check_effective_sql_mode /opt/stack/data/venv/lib/python3.12/site-packages/oslo_db/sqlalchemy/engines.py:325}}
Aug 12 11:09:42.824484 np0000007040 nova-scheduler[93528]: DEBUG dbcounter [-] [93528] Writer thread running {{(pid=93528) stat_writer /opt/stack/data/venv/lib/python3.12/site-packages/dbcounter.py:102}}
Aug 12 11:09:42.826753 np0000007040 nova-scheduler[93530]: DEBUG oslo_db.sqlalchemy.engines [None req-5c3dd327-092f-417f-bbd3-61d984631f3c None None] MySQL server mode set to STRICT_TRANS_TABLES,STRICT_ALL_TABLES,NO_ZERO_IN_DATE,NO_ZERO_DATE,ERROR_FOR_DIVISION_BY_ZERO,TRADITIONAL,NO_ENGINE_SUBSTITUTION {{(pid=93530) _check_effective_sql_mode /opt/stack/data/venv/lib/python3.12/site-packages/oslo_db/sqlalchemy/engines.py:325}}
Aug 12 11:09:42.839410 np0000007040 nova-scheduler[93532]: DEBUG oslo_db.sqlalchemy.engines [None req-3579e0b0-9566-44db-b5ed-c76b53c1be58 None None] MySQL server mode set to STRICT_TRANS_TABLES,STRICT_ALL_TABLES,NO_ZERO_IN_DATE,NO_ZERO_DATE,ERROR_FOR_DIVISION_BY_ZERO,TRADITIONAL,NO_ENGINE_SUBSTITUTION {{(pid=93532) _check_effective_sql_mode /opt/stack/data/venv/lib/python3.12/site-packages/oslo_db/sqlalchemy/engines.py:325}}
Aug 12 11:09:42.844363 np0000007040 nova-scheduler[93530]: DEBUG dbcounter [-] [93530] Writer thread running {{(pid=93530) stat_writer /opt/stack/data/venv/lib/python3.12/site-packages/dbcounter.py:102}}
Aug 12 11:09:42.844582 np0000007040 nova-scheduler[93528]: DEBUG nova.service [None req-92da7e55-b7d7-4def-a6cd-be3906231caa None None] Creating RPC server for service: nova-scheduler on topic: scheduler {{(pid=93528) start /opt/stack/nova/nova/service.py:196}}
Aug 12 11:09:42.847223 np0000007040 nova-scheduler[93530]: DEBUG nova.service [None req-5c3dd327-092f-417f-bbd3-61d984631f3c None None] Creating RPC server for service: nova-scheduler on topic: scheduler {{(pid=93530) start /opt/stack/nova/nova/service.py:196}}
Aug 12 11:09:42.855345 np0000007040 nova-scheduler[93532]: DEBUG dbcounter [-] [93532] Writer thread running {{(pid=93532) stat_writer /opt/stack/data/venv/lib/python3.12/site-packages/dbcounter.py:102}}
Aug 12 11:09:42.858161 np0000007040 nova-scheduler[93532]: DEBUG nova.service [None req-3579e0b0-9566-44db-b5ed-c76b53c1be58 None None] Creating RPC server for service: nova-scheduler on topic: scheduler {{(pid=93532) start /opt/stack/nova/nova/service.py:196}}
Aug 12 11:09:42.868898 np0000007040 nova-scheduler[93528]: DEBUG nova.service [None req-92da7e55-b7d7-4def-a6cd-be3906231caa None None] Join ServiceGroup membership for this service scheduler {{(pid=93528) start /opt/stack/nova/nova/service.py:222}}
Aug 12 11:09:42.869393 np0000007040 nova-scheduler[93528]: DEBUG nova.servicegroup.drivers.db [None req-92da7e55-b7d7-4def-a6cd-be3906231caa None None] DB_Driver: join new ServiceGroup member np0000007040 to the scheduler group, service = {{(pid=93528) join /opt/stack/nova/nova/servicegroup/drivers/db.py:44}}
Aug 12 11:09:42.874538 np0000007040 nova-scheduler[93532]: DEBUG nova.service [None req-3579e0b0-9566-44db-b5ed-c76b53c1be58 None None] Join ServiceGroup membership for this service scheduler {{(pid=93532) start /opt/stack/nova/nova/service.py:222}}
Aug 12 11:09:42.874703 np0000007040 nova-scheduler[93532]: DEBUG nova.servicegroup.drivers.db [None req-3579e0b0-9566-44db-b5ed-c76b53c1be58 None None] DB_Driver: join new ServiceGroup member np0000007040 to the scheduler group, service = {{(pid=93532) join /opt/stack/nova/nova/servicegroup/drivers/db.py:44}}
Aug 12 11:09:42.876408 np0000007040 nova-scheduler[93530]: DEBUG nova.service [None req-5c3dd327-092f-417f-bbd3-61d984631f3c None None] Join ServiceGroup membership for this service scheduler {{(pid=93530) start /opt/stack/nova/nova/service.py:222}}
Aug 12 11:09:42.876637 np0000007040 nova-scheduler[93530]: DEBUG nova.servicegroup.drivers.db [None req-5c3dd327-092f-417f-bbd3-61d984631f3c None None] DB_Driver: join new ServiceGroup member np0000007040 to the scheduler group, service = {{(pid=93530) join /opt/stack/nova/nova/servicegroup/drivers/db.py:44}}
Aug 12 11:09:47.896459 np0000007040 nova-scheduler[93530]: DEBUG oslo.service.backend._threading.loopingcall [-] Fixed interval looping call 'nova.servicegroup.drivers.db.DbDriver._report_state' sleeping for 119.98 seconds {{(pid=93530) _run_loop /opt/stack/data/venv/lib/python3.12/site-packages/oslo_service/backend/_threading/loopingcall.py:125}}
Aug 12 11:09:47.897430 np0000007040 nova-scheduler[93528]: DEBUG oslo.service.backend._threading.loopingcall [-] Fixed interval looping call 'nova.servicegroup.drivers.db.DbDriver._report_state' sleeping for 119.97 seconds {{(pid=93528) _run_loop /opt/stack/data/venv/lib/python3.12/site-packages/oslo_service/backend/_threading/loopingcall.py:125}}
Aug 12 11:09:47.897749 np0000007040 nova-scheduler[93532]: DEBUG oslo.service.backend._threading.loopingcall [-] Fixed interval looping call 'nova.servicegroup.drivers.db.DbDriver._report_state' sleeping for 119.98 seconds {{(pid=93532) _run_loop /opt/stack/data/venv/lib/python3.12/site-packages/oslo_service/backend/_threading/loopingcall.py:125}}
Aug 12 11:09:51.466871 np0000007040 nova-scheduler[92317]: DEBUG dbcounter [-] [92317] Writing DB stats nova_api:SELECT=3 {{(pid=92317) stat_writer /opt/stack/data/venv/lib/python3.12/site-packages/dbcounter.py:115}}
Aug 12 11:09:51.586984 np0000007040 nova-scheduler[92317]: DEBUG dbcounter [-] [92317] Writing DB stats nova_cell1:SELECT=1 {{(pid=92317) stat_writer /opt/stack/data/venv/lib/python3.12/site-packages/dbcounter.py:115}}
Aug 12 11:09:51.591862 np0000007040 nova-scheduler[92317]: DEBUG dbcounter [-] [92317] Writing DB stats nova_cell0:SELECT=1 {{(pid=92317) stat_writer /opt/stack/data/venv/lib/python3.12/site-packages/dbcounter.py:115}}
Aug 12 11:09:57.892580 np0000007040 nova-scheduler[93530]: DEBUG dbcounter [-] [93530] Writing DB stats nova_cell0:SELECT=3,nova_cell0:UPDATE=1 {{(pid=93530) stat_writer /opt/stack/data/venv/lib/python3.12/site-packages/dbcounter.py:115}}
Aug 12 11:09:57.895066 np0000007040 nova-scheduler[93532]: DEBUG dbcounter [-] [93532] Writing DB stats nova_cell0:SELECT=3,nova_cell0:UPDATE=1 {{(pid=93532) stat_writer /opt/stack/data/venv/lib/python3.12/site-packages/dbcounter.py:115}}
Aug 12 11:09:57.897112 np0000007040 nova-scheduler[93528]: DEBUG dbcounter [-] [93528] Writing DB stats nova_cell0:SELECT=4,nova_cell0:INSERT=1,nova_cell0:UPDATE=1 {{(pid=93528) stat_writer /opt/stack/data/venv/lib/python3.12/site-packages/dbcounter.py:115}}
Aug 12 11:10:11.878567 np0000007040 nova-scheduler[93530]: DEBUG oslo.service.backend._threading.loopingcall [None req-f2f5c40d-cddd-4287-a064-e19aeb55cd7b None None] Dynamic interval looping call 'nova.service.Service.periodic_tasks' sleeping for 60.00 seconds {{(pid=93530) _run_loop /opt/stack/data/venv/lib/python3.12/site-packages/oslo_service/backend/_threading/loopingcall.py:125}}
Aug 12 11:10:17.871667 np0000007040 nova-scheduler[93528]: DEBUG oslo.service.backend._threading.loopingcall [None req-ccd127b8-3c94-4602-8697-9186dfd3ccac None None] Dynamic interval looping call 'nova.service.Service.periodic_tasks' sleeping for 60.00 seconds {{(pid=93528) _run_loop /opt/stack/data/venv/lib/python3.12/site-packages/oslo_service/backend/_threading/loopingcall.py:125}}
Aug 12 11:10:25.876503 np0000007040 nova-scheduler[93532]: DEBUG oslo.service.backend._threading.loopingcall [None req-6acddf89-3381-4fca-bdc6-7a6f1de78e35 None None] Dynamic interval looping call 'nova.service.Service.periodic_tasks' sleeping for 60.00 seconds {{(pid=93532) _run_loop /opt/stack/data/venv/lib/python3.12/site-packages/oslo_service/backend/_threading/loopingcall.py:125}}
Aug 12 11:11:11.879111 np0000007040 nova-scheduler[93530]: DEBUG oslo.service.backend._threading.loopingcall [None req-f2f5c40d-cddd-4287-a064-e19aeb55cd7b None None] Dynamic interval looping call 'nova.service.Service.periodic_tasks' sleeping for 60.00 seconds {{(pid=93530) _run_loop /opt/stack/data/venv/lib/python3.12/site-packages/oslo_service/backend/_threading/loopingcall.py:125}}
Aug 12 11:11:17.872610 np0000007040 nova-scheduler[93528]: DEBUG oslo.service.backend._threading.loopingcall [None req-ccd127b8-3c94-4602-8697-9186dfd3ccac None None] Dynamic interval looping call 'nova.service.Service.periodic_tasks' sleeping for 60.00 seconds {{(pid=93528) _run_loop /opt/stack/data/venv/lib/python3.12/site-packages/oslo_service/backend/_threading/loopingcall.py:125}}
Aug 12 11:11:25.877111 np0000007040 nova-scheduler[93532]: DEBUG oslo.service.backend._threading.loopingcall [None req-6acddf89-3381-4fca-bdc6-7a6f1de78e35 None None] Dynamic interval looping call 'nova.service.Service.periodic_tasks' sleeping for 60.00 seconds {{(pid=93532) _run_loop /opt/stack/data/venv/lib/python3.12/site-packages/oslo_service/backend/_threading/loopingcall.py:125}}
Aug 12 11:11:47.877434 np0000007040 nova-scheduler[93528]: DEBUG oslo.service.backend._threading.loopingcall [-] Fixed interval looping call 'nova.servicegroup.drivers.db.DbDriver._report_state' sleeping for 119.99 seconds {{(pid=93528) _run_loop /opt/stack/data/venv/lib/python3.12/site-packages/oslo_service/backend/_threading/loopingcall.py:125}}
Aug 12 11:11:47.884471 np0000007040 nova-scheduler[93532]: DEBUG oslo.service.backend._threading.loopingcall [-] Fixed interval looping call 'nova.servicegroup.drivers.db.DbDriver._report_state' sleeping for 119.99 seconds {{(pid=93532) _run_loop /opt/stack/data/venv/lib/python3.12/site-packages/oslo_service/backend/_threading/loopingcall.py:125}}
Aug 12 11:11:47.887599 np0000007040 nova-scheduler[93530]: DEBUG oslo.service.backend._threading.loopingcall [-] Fixed interval looping call 'nova.servicegroup.drivers.db.DbDriver._report_state' sleeping for 119.99 seconds {{(pid=93530) _run_loop /opt/stack/data/venv/lib/python3.12/site-packages/oslo_service/backend/_threading/loopingcall.py:125}}
Aug 12 11:11:57.874257 np0000007040 nova-scheduler[93528]: DEBUG dbcounter [-] [93528] Writing DB stats nova_cell0:SELECT=1,nova_cell0:UPDATE=1 {{(pid=93528) stat_writer /opt/stack/data/venv/lib/python3.12/site-packages/dbcounter.py:115}}
Aug 12 11:11:57.883112 np0000007040 nova-scheduler[93532]: DEBUG dbcounter [-] [93532] Writing DB stats nova_cell0:SELECT=1 {{(pid=93532) stat_writer /opt/stack/data/venv/lib/python3.12/site-packages/dbcounter.py:115}}
Aug 12 11:11:57.884936 np0000007040 nova-scheduler[93530]: DEBUG dbcounter [-] [93530] Writing DB stats nova_cell0:SELECT=1 {{(pid=93530) stat_writer /opt/stack/data/venv/lib/python3.12/site-packages/dbcounter.py:115}}
Aug 12 11:12:06.503793 np0000007040 nova-scheduler[93528]: DEBUG nova.scheduler.manager [None req-9f0588fa-fd0c-49eb-bd09-f91a2864458f tempest-ServerBootFromVolumeStableRescueTest-1086283718 tempest-ServerBootFromVolumeStableRescueTest-1086283718-project-member] Starting to schedule for instances: ['3f3d5d22-1039-43d6-a023-29c455c2be65'] {{(pid=93528) select_destinations /opt/stack/nova/nova/scheduler/manager.py:209}}
Aug 12 11:12:06.504407 np0000007040 nova-scheduler[93528]: DEBUG nova.scheduler.request_filter [None req-9f0588fa-fd0c-49eb-bd09-f91a2864458f tempest-ServerBootFromVolumeStableRescueTest-1086283718 tempest-ServerBootFromVolumeStableRescueTest-1086283718-project-member] compute_status_filter request filter added forbidden trait COMPUTE_STATUS_DISABLED {{(pid=93528) compute_status_filter /opt/stack/nova/nova/scheduler/request_filter.py:253}}
Aug 12 11:12:06.504407 np0000007040 nova-scheduler[93528]: DEBUG nova.scheduler.request_filter [None req-9f0588fa-fd0c-49eb-bd09-f91a2864458f tempest-ServerBootFromVolumeStableRescueTest-1086283718 tempest-ServerBootFromVolumeStableRescueTest-1086283718-project-member] Request filter 'compute_status_filter' took 0.0 seconds {{(pid=93528) wrapper /opt/stack/nova/nova/scheduler/request_filter.py:46}}
Aug 12 11:12:06.504613 np0000007040 nova-scheduler[93528]: DEBUG nova.scheduler.request_filter [None req-9f0588fa-fd0c-49eb-bd09-f91a2864458f tempest-ServerBootFromVolumeStableRescueTest-1086283718 tempest-ServerBootFromVolumeStableRescueTest-1086283718-project-member] Request filter 'accelerators_filter' took 0.0 seconds {{(pid=93528) wrapper /opt/stack/nova/nova/scheduler/request_filter.py:46}}
Aug 12 11:12:06.504791 np0000007040 nova-scheduler[93528]: DEBUG nova.scheduler.request_filter [None req-9f0588fa-fd0c-49eb-bd09-f91a2864458f tempest-ServerBootFromVolumeStableRescueTest-1086283718 tempest-ServerBootFromVolumeStableRescueTest-1086283718-project-member] Request filter 'packed_virtqueue_filter' took 0.0 seconds {{(pid=93528) wrapper /opt/stack/nova/nova/scheduler/request_filter.py:46}}
Aug 12 11:12:06.505631 np0000007040 nova-scheduler[93528]: DEBUG nova.scheduler.request_filter [None req-9f0588fa-fd0c-49eb-bd09-f91a2864458f tempest-ServerBootFromVolumeStableRescueTest-1086283718 tempest-ServerBootFromVolumeStableRescueTest-1086283718-project-member] Request filter 'remote_managed_ports_filter' took 0.0 seconds {{(pid=93528) wrapper /opt/stack/nova/nova/scheduler/request_filter.py:46}}
Aug 12 11:12:06.505800 np0000007040 nova-scheduler[93528]: DEBUG nova.scheduler.request_filter [None req-9f0588fa-fd0c-49eb-bd09-f91a2864458f tempest-ServerBootFromVolumeStableRescueTest-1086283718 tempest-ServerBootFromVolumeStableRescueTest-1086283718-project-member] ephemeral_encryption_filter skipped {{(pid=93528) ephemeral_encryption_filter /opt/stack/nova/nova/scheduler/request_filter.py:426}}
Aug 12 11:12:06.505940 np0000007040 nova-scheduler[93528]: DEBUG nova.scheduler.request_filter [None req-9f0588fa-fd0c-49eb-bd09-f91a2864458f tempest-ServerBootFromVolumeStableRescueTest-1086283718 tempest-ServerBootFromVolumeStableRescueTest-1086283718-project-member] virtio_sound_filter skipped {{(pid=93528) virtio_sound_filter /opt/stack/nova/nova/scheduler/request_filter.py:460}}
Aug 12 11:12:06.506077 np0000007040 nova-scheduler[93528]: DEBUG nova.scheduler.request_filter [None req-9f0588fa-fd0c-49eb-bd09-f91a2864458f tempest-ServerBootFromVolumeStableRescueTest-1086283718 tempest-ServerBootFromVolumeStableRescueTest-1086283718-project-member] tpm_secret_security_filter skipped {{(pid=93528) tpm_secret_security_filter /opt/stack/nova/nova/scheduler/request_filter.py:477}}
Aug 12 11:12:06.781948 np0000007040 nova-scheduler[93532]: DEBUG nova.scheduler.manager [None req-4a5fba20-1c56-49d3-9f3c-91f7d031fca4 tempest-DeleteServersTestJSON-461234864 tempest-DeleteServersTestJSON-461234864-project-member] Starting to schedule for instances: ['7ed7281c-f8d2-4f74-b454-1a1a5fae06d5'] {{(pid=93532) select_destinations /opt/stack/nova/nova/scheduler/manager.py:209}}
Aug 12 11:12:06.782749 np0000007040 nova-scheduler[93532]: DEBUG nova.scheduler.request_filter [None req-4a5fba20-1c56-49d3-9f3c-91f7d031fca4 tempest-DeleteServersTestJSON-461234864 tempest-DeleteServersTestJSON-461234864-project-member] compute_status_filter request filter added forbidden trait COMPUTE_STATUS_DISABLED {{(pid=93532) compute_status_filter /opt/stack/nova/nova/scheduler/request_filter.py:253}}
Aug 12 11:12:06.782941 np0000007040 nova-scheduler[93532]: DEBUG nova.scheduler.request_filter [None req-4a5fba20-1c56-49d3-9f3c-91f7d031fca4 tempest-DeleteServersTestJSON-461234864 tempest-DeleteServersTestJSON-461234864-project-member] Request filter 'compute_status_filter' took 0.0 seconds {{(pid=93532) wrapper /opt/stack/nova/nova/scheduler/request_filter.py:46}}
Aug 12 11:12:06.783195 np0000007040 nova-scheduler[93532]: DEBUG nova.scheduler.request_filter [None req-4a5fba20-1c56-49d3-9f3c-91f7d031fca4 tempest-DeleteServersTestJSON-461234864 tempest-DeleteServersTestJSON-461234864-project-member] Request filter 'accelerators_filter' took 0.0 seconds {{(pid=93532) wrapper /opt/stack/nova/nova/scheduler/request_filter.py:46}}
Aug 12 11:12:06.783429 np0000007040 nova-scheduler[93532]: DEBUG nova.scheduler.request_filter [None req-4a5fba20-1c56-49d3-9f3c-91f7d031fca4 tempest-DeleteServersTestJSON-461234864 tempest-DeleteServersTestJSON-461234864-project-member] Request filter 'packed_virtqueue_filter' took 0.0 seconds {{(pid=93532) wrapper /opt/stack/nova/nova/scheduler/request_filter.py:46}}
Aug 12 11:12:06.783732 np0000007040 nova-scheduler[93532]: DEBUG nova.scheduler.request_filter [None req-4a5fba20-1c56-49d3-9f3c-91f7d031fca4 tempest-DeleteServersTestJSON-461234864 tempest-DeleteServersTestJSON-461234864-project-member] Request filter 'remote_managed_ports_filter' took 0.0 seconds {{(pid=93532) wrapper /opt/stack/nova/nova/scheduler/request_filter.py:46}}
Aug 12 11:12:06.783910 np0000007040 nova-scheduler[93532]: DEBUG nova.scheduler.request_filter [None req-4a5fba20-1c56-49d3-9f3c-91f7d031fca4 tempest-DeleteServersTestJSON-461234864 tempest-DeleteServersTestJSON-461234864-project-member] ephemeral_encryption_filter skipped {{(pid=93532) ephemeral_encryption_filter /opt/stack/nova/nova/scheduler/request_filter.py:426}}
Aug 12 11:12:06.784087 np0000007040 nova-scheduler[93532]: DEBUG nova.scheduler.request_filter [None req-4a5fba20-1c56-49d3-9f3c-91f7d031fca4 tempest-DeleteServersTestJSON-461234864 tempest-DeleteServersTestJSON-461234864-project-member] virtio_sound_filter skipped {{(pid=93532) virtio_sound_filter /opt/stack/nova/nova/scheduler/request_filter.py:460}}
Aug 12 11:12:06.784270 np0000007040 nova-scheduler[93532]: DEBUG nova.scheduler.request_filter [None req-4a5fba20-1c56-49d3-9f3c-91f7d031fca4 tempest-DeleteServersTestJSON-461234864 tempest-DeleteServersTestJSON-461234864-project-member] tpm_secret_security_filter skipped {{(pid=93532) tpm_secret_security_filter /opt/stack/nova/nova/scheduler/request_filter.py:477}}
Aug 12 11:12:06.965948 np0000007040 nova-scheduler[93528]: INFO nova.utils [None req-9f0588fa-fd0c-49eb-bd09-f91a2864458f tempest-ServerBootFromVolumeStableRescueTest-1086283718 tempest-ServerBootFromVolumeStableRescueTest-1086283718-project-member] The cell worker thread pool ForkProcess-1.cell_worker is initialized
Aug 12 11:12:06.966363 np0000007040 nova-scheduler[93528]: DEBUG oslo_concurrency.lockutils [None req-9f0588fa-fd0c-49eb-bd09-f91a2864458f tempest-ServerBootFromVolumeStableRescueTest-1086283718 tempest-ServerBootFromVolumeStableRescueTest-1086283718-project-member] Acquiring lock "3f406c57-7bc0-448e-98b6-2c8d5644fac6" by "nova.context.set_target_cell..get_or_set_cached_cell_and_set_connections" {{(pid=93528) inner /opt/stack/data/venv/lib/python3.12/site-packages/oslo_concurrency/lockutils.py:512}}
Aug 12 11:12:06.966531 np0000007040 nova-scheduler[93528]: DEBUG oslo_concurrency.lockutils [None req-9f0588fa-fd0c-49eb-bd09-f91a2864458f tempest-ServerBootFromVolumeStableRescueTest-1086283718 tempest-ServerBootFromVolumeStableRescueTest-1086283718-project-member] Lock "3f406c57-7bc0-448e-98b6-2c8d5644fac6" acquired by "nova.context.set_target_cell..get_or_set_cached_cell_and_set_connections" :: waited 0.000s {{(pid=93528) inner /opt/stack/data/venv/lib/python3.12/site-packages/oslo_concurrency/lockutils.py:525}}
Aug 12 11:12:06.967784 np0000007040 nova-scheduler[93528]: DEBUG oslo_concurrency.lockutils [None req-9f0588fa-fd0c-49eb-bd09-f91a2864458f tempest-ServerBootFromVolumeStableRescueTest-1086283718 tempest-ServerBootFromVolumeStableRescueTest-1086283718-project-member] Lock "3f406c57-7bc0-448e-98b6-2c8d5644fac6" "released" by "nova.context.set_target_cell..get_or_set_cached_cell_and_set_connections" :: held 0.001s {{(pid=93528) inner /opt/stack/data/venv/lib/python3.12/site-packages/oslo_concurrency/lockutils.py:544}}
Aug 12 11:12:06.972173 np0000007040 nova-scheduler[93528]: INFO dbcounter [None req-9f0588fa-fd0c-49eb-bd09-f91a2864458f tempest-ServerBootFromVolumeStableRescueTest-1086283718 tempest-ServerBootFromVolumeStableRescueTest-1086283718-project-member] Registered counter for database nova_cell1
Aug 12 11:12:07.019624 np0000007040 nova-scheduler[93528]: DEBUG oslo_db.sqlalchemy.engines [None req-9f0588fa-fd0c-49eb-bd09-f91a2864458f tempest-ServerBootFromVolumeStableRescueTest-1086283718 tempest-ServerBootFromVolumeStableRescueTest-1086283718-project-member] MySQL server mode set to STRICT_TRANS_TABLES,STRICT_ALL_TABLES,NO_ZERO_IN_DATE,NO_ZERO_DATE,ERROR_FOR_DIVISION_BY_ZERO,TRADITIONAL,NO_ENGINE_SUBSTITUTION {{(pid=93528) _check_effective_sql_mode /opt/stack/data/venv/lib/python3.12/site-packages/oslo_db/sqlalchemy/engines.py:325}}
Aug 12 11:12:07.024429 np0000007040 nova-scheduler[93528]: DEBUG dbcounter [-] [93528] Writer thread running {{(pid=93528) stat_writer /opt/stack/data/venv/lib/python3.12/site-packages/dbcounter.py:102}}
Aug 12 11:12:07.036044 np0000007040 nova-scheduler[93528]: DEBUG oslo_db.sqlalchemy.engines [None req-9f0588fa-fd0c-49eb-bd09-f91a2864458f tempest-ServerBootFromVolumeStableRescueTest-1086283718 tempest-ServerBootFromVolumeStableRescueTest-1086283718-project-member] Parent process 92317 forked (93528) with an open database connection, which is being discarded and recreated. {{(pid=93528) checkout /opt/stack/data/venv/lib/python3.12/site-packages/oslo_db/sqlalchemy/engines.py:402}}
Aug 12 11:12:07.082149 np0000007040 nova-scheduler[93528]: DEBUG dbcounter [-] [93528] Writer thread running {{(pid=93528) stat_writer /opt/stack/data/venv/lib/python3.12/site-packages/dbcounter.py:102}}
Aug 12 11:12:07.084619 np0000007040 nova-scheduler[93528]: DEBUG oslo_concurrency.lockutils [None req-9f0588fa-fd0c-49eb-bd09-f91a2864458f tempest-ServerBootFromVolumeStableRescueTest-1086283718 tempest-ServerBootFromVolumeStableRescueTest-1086283718-project-member] Acquiring lock "3f406c57-7bc0-448e-98b6-2c8d5644fac6" by "nova.context.set_target_cell..get_or_set_cached_cell_and_set_connections" {{(pid=93528) inner /opt/stack/data/venv/lib/python3.12/site-packages/oslo_concurrency/lockutils.py:512}}
Aug 12 11:12:07.084939 np0000007040 nova-scheduler[93528]: DEBUG oslo_concurrency.lockutils [None req-9f0588fa-fd0c-49eb-bd09-f91a2864458f tempest-ServerBootFromVolumeStableRescueTest-1086283718 tempest-ServerBootFromVolumeStableRescueTest-1086283718-project-member] Lock "3f406c57-7bc0-448e-98b6-2c8d5644fac6" acquired by "nova.context.set_target_cell..get_or_set_cached_cell_and_set_connections" :: waited 0.000s {{(pid=93528) inner /opt/stack/data/venv/lib/python3.12/site-packages/oslo_concurrency/lockutils.py:525}}
Aug 12 11:12:07.085070 np0000007040 nova-scheduler[93528]: DEBUG oslo_concurrency.lockutils [None req-9f0588fa-fd0c-49eb-bd09-f91a2864458f tempest-ServerBootFromVolumeStableRescueTest-1086283718 tempest-ServerBootFromVolumeStableRescueTest-1086283718-project-member] Lock "3f406c57-7bc0-448e-98b6-2c8d5644fac6" "released" by "nova.context.set_target_cell..get_or_set_cached_cell_and_set_connections" :: held 0.000s {{(pid=93528) inner /opt/stack/data/venv/lib/python3.12/site-packages/oslo_concurrency/lockutils.py:544}}
Aug 12 11:12:07.088832 np0000007040 nova-scheduler[93528]: DEBUG oslo_concurrency.lockutils [None req-9f0588fa-fd0c-49eb-bd09-f91a2864458f tempest-ServerBootFromVolumeStableRescueTest-1086283718 tempest-ServerBootFromVolumeStableRescueTest-1086283718-project-member] Acquiring lock "np0000007040-np0000007040" by "nova.scheduler.host_manager.HostState.update.._locked_update" {{(pid=93528) inner /opt/stack/data/venv/lib/python3.12/site-packages/oslo_concurrency/lockutils.py:512}}
Aug 12 11:12:07.089150 np0000007040 nova-scheduler[93528]: DEBUG oslo_concurrency.lockutils [None req-9f0588fa-fd0c-49eb-bd09-f91a2864458f tempest-ServerBootFromVolumeStableRescueTest-1086283718 tempest-ServerBootFromVolumeStableRescueTest-1086283718-project-member] Lock "np0000007040-np0000007040" acquired by "nova.scheduler.host_manager.HostState.update.._locked_update" :: waited 0.000s {{(pid=93528) inner /opt/stack/data/venv/lib/python3.12/site-packages/oslo_concurrency/lockutils.py:525}}
Aug 12 11:12:07.090263 np0000007040 nova-scheduler[93528]: DEBUG nova.scheduler.host_manager [None req-9f0588fa-fd0c-49eb-bd09-f91a2864458f tempest-ServerBootFromVolumeStableRescueTest-1086283718 tempest-ServerBootFromVolumeStableRescueTest-1086283718-project-member] Update host state from compute node: ComputeNode(cpu_allocation_ratio=4.0,cpu_info='{"arch": "x86_64", "model": "EPYC-Milan", "vendor": "AMD", "topology": {"cells": 1, "sockets": 16, "cores": 1, "threads": 1}, "maxphysaddr": {"mode": "emulate", "bits": 40}, "features": ["vpclmulqdq", "vmcb-clean", "rdpid", "pni", "movbe", "fxsr_opt", "ssbd", "smep", "3dnowprefetch", "mmx", "f16c", "misalignsse", "fma", "rdseed", "xsaveopt", "amd-stibp", "avx", "cx8", "xsaves", "perfctr_core", "wbnoinvd", "apic", "cr8legacy", "nx", "xsaveerptr", "amd-ssbd", "lm", "rdtscp", "mca", "no-nested-data-bp", "clflush", "syscall", "vaes", "hypervisor", "svme-addr-chk", "mtrr", "smap", "stibp", "pclmuldq", "clzero", "pcid", "pge", "aes", "lfence-always-serializing", "mce", "arat", "vgif", "de", "xsave", "umip", "osvw", "pae", "cmp_legacy", "adx", "sse4a", "abm", "clwb", "tsc-scale", "tsc", "tsc-deadline", "amd-psfd", "pat", "x2apic", "mds-no", "rdctl-no", "topoext", "null-sel-clr-base", "ssse3", "erms", "sse4.2", "sep", "invpcid", "avx2", "flushbyasid", "fxsr", "sse", "xsavec", "pse", "fsgsbase", "virt-ssbd", "tsc_adjust", "npt", "v-vmsave-vmload", "ibrs", "xgetbv1", "sse2", "fsrm", "pfthreshold", "spec-ctrl", "cmov", "pschange-mc-no", "lbrv", "bmi1", "fpu", "rdrand", "skip-l1dfl-vmentry", "popcnt", "mmxext", "nrip-save", "sse4.1", "clflushopt", "ibpb", "lahf_lm", "msr", "sha-ni", "vme", "cx16", "pse36", "gds-no", "pku", "pause-filter", "pdpe1gb", "arch-capabilities", "stibp-always-on", "svm", "bmi2"]}',created_at=2026-08-12T11:10:03Z,current_workload=0,deleted=False,deleted_at=None,disk_allocation_ratio=1.0,disk_available_least=73,free_disk_gb=95,free_ram_mb=62765,host='np0000007040',host_ip=10.4.3.58,hypervisor_hostname='np0000007040',hypervisor_type='QEMU',hypervisor_version=8002002,id=1,local_gb=95,local_gb_used=0,mapped=1,memory_mb=63277,memory_mb_used=512,metrics='[]',numa_topology='{"nova_object.name": "NUMATopology", "nova_object.namespace": "nova", "nova_object.version": "1.2", "nova_object.data": {"cells": [{"nova_object.name": "NUMACell", "nova_object.namespace": "nova", "nova_object.version": "1.5", "nova_object.data": {"id": 0, "cpuset": [0, 1, 2, 3, 4, 5, 6, 7, 8, 9, 10, 11, 12, 13, 14, 15], "pcpuset": [0, 1, 2, 3, 4, 5, 6, 7, 8, 9, 10, 11, 12, 13, 14, 15], "memory": 63277, "cpu_usage": 0, "memory_usage": 0, "pinned_cpus": [], "siblings": [[6], [12], [2], [15], [5], [11], [8], [14], [4], [1], [7], [10], [0], [13], [3], [9]], "mempages": [{"nova_object.name": "NUMAPagesTopology", "nova_object.namespace": "nova", "nova_object.version": "1.1", "nova_object.data": {"size_kb": 4, "total": 16177929, "used": 0, "reserved": 0}, "nova_object.changes": ["used", "size_kb", "total", "reserved"]}, {"nova_object.name": "NUMAPagesTopology", "nova_object.namespace": "nova", "nova_object.version": "1.1", "nova_object.data": {"size_kb": 2048, "total": 41, "used": 0, "reserved": 0}, "nova_object.changes": ["used", "size_kb", "total", "reserved"]}, {"nova_object.name": "NUMAPagesTopology", "nova_object.namespace": "nova", "nova_object.version": "1.1", "nova_object.data": {"size_kb": 1048576, "total": 0, "used": 0, "reserved": 0}, "nova_object.changes": ["used", "size_kb", "total", "reserved"]}], "network_metadata": {"nova_object.name": "NetworkMetadata", "nova_object.namespace": "nova", "nova_object.version": "1.0", "nova_object.data": {"physnets": [], "tunneled": false}, "nova_object.changes": ["physnets", "tunneled"]}, "socket": null}, "nova_object.changes": ["cpuset", "memory_usage", "network_metadata", "memory", "cpu_usage", "id", "mempages", "socket", "pinned_cpus", "pcpuset", "siblings"]}]}, "nova_object.changes": ["cells"]}',pci_device_pools=PciDevicePoolList,ram_allocation_ratio=1.0,running_vms=0,service_id=3,stats={failed_builds='0',uptime=' 11:11:52 up 14 min, 2 users, load average: 1.90, 1.33, 0.73
Aug 12 11:12:07.090263 np0000007040 nova-scheduler[93528]: '},supported_hv_specs=[HVSpec,HVSpec,HVSpec,HVSpec,HVSpec,HVSpec,HVSpec,HVSpec,HVSpec,HVSpec,HVSpec,HVSpec,HVSpec,HVSpec,HVSpec,HVSpec,HVSpec,HVSpec,HVSpec,HVSpec,HVSpec,HVSpec,HVSpec,HVSpec,HVSpec],updated_at=2026-08-12T11:11:52Z,uuid=17fb7350-e6e0-4b07-96c9-4cb37b121e8e,vcpus=16,vcpus_used=0) {{(pid=93528) _locked_update /opt/stack/nova/nova/scheduler/host_manager.py:168}}
Aug 12 11:12:07.093079 np0000007040 nova-scheduler[93528]: DEBUG nova.scheduler.host_manager [None req-9f0588fa-fd0c-49eb-bd09-f91a2864458f tempest-ServerBootFromVolumeStableRescueTest-1086283718 tempest-ServerBootFromVolumeStableRescueTest-1086283718-project-member] Update host state with aggregates: [] {{(pid=93528) _locked_update /opt/stack/nova/nova/scheduler/host_manager.py:171}}
Aug 12 11:12:07.093079 np0000007040 nova-scheduler[93528]: DEBUG nova.scheduler.host_manager [None req-9f0588fa-fd0c-49eb-bd09-f91a2864458f tempest-ServerBootFromVolumeStableRescueTest-1086283718 tempest-ServerBootFromVolumeStableRescueTest-1086283718-project-member] Update host state with service dict: {'id': 3, 'uuid': '4d6921b4-d5b7-47cb-8be6-983ebb4ff204', 'host': 'np0000007040', 'binary': 'nova-compute', 'topic': 'compute', 'report_count': 1, 'disabled': False, 'disabled_reason': None, 'last_seen_up': datetime.datetime(2026, 8, 12, 11, 10, 10, tzinfo=datetime.timezone.utc), 'forced_down': False, 'version': 72, 'created_at': datetime.datetime(2026, 8, 12, 11, 10, 3, tzinfo=datetime.timezone.utc), 'updated_at': datetime.datetime(2026, 8, 12, 11, 10, 10, tzinfo=datetime.timezone.utc), 'deleted_at': None, 'deleted': False} {{(pid=93528) _locked_update /opt/stack/nova/nova/scheduler/host_manager.py:174}}
Aug 12 11:12:07.093079 np0000007040 nova-scheduler[93528]: DEBUG nova.scheduler.host_manager [None req-9f0588fa-fd0c-49eb-bd09-f91a2864458f tempest-ServerBootFromVolumeStableRescueTest-1086283718 tempest-ServerBootFromVolumeStableRescueTest-1086283718-project-member] Update host state with instances: [] {{(pid=93528) _locked_update /opt/stack/nova/nova/scheduler/host_manager.py:177}}
Aug 12 11:12:07.093079 np0000007040 nova-scheduler[93528]: DEBUG oslo_concurrency.lockutils [None req-9f0588fa-fd0c-49eb-bd09-f91a2864458f tempest-ServerBootFromVolumeStableRescueTest-1086283718 tempest-ServerBootFromVolumeStableRescueTest-1086283718-project-member] Lock "np0000007040-np0000007040" "released" by "nova.scheduler.host_manager.HostState.update.._locked_update" :: held 0.004s {{(pid=93528) inner /opt/stack/data/venv/lib/python3.12/site-packages/oslo_concurrency/lockutils.py:544}}
Aug 12 11:12:07.094229 np0000007040 nova-scheduler[93528]: DEBUG nova.filters [None req-9f0588fa-fd0c-49eb-bd09-f91a2864458f tempest-ServerBootFromVolumeStableRescueTest-1086283718 tempest-ServerBootFromVolumeStableRescueTest-1086283718-project-member] Starting with 1 host(s) {{(pid=93528) get_filtered_objects /opt/stack/nova/nova/filters.py:70}}
Aug 12 11:12:07.095956 np0000007040 nova-scheduler[93528]: DEBUG nova.filters [None req-9f0588fa-fd0c-49eb-bd09-f91a2864458f tempest-ServerBootFromVolumeStableRescueTest-1086283718 tempest-ServerBootFromVolumeStableRescueTest-1086283718-project-member] Filter ComputeFilter returned 1 host(s) {{(pid=93528) get_filtered_objects /opt/stack/nova/nova/filters.py:102}}
Aug 12 11:12:07.095956 np0000007040 nova-scheduler[93528]: DEBUG nova.filters [None req-9f0588fa-fd0c-49eb-bd09-f91a2864458f tempest-ServerBootFromVolumeStableRescueTest-1086283718 tempest-ServerBootFromVolumeStableRescueTest-1086283718-project-member] Filter ComputeCapabilitiesFilter returned 1 host(s) {{(pid=93528) get_filtered_objects /opt/stack/nova/nova/filters.py:102}}
Aug 12 11:12:07.095956 np0000007040 nova-scheduler[93528]: DEBUG nova.filters [None req-9f0588fa-fd0c-49eb-bd09-f91a2864458f tempest-ServerBootFromVolumeStableRescueTest-1086283718 tempest-ServerBootFromVolumeStableRescueTest-1086283718-project-member] Filter ImagePropertiesFilter returned 1 host(s) {{(pid=93528) get_filtered_objects /opt/stack/nova/nova/filters.py:102}}
Aug 12 11:12:07.095956 np0000007040 nova-scheduler[93528]: DEBUG nova.filters [None req-9f0588fa-fd0c-49eb-bd09-f91a2864458f tempest-ServerBootFromVolumeStableRescueTest-1086283718 tempest-ServerBootFromVolumeStableRescueTest-1086283718-project-member] Filter ServerGroupAntiAffinityFilter returned 1 host(s) {{(pid=93528) get_filtered_objects /opt/stack/nova/nova/filters.py:102}}
Aug 12 11:12:07.095956 np0000007040 nova-scheduler[93528]: DEBUG nova.filters [None req-9f0588fa-fd0c-49eb-bd09-f91a2864458f tempest-ServerBootFromVolumeStableRescueTest-1086283718 tempest-ServerBootFromVolumeStableRescueTest-1086283718-project-member] Filter ServerGroupAffinityFilter returned 1 host(s) {{(pid=93528) get_filtered_objects /opt/stack/nova/nova/filters.py:102}}
Aug 12 11:12:07.095956 np0000007040 nova-scheduler[93528]: DEBUG nova.filters [None req-9f0588fa-fd0c-49eb-bd09-f91a2864458f tempest-ServerBootFromVolumeStableRescueTest-1086283718 tempest-ServerBootFromVolumeStableRescueTest-1086283718-project-member] Filter SameHostFilter returned 1 host(s) {{(pid=93528) get_filtered_objects /opt/stack/nova/nova/filters.py:102}}
Aug 12 11:12:07.095956 np0000007040 nova-scheduler[93528]: DEBUG nova.filters [None req-9f0588fa-fd0c-49eb-bd09-f91a2864458f tempest-ServerBootFromVolumeStableRescueTest-1086283718 tempest-ServerBootFromVolumeStableRescueTest-1086283718-project-member] Filter DifferentHostFilter returned 1 host(s) {{(pid=93528) get_filtered_objects /opt/stack/nova/nova/filters.py:102}}
Aug 12 11:12:07.095956 np0000007040 nova-scheduler[93528]: DEBUG nova.scheduler.manager [None req-9f0588fa-fd0c-49eb-bd09-f91a2864458f tempest-ServerBootFromVolumeStableRescueTest-1086283718 tempest-ServerBootFromVolumeStableRescueTest-1086283718-project-member] Filtered [(np0000007040, np0000007040) ram: 62765MB disk: 74752MB io_ops: 0 instances: 0, allocation_candidates: 1] {{(pid=93528) _get_sorted_hosts /opt/stack/nova/nova/scheduler/manager.py:742}}
Aug 12 11:12:07.095956 np0000007040 nova-scheduler[93528]: DEBUG nova.scheduler.manager [None req-9f0588fa-fd0c-49eb-bd09-f91a2864458f tempest-ServerBootFromVolumeStableRescueTest-1086283718 tempest-ServerBootFromVolumeStableRescueTest-1086283718-project-member] Weighed [WeighedHost [host: (np0000007040, np0000007040) ram: 62765MB disk: 74752MB io_ops: 0 instances: 0, allocation_candidates: 1, weight: 0.0]] {{(pid=93528) _get_sorted_hosts /opt/stack/nova/nova/scheduler/manager.py:764}}
Aug 12 11:12:07.096203 np0000007040 nova-scheduler[93528]: DEBUG nova.scheduler.utils [None req-9f0588fa-fd0c-49eb-bd09-f91a2864458f tempest-ServerBootFromVolumeStableRescueTest-1086283718 tempest-ServerBootFromVolumeStableRescueTest-1086283718-project-member] Attempting to claim resources in the placement API for instance 3f3d5d22-1039-43d6-a023-29c455c2be65 {{(pid=93528) claim_resources /opt/stack/nova/nova/scheduler/utils.py:1345}}
Aug 12 11:12:07.156050 np0000007040 nova-scheduler[93532]: INFO nova.utils [None req-4a5fba20-1c56-49d3-9f3c-91f7d031fca4 tempest-DeleteServersTestJSON-461234864 tempest-DeleteServersTestJSON-461234864-project-member] The cell worker thread pool ForkProcess-3.cell_worker is initialized
Aug 12 11:12:07.156473 np0000007040 nova-scheduler[93532]: DEBUG oslo_concurrency.lockutils [None req-4a5fba20-1c56-49d3-9f3c-91f7d031fca4 tempest-DeleteServersTestJSON-461234864 tempest-DeleteServersTestJSON-461234864-project-member] Acquiring lock "3f406c57-7bc0-448e-98b6-2c8d5644fac6" by "nova.context.set_target_cell..get_or_set_cached_cell_and_set_connections" {{(pid=93532) inner /opt/stack/data/venv/lib/python3.12/site-packages/oslo_concurrency/lockutils.py:512}}
Aug 12 11:12:07.156675 np0000007040 nova-scheduler[93532]: DEBUG oslo_concurrency.lockutils [None req-4a5fba20-1c56-49d3-9f3c-91f7d031fca4 tempest-DeleteServersTestJSON-461234864 tempest-DeleteServersTestJSON-461234864-project-member] Lock "3f406c57-7bc0-448e-98b6-2c8d5644fac6" acquired by "nova.context.set_target_cell..get_or_set_cached_cell_and_set_connections" :: waited 0.000s {{(pid=93532) inner /opt/stack/data/venv/lib/python3.12/site-packages/oslo_concurrency/lockutils.py:525}}
Aug 12 11:12:07.158139 np0000007040 nova-scheduler[93532]: DEBUG oslo_concurrency.lockutils [None req-4a5fba20-1c56-49d3-9f3c-91f7d031fca4 tempest-DeleteServersTestJSON-461234864 tempest-DeleteServersTestJSON-461234864-project-member] Lock "3f406c57-7bc0-448e-98b6-2c8d5644fac6" "released" by "nova.context.set_target_cell..get_or_set_cached_cell_and_set_connections" :: held 0.001s {{(pid=93532) inner /opt/stack/data/venv/lib/python3.12/site-packages/oslo_concurrency/lockutils.py:544}}
