Aug 12 11:09:28.341354 np0000007040 devstack@neutron-api.service[87701]: DEBUG neutron.plugins.ml2.drivers.ovn.mech_driver.ovsdb.ovsdb_monitor [-] Hash Ring: Node 3fb4c2cef5ba53f69deb0a4c195b6b76 (host: np0000007040) handling event "create" for row 79dbfc97-7c82-42c1-a408-b3b67d264d22 (table: Logical_Router) {{(pid=87701) notify /opt/stack/neutron/neutron/plugins/ml2/drivers/ovn/mech_driver/ovsdb/ovsdb_monitor.py:1099}}
Aug 12 11:09:28.365160 np0000007040 devstack@neutron-api.service[87700]: DEBUG neutron.plugins.ml2.drivers.ovn.mech_driver.ovsdb.ovsdb_monitor [-] Hash Ring: Node b64366460da95700943c5d366a171385 (host: np0000007040) handling event "create" for row bb022190-5d75-417e-abaa-4d1bf27550cf (table: Datapath_Binding) {{(pid=87700) notify /opt/stack/neutron/neutron/plugins/ml2/drivers/ovn/mech_driver/ovsdb/ovsdb_monitor.py:1099}}
Aug 12 11:09:28.432951 np0000007040 devstack@neutron-api.service[87700]: INFO neutron.db.ovn_revision_numbers_db [None req-de1b9952-8d66-4b36-9bbe-5f73f7c7439a admin admin] Successfully bumped revision number for resource 3e690eb5-c900-49f7-be2c-6e5915f9b46c (type: routers) to 1
Aug 12 11:09:28.443108 np0000007040 devstack@neutron-api.service[87700]: DEBUG neutron_lib.callbacks.manager [None req-de1b9952-8d66-4b36-9bbe-5f73f7c7439a admin admin] Publish callbacks [] for router (None), before_response {{(pid=87700) _notify_loop /opt/stack/data/venv/lib/python3.12/site-packages/neutron_lib/callbacks/manager.py:184}}
Aug 12 11:09:28.443564 np0000007040 devstack@neutron-api.service[87700]: [pid: 87700|app: 0|req: 6/14] 10.4.3.58 () {68 vars in 1316 bytes} [Wed Aug 12 11:09:28 2026] POST /networking/v2.0/routers => generated 599 bytes in 218 msecs (HTTP/1.1 201) 4 headers in 162 bytes (1 switches on core 0)
Aug 12 11:09:28.683165 np0000007040 devstack@neutron-api.service[87702]: DEBUG neutron.api.wsgi [None req-0e6985de-fd62-4223-84cc-9cc28cd46960 admin admin] Missing Content-Type {{(pid=87702) get_content_type /opt/stack/neutron/neutron/api/wsgi.py:80}}
Aug 12 11:09:28.683697 np0000007040 devstack@neutron-api.service[87702]: DEBUG neutron.api.wsgi [None req-0e6985de-fd62-4223-84cc-9cc28cd46960 admin admin] https://10.4.3.58/networking/v2.0/extensions returned with HTTP 200 {{(pid=87702) __call__ /opt/stack/neutron/neutron/api/wsgi.py:540}}
Aug 12 11:09:28.684212 np0000007040 devstack@neutron-api.service[87702]: [pid: 87702|app: 0|req: 5/15] 10.4.3.58 () {64 vars in 1285 bytes} [Wed Aug 12 11:09:28 2026] GET /networking/v2.0/extensions => generated 16171 bytes in 3 msecs (HTTP/1.1 200) 4 headers in 159 bytes (1 switches on core 0)
Aug 12 11:09:28.944125 np0000007040 devstack@neutron-api.service[87701]: DEBUG neutron.api.v2.base [None req-c2b71e50-4d1d-411f-9771-4377cf1ad6eb admin admin] Request body: {'network': {'admin_state_up': True, 'is_default': True, 'name': 'public', 'provider:network_type': 'flat', 'provider:physical_network': 'public', 'router:external': True}} {{(pid=87701) prepare_request_body /opt/stack/neutron/neutron/api/v2/base.py:727}}
Aug 12 11:09:28.957404 np0000007040 devstack@neutron-api.service[87701]: DEBUG neutron.pecan_wsgi.hooks.quota_enforcement [None req-c2b71e50-4d1d-411f-9771-4377cf1ad6eb admin admin] Made reservation on behalf of f729d8bd1fa743b487cec1fe543f0e5f for: {'network': 1} {{(pid=87701) before /opt/stack/neutron/neutron/pecan_wsgi/hooks/quota_enforcement.py:66}}
Aug 12 11:09:28.960526 np0000007040 devstack@neutron-api.service[87701]: DEBUG neutron_lib.callbacks.manager [None req-c2b71e50-4d1d-411f-9771-4377cf1ad6eb admin admin] Publish callbacks ['neutron.plugins.ml2.plugin.SecurityGroupDbMixin._ensure_default_security_group_handler-56354'] for network (None), before_create {{(pid=87701) _notify_loop /opt/stack/data/venv/lib/python3.12/site-packages/neutron_lib/callbacks/manager.py:184}}
Aug 12 11:09:28.994953 np0000007040 devstack@neutron-api.service[87701]: DEBUG neutron.plugins.ml2.drivers.type_flat [None req-c2b71e50-4d1d-411f-9771-4377cf1ad6eb admin admin] Reserving flat network on physical network public {{(pid=87701) reserve_provider_segment /opt/stack/neutron/neutron/plugins/ml2/drivers/type_flat.py:100}}
Aug 12 11:09:29.005360 np0000007040 devstack@neutron-api.service[87701]: DEBUG neutron_lib.callbacks.manager [None req-c2b71e50-4d1d-411f-9771-4377cf1ad6eb admin admin] Publish callbacks ['neutron.services.segments.db._add_segment_host_mapping_for_segment-7711395510386', 'neutron.plugins.ml2.plugin.Ml2Plugin._handle_segment_change-295534'] for segment (43cd84ac-1b1c-4f30-a149-79fac189e987), precommit_create {{(pid=87701) _notify_loop /opt/stack/data/venv/lib/python3.12/site-packages/neutron_lib/callbacks/manager.py:184}}
Aug 12 11:09:29.005578 np0000007040 devstack@neutron-api.service[87701]: DEBUG neutron_lib.callbacks.manager [None req-c2b71e50-4d1d-411f-9771-4377cf1ad6eb admin admin] Unsubscribe: segment precommit_create {{(pid=87701) unsubscribe /opt/stack/data/venv/lib/python3.12/site-packages/neutron_lib/callbacks/manager.py:90}}
Aug 12 11:09:29.005776 np0000007040 devstack@neutron-api.service[87701]: INFO neutron.db.segments_db [None req-c2b71e50-4d1d-411f-9771-4377cf1ad6eb admin admin] Added segment 43cd84ac-1b1c-4f30-a149-79fac189e987 of type flat for network dccabe69-1c7f-401f-ac08-d1a227e531b7
Aug 12 11:09:29.042574 np0000007040 devstack@neutron-api.service[87701]: DEBUG neutron_lib.callbacks.manager [None req-c2b71e50-4d1d-411f-9771-4377cf1ad6eb admin admin] Publish callbacks ['neutron.services.auto_allocate.db._ensure_external_network_default_value_callback-7711393544162'] for network (dccabe69-1c7f-401f-ac08-d1a227e531b7), precommit_create {{(pid=87701) _notify_loop /opt/stack/data/venv/lib/python3.12/site-packages/neutron_lib/callbacks/manager.py:184}}
Aug 12 11:09:29.063822 np0000007040 devstack@neutron-api.service[87701]: DEBUG neutron.plugins.ml2.drivers.ovn.mech_driver.mech_driver [None req-c2b71e50-4d1d-411f-9771-4377cf1ad6eb admin admin] Validating network segment with type flat, segmentation ID None, physical network public {{(pid=87701) _validate_network_segments /opt/stack/neutron/neutron/plugins/ml2/drivers/ovn/mech_driver/mech_driver.py:624}}
Aug 12 11:09:29.063991 np0000007040 devstack@neutron-api.service[87701]: DEBUG neutron.db.ovn_revision_numbers_db [None req-c2b71e50-4d1d-411f-9771-4377cf1ad6eb admin admin] create_initial_revision uuid=dccabe69-1c7f-401f-ac08-d1a227e531b7, type=networks, rev=-1 {{(pid=87701) create_initial_revision /opt/stack/neutron/neutron/db/ovn_revision_numbers_db.py:98}}
Aug 12 11:09:29.081265 np0000007040 devstack@neutron-api.service[87701]: DEBUG neutron_lib.callbacks.manager [None req-c2b71e50-4d1d-411f-9771-4377cf1ad6eb admin admin] Publish callbacks ['neutron.plugins.ml2.ovo_rpc._ObjectChangeHandler.handle_event-2276102'] for network (dccabe69-1c7f-401f-ac08-d1a227e531b7), after_create {{(pid=87701) _notify_loop /opt/stack/data/venv/lib/python3.12/site-packages/neutron_lib/callbacks/manager.py:184}}
Aug 12 11:09:29.126833 np0000007040 devstack@neutron-api.service[87701]: DEBUG neutron.api.rpc.handlers.resources_rpc [None req-c2b71e50-4d1d-411f-9771-4377cf1ad6eb admin admin] Pushing event updated for resources: {'Network': ['ID=dccabe69-1c7f-401f-ac08-d1a227e531b7,revision_number=1']} {{(pid=87701) push /opt/stack/neutron/neutron/api/rpc/handlers/resources_rpc.py:237}}
Aug 12 11:09:29.132453 np0000007040 devstack@neutron-api.service[87701]: DEBUG neutron.api.rpc.callbacks.version_manager [None req-c2b71e50-4d1d-411f-9771-4377cf1ad6eb admin admin] Tracked resource versions report:
Aug 12 11:09:29.132453 np0000007040 devstack@neutron-api.service[87701]: pushed versions:
Aug 12 11:09:29.132453 np0000007040 devstack@neutron-api.service[87701]: { 'AddressGroup': {'1.2'},
Aug 12 11:09:29.132453 np0000007040 devstack@neutron-api.service[87701]: 'Agent': {'1.1'},
Aug 12 11:09:29.132453 np0000007040 devstack@neutron-api.service[87701]: 'ConntrackHelper': {'1.0'},
Aug 12 11:09:29.132453 np0000007040 devstack@neutron-api.service[87701]: 'LocalIPAssociation': {'1.0'},
Aug 12 11:09:29.132453 np0000007040 devstack@neutron-api.service[87701]: 'Log': {'1.0'},
Aug 12 11:09:29.132453 np0000007040 devstack@neutron-api.service[87701]: 'NDPProxy': {'1.0'},
Aug 12 11:09:29.132453 np0000007040 devstack@neutron-api.service[87701]: 'Network': {'1.3'},
Aug 12 11:09:29.132453 np0000007040 devstack@neutron-api.service[87701]: 'Port': {'1.11'},
Aug 12 11:09:29.132453 np0000007040 devstack@neutron-api.service[87701]: 'PortForwarding': {'1.3'},
Aug 12 11:09:29.132453 np0000007040 devstack@neutron-api.service[87701]: 'QosPolicy': {'1.10'},
Aug 12 11:09:29.132453 np0000007040 devstack@neutron-api.service[87701]: 'SecurityGroup': {'1.6'},
Aug 12 11:09:29.132453 np0000007040 devstack@neutron-api.service[87701]: 'SecurityGroupRule': {'1.3'},
Aug 12 11:09:29.132453 np0000007040 devstack@neutron-api.service[87701]: 'SubPort': {'1.0'},
Aug 12 11:09:29.132453 np0000007040 devstack@neutron-api.service[87701]: 'Subnet': {'1.2'},
Aug 12 11:09:29.132453 np0000007040 devstack@neutron-api.service[87701]: 'Trunk': {'1.1'}}
Aug 12 11:09:29.132453 np0000007040 devstack@neutron-api.service[87701]: consumer versions:
Aug 12 11:09:29.132453 np0000007040 devstack@neutron-api.service[87701]: { OVN Neutron agent@np0000007040: {},
Aug 12 11:09:29.132453 np0000007040 devstack@neutron-api.service[87701]: OVN Controller Gateway agent@np0000007040: {}}
Aug 12 11:09:29.132453 np0000007040 devstack@neutron-api.service[87701]: {{(pid=87701) report /opt/stack/neutron/neutron/api/rpc/callbacks/version_manager.py:183}}
Aug 12 11:09:29.143469 np0000007040 devstack@neutron-api.service[87701]: INFO neutron.plugins.ml2.drivers.ovn.mech_driver.ovsdb.extensions.qos [None req-c2b71e50-4d1d-411f-9771-4377cf1ad6eb admin admin] Starting OVNClientQosExtension
Aug 12 11:09:29.143614 np0000007040 devstack@neutron-api.service[87701]: INFO neutron.plugins.ml2.drivers.ovn.mech_driver.ovsdb.extensions.placement [None req-c2b71e50-4d1d-411f-9771-4377cf1ad6eb admin admin] Starting OVNClientPlacementExtension
Aug 12 11:09:29.149417 np0000007040 devstack@neutron-api.service[87701]: DEBUG ovsdbapp.backend.ovs_idl.transaction [-] Running txn n=1 command(idx=0): AddNetworkCommand(_result=None, network_uuid=dccabe69-1c7f-401f-ac08-d1a227e531b7, may_exist=True, columns={'external_ids': {'neutron:network_name': 'public', 'neutron:mtu': '1430', 'neutron:revision_number': '1', 'neutron:availability_zone_hints': '', 'neutron:provnet-network-type': 'flat', 'neutron:provnet-physical-network': 'public'}, 'other_config': {'mcast_snoop': 'false', 'mcast_flood_unregistered': 'false', 'vlan-passthru': 'false', 'fdb_age_threshold': '300', 'broadcast-arps-to-all-routers': 'true'}}) {{(pid=87701) do_commit /opt/stack/data/venv/lib/python3.12/site-packages/ovsdbapp/backend/ovs_idl/transaction.py:89}}
Aug 12 11:09:29.149966 np0000007040 devstack@neutron-api.service[87701]: DEBUG neutron.common.ovn.utils [-] OVS persist_uuid supported=True {{(pid=87701) ovs_persist_uuid_supported /opt/stack/neutron/neutron/common/ovn/utils.py:1565}}
Aug 12 11:09:29.150406 np0000007040 devstack@neutron-api.service[87701]: DEBUG ovsdbapp.backend.ovs_idl.transaction [-] Running txn n=1 command(idx=1): AddLSwitchPortCommand(_result=None, lport=provnet-43cd84ac-1b1c-4f30-a149-79fac189e987, lswitch=neutron-dccabe69-1c7f-401f-ac08-d1a227e531b7, may_exist=True, network_uuid=dccabe69-1c7f-401f-ac08-d1a227e531b7, columns={'addresses': ['unknown'], 'external_ids': {'neutron:provnet-physical-network': 'public'}, 'type': 'localnet', 'tag_request': [], 'options': {'network_name': 'public', 'mcast_flood_reports': 'true', 'mcast_flood': 'false', 'localnet_learn_fdb': 'false'}}) {{(pid=87701) do_commit /opt/stack/data/venv/lib/python3.12/site-packages/ovsdbapp/backend/ovs_idl/transaction.py:89}}
Aug 12 11:09:29.153975 np0000007040 devstack@neutron-api.service[87700]: DEBUG neutron.plugins.ml2.drivers.ovn.mech_driver.ovsdb.ovsdb_monitor [-] Hash Ring: Node b64366460da95700943c5d366a171385 (host: np0000007040) handling event "create" for row dccabe69-1c7f-401f-ac08-d1a227e531b7 (table: Logical_Switch) {{(pid=87700) notify /opt/stack/neutron/neutron/plugins/ml2/drivers/ovn/mech_driver/ovsdb/ovsdb_monitor.py:1099}}
Aug 12 11:09:29.154417 np0000007040 devstack@neutron-api.service[87701]: DEBUG neutron.plugins.ml2.drivers.ovn.mech_driver.ovsdb.ovsdb_monitor [-] Hash Ring: Node 3fb4c2cef5ba53f69deb0a4c195b6b76 (host: np0000007040) handling event "create" for row dccabe69-1c7f-401f-ac08-d1a227e531b7 (table: Logical_Switch) {{(pid=87701) notify /opt/stack/neutron/neutron/plugins/ml2/drivers/ovn/mech_driver/ovsdb/ovsdb_monitor.py:1099}}
Aug 12 11:09:29.154526 np0000007040 devstack@neutron-api.service[87700]: DEBUG neutron.plugins.ml2.drivers.ovn.mech_driver.ovsdb.ovsdb_monitor [-] Hash Ring: Node b64366460da95700943c5d366a171385 (host: np0000007040) handling event "create" for row 6c61dc2a-e5ee-45ab-b135-c69cf6a6a1b8 (table: Logical_Switch_Port) {{(pid=87700) notify /opt/stack/neutron/neutron/plugins/ml2/drivers/ovn/mech_driver/ovsdb/ovsdb_monitor.py:1099}}
Aug 12 11:09:29.154675 np0000007040 devstack@neutron-api.service[87701]: DEBUG neutron.plugins.ml2.drivers.ovn.mech_driver.ovsdb.ovsdb_monitor [-] Hash Ring: Node 3fb4c2cef5ba53f69deb0a4c195b6b76 (host: np0000007040) handling event "create" for row 6c61dc2a-e5ee-45ab-b135-c69cf6a6a1b8 (table: Logical_Switch_Port) {{(pid=87701) notify /opt/stack/neutron/neutron/plugins/ml2/drivers/ovn/mech_driver/ovsdb/ovsdb_monitor.py:1099}}
Aug 12 11:09:29.154806 np0000007040 devstack@neutron-api.service[87700]: DEBUG neutron.plugins.ml2.drivers.ovn.mech_driver.ovsdb.ovsdb_monitor [-] Hash Ring: Node b64366460da95700943c5d366a171385 (host: np0000007040) handling event "update" for row 6c61dc2a-e5ee-45ab-b135-c69cf6a6a1b8 (table: Logical_Switch_Port) {{(pid=87700) notify /opt/stack/neutron/neutron/plugins/ml2/drivers/ovn/mech_driver/ovsdb/ovsdb_monitor.py:1099}}
Aug 12 11:09:29.155373 np0000007040 devstack@neutron-api.service[87701]: DEBUG neutron.plugins.ml2.drivers.ovn.mech_driver.ovsdb.ovsdb_monitor [-] Hash Ring: Node 3fb4c2cef5ba53f69deb0a4c195b6b76 (host: np0000007040) handling event "update" for row 6c61dc2a-e5ee-45ab-b135-c69cf6a6a1b8 (table: Logical_Switch_Port) {{(pid=87701) notify /opt/stack/neutron/neutron/plugins/ml2/drivers/ovn/mech_driver/ovsdb/ovsdb_monitor.py:1099}}
Aug 12 11:09:29.163553 np0000007040 devstack@neutron-api.service[87700]: DEBUG neutron.plugins.ml2.drivers.ovn.mech_driver.ovsdb.ovsdb_monitor [-] Hash Ring: Node b64366460da95700943c5d366a171385 (host: np0000007040) handling event "create" for row f0a50464-98d1-443a-8e6a-6f00edc1a7a0 (table: Datapath_Binding) {{(pid=87700) notify /opt/stack/neutron/neutron/plugins/ml2/drivers/ovn/mech_driver/ovsdb/ovsdb_monitor.py:1099}}
Aug 12 11:09:29.163785 np0000007040 devstack@neutron-api.service[87702]: DEBUG neutron.plugins.ml2.drivers.ovn.mech_driver.ovsdb.ovsdb_monitor [-] Hash Ring: Node 9b207474d0c55c4d816dfff89c4f1dd0 (host: np0000007040) handling event "create" for row f0a50464-98d1-443a-8e6a-6f00edc1a7a0 (table: Datapath_Binding) {{(pid=87702) notify /opt/stack/neutron/neutron/plugins/ml2/drivers/ovn/mech_driver/ovsdb/ovsdb_monitor.py:1099}}
Aug 12 11:09:29.163855 np0000007040 devstack@neutron-api.service[87700]: DEBUG neutron.plugins.ml2.drivers.ovn.mech_driver.ovsdb.ovsdb_monitor [-] Hash Ring: Node b64366460da95700943c5d366a171385 (host: np0000007040) handling event "create" for row 1484cc50-df42-46df-8cdb-f7ffb4c56c4e (table: Port_Binding) {{(pid=87700) notify /opt/stack/neutron/neutron/plugins/ml2/drivers/ovn/mech_driver/ovsdb/ovsdb_monitor.py:1099}}
Aug 12 11:09:29.164003 np0000007040 devstack@neutron-api.service[87702]: DEBUG neutron.plugins.ml2.drivers.ovn.mech_driver.ovsdb.ovsdb_monitor [-] Hash Ring: Node 9b207474d0c55c4d816dfff89c4f1dd0 (host: np0000007040) handling event "create" for row 1484cc50-df42-46df-8cdb-f7ffb4c56c4e (table: Port_Binding) {{(pid=87702) notify /opt/stack/neutron/neutron/plugins/ml2/drivers/ovn/mech_driver/ovsdb/ovsdb_monitor.py:1099}}
Aug 12 11:09:29.186175 np0000007040 devstack@neutron-api.service[87701]: INFO neutron.db.ovn_revision_numbers_db [None req-c2b71e50-4d1d-411f-9771-4377cf1ad6eb admin admin] Successfully bumped revision number for resource dccabe69-1c7f-401f-ac08-d1a227e531b7 (type: networks) to 1
Aug 12 11:09:29.232000 np0000007040 devstack@neutron-api.service[87701]: DEBUG neutron_lib.callbacks.manager [None req-c2b71e50-4d1d-411f-9771-4377cf1ad6eb admin admin] Publish callbacks ['neutron.plugins.ml2.plugin.SecurityGroupDbMixin._ensure_default_security_group_handler-56354'] for port (None), before_create {{(pid=87701) _notify_loop /opt/stack/data/venv/lib/python3.12/site-packages/neutron_lib/callbacks/manager.py:184}}
Aug 12 11:09:29.310612 np0000007040 devstack@neutron-api.service[87701]: DEBUG neutron_lib.callbacks.manager [None req-c2b71e50-4d1d-411f-9771-4377cf1ad6eb admin admin] Publish callbacks ['neutron.plugins.ml2.drivers.ovn.mech_driver.mech_driver.OVNMechanismDriver._validate_allowed_address_pairs-900394'] for allowed_address_pair (677e4587-cc30-47d3-9847-cc32fd2f72ab), before_create {{(pid=87701) _notify_loop /opt/stack/data/venv/lib/python3.12/site-packages/neutron_lib/callbacks/manager.py:184}}
Aug 12 11:09:29.311262 np0000007040 devstack@neutron-api.service[87701]: DEBUG neutron_lib.callbacks.manager [None req-c2b71e50-4d1d-411f-9771-4377cf1ad6eb admin admin] Publish callbacks [] for port (677e4587-cc30-47d3-9847-cc32fd2f72ab), precommit_create {{(pid=87701) _notify_loop /opt/stack/data/venv/lib/python3.12/site-packages/neutron_lib/callbacks/manager.py:184}}
Aug 12 11:09:29.311445 np0000007040 devstack@neutron-api.service[87701]: DEBUG neutron.plugins.ml2.drivers.ovn.mech_driver.mech_driver [None req-c2b71e50-4d1d-411f-9771-4377cf1ad6eb admin admin] No provisioning block for port 677e4587-cc30-47d3-9847-cc32fd2f72ab since it does not have a host {{(pid=87701) _is_port_provisioning_required /opt/stack/neutron/neutron/plugins/ml2/drivers/ovn/mech_driver/mech_driver.py:877}}
Aug 12 11:09:29.311555 np0000007040 devstack@neutron-api.service[87701]: DEBUG neutron.db.ovn_revision_numbers_db [None req-c2b71e50-4d1d-411f-9771-4377cf1ad6eb admin admin] create_initial_revision uuid=677e4587-cc30-47d3-9847-cc32fd2f72ab, type=ports, rev=-1 {{(pid=87701) create_initial_revision /opt/stack/neutron/neutron/db/ovn_revision_numbers_db.py:98}}
Aug 12 11:09:29.538262 np0000007040 devstack@neutron-api.service[87701]: DEBUG neutron_lib.callbacks.manager [None req-c2b71e50-4d1d-411f-9771-4377cf1ad6eb admin admin] Publish callbacks ['neutron.plugins.ml2.ovo_rpc._ObjectChangeHandler.handle_event-2275354'] for port (677e4587-cc30-47d3-9847-cc32fd2f72ab), after_create {{(pid=87701) _notify_loop /opt/stack/data/venv/lib/python3.12/site-packages/neutron_lib/callbacks/manager.py:184}}
Aug 12 11:09:29.589447 np0000007040 devstack@neutron-api.service[87701]: DEBUG neutron.api.rpc.handlers.resources_rpc [None req-c2b71e50-4d1d-411f-9771-4377cf1ad6eb admin admin] Pushing event updated for resources: {'Port': ['ID=677e4587-cc30-47d3-9847-cc32fd2f72ab,revision_number=1']} {{(pid=87701) push /opt/stack/neutron/neutron/api/rpc/handlers/resources_rpc.py:237}}
Aug 12 11:09:29.636369 np0000007040 devstack@neutron-api.service[87701]: DEBUG neutron.plugins.ml2.drivers.ovn.mech_driver.ovsdb.commands [None req-c2b71e50-4d1d-411f-9771-4377cf1ad6eb admin admin] Converting tag [] to a tag_request {{(pid=87701) _tag_column_to_tag_request /opt/stack/neutron/neutron/plugins/ml2/drivers/ovn/mech_driver/ovsdb/commands.py:227}}
Aug 12 11:09:29.637130 np0000007040 devstack@neutron-api.service[87701]: DEBUG ovsdbapp.backend.ovs_idl.transaction [-] Running txn n=1 command(idx=0): AddLSwitchPortCommand(_result=None, lport=677e4587-cc30-47d3-9847-cc32fd2f72ab, lswitch=neutron-dccabe69-1c7f-401f-ac08-d1a227e531b7, may_exist=True, network_uuid=dccabe69-1c7f-401f-ac08-d1a227e531b7, columns={'addresses': ['fa:16:3e:9c:ba:00'], 'external_ids': {'neutron:port_name': '', 'neutron:device_id': 'ovnmeta-dccabe69-1c7f-401f-ac08-d1a227e531b7', 'neutron:project_id': 'f729d8bd1fa743b487cec1fe543f0e5f', 'neutron:cidrs': '', 'neutron:device_owner': 'network:distributed', 'neutron:subnet_pool_addr_scope4': '', 'neutron:subnet_pool_addr_scope6': '', 'neutron:network_name': 'neutron-dccabe69-1c7f-401f-ac08-d1a227e531b7', 'neutron:security_group_ids': '', 'neutron:revision_number': '1', 'neutron:vnic_type': 'normal', 'neutron:port_capabilities': '', 'neutron:mtu': '1430'}, 'parent_name': [], 'enabled': True, 'options': {}, 'type': 'localport', 'port_security': [], 'dhcpv4_options': [], 'dhcpv6_options': [], 'tag_request': []}) {{(pid=87701) do_commit /opt/stack/data/venv/lib/python3.12/site-packages/ovsdbapp/backend/ovs_idl/transaction.py:89}}
Aug 12 11:09:29.637574 np0000007040 devstack@neutron-api.service[87701]: DEBUG ovsdbapp.backend.ovs_idl.transaction [-] Running txn n=1 command(idx=1): QoSDelCommand(_result=None, switch=neutron-dccabe69-1c7f-401f-ac08-d1a227e531b7, conditions=[('direction', '=', 'to-lport'), ('priority', '=', 2002), ('match', '=', 'outport == "677e4587-cc30-47d3-9847-cc32fd2f72ab"')], if_exists=True) {{(pid=87701) do_commit /opt/stack/data/venv/lib/python3.12/site-packages/ovsdbapp/backend/ovs_idl/transaction.py:89}}
Aug 12 11:09:29.637745 np0000007040 devstack@neutron-api.service[87701]: DEBUG ovsdbapp.backend.ovs_idl.transaction [-] Running txn n=1 command(idx=2): QoSDelCommand(_result=None, switch=neutron-dccabe69-1c7f-401f-ac08-d1a227e531b7, conditions=[('direction', '=', 'from-lport'), ('priority', '=', 2002), ('match', '=', 'inport == "677e4587-cc30-47d3-9847-cc32fd2f72ab"')], if_exists=True) {{(pid=87701) do_commit /opt/stack/data/venv/lib/python3.12/site-packages/ovsdbapp/backend/ovs_idl/transaction.py:89}}
Aug 12 11:09:29.637913 np0000007040 devstack@neutron-api.service[87701]: DEBUG ovsdbapp.backend.ovs_idl.transaction [-] Running txn n=1 command(idx=3): UpdateLSwitchPortQosOptionsCommand(_result=None, lport=AddLSwitchPortCommand(_result=b050f1aa-bae6-4cd4-b0c1-c8f956f093eb, lport=677e4587-cc30-47d3-9847-cc32fd2f72ab, lswitch=neutron-dccabe69-1c7f-401f-ac08-d1a227e531b7, may_exist=True, network_uuid=dccabe69-1c7f-401f-ac08-d1a227e531b7, columns={'addresses': ['fa:16:3e:9c:ba:00'], 'external_ids': {'neutron:port_name': '', 'neutron:device_id': 'ovnmeta-dccabe69-1c7f-401f-ac08-d1a227e531b7', 'neutron:project_id': 'f729d8bd1fa743b487cec1fe543f0e5f', 'neutron:cidrs': '', 'neutron:device_owner': 'network:distributed', 'neutron:subnet_pool_addr_scope4': '', 'neutron:subnet_pool_addr_scope6': '', 'neutron:network_name': 'neutron-dccabe69-1c7f-401f-ac08-d1a227e531b7', 'neutron:security_group_ids': '', 'neutron:revision_number': '1', 'neutron:vnic_type': 'normal', 'neutron:port_capabilities': '', 'neutron:mtu': '1430'}, 'parent_name': [], 'enabled': True, 'options': {}, 'type': 'localport', 'port_security': [], 'tag_request': []}), if_exists=True, qos={'qos_max_rate': None, 'qos_burst': None, 'qos_min_rate': None}) {{(pid=87701) do_commit /opt/stack/data/venv/lib/python3.12/site-packages/ovsdbapp/backend/ovs_idl/transaction.py:89}}
Aug 12 11:09:29.640992 np0000007040 devstack@neutron-api.service[87701]: DEBUG neutron.plugins.ml2.drivers.ovn.mech_driver.ovsdb.ovsdb_monitor [-] Hash Ring: Node 3fb4c2cef5ba53f69deb0a4c195b6b76 (host: np0000007040) handling event "update" for row dccabe69-1c7f-401f-ac08-d1a227e531b7 (table: Logical_Switch) {{(pid=87701) notify /opt/stack/neutron/neutron/plugins/ml2/drivers/ovn/mech_driver/ovsdb/ovsdb_monitor.py:1099}}
Aug 12 11:09:29.641196 np0000007040 devstack@neutron-api.service[87700]: DEBUG neutron.plugins.ml2.drivers.ovn.mech_driver.ovsdb.ovsdb_monitor [-] Hash Ring: Node b64366460da95700943c5d366a171385 (host: np0000007040) handling event "update" for row dccabe69-1c7f-401f-ac08-d1a227e531b7 (table: Logical_Switch) {{(pid=87700) notify /opt/stack/neutron/neutron/plugins/ml2/drivers/ovn/mech_driver/ovsdb/ovsdb_monitor.py:1099}}
Aug 12 11:09:29.641421 np0000007040 devstack@neutron-api.service[87700]: DEBUG neutron.plugins.ml2.drivers.ovn.mech_driver.ovsdb.ovsdb_monitor [-] Hash Ring: Node b64366460da95700943c5d366a171385 (host: np0000007040) handling event "create" for row 19f3b58c-1d67-4445-859b-3d2d16767303 (table: Logical_Switch_Port) {{(pid=87700) notify /opt/stack/neutron/neutron/plugins/ml2/drivers/ovn/mech_driver/ovsdb/ovsdb_monitor.py:1099}}
Aug 12 11:09:29.642427 np0000007040 devstack@neutron-api.service[87700]: DEBUG ovsdbapp.backend.ovs_idl.event [-] Matched CREATE: LogicalSwitchPortCreateEvent(events=('create',), table='Logical_Switch_Port', conditions=[], old_conditions=None), priority=20 to row=Logical_Switch_Port(uuid=19f3b58c-1d67-4445-859b-3d2d16767303, addresses=['fa:16:3e:9c:ba:00'], dhcpv4_options=[], dhcpv6_options=[], dynamic_addresses=[], enabled=True, external_ids={'neutron:cidrs': '', 'neutron:device_id': 'ovnmeta-dccabe69-1c7f-401f-ac08-d1a227e531b7', 'neutron:device_owner': 'network:distributed', 'neutron:mtu': '1430', 'neutron:network_name': 'neutron-dccabe69-1c7f-401f-ac08-d1a227e531b7', 'neutron:port_capabilities': '', 'neutron:port_name': '', 'neutron:project_id': 'f729d8bd1fa743b487cec1fe543f0e5f', 'neutron:revision_number': '1', 'neutron:security_group_ids': '', 'neutron:subnet_pool_addr_scope4': '', 'neutron:subnet_pool_addr_scope6': '', 'neutron:vnic_type': 'normal'}, ha_chassis_group=[], mirror_rules=[], name='677e4587-cc30-47d3-9847-cc32fd2f72ab', options={}, parent_name=[], port_security=[], tag=[], tag_request=[], type='localport', up=[]) old= {{(pid=87700) matches /opt/stack/data/venv/lib/python3.12/site-packages/ovsdbapp/backend/ovs_idl/event.py:55}}
Aug 12 11:09:29.643341 np0000007040 devstack@neutron-api.service[87700]: INFO neutron.plugins.ml2.drivers.ovn.mech_driver.mech_driver [None req-911f20df-73f2-410a-9ab9-48853d391d6c None None] OVN reports status down for port: 677e4587-cc30-47d3-9847-cc32fd2f72ab
Aug 12 11:09:29.645663 np0000007040 devstack@neutron-api.service[87702]: DEBUG neutron.plugins.ml2.drivers.ovn.mech_driver.ovsdb.ovsdb_monitor [-] Hash Ring: Node 9b207474d0c55c4d816dfff89c4f1dd0 (host: np0000007040) handling event "create" for row e1d69ce7-69d5-4072-835c-2d5e2716a6d4 (table: Port_Binding) {{(pid=87702) notify /opt/stack/neutron/neutron/plugins/ml2/drivers/ovn/mech_driver/ovsdb/ovsdb_monitor.py:1099}}
Aug 12 11:09:29.647949 np0000007040 devstack@neutron-api.service[87700]: DEBUG neutron.plugins.ml2.drivers.ovn.mech_driver.ovsdb.ovsdb_monitor [-] Hash Ring: Node b64366460da95700943c5d366a171385 (host: np0000007040) handling event "update" for row 19f3b58c-1d67-4445-859b-3d2d16767303 (table: Logical_Switch_Port) {{(pid=87700) notify /opt/stack/neutron/neutron/plugins/ml2/drivers/ovn/mech_driver/ovsdb/ovsdb_monitor.py:1099}}
Aug 12 11:09:29.648718 np0000007040 devstack@neutron-api.service[87700]: DEBUG neutron.plugins.ml2.drivers.ovn.mech_driver.ovsdb.ovsdb_monitor [-] Hash Ring: Node b64366460da95700943c5d366a171385 (host: np0000007040) handling event "create" for row e1d69ce7-69d5-4072-835c-2d5e2716a6d4 (table: Port_Binding) {{(pid=87700) notify /opt/stack/neutron/neutron/plugins/ml2/drivers/ovn/mech_driver/ovsdb/ovsdb_monitor.py:1099}}
Aug 12 11:09:29.666203 np0000007040 devstack@neutron-api.service[87700]: DEBUG neutron.db.provisioning_blocks [None req-911f20df-73f2-410a-9ab9-48853d391d6c None None] Transition to ACTIVE for port object 677e4587-cc30-47d3-9847-cc32fd2f72ab will not be triggered until provisioned by entity L2. {{(pid=87700) add_provisioning_component /opt/stack/neutron/neutron/db/provisioning_blocks.py:74}}
Aug 12 11:09:29.684521 np0000007040 devstack@neutron-api.service[87700]: DEBUG neutron.plugins.ml2.plugin [None req-911f20df-73f2-410a-9ab9-48853d391d6c None None] Current status of the port 677e4587-cc30-47d3-9847-cc32fd2f72ab is: DOWN; New status is: DOWN {{(pid=87700) _update_individual_port_db_status /opt/stack/neutron/neutron/plugins/ml2/plugin.py:2473}}
Aug 12 11:09:29.685269 np0000007040 devstack@neutron-api.service[87700]: DEBUG ovsdbapp.backend.ovs_idl.transaction [-] Running txn n=1 command(idx=0): DbRemoveCommand(_result=None, table=Logical_Switch_Port, record=677e4587-cc30-47d3-9847-cc32fd2f72ab, column=external_ids, values=('neutron:host_id',), keyvalues={}, if_exists=True) {{(pid=87700) do_commit /opt/stack/data/venv/lib/python3.12/site-packages/ovsdbapp/backend/ovs_idl/transaction.py:89}}
Aug 12 11:09:29.687322 np0000007040 devstack@neutron-api.service[87701]: INFO neutron.db.ovn_revision_numbers_db [None req-c2b71e50-4d1d-411f-9771-4377cf1ad6eb admin admin] Successfully bumped revision number for resource 677e4587-cc30-47d3-9847-cc32fd2f72ab (type: ports) to 1
Aug 12 11:09:29.697433 np0000007040 devstack@neutron-api.service[87701]: DEBUG neutron.pecan_wsgi.hooks.policy_enforcement [None req-c2b71e50-4d1d-411f-9771-4377cf1ad6eb admin admin] Attributes excluded by policy engine: ['standard_attr_id'] {{(pid=87701) _exclude_attributes_by_policy /opt/stack/neutron/neutron/pecan_wsgi/hooks/policy_enforcement.py:259}}
Aug 12 11:09:29.697782 np0000007040 devstack@neutron-api.service[87701]: DEBUG neutron_lib.callbacks.manager [None req-c2b71e50-4d1d-411f-9771-4377cf1ad6eb admin admin] Publish callbacks [] for network (None), before_response {{(pid=87701) _notify_loop /opt/stack/data/venv/lib/python3.12/site-packages/neutron_lib/callbacks/manager.py:184}}
Aug 12 11:09:29.705884 np0000007040 devstack@neutron-api.service[87701]: [pid: 87701|app: 0|req: 5/16] 10.4.3.58 () {68 vars in 1320 bytes} [Wed Aug 12 11:09:28 2026] POST /networking/v2.0/networks => generated 679 bytes in 764 msecs (HTTP/1.1 201) 4 headers in 162 bytes (1 switches on core 0)
Aug 12 11:09:29.930542 np0000007040 devstack@neutron-api.service[87700]: DEBUG neutron.pecan_wsgi.hooks.policy_enforcement [None req-7012901d-00df-4f97-8ae9-d0fae22b6fed admin admin] Attributes excluded by policy engine: ['standard_attr_id', 'shared'] {{(pid=87700) _exclude_attributes_by_policy /opt/stack/neutron/neutron/pecan_wsgi/hooks/policy_enforcement.py:259}}
Aug 12 11:09:29.931612 np0000007040 devstack@neutron-api.service[87700]: [pid: 87700|app: 0|req: 7/17] 10.4.3.58 () {64 vars in 1374 bytes} [Wed Aug 12 11:09:29 2026] GET /networking/v2.0/subnets/1159a7fe-e8b4-42ce-8dd9-1d7a2813f6cd => generated 666 bytes in 21 msecs (HTTP/1.1 200) 4 headers in 157 bytes (1 switches on core 0)
Aug 12 11:09:29.941270 np0000007040 devstack@neutron-api.service[87702]: DEBUG neutron.api.wsgi [None req-9bbaa4c8-b3fd-4c8d-9769-738b39a32e37 admin admin] Missing Content-Type {{(pid=87702) get_content_type /opt/stack/neutron/neutron/api/wsgi.py:80}}
Aug 12 11:09:30.015525 np0000007040 devstack@neutron-api.service[87702]: [pid: 87702|app: 0|req: 6/18] 10.4.3.58 () {64 vars in 1374 bytes} [Wed Aug 12 11:09:29 2026] GET /networking/v2.0/routers/3e690eb5-c900-49f7-be2c-6e5915f9b46c => generated 599 bytes in 76 msecs (HTTP/1.1 200) 4 headers in 157 bytes (1 switches on core 0)
Aug 12 11:09:30.152517 np0000007040 devstack@neutron-api.service[87701]: DEBUG neutron_lib.callbacks.manager [None req-c5753fba-2043-4e37-8c60-e6e4afef65ea admin admin] Publish callbacks ['neutron.plugins.ml2.plugin.SecurityGroupDbMixin._ensure_default_security_group_handler-56354'] for port (None), before_create {{(pid=87701) _notify_loop /opt/stack/data/venv/lib/python3.12/site-packages/neutron_lib/callbacks/manager.py:184}}
Aug 12 11:09:30.254998 np0000007040 devstack@neutron-api.service[87701]: DEBUG neutron.db.db_base_plugin_common [None req-c5753fba-2043-4e37-8c60-e6e4afef65ea admin admin] Allocated IP 10.1.0.1 (8b6d65c0-1fee-41c8-927b-d25ad7b438f0/1159a7fe-e8b4-42ce-8dd9-1d7a2813f6cd/e4f6b065-1052-4483-8ec9-0c89ebe63015) {{(pid=87701) _store_ip_allocation /opt/stack/neutron/neutron/db/db_base_plugin_common.py:131}}
Aug 12 11:09:30.311748 np0000007040 devstack@neutron-api.service[87701]: DEBUG neutron_lib.callbacks.manager [None req-c5753fba-2043-4e37-8c60-e6e4afef65ea admin admin] Publish callbacks ['neutron.plugins.ml2.drivers.ovn.mech_driver.mech_driver.OVNMechanismDriver._validate_allowed_address_pairs-900394'] for allowed_address_pair (e4f6b065-1052-4483-8ec9-0c89ebe63015), before_create {{(pid=87701) _notify_loop /opt/stack/data/venv/lib/python3.12/site-packages/neutron_lib/callbacks/manager.py:184}}
Aug 12 11:09:30.312289 np0000007040 devstack@neutron-api.service[87701]: DEBUG neutron_lib.callbacks.manager [None req-c5753fba-2043-4e37-8c60-e6e4afef65ea admin admin] Publish callbacks [] for port (e4f6b065-1052-4483-8ec9-0c89ebe63015), precommit_create {{(pid=87701) _notify_loop /opt/stack/data/venv/lib/python3.12/site-packages/neutron_lib/callbacks/manager.py:184}}
Aug 12 11:09:30.312454 np0000007040 devstack@neutron-api.service[87701]: DEBUG neutron.plugins.ml2.drivers.ovn.mech_driver.mech_driver [None req-c5753fba-2043-4e37-8c60-e6e4afef65ea admin admin] No provisioning block for port e4f6b065-1052-4483-8ec9-0c89ebe63015 since it does not have a host {{(pid=87701) _is_port_provisioning_required /opt/stack/neutron/neutron/plugins/ml2/drivers/ovn/mech_driver/mech_driver.py:877}}
Aug 12 11:09:30.312561 np0000007040 devstack@neutron-api.service[87701]: DEBUG neutron.db.ovn_revision_numbers_db [None req-c5753fba-2043-4e37-8c60-e6e4afef65ea admin admin] create_initial_revision uuid=e4f6b065-1052-4483-8ec9-0c89ebe63015, type=ports, rev=-1 {{(pid=87701) create_initial_revision /opt/stack/neutron/neutron/db/ovn_revision_numbers_db.py:98}}
Aug 12 11:09:30.371863 np0000007040 devstack@neutron-api.service[87701]: DEBUG neutron.db.ovn_revision_numbers_db [None req-c5753fba-2043-4e37-8c60-e6e4afef65ea admin admin] create_initial_revision uuid=e4f6b065-1052-4483-8ec9-0c89ebe63015, type=router_ports, rev=-1 {{(pid=87701) create_initial_revision /opt/stack/neutron/neutron/db/ovn_revision_numbers_db.py:98}}
Aug 12 11:09:30.394804 np0000007040 devstack@neutron-api.service[87701]: DEBUG neutron_lib.callbacks.manager [None req-c5753fba-2043-4e37-8c60-e6e4afef65ea admin admin] Publish callbacks ['neutron.plugins.ml2.ovo_rpc._ObjectChangeHandler.handle_event-2275354'] for port (e4f6b065-1052-4483-8ec9-0c89ebe63015), after_create {{(pid=87701) _notify_loop /opt/stack/data/venv/lib/python3.12/site-packages/neutron_lib/callbacks/manager.py:184}}
Aug 12 11:09:30.414562 np0000007040 devstack@neutron-api.service[87701]: DEBUG neutron.api.rpc.handlers.resources_rpc [None req-c5753fba-2043-4e37-8c60-e6e4afef65ea admin admin] Pushing event updated for resources: {'Port': ['ID=e4f6b065-1052-4483-8ec9-0c89ebe63015,revision_number=1']} {{(pid=87701) push /opt/stack/neutron/neutron/api/rpc/handlers/resources_rpc.py:237}}
Aug 12 11:09:30.465922 np0000007040 devstack@neutron-api.service[87701]: DEBUG neutron.plugins.ml2.drivers.ovn.mech_driver.ovsdb.commands [None req-c5753fba-2043-4e37-8c60-e6e4afef65ea admin admin] Converting tag [] to a tag_request {{(pid=87701) _tag_column_to_tag_request /opt/stack/neutron/neutron/plugins/ml2/drivers/ovn/mech_driver/ovsdb/commands.py:227}}
Aug 12 11:09:30.466708 np0000007040 devstack@neutron-api.service[87701]: DEBUG ovsdbapp.backend.ovs_idl.transaction [-] Running txn n=1 command(idx=0): AddLSwitchPortCommand(_result=None, lport=e4f6b065-1052-4483-8ec9-0c89ebe63015, lswitch=neutron-8b6d65c0-1fee-41c8-927b-d25ad7b438f0, may_exist=True, network_uuid=8b6d65c0-1fee-41c8-927b-d25ad7b438f0, columns={'addresses': ['unknown'], 'external_ids': {'neutron:port_name': '', 'neutron:device_id': '3e690eb5-c900-49f7-be2c-6e5915f9b46c', 'neutron:project_id': 'f729d8bd1fa743b487cec1fe543f0e5f', 'neutron:cidrs': '10.1.0.1/26', 'neutron:device_owner': 'network:router_interface', 'neutron:subnet_pool_addr_scope4': '', 'neutron:subnet_pool_addr_scope6': '', 'neutron:network_name': 'neutron-8b6d65c0-1fee-41c8-927b-d25ad7b438f0', 'neutron:security_group_ids': '', 'neutron:revision_number': '1', 'neutron:vnic_type': 'normal', 'neutron:port_capabilities': '', 'neutron:mtu': ''}, 'parent_name': [], 'enabled': True, 'options': {}, 'type': '', 'port_security': [], 'dhcpv4_options': [], 'dhcpv6_options': [], 'tag_request': []}) {{(pid=87701) do_commit /opt/stack/data/venv/lib/python3.12/site-packages/ovsdbapp/backend/ovs_idl/transaction.py:89}}
Aug 12 11:09:30.467249 np0000007040 devstack@neutron-api.service[87701]: DEBUG ovsdbapp.backend.ovs_idl.transaction [-] Running txn n=1 command(idx=1): QoSDelCommand(_result=None, switch=neutron-8b6d65c0-1fee-41c8-927b-d25ad7b438f0, conditions=[('direction', '=', 'to-lport'), ('priority', '=', 2002), ('match', '=', 'outport == "e4f6b065-1052-4483-8ec9-0c89ebe63015"')], if_exists=True) {{(pid=87701) do_commit /opt/stack/data/venv/lib/python3.12/site-packages/ovsdbapp/backend/ovs_idl/transaction.py:89}}
Aug 12 11:09:30.467399 np0000007040 devstack@neutron-api.service[87701]: DEBUG ovsdbapp.backend.ovs_idl.transaction [-] Running txn n=1 command(idx=2): QoSDelCommand(_result=None, switch=neutron-8b6d65c0-1fee-41c8-927b-d25ad7b438f0, conditions=[('direction', '=', 'from-lport'), ('priority', '=', 2002), ('match', '=', 'inport == "e4f6b065-1052-4483-8ec9-0c89ebe63015"')], if_exists=True) {{(pid=87701) do_commit /opt/stack/data/venv/lib/python3.12/site-packages/ovsdbapp/backend/ovs_idl/transaction.py:89}}
Aug 12 11:09:30.470734 np0000007040 devstack@neutron-api.service[87700]: DEBUG neutron.plugins.ml2.drivers.ovn.mech_driver.ovsdb.ovsdb_monitor [-] Hash Ring: Node b64366460da95700943c5d366a171385 (host: np0000007040) handling event "update" for row 8b6d65c0-1fee-41c8-927b-d25ad7b438f0 (table: Logical_Switch) {{(pid=87700) notify /opt/stack/neutron/neutron/plugins/ml2/drivers/ovn/mech_driver/ovsdb/ovsdb_monitor.py:1099}}
Aug 12 11:09:30.472195 np0000007040 devstack@neutron-api.service[87700]: DEBUG neutron.plugins.ml2.drivers.ovn.mech_driver.ovsdb.ovsdb_monitor [-] Hash Ring: Node b64366460da95700943c5d366a171385 (host: np0000007040) handling event "create" for row a29a9abe-8a33-4f30-8a1d-115bb572df00 (table: Logical_Switch_Port) {{(pid=87700) notify /opt/stack/neutron/neutron/plugins/ml2/drivers/ovn/mech_driver/ovsdb/ovsdb_monitor.py:1099}}
Aug 12 11:09:30.473363 np0000007040 devstack@neutron-api.service[87700]: DEBUG ovsdbapp.backend.ovs_idl.event [-] Matched CREATE: LogicalSwitchPortCreateEvent(events=('create',), table='Logical_Switch_Port', conditions=[], old_conditions=None), priority=20 to row=Logical_Switch_Port(uuid=a29a9abe-8a33-4f30-8a1d-115bb572df00, addresses=['unknown'], dhcpv4_options=[], dhcpv6_options=[], dynamic_addresses=[], enabled=True, external_ids={'neutron:cidrs': '10.1.0.1/26', 'neutron:device_id': '3e690eb5-c900-49f7-be2c-6e5915f9b46c', 'neutron:device_owner': 'network:router_interface', 'neutron:mtu': '', 'neutron:network_name': 'neutron-8b6d65c0-1fee-41c8-927b-d25ad7b438f0', 'neutron:port_capabilities': '', 'neutron:port_name': '', 'neutron:project_id': 'f729d8bd1fa743b487cec1fe543f0e5f', 'neutron:revision_number': '1', 'neutron:security_group_ids': '', 'neutron:subnet_pool_addr_scope4': '', 'neutron:subnet_pool_addr_scope6': '', 'neutron:vnic_type': 'normal'}, ha_chassis_group=[], mirror_rules=[], name='e4f6b065-1052-4483-8ec9-0c89ebe63015', options={}, parent_name=[], port_security=[], tag=[], tag_request=[], type='', up=[]) old= {{(pid=87700) matches /opt/stack/data/venv/lib/python3.12/site-packages/ovsdbapp/backend/ovs_idl/event.py:55}}
Aug 12 11:09:30.473848 np0000007040 devstack@neutron-api.service[87702]: DEBUG neutron.plugins.ml2.drivers.ovn.mech_driver.ovsdb.ovsdb_monitor [-] Hash Ring: Node 9b207474d0c55c4d816dfff89c4f1dd0 (host: np0000007040) handling event "create" for row 5a593fec-f7da-4fea-9b20-0642aa23b902 (table: Port_Binding) {{(pid=87702) notify /opt/stack/neutron/neutron/plugins/ml2/drivers/ovn/mech_driver/ovsdb/ovsdb_monitor.py:1099}}
Aug 12 11:09:30.474422 np0000007040 devstack@neutron-api.service[87700]: INFO neutron.plugins.ml2.drivers.ovn.mech_driver.mech_driver [None req-911f20df-73f2-410a-9ab9-48853d391d6c None None] OVN reports status down for port: e4f6b065-1052-4483-8ec9-0c89ebe63015
Aug 12 11:09:30.474627 np0000007040 devstack@neutron-api.service[87702]: DEBUG neutron.plugins.ml2.drivers.ovn.mech_driver.ovsdb.ovsdb_monitor [-] Hash Ring: Node 9b207474d0c55c4d816dfff89c4f1dd0 (host: np0000007040) handling event "update" for row 8b6d65c0-1fee-41c8-927b-d25ad7b438f0 (table: Logical_Switch) {{(pid=87702) notify /opt/stack/neutron/neutron/plugins/ml2/drivers/ovn/mech_driver/ovsdb/ovsdb_monitor.py:1099}}
Aug 12 11:09:30.474688 np0000007040 devstack@neutron-api.service[87700]: DEBUG neutron.plugins.ml2.drivers.ovn.mech_driver.ovsdb.ovsdb_monitor [-] Hash Ring: Node b64366460da95700943c5d366a171385 (host: np0000007040) handling event "update" for row a29a9abe-8a33-4f30-8a1d-115bb572df00 (table: Logical_Switch_Port) {{(pid=87700) notify /opt/stack/neutron/neutron/plugins/ml2/drivers/ovn/mech_driver/ovsdb/ovsdb_monitor.py:1099}}
Aug 12 11:09:30.475811 np0000007040 devstack@neutron-api.service[87700]: DEBUG neutron.plugins.ml2.drivers.ovn.mech_driver.ovsdb.ovsdb_monitor [-] Hash Ring: Node b64366460da95700943c5d366a171385 (host: np0000007040) handling event "create" for row 5a593fec-f7da-4fea-9b20-0642aa23b902 (table: Port_Binding) {{(pid=87700) notify /opt/stack/neutron/neutron/plugins/ml2/drivers/ovn/mech_driver/ovsdb/ovsdb_monitor.py:1099}}
Aug 12 11:09:30.494115 np0000007040 devstack@neutron-api.service[87700]: DEBUG neutron.db.provisioning_blocks [None req-911f20df-73f2-410a-9ab9-48853d391d6c None None] Transition to ACTIVE for port object e4f6b065-1052-4483-8ec9-0c89ebe63015 will not be triggered until provisioned by entity L2. {{(pid=87700) add_provisioning_component /opt/stack/neutron/neutron/db/provisioning_blocks.py:74}}
Aug 12 11:09:30.497003 np0000007040 devstack@neutron-api.service[87701]: INFO neutron.db.ovn_revision_numbers_db [None req-c5753fba-2043-4e37-8c60-e6e4afef65ea admin admin] Successfully bumped revision number for resource e4f6b065-1052-4483-8ec9-0c89ebe63015 (type: ports) to 1
Aug 12 11:09:30.503581 np0000007040 devstack@neutron-api.service[87701]: DEBUG neutron_lib.callbacks.manager [None req-c5753fba-2043-4e37-8c60-e6e4afef65ea admin admin] Publish callbacks [] for router_interface (3e690eb5-c900-49f7-be2c-6e5915f9b46c), before_create {{(pid=87701) _notify_loop /opt/stack/data/venv/lib/python3.12/site-packages/neutron_lib/callbacks/manager.py:184}}
Aug 12 11:09:30.509625 np0000007040 devstack@neutron-api.service[87700]: DEBUG neutron.plugins.ml2.plugin [None req-911f20df-73f2-410a-9ab9-48853d391d6c None None] Current status of the port e4f6b065-1052-4483-8ec9-0c89ebe63015 is: DOWN; New status is: DOWN {{(pid=87700) _update_individual_port_db_status /opt/stack/neutron/neutron/plugins/ml2/plugin.py:2473}}
Aug 12 11:09:30.687237 np0000007040 devstack@neutron-api.service[87701]: DEBUG neutron_lib.callbacks.manager [None req-c5753fba-2043-4e37-8c60-e6e4afef65ea admin admin] Publish callbacks ['neutron.plugins.ml2.plugin.SecurityGroupDbMixin._ensure_default_security_group_handler-56354', 'neutron.services.ovn_l3.plugin.OVNL3RouterPlugin._port_update-7711393543532', 'neutron.db.l3_db.L3_NAT_dbonly_mixin._prevent_internal_ip_change_for_fip-7711395385498'] for port (e4f6b065-1052-4483-8ec9-0c89ebe63015), before_update {{(pid=87701) _notify_loop /opt/stack/data/venv/lib/python3.12/site-packages/neutron_lib/callbacks/manager.py:184}}
Aug 12 11:09:30.809875 np0000007040 devstack@neutron-api.service[87701]: DEBUG neutron_lib.callbacks.manager [None req-c5753fba-2043-4e37-8c60-e6e4afef65ea admin admin] Publish callbacks [] for port (e4f6b065-1052-4483-8ec9-0c89ebe63015), precommit_update {{(pid=87701) _notify_loop /opt/stack/data/venv/lib/python3.12/site-packages/neutron_lib/callbacks/manager.py:184}}
Aug 12 11:09:30.810070 np0000007040 devstack@neutron-api.service[87701]: DEBUG neutron.plugins.ml2.drivers.ovn.mech_driver.mech_driver [None req-c5753fba-2043-4e37-8c60-e6e4afef65ea admin admin] No provisioning block for port e4f6b065-1052-4483-8ec9-0c89ebe63015 since it does not have a host {{(pid=87701) _is_port_provisioning_required /opt/stack/neutron/neutron/plugins/ml2/drivers/ovn/mech_driver/mech_driver.py:877}}
Aug 12 11:09:30.850162 np0000007040 devstack@neutron-api.service[87701]: DEBUG neutron_lib.callbacks.manager [None req-c5753fba-2043-4e37-8c60-e6e4afef65ea admin admin] Publish callbacks ['neutron.plugins.ml2.ovo_rpc._ObjectChangeHandler.handle_event-2275354', 'neutron.services.ovn_l3.plugin.OVNL3RouterPlugin._port_update-7711393543532'] for port (e4f6b065-1052-4483-8ec9-0c89ebe63015), after_update {{(pid=87701) _notify_loop /opt/stack/data/venv/lib/python3.12/site-packages/neutron_lib/callbacks/manager.py:184}}
Aug 12 11:09:30.880561 np0000007040 devstack@neutron-api.service[87701]: DEBUG neutron.api.rpc.handlers.resources_rpc [None req-c5753fba-2043-4e37-8c60-e6e4afef65ea admin admin] Pushing event updated for resources: {'Port': ['ID=e4f6b065-1052-4483-8ec9-0c89ebe63015,revision_number=1']} {{(pid=87701) push /opt/stack/neutron/neutron/api/rpc/handlers/resources_rpc.py:237}}
Aug 12 11:09:30.958270 np0000007040 devstack@neutron-api.service[87701]: DEBUG neutron.plugins.ml2.drivers.ovn.mech_driver.ovsdb.commands [None req-c5753fba-2043-4e37-8c60-e6e4afef65ea admin admin] Converting tag [] to a tag_request {{(pid=87701) _tag_column_to_tag_request /opt/stack/neutron/neutron/plugins/ml2/drivers/ovn/mech_driver/ovsdb/commands.py:227}}
Aug 12 11:09:30.959008 np0000007040 devstack@neutron-api.service[87701]: DEBUG ovsdbapp.backend.ovs_idl.transaction [-] Running txn n=1 command(idx=0): CheckRevisionNumberCommand(_result=None, name=e4f6b065-1052-4483-8ec9-0c89ebe63015, resource={'id': 'e4f6b065-1052-4483-8ec9-0c89ebe63015', 'name': '', 'network_id': '8b6d65c0-1fee-41c8-927b-d25ad7b438f0', 'project_id': 'f729d8bd1fa743b487cec1fe543f0e5f', 'mac_address': 'fa:16:3e:52:08:c0', 'admin_state_up': True, 'status': 'DOWN', 'device_id': '3e690eb5-c900-49f7-be2c-6e5915f9b46c', 'device_owner': 'network:router_interface', 'standard_attr_id': 21, 'fixed_ips': [{'subnet_id': '1159a7fe-e8b4-42ce-8dd9-1d7a2813f6cd', 'ip_address': '10.1.0.1'}], 'allowed_address_pairs': [], 'extra_dhcp_opts': [], 'security_groups': [], 'description': '', 'binding:vnic_type': 'normal', 'binding:profile': {}, 'binding:host_id': '', 'binding:vif_type': 'unbound', 'binding:vif_details': {}, 'port_security_enabled': False, 'tags': [], 'created_at': '2026-08-12T11:09:30Z', 'updated_at': '2026-08-12T11:09:30Z', 'revision_number': 1, 'tenant_id': 'f729d8bd1fa743b487cec1fe543f0e5f', 'network': {'id': '8b6d65c0-1fee-41c8-927b-d25ad7b438f0', 'name': 'private', 'tenant_id': 'f729d8bd1fa743b487cec1fe543f0e5f', 'project_id': 'f729d8bd1fa743b487cec1fe543f0e5f', 'admin_state_up': True, 'mtu': 1372, 'status': 'ACTIVE', 'subnets': ['1159a7fe-e8b4-42ce-8dd9-1d7a2813f6cd', '19e00f4f-f3ee-4ebe-a072-d246dc630898'], 'standard_attr_id': 12, 'shared': False, 'availability_zone_hints': [], 'availability_zones': [], 'ipv4_address_scope': None, 'ipv6_address_scope': None, 'router:external': False, 'qinq': False, 'vlan_transparent': False, 'description': '', 'port_security_enabled': True, 'tags': [], 'created_at': '2026-08-12T11:09:24Z', 'updated_at': '2026-08-12T11:09:26Z', 'revision_number': 3, 'provider:network_type': 'geneve', 'provider:physical_network': None, 'provider:segmentation_id': 17558}}, resource_type=ports, if_exists=True) {{(pid=87701) do_commit /opt/stack/data/venv/lib/python3.12/site-packages/ovsdbapp/backend/ovs_idl/transaction.py:89}}
Aug 12 11:09:30.959343 np0000007040 devstack@neutron-api.service[87701]: DEBUG ovsdbapp.backend.ovs_idl.transaction [-] Running txn n=1 command(idx=1): SetLSwitchPortCommand(_result=None, lport=e4f6b065-1052-4483-8ec9-0c89ebe63015, external_ids_update=None, columns={'external_ids': {'neutron:port_name': '', 'neutron:device_id': '3e690eb5-c900-49f7-be2c-6e5915f9b46c', 'neutron:project_id': 'f729d8bd1fa743b487cec1fe543f0e5f', 'neutron:cidrs': '10.1.0.1/26', 'neutron:device_owner': 'network:router_interface', 'neutron:subnet_pool_addr_scope4': '', 'neutron:subnet_pool_addr_scope6': '', 'neutron:network_name': 'neutron-8b6d65c0-1fee-41c8-927b-d25ad7b438f0', 'neutron:security_group_ids': '', 'neutron:revision_number': '1', 'neutron:vnic_type': 'normal', 'neutron:port_capabilities': '', 'neutron:mtu': ''}, 'parent_name': [], 'options': {}, 'enabled': True, 'port_security': [], 'dhcpv4_options': [], 'dhcpv6_options': [], 'type': 'router', 'ha_chassis_group': [], 'tag_request': []}, if_exists=False) {{(pid=87701) do_commit /opt/stack/data/venv/lib/python3.12/site-packages/ovsdbapp/backend/ovs_idl/transaction.py:89}}
Aug 12 11:09:30.959862 np0000007040 devstack@neutron-api.service[87701]: DEBUG ovsdbapp.backend.ovs_idl.transaction [-] Running txn n=1 command(idx=2): PgDelPortCommand(_result=None, port_group=neutron_pg_drop, lsp=['e4f6b065-1052-4483-8ec9-0c89ebe63015'], if_exists=False) {{(pid=87701) do_commit /opt/stack/data/venv/lib/python3.12/site-packages/ovsdbapp/backend/ovs_idl/transaction.py:89}}
Aug 12 11:09:30.964542 np0000007040 devstack@neutron-api.service[87700]: DEBUG neutron.plugins.ml2.drivers.ovn.mech_driver.ovsdb.ovsdb_monitor [-] Hash Ring: Node b64366460da95700943c5d366a171385 (host: np0000007040) handling event "update" for row a29a9abe-8a33-4f30-8a1d-115bb572df00 (table: Logical_Switch_Port) {{(pid=87700) notify /opt/stack/neutron/neutron/plugins/ml2/drivers/ovn/mech_driver/ovsdb/ovsdb_monitor.py:1099}}
Aug 12 11:09:30.965558 np0000007040 devstack@neutron-api.service[87700]: DEBUG neutron.plugins.ml2.drivers.ovn.mech_driver.ovsdb.ovsdb_monitor [-] Hash Ring: Node b64366460da95700943c5d366a171385 (host: np0000007040) handling event "update" for row a29a9abe-8a33-4f30-8a1d-115bb572df00 (table: Logical_Switch_Port) {{(pid=87700) notify /opt/stack/neutron/neutron/plugins/ml2/drivers/ovn/mech_driver/ovsdb/ovsdb_monitor.py:1099}}
