Aug 19 01:58:44.109477 np0000007724 devstack@g-api.service[99748]: DEBUG glance_store.location [None req-dcefa580-53d4-4249-ad6a-e7c74742bc35 tempest-AttachVolumeShelveTestJSON-1058708352 tempest-AttachVolumeShelveTestJSON-1058708352-project-member] Registering scheme swift+https with {'store': , 'location_class': , 'store_entry': 'swift'} {{(pid=99748) register_scheme_map /opt/stack/data/venv/lib/python3.12/site-packages/glance_store/location.py:146}}
Aug 19 01:58:44.110589 np0000007724 devstack@g-api.service[99748]: DEBUG glance_store.location [None req-dcefa580-53d4-4249-ad6a-e7c74742bc35 tempest-AttachVolumeShelveTestJSON-1058708352 tempest-AttachVolumeShelveTestJSON-1058708352-project-member] Registering scheme swift with {'store': , 'location_class': , 'store_entry': 'swift'} {{(pid=99748) register_scheme_map /opt/stack/data/venv/lib/python3.12/site-packages/glance_store/location.py:146}}
Aug 19 01:58:44.110589 np0000007724 devstack@g-api.service[99748]: DEBUG glance_store.location [None req-dcefa580-53d4-4249-ad6a-e7c74742bc35 tempest-AttachVolumeShelveTestJSON-1058708352 tempest-AttachVolumeShelveTestJSON-1058708352-project-member] Registering scheme swift+https with {'store': , 'location_class': , 'store_entry': 'swift'} {{(pid=99748) register_scheme_map /opt/stack/data/venv/lib/python3.12/site-packages/glance_store/location.py:146}}
Aug 19 01:58:44.110589 np0000007724 devstack@g-api.service[99748]: DEBUG glance_store.location [None req-dcefa580-53d4-4249-ad6a-e7c74742bc35 tempest-AttachVolumeShelveTestJSON-1058708352 tempest-AttachVolumeShelveTestJSON-1058708352-project-member] Registering scheme swift with {'store': , 'location_class': , 'store_entry': 'swift'} {{(pid=99748) register_scheme_map /opt/stack/data/venv/lib/python3.12/site-packages/glance_store/location.py:146}}
Aug 19 01:58:44.110589 np0000007724 devstack@g-api.service[99748]: DEBUG glance_store.location [None req-dcefa580-53d4-4249-ad6a-e7c74742bc35 tempest-AttachVolumeShelveTestJSON-1058708352 tempest-AttachVolumeShelveTestJSON-1058708352-project-member] Registering scheme swift+http with {'store': , 'location_class': , 'store_entry': 'swift'} {{(pid=99748) register_scheme_map /opt/stack/data/venv/lib/python3.12/site-packages/glance_store/location.py:146}}
Aug 19 01:58:44.110982 np0000007724 devstack@g-api.service[99748]: DEBUG glance_store.location [None req-dcefa580-53d4-4249-ad6a-e7c74742bc35 tempest-AttachVolumeShelveTestJSON-1058708352 tempest-AttachVolumeShelveTestJSON-1058708352-project-member] Registering scheme swift+https with {'store': , 'location_class': , 'store_entry': 'swift'} {{(pid=99748) register_scheme_map /opt/stack/data/venv/lib/python3.12/site-packages/glance_store/location.py:146}}
Aug 19 01:58:44.110982 np0000007724 devstack@g-api.service[99748]: DEBUG glance_store.location [None req-dcefa580-53d4-4249-ad6a-e7c74742bc35 tempest-AttachVolumeShelveTestJSON-1058708352 tempest-AttachVolumeShelveTestJSON-1058708352-project-member] Registering scheme swift with {'store': , 'location_class': , 'store_entry': 'swift'} {{(pid=99748) register_scheme_map /opt/stack/data/venv/lib/python3.12/site-packages/glance_store/location.py:146}}
Aug 19 01:58:44.110982 np0000007724 devstack@g-api.service[99748]: DEBUG glance_store.location [None req-dcefa580-53d4-4249-ad6a-e7c74742bc35 tempest-AttachVolumeShelveTestJSON-1058708352 tempest-AttachVolumeShelveTestJSON-1058708352-project-member] Registering scheme swift+http with {'store': , 'location_class': , 'store_entry': 'swift'} {{(pid=99748) register_scheme_map /opt/stack/data/venv/lib/python3.12/site-packages/glance_store/location.py:146}}
Aug 19 01:58:44.110982 np0000007724 devstack@g-api.service[99748]: DEBUG glance_store.location [None req-dcefa580-53d4-4249-ad6a-e7c74742bc35 tempest-AttachVolumeShelveTestJSON-1058708352 tempest-AttachVolumeShelveTestJSON-1058708352-project-member] Registering scheme swift+config with {'store': , 'location_class': , 'store_entry': 'swift'} {{(pid=99748) register_scheme_map /opt/stack/data/venv/lib/python3.12/site-packages/glance_store/location.py:146}}
Aug 19 01:58:44.111297 np0000007724 devstack@g-api.service[99748]: DEBUG glance_store.backend [None req-dcefa580-53d4-4249-ad6a-e7c74742bc35 tempest-AttachVolumeShelveTestJSON-1058708352 tempest-AttachVolumeShelveTestJSON-1058708352-project-member] Skipping store.set_acls... not implemented. {{(pid=99748) set_acls /opt/stack/data/venv/lib/python3.12/site-packages/glance_store/backend.py:507}}
Aug 19 01:58:44.113899 np0000007724 devstack@g-api.service[99748]: [pid: 99748|app: 0|req: 65/194] 127.0.0.1 () {46 vars in 1158 bytes} [Wed Aug 19 01:58:41 2026] PUT /v2/images/c21c3bca-d5d6-46b2-b7e5-f8fb6ef723d6/file => generated 0 bytes in 2732 msecs (HTTP/1.1 204) 4 headers in 171 bytes (1 switches on core 0)
Aug 19 01:58:44.159478 np0000007724 devstack@g-api.service[99747]: DEBUG glance.api.middleware.version_negotiation [None req-dcefa580-53d4-4249-ad6a-e7c74742bc35 tempest-AttachVolumeShelveTestJSON-1058708352 tempest-AttachVolumeShelveTestJSON-1058708352-project-member] Determining version of request: GET /v2/images/c21c3bca-d5d6-46b2-b7e5-f8fb6ef723d6 Accept: */* {{(pid=99747) process_request /opt/stack/glance/glance/api/middleware/version_negotiation.py:44}}
Aug 19 01:58:44.159913 np0000007724 devstack@g-api.service[99747]: DEBUG glance.api.middleware.version_negotiation [None req-dcefa580-53d4-4249-ad6a-e7c74742bc35 tempest-AttachVolumeShelveTestJSON-1058708352 tempest-AttachVolumeShelveTestJSON-1058708352-project-member] Using url versioning {{(pid=99747) process_request /opt/stack/glance/glance/api/middleware/version_negotiation.py:57}}
Aug 19 01:58:44.160178 np0000007724 devstack@g-api.service[99747]: DEBUG glance.api.middleware.version_negotiation [None req-dcefa580-53d4-4249-ad6a-e7c74742bc35 tempest-AttachVolumeShelveTestJSON-1058708352 tempest-AttachVolumeShelveTestJSON-1058708352-project-member] Matched version: v2 {{(pid=99747) process_request /opt/stack/glance/glance/api/middleware/version_negotiation.py:69}}
Aug 19 01:58:44.160365 np0000007724 devstack@g-api.service[99747]: DEBUG glance.api.middleware.version_negotiation [None req-dcefa580-53d4-4249-ad6a-e7c74742bc35 tempest-AttachVolumeShelveTestJSON-1058708352 tempest-AttachVolumeShelveTestJSON-1058708352-project-member] new path /v2/images/c21c3bca-d5d6-46b2-b7e5-f8fb6ef723d6 {{(pid=99747) process_request /opt/stack/glance/glance/api/middleware/version_negotiation.py:70}}
Aug 19 01:58:44.181976 np0000007724 devstack@g-api.service[99747]: [pid: 99747|app: 0|req: 65/195] 127.0.0.1 () {44 vars in 1115 bytes} [Wed Aug 19 01:58:44 2026] GET /v2/images/c21c3bca-d5d6-46b2-b7e5-f8fb6ef723d6 => generated 1620 bytes in 23 msecs (HTTP/1.1 200) 4 headers in 158 bytes (1 switches on core 0)
Aug 19 01:58:44.221879 np0000007724 devstack@g-api.service[99746]: DEBUG glance.api.middleware.version_negotiation [None req-dcefa580-53d4-4249-ad6a-e7c74742bc35 tempest-AttachVolumeShelveTestJSON-1058708352 tempest-AttachVolumeShelveTestJSON-1058708352-project-member] Determining version of request: GET /v2/schemas/image Accept: */* {{(pid=99746) process_request /opt/stack/glance/glance/api/middleware/version_negotiation.py:44}}
Aug 19 01:58:44.221879 np0000007724 devstack@g-api.service[99746]: DEBUG glance.api.middleware.version_negotiation [None req-dcefa580-53d4-4249-ad6a-e7c74742bc35 tempest-AttachVolumeShelveTestJSON-1058708352 tempest-AttachVolumeShelveTestJSON-1058708352-project-member] Using url versioning {{(pid=99746) process_request /opt/stack/glance/glance/api/middleware/version_negotiation.py:57}}
Aug 19 01:58:44.221879 np0000007724 devstack@g-api.service[99746]: DEBUG glance.api.middleware.version_negotiation [None req-dcefa580-53d4-4249-ad6a-e7c74742bc35 tempest-AttachVolumeShelveTestJSON-1058708352 tempest-AttachVolumeShelveTestJSON-1058708352-project-member] Matched version: v2 {{(pid=99746) process_request /opt/stack/glance/glance/api/middleware/version_negotiation.py:69}}
Aug 19 01:58:44.221879 np0000007724 devstack@g-api.service[99746]: DEBUG glance.api.middleware.version_negotiation [None req-dcefa580-53d4-4249-ad6a-e7c74742bc35 tempest-AttachVolumeShelveTestJSON-1058708352 tempest-AttachVolumeShelveTestJSON-1058708352-project-member] new path /v2/schemas/image {{(pid=99746) process_request /opt/stack/glance/glance/api/middleware/version_negotiation.py:70}}
Aug 19 01:58:44.232677 np0000007724 devstack@g-api.service[99746]: [pid: 99746|app: 0|req: 66/196] 127.0.0.1 () {44 vars in 1055 bytes} [Wed Aug 19 01:58:44 2026] GET /v2/schemas/image => generated 6083 bytes in 11 msecs (HTTP/1.1 200) 4 headers in 158 bytes (1 switches on core 0)
Aug 19 01:58:47.373163 np0000007724 devstack@g-api.service[99748]: DEBUG glance.api.middleware.version_negotiation [None req-dcefa580-53d4-4249-ad6a-e7c74742bc35 tempest-AttachVolumeShelveTestJSON-1058708352 tempest-AttachVolumeShelveTestJSON-1058708352-project-member] Determining version of request: GET /v2/images/c21c3bca-d5d6-46b2-b7e5-f8fb6ef723d6 Accept: */* {{(pid=99748) process_request /opt/stack/glance/glance/api/middleware/version_negotiation.py:44}}
Aug 19 01:58:47.373163 np0000007724 devstack@g-api.service[99748]: DEBUG glance.api.middleware.version_negotiation [None req-dcefa580-53d4-4249-ad6a-e7c74742bc35 tempest-AttachVolumeShelveTestJSON-1058708352 tempest-AttachVolumeShelveTestJSON-1058708352-project-member] Using url versioning {{(pid=99748) process_request /opt/stack/glance/glance/api/middleware/version_negotiation.py:57}}
Aug 19 01:58:47.373163 np0000007724 devstack@g-api.service[99748]: DEBUG glance.api.middleware.version_negotiation [None req-dcefa580-53d4-4249-ad6a-e7c74742bc35 tempest-AttachVolumeShelveTestJSON-1058708352 tempest-AttachVolumeShelveTestJSON-1058708352-project-member] Matched version: v2 {{(pid=99748) process_request /opt/stack/glance/glance/api/middleware/version_negotiation.py:69}}
Aug 19 01:58:47.373163 np0000007724 devstack@g-api.service[99748]: DEBUG glance.api.middleware.version_negotiation [None req-dcefa580-53d4-4249-ad6a-e7c74742bc35 tempest-AttachVolumeShelveTestJSON-1058708352 tempest-AttachVolumeShelveTestJSON-1058708352-project-member] new path /v2/images/c21c3bca-d5d6-46b2-b7e5-f8fb6ef723d6 {{(pid=99748) process_request /opt/stack/glance/glance/api/middleware/version_negotiation.py:70}}
Aug 19 01:58:47.394874 np0000007724 devstack@g-api.service[99748]: [pid: 99748|app: 0|req: 66/197] 127.0.0.1 () {44 vars in 1115 bytes} [Wed Aug 19 01:58:47 2026] GET /v2/images/c21c3bca-d5d6-46b2-b7e5-f8fb6ef723d6 => generated 1620 bytes in 22 msecs (HTTP/1.1 200) 4 headers in 158 bytes (1 switches on core 0)
Aug 19 01:58:47.432602 np0000007724 devstack@g-api.service[99747]: DEBUG glance.api.middleware.version_negotiation [None req-dcefa580-53d4-4249-ad6a-e7c74742bc35 tempest-AttachVolumeShelveTestJSON-1058708352 tempest-AttachVolumeShelveTestJSON-1058708352-project-member] Determining version of request: GET /v2/schemas/image Accept: */* {{(pid=99747) process_request /opt/stack/glance/glance/api/middleware/version_negotiation.py:44}}
Aug 19 01:58:47.433778 np0000007724 devstack@g-api.service[99747]: DEBUG glance.api.middleware.version_negotiation [None req-dcefa580-53d4-4249-ad6a-e7c74742bc35 tempest-AttachVolumeShelveTestJSON-1058708352 tempest-AttachVolumeShelveTestJSON-1058708352-project-member] Using url versioning {{(pid=99747) process_request /opt/stack/glance/glance/api/middleware/version_negotiation.py:57}}
Aug 19 01:58:47.433778 np0000007724 devstack@g-api.service[99747]: DEBUG glance.api.middleware.version_negotiation [None req-dcefa580-53d4-4249-ad6a-e7c74742bc35 tempest-AttachVolumeShelveTestJSON-1058708352 tempest-AttachVolumeShelveTestJSON-1058708352-project-member] Matched version: v2 {{(pid=99747) process_request /opt/stack/glance/glance/api/middleware/version_negotiation.py:69}}
Aug 19 01:58:47.433778 np0000007724 devstack@g-api.service[99747]: DEBUG glance.api.middleware.version_negotiation [None req-dcefa580-53d4-4249-ad6a-e7c74742bc35 tempest-AttachVolumeShelveTestJSON-1058708352 tempest-AttachVolumeShelveTestJSON-1058708352-project-member] new path /v2/schemas/image {{(pid=99747) process_request /opt/stack/glance/glance/api/middleware/version_negotiation.py:70}}
Aug 19 01:58:47.437737 np0000007724 devstack@g-api.service[99747]: [pid: 99747|app: 0|req: 66/198] 127.0.0.1 () {44 vars in 1055 bytes} [Wed Aug 19 01:58:47 2026] GET /v2/schemas/image => generated 6083 bytes in 6 msecs (HTTP/1.1 200) 4 headers in 158 bytes (1 switches on core 0)
Aug 19 01:58:51.341878 np0000007724 devstack@g-api.service[99746]: DEBUG dbcounter [-] [99746] Writing DB stats glance:SELECT=4 {{(pid=99746) stat_writer /opt/stack/data/venv/lib/python3.12/site-packages/dbcounter.py:115}}
Aug 19 01:58:51.675906 np0000007724 devstack@g-api.service[99746]: DEBUG glance.api.middleware.version_negotiation [None req-dcefa580-53d4-4249-ad6a-e7c74742bc35 tempest-AttachVolumeShelveTestJSON-1058708352 tempest-AttachVolumeShelveTestJSON-1058708352-project-member] Determining version of request: GET /v2/images/c21c3bca-d5d6-46b2-b7e5-f8fb6ef723d6 Accept: */* {{(pid=99746) process_request /opt/stack/glance/glance/api/middleware/version_negotiation.py:44}}
Aug 19 01:58:51.676065 np0000007724 devstack@g-api.service[99746]: DEBUG glance.api.middleware.version_negotiation [None req-dcefa580-53d4-4249-ad6a-e7c74742bc35 tempest-AttachVolumeShelveTestJSON-1058708352 tempest-AttachVolumeShelveTestJSON-1058708352-project-member] Using url versioning {{(pid=99746) process_request /opt/stack/glance/glance/api/middleware/version_negotiation.py:57}}
Aug 19 01:58:51.676185 np0000007724 devstack@g-api.service[99746]: DEBUG glance.api.middleware.version_negotiation [None req-dcefa580-53d4-4249-ad6a-e7c74742bc35 tempest-AttachVolumeShelveTestJSON-1058708352 tempest-AttachVolumeShelveTestJSON-1058708352-project-member] Matched version: v2 {{(pid=99746) process_request /opt/stack/glance/glance/api/middleware/version_negotiation.py:69}}
Aug 19 01:58:51.676273 np0000007724 devstack@g-api.service[99746]: DEBUG glance.api.middleware.version_negotiation [None req-dcefa580-53d4-4249-ad6a-e7c74742bc35 tempest-AttachVolumeShelveTestJSON-1058708352 tempest-AttachVolumeShelveTestJSON-1058708352-project-member] new path /v2/images/c21c3bca-d5d6-46b2-b7e5-f8fb6ef723d6 {{(pid=99746) process_request /opt/stack/glance/glance/api/middleware/version_negotiation.py:70}}
Aug 19 01:58:51.694779 np0000007724 devstack@g-api.service[99746]: [pid: 99746|app: 0|req: 67/199] 127.0.0.1 () {44 vars in 1115 bytes} [Wed Aug 19 01:58:51 2026] GET /v2/images/c21c3bca-d5d6-46b2-b7e5-f8fb6ef723d6 => generated 1620 bytes in 19 msecs (HTTP/1.1 200) 4 headers in 158 bytes (1 switches on core 0)
Aug 19 01:58:51.732682 np0000007724 devstack@g-api.service[99748]: DEBUG glance.api.middleware.version_negotiation [None req-2c8864ce-40ef-4239-9439-4dbbf08e462f tempest-AttachVolumeShelveTestJSON-1058708352 tempest-AttachVolumeShelveTestJSON-1058708352-project-member] Determining version of request: GET /v2/images/c21c3bca-d5d6-46b2-b7e5-f8fb6ef723d6/file Accept: */* {{(pid=99748) process_request /opt/stack/glance/glance/api/middleware/version_negotiation.py:44}}
Aug 19 01:58:51.733304 np0000007724 devstack@g-api.service[99748]: DEBUG glance.api.middleware.version_negotiation [None req-2c8864ce-40ef-4239-9439-4dbbf08e462f tempest-AttachVolumeShelveTestJSON-1058708352 tempest-AttachVolumeShelveTestJSON-1058708352-project-member] Using url versioning {{(pid=99748) process_request /opt/stack/glance/glance/api/middleware/version_negotiation.py:57}}
Aug 19 01:58:51.733304 np0000007724 devstack@g-api.service[99748]: DEBUG glance.api.middleware.version_negotiation [None req-2c8864ce-40ef-4239-9439-4dbbf08e462f tempest-AttachVolumeShelveTestJSON-1058708352 tempest-AttachVolumeShelveTestJSON-1058708352-project-member] Matched version: v2 {{(pid=99748) process_request /opt/stack/glance/glance/api/middleware/version_negotiation.py:69}}
Aug 19 01:58:51.733304 np0000007724 devstack@g-api.service[99748]: DEBUG glance.api.middleware.version_negotiation [None req-2c8864ce-40ef-4239-9439-4dbbf08e462f tempest-AttachVolumeShelveTestJSON-1058708352 tempest-AttachVolumeShelveTestJSON-1058708352-project-member] new path /v2/images/c21c3bca-d5d6-46b2-b7e5-f8fb6ef723d6/file {{(pid=99748) process_request /opt/stack/glance/glance/api/middleware/version_negotiation.py:70}}
Aug 19 01:58:51.749818 np0000007724 devstack@g-api.service[99748]: DEBUG glance_store.backend [None req-2c8864ce-40ef-4239-9439-4dbbf08e462f tempest-AttachVolumeShelveTestJSON-1058708352 tempest-AttachVolumeShelveTestJSON-1058708352-project-member] Attempting to import store swift {{(pid=99748) _load_store /opt/stack/data/venv/lib/python3.12/site-packages/glance_store/backend.py:215}}
Aug 19 01:58:51.752969 np0000007724 devstack@g-api.service[99748]: DEBUG glance_store.capabilities [None req-2c8864ce-40ef-4239-9439-4dbbf08e462f tempest-AttachVolumeShelveTestJSON-1058708352 tempest-AttachVolumeShelveTestJSON-1058708352-project-member] Store glance_store._drivers.swift.store.SingleTenantStore doesn't support updating dynamic storage capabilities. Please overwrite 'update_capabilities' method of the store to implement updating logics if needed. {{(pid=99748) update_capabilities /opt/stack/data/venv/lib/python3.12/site-packages/glance_store/capabilities.py:91}}
Aug 19 01:58:51.752969 np0000007724 devstack@g-api.service[99748]: DEBUG glance_store.driver [None req-2c8864ce-40ef-4239-9439-4dbbf08e462f tempest-AttachVolumeShelveTestJSON-1058708352 tempest-AttachVolumeShelveTestJSON-1058708352-project-member] Late loading location class glance_store._drivers.swift.store.StoreLocation {{(pid=99748) get_store_location_class /opt/stack/data/venv/lib/python3.12/site-packages/glance_store/driver.py:134}}
Aug 19 01:58:51.753414 np0000007724 devstack@g-api.service[99748]: DEBUG glance_store.location [None req-2c8864ce-40ef-4239-9439-4dbbf08e462f tempest-AttachVolumeShelveTestJSON-1058708352 tempest-AttachVolumeShelveTestJSON-1058708352-project-member] Registering scheme swift+https with {'store': , 'location_class': , 'store_entry': 'swift'} {{(pid=99748) register_scheme_map /opt/stack/data/venv/lib/python3.12/site-packages/glance_store/location.py:146}}
Aug 19 01:58:51.753414 np0000007724 devstack@g-api.service[99748]: DEBUG glance_store.location [None req-2c8864ce-40ef-4239-9439-4dbbf08e462f tempest-AttachVolumeShelveTestJSON-1058708352 tempest-AttachVolumeShelveTestJSON-1058708352-project-member] Registering scheme swift+https with {'store': , 'location_class': , 'store_entry': 'swift'} {{(pid=99748) register_scheme_map /opt/stack/data/venv/lib/python3.12/site-packages/glance_store/location.py:146}}
Aug 19 01:58:51.753702 np0000007724 devstack@g-api.service[99748]: DEBUG glance_store.location [None req-2c8864ce-40ef-4239-9439-4dbbf08e462f tempest-AttachVolumeShelveTestJSON-1058708352 tempest-AttachVolumeShelveTestJSON-1058708352-project-member] Registering scheme swift with {'store': , 'location_class': , 'store_entry': 'swift'} {{(pid=99748) register_scheme_map /opt/stack/data/venv/lib/python3.12/site-packages/glance_store/location.py:146}}
Aug 19 01:58:51.753909 np0000007724 devstack@g-api.service[99748]: DEBUG glance_store.location [None req-2c8864ce-40ef-4239-9439-4dbbf08e462f tempest-AttachVolumeShelveTestJSON-1058708352 tempest-AttachVolumeShelveTestJSON-1058708352-project-member] Registering scheme swift+https with {'store': , 'location_class': , 'store_entry': 'swift'} {{(pid=99748) register_scheme_map /opt/stack/data/venv/lib/python3.12/site-packages/glance_store/location.py:146}}
Aug 19 01:58:51.753988 np0000007724 devstack@g-api.service[99748]: DEBUG glance_store.location [None req-2c8864ce-40ef-4239-9439-4dbbf08e462f tempest-AttachVolumeShelveTestJSON-1058708352 tempest-AttachVolumeShelveTestJSON-1058708352-project-member] Registering scheme swift with {'store': , 'location_class': , 'store_entry': 'swift'} {{(pid=99748) register_scheme_map /opt/stack/data/venv/lib/python3.12/site-packages/glance_store/location.py:146}}
Aug 19 01:58:51.754193 np0000007724 devstack@g-api.service[99748]: DEBUG glance_store.location [None req-2c8864ce-40ef-4239-9439-4dbbf08e462f tempest-AttachVolumeShelveTestJSON-1058708352 tempest-AttachVolumeShelveTestJSON-1058708352-project-member] Registering scheme swift+http with {'store': , 'location_class': , 'store_entry': 'swift'} {{(pid=99748) register_scheme_map /opt/stack/data/venv/lib/python3.12/site-packages/glance_store/location.py:146}}
Aug 19 01:58:51.754406 np0000007724 devstack@g-api.service[99748]: DEBUG glance_store.location [None req-2c8864ce-40ef-4239-9439-4dbbf08e462f tempest-AttachVolumeShelveTestJSON-1058708352 tempest-AttachVolumeShelveTestJSON-1058708352-project-member] Registering scheme swift+https with {'store': , 'location_class': , 'store_entry': 'swift'} {{(pid=99748) register_scheme_map /opt/stack/data/venv/lib/python3.12/site-packages/glance_store/location.py:146}}
Aug 19 01:58:51.754642 np0000007724 devstack@g-api.service[99748]: DEBUG glance_store.location [None req-2c8864ce-40ef-4239-9439-4dbbf08e462f tempest-AttachVolumeShelveTestJSON-1058708352 tempest-AttachVolumeShelveTestJSON-1058708352-project-member] Registering scheme swift with {'store': , 'location_class': , 'store_entry': 'swift'} {{(pid=99748) register_scheme_map /opt/stack/data/venv/lib/python3.12/site-packages/glance_store/location.py:146}}
Aug 19 01:58:51.755955 np0000007724 devstack@g-api.service[99748]: DEBUG glance_store.location [None req-2c8864ce-40ef-4239-9439-4dbbf08e462f tempest-AttachVolumeShelveTestJSON-1058708352 tempest-AttachVolumeShelveTestJSON-1058708352-project-member] Registering scheme swift+http with {'store': , 'location_class': , 'store_entry': 'swift'} {{(pid=99748) register_scheme_map /opt/stack/data/venv/lib/python3.12/site-packages/glance_store/location.py:146}}
Aug 19 01:58:51.755955 np0000007724 devstack@g-api.service[99748]: DEBUG glance_store.location [None req-2c8864ce-40ef-4239-9439-4dbbf08e462f tempest-AttachVolumeShelveTestJSON-1058708352 tempest-AttachVolumeShelveTestJSON-1058708352-project-member] Registering scheme swift+config with {'store': , 'location_class': , 'store_entry': 'swift'} {{(pid=99748) register_scheme_map /opt/stack/data/venv/lib/python3.12/site-packages/glance_store/location.py:146}}
Aug 19 01:58:52.068786 np0000007724 devstack@g-api.service[99748]: DEBUG swiftclient [None req-2c8864ce-40ef-4239-9439-4dbbf08e462f tempest-AttachVolumeShelveTestJSON-1058708352 tempest-AttachVolumeShelveTestJSON-1058708352-project-member] REQ: curl -i https://10.4.3.190:8080/v1/AUTH_8defde81ebed4450b2d89c99faabc041/glance/c21c3bca-d5d6-46b2-b7e5-f8fb6ef723d6 -X GET -H "X-Auth-Token: gAAAAABqhQ3bQES1..." {{(pid=99748) http_log /opt/stack/data/venv/lib/python3.12/site-packages/swiftclient/client.py:160}}
Aug 19 01:58:52.068908 np0000007724 devstack@g-api.service[99748]: DEBUG swiftclient [None req-2c8864ce-40ef-4239-9439-4dbbf08e462f tempest-AttachVolumeShelveTestJSON-1058708352 tempest-AttachVolumeShelveTestJSON-1058708352-project-member] RESP STATUS: 200 OK {{(pid=99748) http_log /opt/stack/data/venv/lib/python3.12/site-packages/swiftclient/client.py:161}}
Aug 19 01:58:52.069087 np0000007724 devstack@g-api.service[99748]: DEBUG swiftclient [None req-2c8864ce-40ef-4239-9439-4dbbf08e462f tempest-AttachVolumeShelveTestJSON-1058708352 tempest-AttachVolumeShelveTestJSON-1058708352-project-member] RESP HEADERS: {'Date': 'Wed, 19 Aug 2026 01:58:52 GMT', 'Server': 'Apache/2.4.58 (Ubuntu)', 'Content-Type': 'application/octet-stream', 'X-Object-Manifest': 'glance/c21c3bca-d5d6-46b2-b7e5-f8fb6ef723d6-', 'Last-Modified': 'Wed, 19 Aug 2026 01:58:45 GMT', 'X-Timestamp': '1787104724.00685', 'Accept-Ranges': 'bytes', 'Content-Length': '53936128', 'Etag': '"4a16f3021690032a1b52275afeda3bf0"', 'X-Trans-Id': 'txe731913c982e4e1397f22-006a850ddb', 'X-Openstack-Request-Id': 'txe731913c982e4e1397f22-006a850ddb', 'Connection': 'close'} {{(pid=99748) http_log /opt/stack/data/venv/lib/python3.12/site-packages/swiftclient/client.py:162}}
Aug 19 01:58:52.084448 np0000007724 devstack@g-api.service[99748]: DEBUG glance.image_cache [None req-2c8864ce-40ef-4239-9439-4dbbf08e462f tempest-AttachVolumeShelveTestJSON-1058708352 tempest-AttachVolumeShelveTestJSON-1058708352-project-member] Tee'ing image 'c21c3bca-d5d6-46b2-b7e5-f8fb6ef723d6' into cache {{(pid=99748) get_caching_iter /opt/stack/glance/glance/image_cache/__init__.py:356}}
Aug 19 01:58:52.464778 np0000007724 devstack@g-api.service[99747]: DEBUG glance.api.middleware.version_negotiation [None req-2c8864ce-40ef-4239-9439-4dbbf08e462f tempest-AttachVolumeShelveTestJSON-1058708352 tempest-AttachVolumeShelveTestJSON-1058708352-project-member] Determining version of request: GET /v2/images/05b1b9e3-775d-4695-8cf0-de8476db34f9 Accept: application/json {{(pid=99747) process_request /opt/stack/glance/glance/api/middleware/version_negotiation.py:44}}
Aug 19 01:58:52.464778 np0000007724 devstack@g-api.service[99747]: DEBUG glance.api.middleware.version_negotiation [None req-2c8864ce-40ef-4239-9439-4dbbf08e462f tempest-AttachVolumeShelveTestJSON-1058708352 tempest-AttachVolumeShelveTestJSON-1058708352-project-member] Using url versioning {{(pid=99747) process_request /opt/stack/glance/glance/api/middleware/version_negotiation.py:57}}
Aug 19 01:58:52.464778 np0000007724 devstack@g-api.service[99747]: DEBUG glance.api.middleware.version_negotiation [None req-2c8864ce-40ef-4239-9439-4dbbf08e462f tempest-AttachVolumeShelveTestJSON-1058708352 tempest-AttachVolumeShelveTestJSON-1058708352-project-member] Matched version: v2 {{(pid=99747) process_request /opt/stack/glance/glance/api/middleware/version_negotiation.py:69}}
Aug 19 01:58:52.465608 np0000007724 devstack@g-api.service[99747]: DEBUG glance.api.middleware.version_negotiation [None req-2c8864ce-40ef-4239-9439-4dbbf08e462f tempest-AttachVolumeShelveTestJSON-1058708352 tempest-AttachVolumeShelveTestJSON-1058708352-project-member] new path /v2/images/05b1b9e3-775d-4695-8cf0-de8476db34f9 {{(pid=99747) process_request /opt/stack/glance/glance/api/middleware/version_negotiation.py:70}}
Aug 19 01:58:52.528180 np0000007724 devstack@g-api.service[99748]: DEBUG glance.image_cache.drivers.centralized_db [None req-2c8864ce-40ef-4239-9439-4dbbf08e462f tempest-AttachVolumeShelveTestJSON-1058708352 tempest-AttachVolumeShelveTestJSON-1058708352-project-member] Fetch finished, moving '/opt/stack/data/glance/cache/incomplete/c21c3bca-d5d6-46b2-b7e5-f8fb6ef723d6' to '/opt/stack/data/glance/cache/c21c3bca-d5d6-46b2-b7e5-f8fb6ef723d6' {{(pid=99748) commit /opt/stack/glance/glance/image_cache/drivers/centralized_db.py:243}}
Aug 19 01:58:52.546114 np0000007724 devstack@g-api.service[99748]: DEBUG glance.image_cache.drivers.centralized_db [None req-2c8864ce-40ef-4239-9439-4dbbf08e462f tempest-AttachVolumeShelveTestJSON-1058708352 tempest-AttachVolumeShelveTestJSON-1058708352-project-member] Image cached successfully. {{(pid=99748) commit /opt/stack/glance/glance/image_cache/drivers/centralized_db.py:258}}
Aug 19 01:58:52.546114 np0000007724 devstack@g-api.service[99748]: [pid: 99748|app: 0|req: 67/200] 127.0.0.1 () {44 vars in 1125 bytes} [Wed Aug 19 01:58:51 2026] GET /v2/images/c21c3bca-d5d6-46b2-b7e5-f8fb6ef723d6/file => generated 53936128 bytes in 812 msecs (HTTP/1.1 200) 4 headers in 191 bytes (825 switches on core 0)
Aug 19 01:58:52.705065 np0000007724 devstack@g-api.service[99747]: [pid: 99747|app: 0|req: 67/201] 127.0.0.1 () {40 vars in 838 bytes} [Wed Aug 19 01:58:52 2026] GET /v2/images/05b1b9e3-775d-4695-8cf0-de8476db34f9 => generated 1044 bytes in 241 msecs (HTTP/1.1 200) 4 headers in 158 bytes (1 switches on core 0)
Aug 19 01:58:52.738290 np0000007724 devstack@g-api.service[99746]: DEBUG glance.api.middleware.version_negotiation [None req-2c8864ce-40ef-4239-9439-4dbbf08e462f tempest-AttachVolumeShelveTestJSON-1058708352 tempest-AttachVolumeShelveTestJSON-1058708352-project-member] Determining version of request: GET /v2/images/05b1b9e3-775d-4695-8cf0-de8476db34f9 Accept: */* {{(pid=99746) process_request /opt/stack/glance/glance/api/middleware/version_negotiation.py:44}}
Aug 19 01:58:52.738290 np0000007724 devstack@g-api.service[99746]: DEBUG glance.api.middleware.version_negotiation [None req-2c8864ce-40ef-4239-9439-4dbbf08e462f tempest-AttachVolumeShelveTestJSON-1058708352 tempest-AttachVolumeShelveTestJSON-1058708352-project-member] Using url versioning {{(pid=99746) process_request /opt/stack/glance/glance/api/middleware/version_negotiation.py:57}}
Aug 19 01:58:52.738290 np0000007724 devstack@g-api.service[99746]: DEBUG glance.api.middleware.version_negotiation [None req-2c8864ce-40ef-4239-9439-4dbbf08e462f tempest-AttachVolumeShelveTestJSON-1058708352 tempest-AttachVolumeShelveTestJSON-1058708352-project-member] Matched version: v2 {{(pid=99746) process_request /opt/stack/glance/glance/api/middleware/version_negotiation.py:69}}
Aug 19 01:58:52.738290 np0000007724 devstack@g-api.service[99746]: DEBUG glance.api.middleware.version_negotiation [None req-2c8864ce-40ef-4239-9439-4dbbf08e462f tempest-AttachVolumeShelveTestJSON-1058708352 tempest-AttachVolumeShelveTestJSON-1058708352-project-member] new path /v2/images/05b1b9e3-775d-4695-8cf0-de8476db34f9 {{(pid=99746) process_request /opt/stack/glance/glance/api/middleware/version_negotiation.py:70}}
Aug 19 01:58:52.757221 np0000007724 devstack@g-api.service[99746]: [pid: 99746|app: 0|req: 68/202] 127.0.0.1 () {44 vars in 1115 bytes} [Wed Aug 19 01:58:52 2026] GET /v2/images/05b1b9e3-775d-4695-8cf0-de8476db34f9 => generated 1044 bytes in 19 msecs (HTTP/1.1 200) 4 headers in 158 bytes (1 switches on core 0)
Aug 19 01:58:52.768527 np0000007724 devstack@g-api.service[99748]: DEBUG glance.api.middleware.version_negotiation [None req-2c8864ce-40ef-4239-9439-4dbbf08e462f tempest-AttachVolumeShelveTestJSON-1058708352 tempest-AttachVolumeShelveTestJSON-1058708352-project-member] Determining version of request: GET /v2/schemas/image Accept: */* {{(pid=99748) process_request /opt/stack/glance/glance/api/middleware/version_negotiation.py:44}}
Aug 19 01:58:52.769094 np0000007724 devstack@g-api.service[99748]: DEBUG glance.api.middleware.version_negotiation [None req-2c8864ce-40ef-4239-9439-4dbbf08e462f tempest-AttachVolumeShelveTestJSON-1058708352 tempest-AttachVolumeShelveTestJSON-1058708352-project-member] Using url versioning {{(pid=99748) process_request /opt/stack/glance/glance/api/middleware/version_negotiation.py:57}}
Aug 19 01:58:52.769094 np0000007724 devstack@g-api.service[99748]: DEBUG glance.api.middleware.version_negotiation [None req-2c8864ce-40ef-4239-9439-4dbbf08e462f tempest-AttachVolumeShelveTestJSON-1058708352 tempest-AttachVolumeShelveTestJSON-1058708352-project-member] Matched version: v2 {{(pid=99748) process_request /opt/stack/glance/glance/api/middleware/version_negotiation.py:69}}
Aug 19 01:58:52.769094 np0000007724 devstack@g-api.service[99748]: DEBUG glance.api.middleware.version_negotiation [None req-2c8864ce-40ef-4239-9439-4dbbf08e462f tempest-AttachVolumeShelveTestJSON-1058708352 tempest-AttachVolumeShelveTestJSON-1058708352-project-member] new path /v2/schemas/image {{(pid=99748) process_request /opt/stack/glance/glance/api/middleware/version_negotiation.py:70}}
Aug 19 01:58:52.773399 np0000007724 devstack@g-api.service[99747]: DEBUG glance.api.middleware.version_negotiation [None req-d1af1b83-e1c1-4593-869c-414c2eef8587 tempest-VolumesCloneTest-512529233 tempest-VolumesCloneTest-512529233-project-member] Determining version of request: GET /v2/images/c21c3bca-d5d6-46b2-b7e5-f8fb6ef723d6 Accept: */* {{(pid=99747) process_request /opt/stack/glance/glance/api/middleware/version_negotiation.py:44}}
Aug 19 01:58:52.773622 np0000007724 devstack@g-api.service[99748]: [pid: 99748|app: 0|req: 68/203] 127.0.0.1 () {44 vars in 1055 bytes} [Wed Aug 19 01:58:52 2026] GET /v2/schemas/image => generated 6083 bytes in 6 msecs (HTTP/1.1 200) 4 headers in 158 bytes (1 switches on core 0)
Aug 19 01:58:52.773980 np0000007724 devstack@g-api.service[99747]: DEBUG glance.api.middleware.version_negotiation [None req-d1af1b83-e1c1-4593-869c-414c2eef8587 tempest-VolumesCloneTest-512529233 tempest-VolumesCloneTest-512529233-project-member] Using url versioning {{(pid=99747) process_request /opt/stack/glance/glance/api/middleware/version_negotiation.py:57}}
Aug 19 01:58:52.775159 np0000007724 devstack@g-api.service[99747]: DEBUG glance.api.middleware.version_negotiation [None req-d1af1b83-e1c1-4593-869c-414c2eef8587 tempest-VolumesCloneTest-512529233 tempest-VolumesCloneTest-512529233-project-member] Matched version: v2 {{(pid=99747) process_request /opt/stack/glance/glance/api/middleware/version_negotiation.py:69}}
Aug 19 01:58:52.775159 np0000007724 devstack@g-api.service[99747]: DEBUG glance.api.middleware.version_negotiation [None req-d1af1b83-e1c1-4593-869c-414c2eef8587 tempest-VolumesCloneTest-512529233 tempest-VolumesCloneTest-512529233-project-member] new path /v2/images/c21c3bca-d5d6-46b2-b7e5-f8fb6ef723d6 {{(pid=99747) process_request /opt/stack/glance/glance/api/middleware/version_negotiation.py:70}}
Aug 19 01:58:52.788571 np0000007724 devstack@g-api.service[99747]: [pid: 99747|app: 0|req: 68/204] 127.0.0.1 () {44 vars in 1115 bytes} [Wed Aug 19 01:58:52 2026] GET /v2/images/c21c3bca-d5d6-46b2-b7e5-f8fb6ef723d6 => generated 1620 bytes in 16 msecs (HTTP/1.1 200) 4 headers in 158 bytes (1 switches on core 0)
Aug 19 01:58:52.789545 np0000007724 devstack@g-api.service[99746]: DEBUG glance.api.middleware.version_negotiation [None req-c31716ea-5921-40c3-b897-a3effff4597b tempest-VolumesCloneTest-512529233 tempest-VolumesCloneTest-512529233-project-member] Determining version of request: GET /v2/schemas/image Accept: */* {{(pid=99746) process_request /opt/stack/glance/glance/api/middleware/version_negotiation.py:44}}
Aug 19 01:58:52.790803 np0000007724 devstack@g-api.service[99746]: DEBUG glance.api.middleware.version_negotiation [None req-c31716ea-5921-40c3-b897-a3effff4597b tempest-VolumesCloneTest-512529233 tempest-VolumesCloneTest-512529233-project-member] Using url versioning {{(pid=99746) process_request /opt/stack/glance/glance/api/middleware/version_negotiation.py:57}}
Aug 19 01:58:52.790803 np0000007724 devstack@g-api.service[99746]: DEBUG glance.api.middleware.version_negotiation [None req-c31716ea-5921-40c3-b897-a3effff4597b tempest-VolumesCloneTest-512529233 tempest-VolumesCloneTest-512529233-project-member] Matched version: v2 {{(pid=99746) process_request /opt/stack/glance/glance/api/middleware/version_negotiation.py:69}}
Aug 19 01:58:52.790803 np0000007724 devstack@g-api.service[99746]: DEBUG glance.api.middleware.version_negotiation [None req-c31716ea-5921-40c3-b897-a3effff4597b tempest-VolumesCloneTest-512529233 tempest-VolumesCloneTest-512529233-project-member] new path /v2/schemas/image {{(pid=99746) process_request /opt/stack/glance/glance/api/middleware/version_negotiation.py:70}}
Aug 19 01:58:52.795954 np0000007724 devstack@g-api.service[99746]: [pid: 99746|app: 0|req: 69/205] 127.0.0.1 () {44 vars in 1055 bytes} [Wed Aug 19 01:58:52 2026] GET /v2/schemas/image => generated 6083 bytes in 6 msecs (HTTP/1.1 200) 4 headers in 158 bytes (1 switches on core 0)
Aug 19 01:58:52.812843 np0000007724 devstack@g-api.service[99748]: DEBUG glance.api.middleware.version_negotiation [None req-c31716ea-5921-40c3-b897-a3effff4597b tempest-VolumesCloneTest-512529233 tempest-VolumesCloneTest-512529233-project-member] Determining version of request: GET /v2/images/05b1b9e3-775d-4695-8cf0-de8476db34f9 Accept: */* {{(pid=99748) process_request /opt/stack/glance/glance/api/middleware/version_negotiation.py:44}}
Aug 19 01:58:52.812843 np0000007724 devstack@g-api.service[99748]: DEBUG glance.api.middleware.version_negotiation [None req-c31716ea-5921-40c3-b897-a3effff4597b tempest-VolumesCloneTest-512529233 tempest-VolumesCloneTest-512529233-project-member] Using url versioning {{(pid=99748) process_request /opt/stack/glance/glance/api/middleware/version_negotiation.py:57}}
Aug 19 01:58:52.813503 np0000007724 devstack@g-api.service[99748]: DEBUG glance.api.middleware.version_negotiation [None req-c31716ea-5921-40c3-b897-a3effff4597b tempest-VolumesCloneTest-512529233 tempest-VolumesCloneTest-512529233-project-member] Matched version: v2 {{(pid=99748) process_request /opt/stack/glance/glance/api/middleware/version_negotiation.py:69}}
Aug 19 01:58:52.813503 np0000007724 devstack@g-api.service[99748]: DEBUG glance.api.middleware.version_negotiation [None req-c31716ea-5921-40c3-b897-a3effff4597b tempest-VolumesCloneTest-512529233 tempest-VolumesCloneTest-512529233-project-member] new path /v2/images/05b1b9e3-775d-4695-8cf0-de8476db34f9 {{(pid=99748) process_request /opt/stack/glance/glance/api/middleware/version_negotiation.py:70}}
Aug 19 01:58:52.824554 np0000007724 devstack@g-api.service[99747]: DEBUG glance.api.middleware.version_negotiation [None req-2c8864ce-40ef-4239-9439-4dbbf08e462f tempest-AttachVolumeShelveTestJSON-1058708352 tempest-AttachVolumeShelveTestJSON-1058708352-project-member] Determining version of request: GET /v2/schemas/image Accept: */* {{(pid=99747) process_request /opt/stack/glance/glance/api/middleware/version_negotiation.py:44}}
Aug 19 01:58:52.824787 np0000007724 devstack@g-api.service[99747]: DEBUG glance.api.middleware.version_negotiation [None req-2c8864ce-40ef-4239-9439-4dbbf08e462f tempest-AttachVolumeShelveTestJSON-1058708352 tempest-AttachVolumeShelveTestJSON-1058708352-project-member] Using url versioning {{(pid=99747) process_request /opt/stack/glance/glance/api/middleware/version_negotiation.py:57}}
Aug 19 01:58:52.824976 np0000007724 devstack@g-api.service[99747]: DEBUG glance.api.middleware.version_negotiation [None req-2c8864ce-40ef-4239-9439-4dbbf08e462f tempest-AttachVolumeShelveTestJSON-1058708352 tempest-AttachVolumeShelveTestJSON-1058708352-project-member] Matched version: v2 {{(pid=99747) process_request /opt/stack/glance/glance/api/middleware/version_negotiation.py:69}}
Aug 19 01:58:52.825092 np0000007724 devstack@g-api.service[99747]: DEBUG glance.api.middleware.version_negotiation [None req-2c8864ce-40ef-4239-9439-4dbbf08e462f tempest-AttachVolumeShelveTestJSON-1058708352 tempest-AttachVolumeShelveTestJSON-1058708352-project-member] new path /v2/schemas/image {{(pid=99747) process_request /opt/stack/glance/glance/api/middleware/version_negotiation.py:70}}
Aug 19 01:58:52.828898 np0000007724 devstack@g-api.service[99747]: [pid: 99747|app: 0|req: 69/206] 127.0.0.1 () {44 vars in 1055 bytes} [Wed Aug 19 01:58:52 2026] GET /v2/schemas/image => generated 6083 bytes in 4 msecs (HTTP/1.1 200) 4 headers in 158 bytes (1 switches on core 0)
Aug 19 01:58:52.830648 np0000007724 devstack@g-api.service[99748]: [pid: 99748|app: 0|req: 69/207] 127.0.0.1 () {44 vars in 1115 bytes} [Wed Aug 19 01:58:52 2026] GET /v2/images/05b1b9e3-775d-4695-8cf0-de8476db34f9 => generated 1044 bytes in 18 msecs (HTTP/1.1 200) 4 headers in 158 bytes (1 switches on core 0)
Aug 19 01:58:52.842530 np0000007724 devstack@g-api.service[99746]: DEBUG glance.api.middleware.version_negotiation [None req-c31716ea-5921-40c3-b897-a3effff4597b tempest-VolumesCloneTest-512529233 tempest-VolumesCloneTest-512529233-project-member] Determining version of request: GET /v2/schemas/image Accept: */* {{(pid=99746) process_request /opt/stack/glance/glance/api/middleware/version_negotiation.py:44}}
Aug 19 01:58:52.842530 np0000007724 devstack@g-api.service[99746]: DEBUG glance.api.middleware.version_negotiation [None req-c31716ea-5921-40c3-b897-a3effff4597b tempest-VolumesCloneTest-512529233 tempest-VolumesCloneTest-512529233-project-member] Using url versioning {{(pid=99746) process_request /opt/stack/glance/glance/api/middleware/version_negotiation.py:57}}
Aug 19 01:58:52.842632 np0000007724 devstack@g-api.service[99746]: DEBUG glance.api.middleware.version_negotiation [None req-c31716ea-5921-40c3-b897-a3effff4597b tempest-VolumesCloneTest-512529233 tempest-VolumesCloneTest-512529233-project-member] Matched version: v2 {{(pid=99746) process_request /opt/stack/glance/glance/api/middleware/version_negotiation.py:69}}
Aug 19 01:58:52.842675 np0000007724 devstack@g-api.service[99746]: DEBUG glance.api.middleware.version_negotiation [None req-c31716ea-5921-40c3-b897-a3effff4597b tempest-VolumesCloneTest-512529233 tempest-VolumesCloneTest-512529233-project-member] new path /v2/schemas/image {{(pid=99746) process_request /opt/stack/glance/glance/api/middleware/version_negotiation.py:70}}
Aug 19 01:58:52.845632 np0000007724 devstack@g-api.service[99746]: [pid: 99746|app: 0|req: 70/208] 127.0.0.1 () {44 vars in 1055 bytes} [Wed Aug 19 01:58:52 2026] GET /v2/schemas/image => generated 6083 bytes in 3 msecs (HTTP/1.1 200) 4 headers in 158 bytes (1 switches on core 0)
Aug 19 01:58:52.861895 np0000007724 devstack@g-api.service[99747]: DEBUG glance.api.middleware.version_negotiation [None req-2c8864ce-40ef-4239-9439-4dbbf08e462f tempest-AttachVolumeShelveTestJSON-1058708352 tempest-AttachVolumeShelveTestJSON-1058708352-project-member] Determining version of request: GET /v2/schemas/image Accept: */* {{(pid=99747) process_request /opt/stack/glance/glance/api/middleware/version_negotiation.py:44}}
Aug 19 01:58:52.863056 np0000007724 devstack@g-api.service[99747]: DEBUG glance.api.middleware.version_negotiation [None req-2c8864ce-40ef-4239-9439-4dbbf08e462f tempest-AttachVolumeShelveTestJSON-1058708352 tempest-AttachVolumeShelveTestJSON-1058708352-project-member] Using url versioning {{(pid=99747) process_request /opt/stack/glance/glance/api/middleware/version_negotiation.py:57}}
Aug 19 01:58:52.863380 np0000007724 devstack@g-api.service[99747]: DEBUG glance.api.middleware.version_negotiation [None req-2c8864ce-40ef-4239-9439-4dbbf08e462f tempest-AttachVolumeShelveTestJSON-1058708352 tempest-AttachVolumeShelveTestJSON-1058708352-project-member] Matched version: v2 {{(pid=99747) process_request /opt/stack/glance/glance/api/middleware/version_negotiation.py:69}}
Aug 19 01:58:52.863547 np0000007724 devstack@g-api.service[99747]: DEBUG glance.api.middleware.version_negotiation [None req-2c8864ce-40ef-4239-9439-4dbbf08e462f tempest-AttachVolumeShelveTestJSON-1058708352 tempest-AttachVolumeShelveTestJSON-1058708352-project-member] new path /v2/schemas/image {{(pid=99747) process_request /opt/stack/glance/glance/api/middleware/version_negotiation.py:70}}
Aug 19 01:58:52.866823 np0000007724 devstack@g-api.service[99747]: [pid: 99747|app: 0|req: 70/209] 127.0.0.1 () {44 vars in 1055 bytes} [Wed Aug 19 01:58:52 2026] GET /v2/schemas/image => generated 6083 bytes in 5 msecs (HTTP/1.1 200) 4 headers in 158 bytes (1 switches on core 0)
Aug 19 01:58:52.895412 np0000007724 devstack@g-api.service[99748]: DEBUG glance.api.middleware.version_negotiation [None req-c31716ea-5921-40c3-b897-a3effff4597b tempest-VolumesCloneTest-512529233 tempest-VolumesCloneTest-512529233-project-member] Determining version of request: GET /v2/images/05b1b9e3-775d-4695-8cf0-de8476db34f9 Accept: */* {{(pid=99748) process_request /opt/stack/glance/glance/api/middleware/version_negotiation.py:44}}
Aug 19 01:58:52.895412 np0000007724 devstack@g-api.service[99748]: DEBUG glance.api.middleware.version_negotiation [None req-c31716ea-5921-40c3-b897-a3effff4597b tempest-VolumesCloneTest-512529233 tempest-VolumesCloneTest-512529233-project-member] Using url versioning {{(pid=99748) process_request /opt/stack/glance/glance/api/middleware/version_negotiation.py:57}}
Aug 19 01:58:52.895641 np0000007724 devstack@g-api.service[99748]: DEBUG glance.api.middleware.version_negotiation [None req-c31716ea-5921-40c3-b897-a3effff4597b tempest-VolumesCloneTest-512529233 tempest-VolumesCloneTest-512529233-project-member] Matched version: v2 {{(pid=99748) process_request /opt/stack/glance/glance/api/middleware/version_negotiation.py:69}}
Aug 19 01:58:52.895641 np0000007724 devstack@g-api.service[99748]: DEBUG glance.api.middleware.version_negotiation [None req-c31716ea-5921-40c3-b897-a3effff4597b tempest-VolumesCloneTest-512529233 tempest-VolumesCloneTest-512529233-project-member] new path /v2/images/05b1b9e3-775d-4695-8cf0-de8476db34f9 {{(pid=99748) process_request /opt/stack/glance/glance/api/middleware/version_negotiation.py:70}}
Aug 19 01:58:52.905844 np0000007724 devstack@g-api.service[99748]: [pid: 99748|app: 0|req: 70/210] 127.0.0.1 () {44 vars in 1115 bytes} [Wed Aug 19 01:58:52 2026] GET /v2/images/05b1b9e3-775d-4695-8cf0-de8476db34f9 => generated 1044 bytes in 11 msecs (HTTP/1.1 200) 4 headers in 158 bytes (1 switches on core 0)
Aug 19 01:58:52.915445 np0000007724 devstack@g-api.service[99746]: DEBUG glance.api.middleware.version_negotiation [None req-c31716ea-5921-40c3-b897-a3effff4597b tempest-VolumesCloneTest-512529233 tempest-VolumesCloneTest-512529233-project-member] Determining version of request: GET /v2/schemas/image Accept: */* {{(pid=99746) process_request /opt/stack/glance/glance/api/middleware/version_negotiation.py:44}}
Aug 19 01:58:52.915445 np0000007724 devstack@g-api.service[99746]: DEBUG glance.api.middleware.version_negotiation [None req-c31716ea-5921-40c3-b897-a3effff4597b tempest-VolumesCloneTest-512529233 tempest-VolumesCloneTest-512529233-project-member] Using url versioning {{(pid=99746) process_request /opt/stack/glance/glance/api/middleware/version_negotiation.py:57}}
Aug 19 01:58:52.915445 np0000007724 devstack@g-api.service[99746]: DEBUG glance.api.middleware.version_negotiation [None req-c31716ea-5921-40c3-b897-a3effff4597b tempest-VolumesCloneTest-512529233 tempest-VolumesCloneTest-512529233-project-member] Matched version: v2 {{(pid=99746) process_request /opt/stack/glance/glance/api/middleware/version_negotiation.py:69}}
Aug 19 01:58:52.915445 np0000007724 devstack@g-api.service[99746]: DEBUG glance.api.middleware.version_negotiation [None req-c31716ea-5921-40c3-b897-a3effff4597b tempest-VolumesCloneTest-512529233 tempest-VolumesCloneTest-512529233-project-member] new path /v2/schemas/image {{(pid=99746) process_request /opt/stack/glance/glance/api/middleware/version_negotiation.py:70}}
Aug 19 01:58:52.921199 np0000007724 devstack@g-api.service[99746]: [pid: 99746|app: 0|req: 71/211] 127.0.0.1 () {44 vars in 1055 bytes} [Wed Aug 19 01:58:52 2026] GET /v2/schemas/image => generated 6083 bytes in 7 msecs (HTTP/1.1 200) 4 headers in 158 bytes (1 switches on core 0)
Aug 19 01:58:53.323206 np0000007724 devstack@g-api.service[99747]: DEBUG glance.api.middleware.version_negotiation [None req-c31716ea-5921-40c3-b897-a3effff4597b tempest-VolumesCloneTest-512529233 tempest-VolumesCloneTest-512529233-project-member] Determining version of request: GET /versions Accept: */* {{(pid=99747) process_request /opt/stack/glance/glance/api/middleware/version_negotiation.py:44}}
Aug 19 01:58:53.323867 np0000007724 devstack@g-api.service[99747]: [pid: 99747|app: 0|req: 71/212] 127.0.0.1 () {44 vars in 1039 bytes} [Wed Aug 19 01:58:53 2026] GET /versions => generated 1515 bytes in 1 msecs (HTTP/1.1 200) 3 headers in 92 bytes (1 switches on core 0)
Aug 19 01:58:53.331731 np0000007724 devstack@g-api.service[99748]: DEBUG glance.api.middleware.version_negotiation [None req-c31716ea-5921-40c3-b897-a3effff4597b tempest-VolumesCloneTest-512529233 tempest-VolumesCloneTest-512529233-project-member] Determining version of request: GET /v2/images/05b1b9e3-775d-4695-8cf0-de8476db34f9/locations Accept: */* {{(pid=99748) process_request /opt/stack/glance/glance/api/middleware/version_negotiation.py:44}}
Aug 19 01:58:53.331900 np0000007724 devstack@g-api.service[99748]: DEBUG glance.api.middleware.version_negotiation [None req-c31716ea-5921-40c3-b897-a3effff4597b tempest-VolumesCloneTest-512529233 tempest-VolumesCloneTest-512529233-project-member] Using url versioning {{(pid=99748) process_request /opt/stack/glance/glance/api/middleware/version_negotiation.py:57}}
Aug 19 01:58:53.332053 np0000007724 devstack@g-api.service[99748]: DEBUG glance.api.middleware.version_negotiation [None req-c31716ea-5921-40c3-b897-a3effff4597b tempest-VolumesCloneTest-512529233 tempest-VolumesCloneTest-512529233-project-member] Matched version: v2 {{(pid=99748) process_request /opt/stack/glance/glance/api/middleware/version_negotiation.py:69}}
Aug 19 01:58:53.332108 np0000007724 devstack@g-api.service[99748]: DEBUG glance.api.middleware.version_negotiation [None req-c31716ea-5921-40c3-b897-a3effff4597b tempest-VolumesCloneTest-512529233 tempest-VolumesCloneTest-512529233-project-member] new path /v2/images/05b1b9e3-775d-4695-8cf0-de8476db34f9/locations {{(pid=99748) process_request /opt/stack/glance/glance/api/middleware/version_negotiation.py:70}}
Aug 19 01:58:53.388625 np0000007724 devstack@g-api.service[99748]: [pid: 99748|app: 0|req: 71/213] 127.0.0.1 () {44 vars in 1135 bytes} [Wed Aug 19 01:58:53 2026] GET /v2/images/05b1b9e3-775d-4695-8cf0-de8476db34f9/locations => generated 92 bytes in 57 msecs (HTTP/1.1 200) 4 headers in 156 bytes (1 switches on core 0)
Aug 19 01:58:53.398080 np0000007724 devstack@g-api.service[99746]: DEBUG glance.api.middleware.version_negotiation [None req-c31716ea-5921-40c3-b897-a3effff4597b tempest-VolumesCloneTest-512529233 tempest-VolumesCloneTest-512529233-project-member] Determining version of request: GET /v2/images/05b1b9e3-775d-4695-8cf0-de8476db34f9 Accept: */* {{(pid=99746) process_request /opt/stack/glance/glance/api/middleware/version_negotiation.py:44}}
Aug 19 01:58:53.398243 np0000007724 devstack@g-api.service[99746]: DEBUG glance.api.middleware.version_negotiation [None req-c31716ea-5921-40c3-b897-a3effff4597b tempest-VolumesCloneTest-512529233 tempest-VolumesCloneTest-512529233-project-member] Using url versioning {{(pid=99746) process_request /opt/stack/glance/glance/api/middleware/version_negotiation.py:57}}
