Aug 19 01:52:31.644310 np0000007724 devstack@g-api.service[99748]: DEBUG glance_store.location [-] Registering scheme https with {'store': , 'location_class': , 'store_entry': 'http'} {{(pid=99748) register_scheme_map /opt/stack/data/venv/lib/python3.12/site-packages/glance_store/location.py:146}}
Aug 19 01:52:31.644361 np0000007724 devstack@g-api.service[99748]: DEBUG glance_store.backend [-] Attempting to import store swift {{(pid=99748) _load_store /opt/stack/data/venv/lib/python3.12/site-packages/glance_store/backend.py:215}}
Aug 19 01:52:31.644553 np0000007724 devstack@g-api.service[99748]: WARNING oslo_config.cfg [-] Deprecated: Option "default_store" from group "glance_store" is deprecated for removal (
Aug 19 01:52:31.644553 np0000007724 devstack@g-api.service[99748]: This option is deprecated against new config option
Aug 19 01:52:31.644553 np0000007724 devstack@g-api.service[99748]: ``default_backend`` which acts similar to ``default_store`` config
Aug 19 01:52:31.644553 np0000007724 devstack@g-api.service[99748]: option.
Aug 19 01:52:31.644553 np0000007724 devstack@g-api.service[99748]: This option is scheduled for removal in the U development
Aug 19 01:52:31.644553 np0000007724 devstack@g-api.service[99748]: cycle.
Aug 19 01:52:31.644553 np0000007724 devstack@g-api.service[99748]: ). Its value may be silently ignored in the future.
Aug 19 01:52:31.645691 np0000007724 devstack@g-api.service[99748]: DEBUG glance_store.capabilities [-] Store glance_store._drivers.swift.store.SingleTenantStore doesn't support updating dynamic storage capabilities. Please overwrite 'update_capabilities' method of the store to implement updating logics if needed. {{(pid=99748) update_capabilities /opt/stack/data/venv/lib/python3.12/site-packages/glance_store/capabilities.py:91}}
Aug 19 01:52:31.645750 np0000007724 devstack@g-api.service[99748]: DEBUG glance_store.backend [-] Registering store swift with schemes ('swift+https', 'swift', 'swift+http', 'swift+config') {{(pid=99748) create_stores /opt/stack/data/venv/lib/python3.12/site-packages/glance_store/backend.py:261}}
Aug 19 01:52:31.645817 np0000007724 devstack@g-api.service[99748]: DEBUG glance_store.driver [-] Late loading location class glance_store._drivers.swift.store.StoreLocation {{(pid=99748) get_store_location_class /opt/stack/data/venv/lib/python3.12/site-packages/glance_store/driver.py:134}}
Aug 19 01:52:31.645894 np0000007724 devstack@g-api.service[99748]: DEBUG glance_store.location [-] Registering scheme swift+https with {'store': , 'location_class': , 'store_entry': 'swift'} {{(pid=99748) register_scheme_map /opt/stack/data/venv/lib/python3.12/site-packages/glance_store/location.py:146}}
Aug 19 01:52:31.645950 np0000007724 devstack@g-api.service[99748]: DEBUG glance_store.location [-] Registering scheme swift with {'store': , 'location_class': , 'store_entry': 'swift'} {{(pid=99748) register_scheme_map /opt/stack/data/venv/lib/python3.12/site-packages/glance_store/location.py:146}}
Aug 19 01:52:31.646003 np0000007724 devstack@g-api.service[99748]: DEBUG glance_store.location [-] Registering scheme swift+http with {'store': , 'location_class': , 'store_entry': 'swift'} {{(pid=99748) register_scheme_map /opt/stack/data/venv/lib/python3.12/site-packages/glance_store/location.py:146}}
Aug 19 01:52:31.646067 np0000007724 devstack@g-api.service[99748]: DEBUG glance_store.location [-] Registering scheme swift+config with {'store': , 'location_class': , 'store_entry': 'swift'} {{(pid=99748) register_scheme_map /opt/stack/data/venv/lib/python3.12/site-packages/glance_store/location.py:146}}
Aug 19 01:52:31.646171 np0000007724 devstack@g-api.service[99748]: DEBUG glance_store.backend [-] Attempting to import store swift {{(pid=99748) _load_store /opt/stack/data/venv/lib/python3.12/site-packages/glance_store/backend.py:215}}
Aug 19 01:52:31.647184 np0000007724 devstack@g-api.service[99748]: DEBUG glance_store.capabilities [-] Store glance_store._drivers.swift.store.SingleTenantStore doesn't support updating dynamic storage capabilities. Please overwrite 'update_capabilities' method of the store to implement updating logics if needed. {{(pid=99748) update_capabilities /opt/stack/data/venv/lib/python3.12/site-packages/glance_store/capabilities.py:91}}
Aug 19 01:52:31.647227 np0000007724 devstack@g-api.service[99748]: DEBUG glance_store.driver [-] Late loading location class glance_store._drivers.swift.store.StoreLocation {{(pid=99748) get_store_location_class /opt/stack/data/venv/lib/python3.12/site-packages/glance_store/driver.py:134}}
Aug 19 01:52:31.647299 np0000007724 devstack@g-api.service[99748]: DEBUG glance_store.location [-] Registering scheme swift+https with {'store': , 'location_class': , 'store_entry': 'swift'} {{(pid=99748) register_scheme_map /opt/stack/data/venv/lib/python3.12/site-packages/glance_store/location.py:146}}
Aug 19 01:52:31.647349 np0000007724 devstack@g-api.service[99748]: DEBUG glance_store.location [-] Registering scheme swift+https with {'store': , 'location_class': , 'store_entry': 'swift'} {{(pid=99748) register_scheme_map /opt/stack/data/venv/lib/python3.12/site-packages/glance_store/location.py:146}}
Aug 19 01:52:31.647407 np0000007724 devstack@g-api.service[99748]: DEBUG glance_store.location [-] Registering scheme swift with {'store': , 'location_class': , 'store_entry': 'swift'} {{(pid=99748) register_scheme_map /opt/stack/data/venv/lib/python3.12/site-packages/glance_store/location.py:146}}
Aug 19 01:52:31.647457 np0000007724 devstack@g-api.service[99748]: DEBUG glance_store.location [-] Registering scheme swift+https with {'store': , 'location_class': , 'store_entry': 'swift'} {{(pid=99748) register_scheme_map /opt/stack/data/venv/lib/python3.12/site-packages/glance_store/location.py:146}}
Aug 19 01:52:31.647499 np0000007724 devstack@g-api.service[99748]: DEBUG glance_store.location [-] Registering scheme swift with {'store': , 'location_class': , 'store_entry': 'swift'} {{(pid=99748) register_scheme_map /opt/stack/data/venv/lib/python3.12/site-packages/glance_store/location.py:146}}
Aug 19 01:52:31.647570 np0000007724 devstack@g-api.service[99748]: DEBUG glance_store.location [-] Registering scheme swift+http with {'store': , 'location_class': , 'store_entry': 'swift'} {{(pid=99748) register_scheme_map /opt/stack/data/venv/lib/python3.12/site-packages/glance_store/location.py:146}}
Aug 19 01:52:31.647621 np0000007724 devstack@g-api.service[99748]: DEBUG glance_store.location [-] Registering scheme swift+https with {'store': , 'location_class': , 'store_entry': 'swift'} {{(pid=99748) register_scheme_map /opt/stack/data/venv/lib/python3.12/site-packages/glance_store/location.py:146}}
Aug 19 01:52:31.647672 np0000007724 devstack@g-api.service[99748]: DEBUG glance_store.location [-] Registering scheme swift with {'store': , 'location_class': , 'store_entry': 'swift'} {{(pid=99748) register_scheme_map /opt/stack/data/venv/lib/python3.12/site-packages/glance_store/location.py:146}}
Aug 19 01:52:31.647715 np0000007724 devstack@g-api.service[99748]: DEBUG glance_store.location [-] Registering scheme swift+http with {'store': , 'location_class': , 'store_entry': 'swift'} {{(pid=99748) register_scheme_map /opt/stack/data/venv/lib/python3.12/site-packages/glance_store/location.py:146}}
Aug 19 01:52:31.647759 np0000007724 devstack@g-api.service[99748]: DEBUG glance_store.location [-] Registering scheme swift+config with {'store': , 'location_class': , 'store_entry': 'swift'} {{(pid=99748) register_scheme_map /opt/stack/data/venv/lib/python3.12/site-packages/glance_store/location.py:146}}
Aug 19 01:52:31.647997 np0000007724 devstack@g-api.service[99748]: DEBUG glance.sqlite_migration [-] SQLite caching database not located, skipping migration {{(pid=99748) get_db_path /opt/stack/glance/glance/sqlite_migration.py:68}}
Aug 19 01:52:31.648181 np0000007724 devstack@g-api.service[99748]: WARNING glance.common.wsgi_app [-] Import methods are enabled but staging directory /tmp/staging/ does not exist; Imports will fail!
Aug 19 01:52:31.747700 np0000007724 devstack@g-api.service[99747]: DEBUG glance.common.config [None req-61f1fb5d-64d1-431a-b4d9-5cc22f0ab72d None None] Loading glance-api-keystone+cachemanagement from /etc/glance/glance-api-paste.ini {{(pid=99747) load_paste_app /opt/stack/glance/glance/common/config.py:772}}
Aug 19 01:52:31.748128 np0000007724 devstack@g-api.service[99746]: DEBUG glance.common.config [None req-9a142140-e7d6-4dcb-b0e5-dfabb46ac033 None None] Loading glance-api-keystone+cachemanagement from /etc/glance/glance-api-paste.ini {{(pid=99746) load_paste_app /opt/stack/glance/glance/common/config.py:772}}
Aug 19 01:52:31.776717 np0000007724 devstack@g-api.service[99748]: DEBUG glance.common.config [None req-f6c80ef3-908c-407f-bc7b-7ff0384357d0 None None] Loading glance-api-keystone+cachemanagement from /etc/glance/glance-api-paste.ini {{(pid=99748) load_paste_app /opt/stack/glance/glance/common/config.py:772}}
Aug 19 01:52:32.349254 np0000007724 devstack@g-api.service[99746]: INFO glance.image_cache [None req-9a142140-e7d6-4dcb-b0e5-dfabb46ac033 None None] Image cache loaded driver 'centralized_db'.
Aug 19 01:52:32.353101 np0000007724 devstack@g-api.service[99748]: INFO glance.image_cache [None req-f6c80ef3-908c-407f-bc7b-7ff0384357d0 None None] Image cache loaded driver 'centralized_db'.
Aug 19 01:52:32.361241 np0000007724 devstack@g-api.service[99747]: INFO glance.image_cache [None req-61f1fb5d-64d1-431a-b4d9-5cc22f0ab72d None None] Image cache loaded driver 'centralized_db'.
Aug 19 01:52:32.394488 np0000007724 devstack@g-api.service[99746]: INFO dbcounter [None req-9a142140-e7d6-4dcb-b0e5-dfabb46ac033 None None] Registered counter for database glance
Aug 19 01:52:32.402086 np0000007724 devstack@g-api.service[99748]: INFO dbcounter [None req-f6c80ef3-908c-407f-bc7b-7ff0384357d0 None None] Registered counter for database glance
Aug 19 01:52:32.426786 np0000007724 devstack@g-api.service[99747]: INFO dbcounter [None req-61f1fb5d-64d1-431a-b4d9-5cc22f0ab72d None None] Registered counter for database glance
Aug 19 01:52:32.432689 np0000007724 devstack@g-api.service[99746]: DEBUG oslo_db.sqlalchemy.engines [None req-9a142140-e7d6-4dcb-b0e5-dfabb46ac033 None None] MySQL server mode set to STRICT_TRANS_TABLES,STRICT_ALL_TABLES,NO_ZERO_IN_DATE,NO_ZERO_DATE,ERROR_FOR_DIVISION_BY_ZERO,TRADITIONAL,NO_ENGINE_SUBSTITUTION {{(pid=99746) _check_effective_sql_mode /opt/stack/data/venv/lib/python3.12/site-packages/oslo_db/sqlalchemy/engines.py:325}}
Aug 19 01:52:32.440526 np0000007724 devstack@g-api.service[99748]: DEBUG oslo_db.sqlalchemy.engines [None req-f6c80ef3-908c-407f-bc7b-7ff0384357d0 None None] MySQL server mode set to STRICT_TRANS_TABLES,STRICT_ALL_TABLES,NO_ZERO_IN_DATE,NO_ZERO_DATE,ERROR_FOR_DIVISION_BY_ZERO,TRADITIONAL,NO_ENGINE_SUBSTITUTION {{(pid=99748) _check_effective_sql_mode /opt/stack/data/venv/lib/python3.12/site-packages/oslo_db/sqlalchemy/engines.py:325}}
Aug 19 01:52:32.453305 np0000007724 devstack@g-api.service[99746]: DEBUG dbcounter [-] [99746] Writer thread running {{(pid=99746) stat_writer /opt/stack/data/venv/lib/python3.12/site-packages/dbcounter.py:102}}
Aug 19 01:52:32.461434 np0000007724 devstack@g-api.service[99748]: DEBUG dbcounter [-] [99748] Writer thread running {{(pid=99748) stat_writer /opt/stack/data/venv/lib/python3.12/site-packages/dbcounter.py:102}}
Aug 19 01:52:32.463456 np0000007724 devstack@g-api.service[99746]: INFO glance.image_cache [None req-9a142140-e7d6-4dcb-b0e5-dfabb46ac033 None None] Image cache loaded driver 'centralized_db'.
Aug 19 01:52:32.463772 np0000007724 devstack@g-api.service[99748]: DEBUG glance.image_cache.drivers.centralized_db [None req-f6c80ef3-908c-407f-bc7b-7ff0384357d0 None None] Node reference is already recorded, ignoring it {{(pid=99748) configure /opt/stack/glance/glance/image_cache/drivers/centralized_db.py:71}}
Aug 19 01:52:32.465207 np0000007724 devstack@g-api.service[99747]: DEBUG oslo_db.sqlalchemy.engines [None req-61f1fb5d-64d1-431a-b4d9-5cc22f0ab72d None None] MySQL server mode set to STRICT_TRANS_TABLES,STRICT_ALL_TABLES,NO_ZERO_IN_DATE,NO_ZERO_DATE,ERROR_FOR_DIVISION_BY_ZERO,TRADITIONAL,NO_ENGINE_SUBSTITUTION {{(pid=99747) _check_effective_sql_mode /opt/stack/data/venv/lib/python3.12/site-packages/oslo_db/sqlalchemy/engines.py:325}}
Aug 19 01:52:32.468908 np0000007724 devstack@g-api.service[99748]: INFO glance.image_cache [None req-f6c80ef3-908c-407f-bc7b-7ff0384357d0 None None] Image cache loaded driver 'centralized_db'.
Aug 19 01:52:32.470002 np0000007724 devstack@g-api.service[99746]: DEBUG glance.image_cache.drivers.centralized_db [None req-9a142140-e7d6-4dcb-b0e5-dfabb46ac033 None None] Node reference is already recorded, ignoring it {{(pid=99746) configure /opt/stack/glance/glance/image_cache/drivers/centralized_db.py:71}}
Aug 19 01:52:32.474578 np0000007724 devstack@g-api.service[99746]: DEBUG glance.api.v2.cached_images [None req-9a142140-e7d6-4dcb-b0e5-dfabb46ac033 None None] Started cache worker thread {{(pid=99746) __init__ /opt/stack/glance/glance/api/v2/cached_images.py:71}}
Aug 19 01:52:32.475196 np0000007724 devstack@g-api.service[99748]: DEBUG glance.image_cache.drivers.centralized_db [None req-f6c80ef3-908c-407f-bc7b-7ff0384357d0 None None] Node reference is already recorded, ignoring it {{(pid=99748) configure /opt/stack/glance/glance/image_cache/drivers/centralized_db.py:71}}
Aug 19 01:52:32.475264 np0000007724 devstack@g-api.service[99746]: INFO glance.image_cache [None req-9a142140-e7d6-4dcb-b0e5-dfabb46ac033 None None] Image cache loaded driver 'centralized_db'.
Aug 19 01:52:32.479396 np0000007724 devstack@g-api.service[99748]: DEBUG glance.api.v2.cached_images [None req-f6c80ef3-908c-407f-bc7b-7ff0384357d0 None None] Started cache worker thread {{(pid=99748) __init__ /opt/stack/glance/glance/api/v2/cached_images.py:71}}
Aug 19 01:52:32.479964 np0000007724 devstack@g-api.service[99748]: INFO glance.image_cache [None req-f6c80ef3-908c-407f-bc7b-7ff0384357d0 None None] Image cache loaded driver 'centralized_db'.
Aug 19 01:52:32.482631 np0000007724 devstack@g-api.service[99746]: DEBUG glance.image_cache.drivers.centralized_db [None req-9a142140-e7d6-4dcb-b0e5-dfabb46ac033 None None] Node reference is already recorded, ignoring it {{(pid=99746) configure /opt/stack/glance/glance/image_cache/drivers/centralized_db.py:71}}
Aug 19 01:52:32.485331 np0000007724 devstack@g-api.service[99747]: DEBUG dbcounter [-] [99747] Writer thread running {{(pid=99747) stat_writer /opt/stack/data/venv/lib/python3.12/site-packages/dbcounter.py:102}}
Aug 19 01:52:32.487667 np0000007724 devstack@g-api.service[99747]: DEBUG glance.image_cache.drivers.centralized_db [None req-61f1fb5d-64d1-431a-b4d9-5cc22f0ab72d None None] Node reference is already recorded, ignoring it {{(pid=99747) configure /opt/stack/glance/glance/image_cache/drivers/centralized_db.py:71}}
Aug 19 01:52:32.492834 np0000007724 devstack@g-api.service[99747]: INFO glance.image_cache [None req-61f1fb5d-64d1-431a-b4d9-5cc22f0ab72d None None] Image cache loaded driver 'centralized_db'.
Aug 19 01:52:32.499448 np0000007724 devstack@g-api.service[99747]: DEBUG glance.image_cache.drivers.centralized_db [None req-61f1fb5d-64d1-431a-b4d9-5cc22f0ab72d None None] Node reference is already recorded, ignoring it {{(pid=99747) configure /opt/stack/glance/glance/image_cache/drivers/centralized_db.py:71}}
Aug 19 01:52:32.503628 np0000007724 devstack@g-api.service[99747]: DEBUG glance.api.v2.cached_images [None req-61f1fb5d-64d1-431a-b4d9-5cc22f0ab72d None None] Started cache worker thread {{(pid=99747) __init__ /opt/stack/glance/glance/api/v2/cached_images.py:71}}
Aug 19 01:52:32.504237 np0000007724 devstack@g-api.service[99747]: INFO glance.image_cache [None req-61f1fb5d-64d1-431a-b4d9-5cc22f0ab72d None None] Image cache loaded driver 'centralized_db'.
Aug 19 01:52:32.512173 np0000007724 devstack@g-api.service[99747]: DEBUG glance.image_cache.drivers.centralized_db [None req-61f1fb5d-64d1-431a-b4d9-5cc22f0ab72d None None] Node reference is already recorded, ignoring it {{(pid=99747) configure /opt/stack/glance/glance/image_cache/drivers/centralized_db.py:71}}
Aug 19 01:52:32.572298 np0000007724 devstack@g-api.service[99746]: INFO glance.api.middleware.cache_manage [None req-9a142140-e7d6-4dcb-b0e5-dfabb46ac033 None None] Initialized image cache management middleware
Aug 19 01:52:32.572401 np0000007724 devstack@g-api.service[99746]: INFO glance.image_cache [None req-9a142140-e7d6-4dcb-b0e5-dfabb46ac033 None None] Image cache loaded driver 'centralized_db'.
Aug 19 01:52:32.579490 np0000007724 devstack@g-api.service[99746]: DEBUG glance.image_cache.drivers.centralized_db [None req-9a142140-e7d6-4dcb-b0e5-dfabb46ac033 None None] Node reference is already recorded, ignoring it {{(pid=99746) configure /opt/stack/glance/glance/image_cache/drivers/centralized_db.py:71}}
Aug 19 01:52:32.580741 np0000007724 devstack@g-api.service[99748]: DEBUG glance.image_cache.drivers.centralized_db [None req-f6c80ef3-908c-407f-bc7b-7ff0384357d0 None None] Node reference is already recorded, ignoring it {{(pid=99748) configure /opt/stack/glance/glance/image_cache/drivers/centralized_db.py:71}}
Aug 19 01:52:32.583161 np0000007724 devstack@g-api.service[99746]: INFO glance.api.middleware.cache [None req-9a142140-e7d6-4dcb-b0e5-dfabb46ac033 None None] Initialized image cache middleware
Aug 19 01:52:32.585425 np0000007724 devstack@g-api.service[99748]: INFO glance.api.middleware.cache_manage [None req-f6c80ef3-908c-407f-bc7b-7ff0384357d0 None None] Initialized image cache management middleware
Aug 19 01:52:32.585651 np0000007724 devstack@g-api.service[99748]: INFO glance.image_cache [None req-f6c80ef3-908c-407f-bc7b-7ff0384357d0 None None] Image cache loaded driver 'centralized_db'.
Aug 19 01:52:32.591787 np0000007724 devstack@g-api.service[99748]: DEBUG glance.image_cache.drivers.centralized_db [None req-f6c80ef3-908c-407f-bc7b-7ff0384357d0 None None] Node reference is already recorded, ignoring it {{(pid=99748) configure /opt/stack/glance/glance/image_cache/drivers/centralized_db.py:71}}
Aug 19 01:52:32.593326 np0000007724 devstack@g-api.service[99746]: DEBUG glance.common.config [None req-9a142140-e7d6-4dcb-b0e5-dfabb46ac033 None None] ******************************************************************************** {{(pid=99746) log_opt_values /opt/stack/data/venv/lib/python3.12/site-packages/oslo_config/cfg.py:3533}}
Aug 19 01:52:32.593420 np0000007724 devstack@g-api.service[99746]: DEBUG glance.common.config [None req-9a142140-e7d6-4dcb-b0e5-dfabb46ac033 None None] Configuration options gathered from: {{(pid=99746) log_opt_values /opt/stack/data/venv/lib/python3.12/site-packages/oslo_config/cfg.py:3534}}
Aug 19 01:52:32.593928 np0000007724 devstack@g-api.service[99746]: DEBUG glance.common.config [None req-9a142140-e7d6-4dcb-b0e5-dfabb46ac033 None None] command line args: [] {{(pid=99746) log_opt_values /opt/stack/data/venv/lib/python3.12/site-packages/oslo_config/cfg.py:3535}}
Aug 19 01:52:32.594116 np0000007724 devstack@g-api.service[99746]: DEBUG glance.common.config [None req-9a142140-e7d6-4dcb-b0e5-dfabb46ac033 None None] config files: ['/etc/glance/glance-image-import.conf', '/etc/glance/glance-api.conf'] {{(pid=99746) log_opt_values /opt/stack/data/venv/lib/python3.12/site-packages/oslo_config/cfg.py:3536}}
Aug 19 01:52:32.594220 np0000007724 devstack@g-api.service[99746]: DEBUG glance.common.config [None req-9a142140-e7d6-4dcb-b0e5-dfabb46ac033 None None] ================================================================================ {{(pid=99746) log_opt_values /opt/stack/data/venv/lib/python3.12/site-packages/oslo_config/cfg.py:3541}}
Aug 19 01:52:32.594392 np0000007724 devstack@g-api.service[99746]: DEBUG glance.common.config [None req-9a142140-e7d6-4dcb-b0e5-dfabb46ac033 None None] allow_anonymous_access = False {{(pid=99746) log_opt_values /opt/stack/data/venv/lib/python3.12/site-packages/oslo_config/cfg.py:3549}}
Aug 19 01:52:32.594546 np0000007724 devstack@g-api.service[99746]: DEBUG glance.common.config [None req-9a142140-e7d6-4dcb-b0e5-dfabb46ac033 None None] api_limit_max = 1000 {{(pid=99746) log_opt_values /opt/stack/data/venv/lib/python3.12/site-packages/oslo_config/cfg.py:3549}}
Aug 19 01:52:32.594695 np0000007724 devstack@g-api.service[99746]: DEBUG glance.common.config [None req-9a142140-e7d6-4dcb-b0e5-dfabb46ac033 None None] config_dir = [] {{(pid=99746) log_opt_values /opt/stack/data/venv/lib/python3.12/site-packages/oslo_config/cfg.py:3549}}
Aug 19 01:52:32.594792 np0000007724 devstack@g-api.service[99746]: DEBUG glance.common.config [None req-9a142140-e7d6-4dcb-b0e5-dfabb46ac033 None None] config_file = ['/etc/glance/glance-image-import.conf', '/etc/glance/glance-api.conf'] {{(pid=99746) log_opt_values /opt/stack/data/venv/lib/python3.12/site-packages/oslo_config/cfg.py:3549}}
Aug 19 01:52:32.594912 np0000007724 devstack@g-api.service[99746]: DEBUG glance.common.config [None req-9a142140-e7d6-4dcb-b0e5-dfabb46ac033 None None] config_source = [] {{(pid=99746) log_opt_values /opt/stack/data/venv/lib/python3.12/site-packages/oslo_config/cfg.py:3549}}
Aug 19 01:52:32.595018 np0000007724 devstack@g-api.service[99746]: DEBUG glance.common.config [None req-9a142140-e7d6-4dcb-b0e5-dfabb46ac033 None None] control_exchange = glance {{(pid=99746) log_opt_values /opt/stack/data/venv/lib/python3.12/site-packages/oslo_config/cfg.py:3549}}
Aug 19 01:52:32.595102 np0000007724 devstack@g-api.service[99746]: DEBUG glance.common.config [None req-9a142140-e7d6-4dcb-b0e5-dfabb46ac033 None None] debug = True {{(pid=99746) log_opt_values /opt/stack/data/venv/lib/python3.12/site-packages/oslo_config/cfg.py:3549}}
Aug 19 01:52:32.595257 np0000007724 devstack@g-api.service[99746]: DEBUG glance.common.config [None req-9a142140-e7d6-4dcb-b0e5-dfabb46ac033 None None] default_log_levels = ['amqp=WARN', 'boto=WARN', 'sqlalchemy=WARN', 'suds=INFO', 'oslo.messaging=INFO', 'oslo_messaging=INFO', 'iso8601=WARN', 'requests.packages.urllib3.connectionpool=WARN', 'urllib3.connectionpool=WARN', 'websocket=WARN', 'requests.packages.urllib3.util.retry=WARN', 'urllib3.util.retry=WARN', 'keystonemiddleware=WARN', 'routes.middleware=WARN', 'stevedore=WARN', 'taskflow=WARN', 'keystoneauth=WARN', 'oslo.cache=INFO', 'oslo_policy=INFO', 'dogpile.core.dogpile=INFO'] {{(pid=99746) log_opt_values /opt/stack/data/venv/lib/python3.12/site-packages/oslo_config/cfg.py:3549}}
Aug 19 01:52:32.595337 np0000007724 devstack@g-api.service[99748]: INFO glance.api.middleware.cache [None req-f6c80ef3-908c-407f-bc7b-7ff0384357d0 None None] Initialized image cache middleware
Aug 19 01:52:32.595387 np0000007724 devstack@g-api.service[99746]: DEBUG glance.common.config [None req-9a142140-e7d6-4dcb-b0e5-dfabb46ac033 None None] default_publisher_id = image.localhost {{(pid=99746) log_opt_values /opt/stack/data/venv/lib/python3.12/site-packages/oslo_config/cfg.py:3549}}
Aug 19 01:52:32.595478 np0000007724 devstack@g-api.service[99746]: DEBUG glance.common.config [None req-9a142140-e7d6-4dcb-b0e5-dfabb46ac033 None None] delayed_delete = False {{(pid=99746) log_opt_values /opt/stack/data/venv/lib/python3.12/site-packages/oslo_config/cfg.py:3549}}
Aug 19 01:52:32.595589 np0000007724 devstack@g-api.service[99746]: DEBUG glance.common.config [None req-9a142140-e7d6-4dcb-b0e5-dfabb46ac033 None None] digest_algorithm = sha256 {{(pid=99746) log_opt_values /opt/stack/data/venv/lib/python3.12/site-packages/oslo_config/cfg.py:3549}}
Aug 19 01:52:32.595677 np0000007724 devstack@g-api.service[99746]: DEBUG glance.common.config [None req-9a142140-e7d6-4dcb-b0e5-dfabb46ac033 None None] disabled_notifications = [] {{(pid=99746) log_opt_values /opt/stack/data/venv/lib/python3.12/site-packages/oslo_config/cfg.py:3549}}
Aug 19 01:52:32.595761 np0000007724 devstack@g-api.service[99746]: DEBUG glance.common.config [None req-9a142140-e7d6-4dcb-b0e5-dfabb46ac033 None None] do_secure_hash = True {{(pid=99746) log_opt_values /opt/stack/data/venv/lib/python3.12/site-packages/oslo_config/cfg.py:3549}}
Aug 19 01:52:32.595853 np0000007724 devstack@g-api.service[99746]: DEBUG glance.common.config [None req-9a142140-e7d6-4dcb-b0e5-dfabb46ac033 None None] enabled_backends = None {{(pid=99746) log_opt_values /opt/stack/data/venv/lib/python3.12/site-packages/oslo_config/cfg.py:3549}}
Aug 19 01:52:32.595977 np0000007724 devstack@g-api.service[99746]: DEBUG glance.common.config [None req-9a142140-e7d6-4dcb-b0e5-dfabb46ac033 None None] enabled_import_methods = ['glance-direct', 'web-download', 'copy-image'] {{(pid=99746) log_opt_values /opt/stack/data/venv/lib/python3.12/site-packages/oslo_config/cfg.py:3549}}
Aug 19 01:52:32.596075 np0000007724 devstack@g-api.service[99746]: DEBUG glance.common.config [None req-9a142140-e7d6-4dcb-b0e5-dfabb46ac033 None None] fatal_deprecations = False {{(pid=99746) log_opt_values /opt/stack/data/venv/lib/python3.12/site-packages/oslo_config/cfg.py:3549}}
Aug 19 01:52:32.596169 np0000007724 devstack@g-api.service[99746]: DEBUG glance.common.config [None req-9a142140-e7d6-4dcb-b0e5-dfabb46ac033 None None] hashing_algorithm = sha512 {{(pid=99746) log_opt_values /opt/stack/data/venv/lib/python3.12/site-packages/oslo_config/cfg.py:3549}}
Aug 19 01:52:32.596255 np0000007724 devstack@g-api.service[99746]: DEBUG glance.common.config [None req-9a142140-e7d6-4dcb-b0e5-dfabb46ac033 None None] http_retries = 3 {{(pid=99746) log_opt_values /opt/stack/data/venv/lib/python3.12/site-packages/oslo_config/cfg.py:3549}}
Aug 19 01:52:32.596348 np0000007724 devstack@g-api.service[99746]: DEBUG glance.common.config [None req-9a142140-e7d6-4dcb-b0e5-dfabb46ac033 None None] image_cache_dir = /opt/stack/data/glance/cache/ {{(pid=99746) log_opt_values /opt/stack/data/venv/lib/python3.12/site-packages/oslo_config/cfg.py:3549}}
Aug 19 01:52:32.596438 np0000007724 devstack@g-api.service[99746]: DEBUG glance.common.config [None req-9a142140-e7d6-4dcb-b0e5-dfabb46ac033 None None] image_cache_driver = centralized_db {{(pid=99746) log_opt_values /opt/stack/data/venv/lib/python3.12/site-packages/oslo_config/cfg.py:3549}}
Aug 19 01:52:32.596555 np0000007724 devstack@g-api.service[99746]: DEBUG glance.common.config [None req-9a142140-e7d6-4dcb-b0e5-dfabb46ac033 None None] image_cache_max_size = 10737418240 {{(pid=99746) log_opt_values /opt/stack/data/venv/lib/python3.12/site-packages/oslo_config/cfg.py:3549}}
Aug 19 01:52:32.596652 np0000007724 devstack@g-api.service[99746]: DEBUG glance.common.config [None req-9a142140-e7d6-4dcb-b0e5-dfabb46ac033 None None] image_cache_sqlite_db = cache.db {{(pid=99746) log_opt_values /opt/stack/data/venv/lib/python3.12/site-packages/oslo_config/cfg.py:3549}}
Aug 19 01:52:32.596736 np0000007724 devstack@g-api.service[99746]: DEBUG glance.common.config [None req-9a142140-e7d6-4dcb-b0e5-dfabb46ac033 None None] image_cache_stall_time = 86400 {{(pid=99746) log_opt_values /opt/stack/data/venv/lib/python3.12/site-packages/oslo_config/cfg.py:3549}}
Aug 19 01:52:32.596819 np0000007724 devstack@g-api.service[99746]: DEBUG glance.common.config [None req-9a142140-e7d6-4dcb-b0e5-dfabb46ac033 None None] image_location_quota = 10 {{(pid=99746) log_opt_values /opt/stack/data/venv/lib/python3.12/site-packages/oslo_config/cfg.py:3549}}
Aug 19 01:52:32.596921 np0000007724 devstack@g-api.service[99746]: DEBUG glance.common.config [None req-9a142140-e7d6-4dcb-b0e5-dfabb46ac033 None None] image_member_quota = 128 {{(pid=99746) log_opt_values /opt/stack/data/venv/lib/python3.12/site-packages/oslo_config/cfg.py:3549}}
Aug 19 01:52:32.597014 np0000007724 devstack@g-api.service[99746]: DEBUG glance.common.config [None req-9a142140-e7d6-4dcb-b0e5-dfabb46ac033 None None] image_property_quota = 128 {{(pid=99746) log_opt_values /opt/stack/data/venv/lib/python3.12/site-packages/oslo_config/cfg.py:3549}}
Aug 19 01:52:32.597098 np0000007724 devstack@g-api.service[99746]: DEBUG glance.common.config [None req-9a142140-e7d6-4dcb-b0e5-dfabb46ac033 None None] image_size_cap = 1099511627776 {{(pid=99746) log_opt_values /opt/stack/data/venv/lib/python3.12/site-packages/oslo_config/cfg.py:3549}}
Aug 19 01:52:32.597181 np0000007724 devstack@g-api.service[99746]: DEBUG glance.common.config [None req-9a142140-e7d6-4dcb-b0e5-dfabb46ac033 None None] image_tag_quota = 128 {{(pid=99746) log_opt_values /opt/stack/data/venv/lib/python3.12/site-packages/oslo_config/cfg.py:3549}}
Aug 19 01:52:32.597266 np0000007724 devstack@g-api.service[99746]: DEBUG glance.common.config [None req-9a142140-e7d6-4dcb-b0e5-dfabb46ac033 None None] instance_format = [instance: %(uuid)s] {{(pid=99746) log_opt_values /opt/stack/data/venv/lib/python3.12/site-packages/oslo_config/cfg.py:3549}}
Aug 19 01:52:32.597354 np0000007724 devstack@g-api.service[99746]: DEBUG glance.common.config [None req-9a142140-e7d6-4dcb-b0e5-dfabb46ac033 None None] instance_uuid_format = [instance: %(uuid)s] {{(pid=99746) log_opt_values /opt/stack/data/venv/lib/python3.12/site-packages/oslo_config/cfg.py:3549}}
Aug 19 01:52:32.597439 np0000007724 devstack@g-api.service[99746]: DEBUG glance.common.config [None req-9a142140-e7d6-4dcb-b0e5-dfabb46ac033 None None] limit_param_default = 25 {{(pid=99746) log_opt_values /opt/stack/data/venv/lib/python3.12/site-packages/oslo_config/cfg.py:3549}}
Aug 19 01:52:32.597550 np0000007724 devstack@g-api.service[99746]: DEBUG glance.common.config [None req-9a142140-e7d6-4dcb-b0e5-dfabb46ac033 None None] log_color = False {{(pid=99746) log_opt_values /opt/stack/data/venv/lib/python3.12/site-packages/oslo_config/cfg.py:3549}}
Aug 19 01:52:32.597637 np0000007724 devstack@g-api.service[99746]: DEBUG glance.common.config [None req-9a142140-e7d6-4dcb-b0e5-dfabb46ac033 None None] log_config_append = None {{(pid=99746) log_opt_values /opt/stack/data/venv/lib/python3.12/site-packages/oslo_config/cfg.py:3549}}
Aug 19 01:52:32.597726 np0000007724 devstack@g-api.service[99746]: DEBUG glance.common.config [None req-9a142140-e7d6-4dcb-b0e5-dfabb46ac033 None None] log_date_format = %Y-%m-%d %H:%M:%S {{(pid=99746) log_opt_values /opt/stack/data/venv/lib/python3.12/site-packages/oslo_config/cfg.py:3549}}
Aug 19 01:52:32.597826 np0000007724 devstack@g-api.service[99746]: DEBUG glance.common.config [None req-9a142140-e7d6-4dcb-b0e5-dfabb46ac033 None None] log_dir = None {{(pid=99746) log_opt_values /opt/stack/data/venv/lib/python3.12/site-packages/oslo_config/cfg.py:3549}}
Aug 19 01:52:32.597941 np0000007724 devstack@g-api.service[99746]: DEBUG glance.common.config [None req-9a142140-e7d6-4dcb-b0e5-dfabb46ac033 None None] log_file = None {{(pid=99746) log_opt_values /opt/stack/data/venv/lib/python3.12/site-packages/oslo_config/cfg.py:3549}}
Aug 19 01:52:32.598048 np0000007724 devstack@g-api.service[99746]: DEBUG glance.common.config [None req-9a142140-e7d6-4dcb-b0e5-dfabb46ac033 None None] log_rotate_interval = 1 {{(pid=99746) log_opt_values /opt/stack/data/venv/lib/python3.12/site-packages/oslo_config/cfg.py:3549}}
Aug 19 01:52:32.598173 np0000007724 devstack@g-api.service[99746]: DEBUG glance.common.config [None req-9a142140-e7d6-4dcb-b0e5-dfabb46ac033 None None] log_rotate_interval_type = days {{(pid=99746) log_opt_values /opt/stack/data/venv/lib/python3.12/site-packages/oslo_config/cfg.py:3549}}
Aug 19 01:52:32.598287 np0000007724 devstack@g-api.service[99746]: DEBUG glance.common.config [None req-9a142140-e7d6-4dcb-b0e5-dfabb46ac033 None None] log_rotation_type = none {{(pid=99746) log_opt_values /opt/stack/data/venv/lib/python3.12/site-packages/oslo_config/cfg.py:3549}}
Aug 19 01:52:32.598353 np0000007724 devstack@g-api.service[99746]: DEBUG glance.common.config [None req-9a142140-e7d6-4dcb-b0e5-dfabb46ac033 None None] logging_context_format_string = %(color)s%(levelname)s %(name)s [%(global_request_id)s %(request_id)s %(project_name)s %(user_name)s%(color)s] %(instance)s%(color)s%(message)s {{(pid=99746) log_opt_values /opt/stack/data/venv/lib/python3.12/site-packages/oslo_config/cfg.py:3549}}
Aug 19 01:52:32.598415 np0000007724 devstack@g-api.service[99746]: DEBUG glance.common.config [None req-9a142140-e7d6-4dcb-b0e5-dfabb46ac033 None None] logging_debug_format_suffix = {{(pid=%(process)d) %(funcName)s %(pathname)s:%(lineno)d}} {{(pid=99746) log_opt_values /opt/stack/data/venv/lib/python3.12/site-packages/oslo_config/cfg.py:3549}}
Aug 19 01:52:32.598519 np0000007724 devstack@g-api.service[99746]: DEBUG glance.common.config [None req-9a142140-e7d6-4dcb-b0e5-dfabb46ac033 None None] logging_default_format_string = %(color)s%(levelname)s %(name)s [-%(color)s] %(instance)s%(color)s%(message)s {{(pid=99746) log_opt_values /opt/stack/data/venv/lib/python3.12/site-packages/oslo_config/cfg.py:3549}}
Aug 19 01:52:32.598628 np0000007724 devstack@g-api.service[99746]: DEBUG glance.common.config [None req-9a142140-e7d6-4dcb-b0e5-dfabb46ac033 None None] logging_exception_prefix = ERROR %(name)s %(instance)s {{(pid=99746) log_opt_values /opt/stack/data/venv/lib/python3.12/site-packages/oslo_config/cfg.py:3549}}
Aug 19 01:52:32.598692 np0000007724 devstack@g-api.service[99746]: DEBUG glance.common.config [None req-9a142140-e7d6-4dcb-b0e5-dfabb46ac033 None None] logging_user_identity_format = %(user)s %(project)s %(domain)s %(system_scope)s %(user_domain)s %(project_domain)s {{(pid=99746) log_opt_values /opt/stack/data/venv/lib/python3.12/site-packages/oslo_config/cfg.py:3549}}
Aug 19 01:52:32.598781 np0000007724 devstack@g-api.service[99746]: DEBUG glance.common.config [None req-9a142140-e7d6-4dcb-b0e5-dfabb46ac033 None None] max_logfile_count = 30 {{(pid=99746) log_opt_values /opt/stack/data/venv/lib/python3.12/site-packages/oslo_config/cfg.py:3549}}
Aug 19 01:52:32.598882 np0000007724 devstack@g-api.service[99746]: DEBUG glance.common.config [None req-9a142140-e7d6-4dcb-b0e5-dfabb46ac033 None None] max_logfile_size_mb = 200 {{(pid=99746) log_opt_values /opt/stack/data/venv/lib/python3.12/site-packages/oslo_config/cfg.py:3549}}
Aug 19 01:52:32.598966 np0000007724 devstack@g-api.service[99746]: DEBUG glance.common.config [None req-9a142140-e7d6-4dcb-b0e5-dfabb46ac033 None None] max_request_id_length = 64 {{(pid=99746) log_opt_values /opt/stack/data/venv/lib/python3.12/site-packages/oslo_config/cfg.py:3549}}
Aug 19 01:52:32.599076 np0000007724 devstack@g-api.service[99746]: DEBUG glance.common.config [None req-9a142140-e7d6-4dcb-b0e5-dfabb46ac033 None None] metadata_encryption_key = **** {{(pid=99746) log_opt_values /opt/stack/data/venv/lib/python3.12/site-packages/oslo_config/cfg.py:3549}}
Aug 19 01:52:32.599169 np0000007724 devstack@g-api.service[99746]: DEBUG glance.common.config [None req-9a142140-e7d6-4dcb-b0e5-dfabb46ac033 None None] node_staging_uri = file:///tmp/staging/ {{(pid=99746) log_opt_values /opt/stack/data/venv/lib/python3.12/site-packages/oslo_config/cfg.py:3549}}
Aug 19 01:52:32.599247 np0000007724 devstack@g-api.service[99746]: DEBUG glance.common.config [None req-9a142140-e7d6-4dcb-b0e5-dfabb46ac033 None None] property_protection_file = None {{(pid=99746) log_opt_values /opt/stack/data/venv/lib/python3.12/site-packages/oslo_config/cfg.py:3549}}
Aug 19 01:52:32.599335 np0000007724 devstack@g-api.service[99746]: DEBUG glance.common.config [None req-9a142140-e7d6-4dcb-b0e5-dfabb46ac033 None None] property_protection_rule_format = roles {{(pid=99746) log_opt_values /opt/stack/data/venv/lib/python3.12/site-packages/oslo_config/cfg.py:3549}}
Aug 19 01:52:32.599424 np0000007724 devstack@g-api.service[99746]: DEBUG glance.common.config [None req-9a142140-e7d6-4dcb-b0e5-dfabb46ac033 None None] public_endpoint = https://10.4.3.190/image {{(pid=99746) log_opt_values /opt/stack/data/venv/lib/python3.12/site-packages/oslo_config/cfg.py:3549}}
Aug 19 01:52:32.599519 np0000007724 devstack@g-api.service[99746]: DEBUG glance.common.config [None req-9a142140-e7d6-4dcb-b0e5-dfabb46ac033 None None] publish_errors = False {{(pid=99746) log_opt_values /opt/stack/data/venv/lib/python3.12/site-packages/oslo_config/cfg.py:3549}}
Aug 19 01:52:32.599640 np0000007724 devstack@g-api.service[99746]: DEBUG glance.common.config [None req-9a142140-e7d6-4dcb-b0e5-dfabb46ac033 None None] pydev_worker_debug_host = None {{(pid=99746) log_opt_values /opt/stack/data/venv/lib/python3.12/site-packages/oslo_config/cfg.py:3549}}
Aug 19 01:52:32.599760 np0000007724 devstack@g-api.service[99746]: DEBUG glance.common.config [None req-9a142140-e7d6-4dcb-b0e5-dfabb46ac033 None None] pydev_worker_debug_port = 5678 {{(pid=99746) log_opt_values /opt/stack/data/venv/lib/python3.12/site-packages/oslo_config/cfg.py:3549}}
Aug 19 01:52:32.599854 np0000007724 devstack@g-api.service[99746]: DEBUG glance.common.config [None req-9a142140-e7d6-4dcb-b0e5-dfabb46ac033 None None] rate_limit_burst = 0 {{(pid=99746) log_opt_values /opt/stack/data/venv/lib/python3.12/site-packages/oslo_config/cfg.py:3549}}
Aug 19 01:52:32.599963 np0000007724 devstack@g-api.service[99746]: DEBUG glance.common.config [None req-9a142140-e7d6-4dcb-b0e5-dfabb46ac033 None None] rate_limit_except_level = CRITICAL {{(pid=99746) log_opt_values /opt/stack/data/venv/lib/python3.12/site-packages/oslo_config/cfg.py:3549}}
Aug 19 01:52:32.600060 np0000007724 devstack@g-api.service[99746]: DEBUG glance.common.config [None req-9a142140-e7d6-4dcb-b0e5-dfabb46ac033 None None] rate_limit_interval = 0 {{(pid=99746) log_opt_values /opt/stack/data/venv/lib/python3.12/site-packages/oslo_config/cfg.py:3549}}
Aug 19 01:52:32.600146 np0000007724 devstack@g-api.service[99746]: DEBUG glance.common.config [None req-9a142140-e7d6-4dcb-b0e5-dfabb46ac033 None None] scrub_pool_size = 1 {{(pid=99746) log_opt_values /opt/stack/data/venv/lib/python3.12/site-packages/oslo_config/cfg.py:3549}}
Aug 19 01:52:32.600228 np0000007724 devstack@g-api.service[99746]: DEBUG glance.common.config [None req-9a142140-e7d6-4dcb-b0e5-dfabb46ac033 None None] scrub_time = 0 {{(pid=99746) log_opt_values /opt/stack/data/venv/lib/python3.12/site-packages/oslo_config/cfg.py:3549}}
Aug 19 01:52:32.600308 np0000007724 devstack@g-api.service[99746]: DEBUG glance.common.config [None req-9a142140-e7d6-4dcb-b0e5-dfabb46ac033 None None] shell_completion = None {{(pid=99746) log_opt_values /opt/stack/data/venv/lib/python3.12/site-packages/oslo_config/cfg.py:3549}}
Aug 19 01:52:32.600398 np0000007724 devstack@g-api.service[99746]: DEBUG glance.common.config [None req-9a142140-e7d6-4dcb-b0e5-dfabb46ac033 None None] show_image_direct_url = False {{(pid=99746) log_opt_values /opt/stack/data/venv/lib/python3.12/site-packages/oslo_config/cfg.py:3549}}
Aug 19 01:52:32.600609 np0000007724 devstack@g-api.service[99746]: WARNING oslo_config.cfg [None req-9a142140-e7d6-4dcb-b0e5-dfabb46ac033 None None] Deprecated: Option "show_multiple_locations" from group "DEFAULT" is deprecated for removal (Use of this option, deprecated since Newton, is a security risk and will be removed once we figure out a way to satisfy those use cases that currently require it. An earlier announcement that the same functionality can be achieved with greater granularity by using policies is incorrect. You cannot work around this option via policy configuration at the present time, though that is the direction we believe the fix will take. Please keep an eye on the Glance release notes to stay up to date on progress in addressing this issue.). Its value may be silently ignored in the future.
Aug 19 01:52:32.600708 np0000007724 devstack@g-api.service[99746]: DEBUG glance.common.config [None req-9a142140-e7d6-4dcb-b0e5-dfabb46ac033 None None] show_multiple_locations = False {{(pid=99746) log_opt_values /opt/stack/data/venv/lib/python3.12/site-packages/oslo_config/cfg.py:3549}}
Aug 19 01:52:32.600802 np0000007724 devstack@g-api.service[99746]: DEBUG glance.common.config [None req-9a142140-e7d6-4dcb-b0e5-dfabb46ac033 None None] syslog_log_facility = LOG_USER {{(pid=99746) log_opt_values /opt/stack/data/venv/lib/python3.12/site-packages/oslo_config/cfg.py:3549}}
Aug 19 01:52:32.600908 np0000007724 devstack@g-api.service[99746]: DEBUG glance.common.config [None req-9a142140-e7d6-4dcb-b0e5-dfabb46ac033 None None] transport_url = **** {{(pid=99746) log_opt_values /opt/stack/data/venv/lib/python3.12/site-packages/oslo_config/cfg.py:3549}}
Aug 19 01:52:32.600995 np0000007724 devstack@g-api.service[99746]: DEBUG glance.common.config [None req-9a142140-e7d6-4dcb-b0e5-dfabb46ac033 None None] use_journal = False {{(pid=99746) log_opt_values /opt/stack/data/venv/lib/python3.12/site-packages/oslo_config/cfg.py:3549}}
Aug 19 01:52:32.601092 np0000007724 devstack@g-api.service[99746]: DEBUG glance.common.config [None req-9a142140-e7d6-4dcb-b0e5-dfabb46ac033 None None] use_json = False {{(pid=99746) log_opt_values /opt/stack/data/venv/lib/python3.12/site-packages/oslo_config/cfg.py:3549}}
Aug 19 01:52:32.601184 np0000007724 devstack@g-api.service[99746]: DEBUG glance.common.config [None req-9a142140-e7d6-4dcb-b0e5-dfabb46ac033 None None] use_keystone_limits = True {{(pid=99746) log_opt_values /opt/stack/data/venv/lib/python3.12/site-packages/oslo_config/cfg.py:3549}}
Aug 19 01:52:32.601269 np0000007724 devstack@g-api.service[99746]: DEBUG glance.common.config [None req-9a142140-e7d6-4dcb-b0e5-dfabb46ac033 None None] use_stderr = False {{(pid=99746) log_opt_values /opt/stack/data/venv/lib/python3.12/site-packages/oslo_config/cfg.py:3549}}
Aug 19 01:52:32.601389 np0000007724 devstack@g-api.service[99746]: DEBUG glance.common.config [None req-9a142140-e7d6-4dcb-b0e5-dfabb46ac033 None None] use_syslog = False {{(pid=99746) log_opt_values /opt/stack/data/venv/lib/python3.12/site-packages/oslo_config/cfg.py:3549}}
Aug 19 01:52:32.601483 np0000007724 devstack@g-api.service[99746]: DEBUG glance.common.config [None req-9a142140-e7d6-4dcb-b0e5-dfabb46ac033 None None] user_storage_quota = 0 {{(pid=99746) log_opt_values /opt/stack/data/venv/lib/python3.12/site-packages/oslo_config/cfg.py:3549}}
Aug 19 01:52:32.601590 np0000007724 devstack@g-api.service[99746]: DEBUG glance.common.config [None req-9a142140-e7d6-4dcb-b0e5-dfabb46ac033 None None] worker_self_reference_url = http://127.0.0.1:60999 {{(pid=99746) log_opt_values /opt/stack/data/venv/lib/python3.12/site-packages/oslo_config/cfg.py:3549}}
Aug 19 01:52:32.601692 np0000007724 devstack@g-api.service[99746]: DEBUG glance.common.config [None req-9a142140-e7d6-4dcb-b0e5-dfabb46ac033 None None] oslo_concurrency.disable_process_locking = False {{(pid=99746) log_opt_values /opt/stack/data/venv/lib/python3.12/site-packages/oslo_config/cfg.py:3560}}
Aug 19 01:52:32.601785 np0000007724 devstack@g-api.service[99746]: DEBUG glance.common.config [None req-9a142140-e7d6-4dcb-b0e5-dfabb46ac033 None None] oslo_concurrency.lock_path = /opt/stack/data/glance/locks {{(pid=99746) log_opt_values /opt/stack/data/venv/lib/python3.12/site-packages/oslo_config/cfg.py:3560}}
Aug 19 01:52:32.601904 np0000007724 devstack@g-api.service[99746]: DEBUG glance.common.config [None req-9a142140-e7d6-4dcb-b0e5-dfabb46ac033 None None] oslo_middleware.enable_proxy_headers_parsing = False {{(pid=99746) log_opt_values /opt/stack/data/venv/lib/python3.12/site-packages/oslo_config/cfg.py:3560}}
Aug 19 01:52:32.601998 np0000007724 devstack@g-api.service[99746]: DEBUG glance.common.config [None req-9a142140-e7d6-4dcb-b0e5-dfabb46ac033 None None] oslo_middleware.http_basic_auth_user_file = /etc/htpasswd {{(pid=99746) log_opt_values /opt/stack/data/venv/lib/python3.12/site-packages/oslo_config/cfg.py:3560}}
Aug 19 01:52:32.602109 np0000007724 devstack@g-api.service[99746]: DEBUG glance.common.config [None req-9a142140-e7d6-4dcb-b0e5-dfabb46ac033 None None] paste_deploy.config_file = None {{(pid=99746) log_opt_values /opt/stack/data/venv/lib/python3.12/site-packages/oslo_config/cfg.py:3560}}
Aug 19 01:52:32.602202 np0000007724 devstack@g-api.service[99746]: DEBUG glance.common.config [None req-9a142140-e7d6-4dcb-b0e5-dfabb46ac033 None None] paste_deploy.flavor = keystone+cachemanagement {{(pid=99746) log_opt_values /opt/stack/data/venv/lib/python3.12/site-packages/oslo_config/cfg.py:3560}}
Aug 19 01:52:32.602322 np0000007724 devstack@g-api.service[99746]: DEBUG glance.common.config [None req-9a142140-e7d6-4dcb-b0e5-dfabb46ac033 None None] image_format.container_formats = ['ami', 'ari', 'aki', 'bare', 'ovf', 'ova', 'docker', 'compressed'] {{(pid=99746) log_opt_values /opt/stack/data/venv/lib/python3.12/site-packages/oslo_config/cfg.py:3560}}
Aug 19 01:52:32.602443 np0000007724 devstack@g-api.service[99746]: DEBUG glance.common.config [None req-9a142140-e7d6-4dcb-b0e5-dfabb46ac033 None None] image_format.disk_formats = ['ami', 'ari', 'aki', 'vhd', 'vhdx', 'vmdk', 'raw', 'qcow2', 'vdi', 'iso', 'ploop'] {{(pid=99746) log_opt_values /opt/stack/data/venv/lib/python3.12/site-packages/oslo_config/cfg.py:3560}}
Aug 19 01:52:32.602551 np0000007724 devstack@g-api.service[99746]: DEBUG glance.common.config [None req-9a142140-e7d6-4dcb-b0e5-dfabb46ac033 None None] image_format.gpt_safety_checks_nonfatal = [] {{(pid=99746) log_opt_values /opt/stack/data/venv/lib/python3.12/site-packages/oslo_config/cfg.py:3560}}
Aug 19 01:52:32.602651 np0000007724 devstack@g-api.service[99746]: DEBUG glance.common.config [None req-9a142140-e7d6-4dcb-b0e5-dfabb46ac033 None None] image_format.require_image_format_match = True {{(pid=99746) log_opt_values /opt/stack/data/venv/lib/python3.12/site-packages/oslo_config/cfg.py:3560}}
Aug 19 01:52:32.602771 np0000007724 devstack@g-api.service[99746]: DEBUG glance.common.config [None req-9a142140-e7d6-4dcb-b0e5-dfabb46ac033 None None] image_format.vmdk_allowed_types = ['streamOptimized', 'monolithicSparse'] {{(pid=99746) log_opt_values /opt/stack/data/venv/lib/python3.12/site-packages/oslo_config/cfg.py:3560}}
Aug 19 01:52:32.602886 np0000007724 devstack@g-api.service[99746]: DEBUG glance.common.config [None req-9a142140-e7d6-4dcb-b0e5-dfabb46ac033 None None] task.task_executor = taskflow {{(pid=99746) log_opt_values /opt/stack/data/venv/lib/python3.12/site-packages/oslo_config/cfg.py:3560}}
Aug 19 01:52:32.602979 np0000007724 devstack@g-api.service[99746]: DEBUG glance.common.config [None req-9a142140-e7d6-4dcb-b0e5-dfabb46ac033 None None] task.task_time_to_live = 48 {{(pid=99746) log_opt_values /opt/stack/data/venv/lib/python3.12/site-packages/oslo_config/cfg.py:3560}}
Aug 19 01:52:32.603089 np0000007724 devstack@g-api.service[99746]: DEBUG glance.common.config [None req-9a142140-e7d6-4dcb-b0e5-dfabb46ac033 None None] task.work_dir = None {{(pid=99746) log_opt_values /opt/stack/data/venv/lib/python3.12/site-packages/oslo_config/cfg.py:3560}}
Aug 19 01:52:32.603188 np0000007724 devstack@g-api.service[99746]: DEBUG glance.common.config [None req-9a142140-e7d6-4dcb-b0e5-dfabb46ac033 None None] wsgi.python_interpreter = /opt/stack/data/venv/bin/python3 {{(pid=99746) log_opt_values /opt/stack/data/venv/lib/python3.12/site-packages/oslo_config/cfg.py:3560}}
Aug 19 01:52:32.603276 np0000007724 devstack@g-api.service[99746]: DEBUG glance.common.config [None req-9a142140-e7d6-4dcb-b0e5-dfabb46ac033 None None] wsgi.task_pool_threads = 16 {{(pid=99746) log_opt_values /opt/stack/data/venv/lib/python3.12/site-packages/oslo_config/cfg.py:3560}}
Aug 19 01:52:32.603372 np0000007724 devstack@g-api.service[99746]: DEBUG glance.common.config [None req-9a142140-e7d6-4dcb-b0e5-dfabb46ac033 None None] import_filtering_opts.allowed_hosts = [] {{(pid=99746) log_opt_values /opt/stack/data/venv/lib/python3.12/site-packages/oslo_config/cfg.py:3560}}
Aug 19 01:52:32.603465 np0000007724 devstack@g-api.service[99746]: DEBUG glance.common.config [None req-9a142140-e7d6-4dcb-b0e5-dfabb46ac033 None None] import_filtering_opts.allowed_ports = [80, 443] {{(pid=99746) log_opt_values /opt/stack/data/venv/lib/python3.12/site-packages/oslo_config/cfg.py:3560}}
Aug 19 01:52:32.603590 np0000007724 devstack@g-api.service[99746]: DEBUG glance.common.config [None req-9a142140-e7d6-4dcb-b0e5-dfabb46ac033 None None] import_filtering_opts.allowed_schemes = ['http', 'https'] {{(pid=99746) log_opt_values /opt/stack/data/venv/lib/python3.12/site-packages/oslo_config/cfg.py:3560}}
Aug 19 01:52:32.603678 np0000007724 devstack@g-api.service[99746]: DEBUG glance.common.config [None req-9a142140-e7d6-4dcb-b0e5-dfabb46ac033 None None] import_filtering_opts.disallowed_hosts = [] {{(pid=99746) log_opt_values /opt/stack/data/venv/lib/python3.12/site-packages/oslo_config/cfg.py:3560}}
Aug 19 01:52:32.603765 np0000007724 devstack@g-api.service[99746]: DEBUG glance.common.config [None req-9a142140-e7d6-4dcb-b0e5-dfabb46ac033 None None] import_filtering_opts.disallowed_ports = [] {{(pid=99746) log_opt_values /opt/stack/data/venv/lib/python3.12/site-packages/oslo_config/cfg.py:3560}}
Aug 19 01:52:32.603881 np0000007724 devstack@g-api.service[99746]: DEBUG glance.common.config [None req-9a142140-e7d6-4dcb-b0e5-dfabb46ac033 None None] import_filtering_opts.disallowed_schemes = [] {{(pid=99746) log_opt_values /opt/stack/data/venv/lib/python3.12/site-packages/oslo_config/cfg.py:3560}}
Aug 19 01:52:32.603984 np0000007724 devstack@g-api.service[99746]: DEBUG glance.common.config [None req-9a142140-e7d6-4dcb-b0e5-dfabb46ac033 None None] oslo_messaging_metrics.metrics_buffer_size = 1000 {{(pid=99746) log_opt_values /opt/stack/data/venv/lib/python3.12/site-packages/oslo_config/cfg.py:3560}}
Aug 19 01:52:32.604093 np0000007724 devstack@g-api.service[99746]: DEBUG glance.common.config [None req-9a142140-e7d6-4dcb-b0e5-dfabb46ac033 None None] oslo_messaging_metrics.metrics_enabled = False {{(pid=99746) log_opt_values /opt/stack/data/venv/lib/python3.12/site-packages/oslo_config/cfg.py:3560}}
Aug 19 01:52:32.604186 np0000007724 devstack@g-api.service[99746]: DEBUG glance.common.config [None req-9a142140-e7d6-4dcb-b0e5-dfabb46ac033 None None] oslo_messaging_metrics.metrics_process_name = {{(pid=99746) log_opt_values /opt/stack/data/venv/lib/python3.12/site-packages/oslo_config/cfg.py:3560}}
