Jun 22 15:15:46.600032 np0000003398 systemd[1]: Starting devstack@n-api-meta.service - Devstack devstack@n-api-meta.service...
Jun 22 15:15:46.605581 np0000003398 devstack@n-api-meta.service[95595]: [uWSGI] getting INI configuration from /etc/nova/nova-metadata-uwsgi.ini
Jun 22 15:15:46.607758 np0000003398 devstack@n-api-meta.service[95595]: *** Starting uWSGI 2.0.24-debian (64bit) on [Mon Jun 22 15:15:46 2026] ***
Jun 22 15:15:46.607758 np0000003398 devstack@n-api-meta.service[95595]: compiled with version: 13.2.0 on 17 April 2024 16:23:48
Jun 22 15:15:46.607758 np0000003398 devstack@n-api-meta.service[95595]: os: Linux-6.8.0-100-generic #100-Ubuntu SMP PREEMPT_DYNAMIC Tue Jan 13 16:40:06 UTC 2026
Jun 22 15:15:46.607758 np0000003398 devstack@n-api-meta.service[95595]: nodename: np0000003398
Jun 22 15:15:46.607758 np0000003398 devstack@n-api-meta.service[95595]: machine: x86_64
Jun 22 15:15:46.607758 np0000003398 devstack@n-api-meta.service[95595]: clock source: unix
Jun 22 15:15:46.607758 np0000003398 devstack@n-api-meta.service[95595]: pcre jit disabled
Jun 22 15:15:46.607758 np0000003398 devstack@n-api-meta.service[95595]: detected number of CPU cores: 16
Jun 22 15:15:46.607758 np0000003398 devstack@n-api-meta.service[95595]: current working directory: /
Jun 22 15:15:46.607758 np0000003398 devstack@n-api-meta.service[95595]: detected binary path: /usr/bin/uwsgi-core
Jun 22 15:15:46.607758 np0000003398 devstack@n-api-meta.service[95595]: your processes number limit is 257052
Jun 22 15:15:46.607758 np0000003398 devstack@n-api-meta.service[95595]: your memory page size is 4096 bytes
Jun 22 15:15:46.607758 np0000003398 devstack@n-api-meta.service[95595]: detected max file descriptor number: 2048
Jun 22 15:15:46.607758 np0000003398 devstack@n-api-meta.service[95595]: lock engine: pthread robust mutexes
Jun 22 15:15:46.608137 np0000003398 devstack@n-api-meta.service[95595]: thunder lock: enabled
Jun 22 15:15:46.608185 np0000003398 devstack@n-api-meta.service[95595]: uWSGI http bound on 0.0.0.0:8775 fd 5
Jun 22 15:15:46.608215 np0000003398 devstack@n-api-meta.service[95595]: uwsgi socket 0 bound to TCP address 127.0.0.1:44237 (port auto-assigned) fd 4
Jun 22 15:15:46.608247 np0000003398 devstack@n-api-meta.service[95595]: Python version: 3.12.3 (main, Mar 23 2026, 19:04:32) [GCC 13.3.0]
Jun 22 15:15:46.608247 np0000003398 devstack@n-api-meta.service[95595]: PEP 405 virtualenv detected: /opt/stack/data/venv
Jun 22 15:15:46.608247 np0000003398 devstack@n-api-meta.service[95595]: Set PythonHome to /opt/stack/data/venv
Jun 22 15:15:46.639842 np0000003398 devstack@n-api-meta.service[95595]: Python main interpreter initialized at 0x78721c4a3668
Jun 22 15:15:46.639842 np0000003398 devstack@n-api-meta.service[95595]: python threads support enabled
Jun 22 15:15:46.639842 np0000003398 devstack@n-api-meta.service[95595]: your server socket listen backlog is limited to 100 connections
Jun 22 15:15:46.639842 np0000003398 devstack@n-api-meta.service[95595]: your mercy for graceful operations on workers is 80 seconds
Jun 22 15:15:46.640328 np0000003398 devstack@n-api-meta.service[95595]: mapped 671795 bytes (656 KB) for 4 cores
Jun 22 15:15:46.640474 np0000003398 devstack@n-api-meta.service[95595]: *** Operational MODE: preforking ***
Jun 22 15:15:46.640672 np0000003398 devstack@n-api-meta.service[95595]: *** uWSGI is running in multiple interpreter mode ***
Jun 22 15:15:46.640672 np0000003398 devstack@n-api-meta.service[95595]: spawned uWSGI master process (pid: 95595)
Jun 22 15:15:46.640848 np0000003398 systemd[1]: Started devstack@n-api-meta.service - Devstack devstack@n-api-meta.service.
Jun 22 15:15:46.641167 np0000003398 devstack@n-api-meta.service[95595]: spawned uWSGI worker 1 (pid: 95596, cores: 1)
Jun 22 15:15:46.641678 np0000003398 devstack@n-api-meta.service[95595]: spawned uWSGI worker 2 (pid: 95597, cores: 1)
Jun 22 15:15:46.642158 np0000003398 devstack@n-api-meta.service[95595]: spawned uWSGI worker 3 (pid: 95598, cores: 1)
Jun 22 15:15:46.642664 np0000003398 devstack@n-api-meta.service[95595]: spawned uWSGI worker 4 (pid: 95599, cores: 1)
Jun 22 15:15:46.643205 np0000003398 devstack@n-api-meta.service[95595]: spawned uWSGI http 1 (pid: 95600)
Jun 22 15:15:46.643205 np0000003398 devstack@n-api-meta.service[95595]: running "unix_signal:15 gracefully_kill_them_all" (master-start)...
Jun 22 15:15:48.476171 np0000003398 devstack@n-api-meta.service[95596]: INFO dbcounter [None req-9d7f302b-d0b2-48b4-ae56-5bdc08551d9f None None] Registered counter for database nova_api
Jun 22 15:15:48.500997 np0000003398 devstack@n-api-meta.service[95597]: INFO dbcounter [None req-84c88042-0e59-401e-8573-83772e9a093e None None] Registered counter for database nova_api
Jun 22 15:15:48.525599 np0000003398 devstack@n-api-meta.service[95598]: INFO dbcounter [None req-93d63d47-6046-446c-b150-45c0187afa5a None None] Registered counter for database nova_api
Jun 22 15:15:48.540043 np0000003398 devstack@n-api-meta.service[95596]: DEBUG oslo_db.sqlalchemy.engines [None req-9d7f302b-d0b2-48b4-ae56-5bdc08551d9f None None] MySQL server mode set to STRICT_TRANS_TABLES,STRICT_ALL_TABLES,NO_ZERO_IN_DATE,NO_ZERO_DATE,ERROR_FOR_DIVISION_BY_ZERO,TRADITIONAL,NO_ENGINE_SUBSTITUTION {{(pid=95596) _check_effective_sql_mode /opt/stack/data/venv/lib/python3.12/site-packages/oslo_db/sqlalchemy/engines.py:325}}
Jun 22 15:15:48.564904 np0000003398 devstack@n-api-meta.service[95597]: DEBUG oslo_db.sqlalchemy.engines [None req-84c88042-0e59-401e-8573-83772e9a093e None None] MySQL server mode set to STRICT_TRANS_TABLES,STRICT_ALL_TABLES,NO_ZERO_IN_DATE,NO_ZERO_DATE,ERROR_FOR_DIVISION_BY_ZERO,TRADITIONAL,NO_ENGINE_SUBSTITUTION {{(pid=95597) _check_effective_sql_mode /opt/stack/data/venv/lib/python3.12/site-packages/oslo_db/sqlalchemy/engines.py:325}}
Jun 22 15:15:48.576311 np0000003398 devstack@n-api-meta.service[95598]: DEBUG oslo_db.sqlalchemy.engines [None req-93d63d47-6046-446c-b150-45c0187afa5a None None] MySQL server mode set to STRICT_TRANS_TABLES,STRICT_ALL_TABLES,NO_ZERO_IN_DATE,NO_ZERO_DATE,ERROR_FOR_DIVISION_BY_ZERO,TRADITIONAL,NO_ENGINE_SUBSTITUTION {{(pid=95598) _check_effective_sql_mode /opt/stack/data/venv/lib/python3.12/site-packages/oslo_db/sqlalchemy/engines.py:325}}
Jun 22 15:15:48.580220 np0000003398 devstack@n-api-meta.service[95596]: DEBUG dbcounter [-] [95596] Writer thread running {{(pid=95596) stat_writer /opt/stack/data/venv/lib/python3.12/site-packages/dbcounter.py:102}}
Jun 22 15:15:48.583296 np0000003398 devstack@n-api-meta.service[95596]: DEBUG nova.context [None req-9d7f302b-d0b2-48b4-ae56-5bdc08551d9f None None] Found 2 cells: 00000000-0000-0000-0000-000000000000(cell0),3bc84126-9331-45a2-a400-c3516915f807(cell1) {{(pid=95596) load_cells /opt/stack/nova/nova/context.py:509}}
Jun 22 15:15:48.583623 np0000003398 devstack@n-api-meta.service[95596]: INFO nova.utils [None req-9d7f302b-d0b2-48b4-ae56-5bdc08551d9f None None] The cell worker thread pool MainProcess.cell_worker is initialized
Jun 22 15:15:48.585912 np0000003398 devstack@n-api-meta.service[95596]: DEBUG oslo_concurrency.lockutils [None req-9d7f302b-d0b2-48b4-ae56-5bdc08551d9f None None] Acquiring lock "00000000-0000-0000-0000-000000000000" by "nova.context.set_target_cell..get_or_set_cached_cell_and_set_connections" {{(pid=95596) inner /opt/stack/data/venv/lib/python3.12/site-packages/oslo_concurrency/lockutils.py:511}}
Jun 22 15:15:48.586138 np0000003398 devstack@n-api-meta.service[95596]: DEBUG oslo_concurrency.lockutils [None req-9d7f302b-d0b2-48b4-ae56-5bdc08551d9f None None] Lock "00000000-0000-0000-0000-000000000000" acquired by "nova.context.set_target_cell..get_or_set_cached_cell_and_set_connections" :: waited 0.000s {{(pid=95596) inner /opt/stack/data/venv/lib/python3.12/site-packages/oslo_concurrency/lockutils.py:524}}
Jun 22 15:15:48.586790 np0000003398 devstack@n-api-meta.service[95596]: DEBUG oslo_concurrency.lockutils [None req-9d7f302b-d0b2-48b4-ae56-5bdc08551d9f None None] Lock "00000000-0000-0000-0000-000000000000" "released" by "nova.context.set_target_cell..get_or_set_cached_cell_and_set_connections" :: held 0.000s {{(pid=95596) inner /opt/stack/data/venv/lib/python3.12/site-packages/oslo_concurrency/lockutils.py:543}}
Jun 22 15:15:48.587419 np0000003398 devstack@n-api-meta.service[95596]: DEBUG oslo_concurrency.lockutils [None req-9d7f302b-d0b2-48b4-ae56-5bdc08551d9f None None] Acquiring lock "3bc84126-9331-45a2-a400-c3516915f807" by "nova.context.set_target_cell..get_or_set_cached_cell_and_set_connections" {{(pid=95596) inner /opt/stack/data/venv/lib/python3.12/site-packages/oslo_concurrency/lockutils.py:511}}
Jun 22 15:15:48.589126 np0000003398 devstack@n-api-meta.service[95596]: INFO dbcounter [None req-9d7f302b-d0b2-48b4-ae56-5bdc08551d9f None None] Registered counter for database nova_cell0
Jun 22 15:15:48.590724 np0000003398 devstack@n-api-meta.service[95596]: DEBUG oslo_concurrency.lockutils [None req-9d7f302b-d0b2-48b4-ae56-5bdc08551d9f None None] Lock "3bc84126-9331-45a2-a400-c3516915f807" acquired by "nova.context.set_target_cell..get_or_set_cached_cell_and_set_connections" :: waited 0.002s {{(pid=95596) inner /opt/stack/data/venv/lib/python3.12/site-packages/oslo_concurrency/lockutils.py:524}}
Jun 22 15:15:48.592192 np0000003398 devstack@n-api-meta.service[95596]: DEBUG oslo_concurrency.lockutils [None req-9d7f302b-d0b2-48b4-ae56-5bdc08551d9f None None] Lock "3bc84126-9331-45a2-a400-c3516915f807" "released" by "nova.context.set_target_cell..get_or_set_cached_cell_and_set_connections" :: held 0.003s {{(pid=95596) inner /opt/stack/data/venv/lib/python3.12/site-packages/oslo_concurrency/lockutils.py:543}}
Jun 22 15:15:48.594442 np0000003398 devstack@n-api-meta.service[95596]: INFO dbcounter [None req-9d7f302b-d0b2-48b4-ae56-5bdc08551d9f None None] Registered counter for database nova_cell1
Jun 22 15:15:48.602530 np0000003398 devstack@n-api-meta.service[95597]: DEBUG dbcounter [-] [95597] Writer thread running {{(pid=95597) stat_writer /opt/stack/data/venv/lib/python3.12/site-packages/dbcounter.py:102}}
Jun 22 15:15:48.605233 np0000003398 devstack@n-api-meta.service[95597]: DEBUG nova.context [None req-84c88042-0e59-401e-8573-83772e9a093e None None] Found 2 cells: 00000000-0000-0000-0000-000000000000(cell0),3bc84126-9331-45a2-a400-c3516915f807(cell1) {{(pid=95597) load_cells /opt/stack/nova/nova/context.py:509}}
Jun 22 15:15:48.605472 np0000003398 devstack@n-api-meta.service[95597]: INFO nova.utils [None req-84c88042-0e59-401e-8573-83772e9a093e None None] The cell worker thread pool MainProcess.cell_worker is initialized
Jun 22 15:15:48.607012 np0000003398 devstack@n-api-meta.service[95599]: INFO dbcounter [None req-39c97a90-bfad-4bc2-a41b-c025a5250025 None None] Registered counter for database nova_api
Jun 22 15:15:48.608000 np0000003398 devstack@n-api-meta.service[95597]: DEBUG oslo_concurrency.lockutils [None req-84c88042-0e59-401e-8573-83772e9a093e None None] Acquiring lock "00000000-0000-0000-0000-000000000000" by "nova.context.set_target_cell..get_or_set_cached_cell_and_set_connections" {{(pid=95597) inner /opt/stack/data/venv/lib/python3.12/site-packages/oslo_concurrency/lockutils.py:511}}
Jun 22 15:15:48.608000 np0000003398 devstack@n-api-meta.service[95597]: DEBUG oslo_concurrency.lockutils [None req-84c88042-0e59-401e-8573-83772e9a093e None None] Lock "00000000-0000-0000-0000-000000000000" acquired by "nova.context.set_target_cell..get_or_set_cached_cell_and_set_connections" :: waited 0.000s {{(pid=95597) inner /opt/stack/data/venv/lib/python3.12/site-packages/oslo_concurrency/lockutils.py:524}}
Jun 22 15:15:48.608000 np0000003398 devstack@n-api-meta.service[95597]: DEBUG oslo_concurrency.lockutils [None req-84c88042-0e59-401e-8573-83772e9a093e None None] Lock "00000000-0000-0000-0000-000000000000" "released" by "nova.context.set_target_cell..get_or_set_cached_cell_and_set_connections" :: held 0.000s {{(pid=95597) inner /opt/stack/data/venv/lib/python3.12/site-packages/oslo_concurrency/lockutils.py:543}}
Jun 22 15:15:48.608649 np0000003398 devstack@n-api-meta.service[95597]: DEBUG oslo_concurrency.lockutils [None req-84c88042-0e59-401e-8573-83772e9a093e None None] Acquiring lock "3bc84126-9331-45a2-a400-c3516915f807" by "nova.context.set_target_cell..get_or_set_cached_cell_and_set_connections" {{(pid=95597) inner /opt/stack/data/venv/lib/python3.12/site-packages/oslo_concurrency/lockutils.py:511}}
Jun 22 15:15:48.608801 np0000003398 devstack@n-api-meta.service[95597]: DEBUG oslo_concurrency.lockutils [None req-84c88042-0e59-401e-8573-83772e9a093e None None] Lock "3bc84126-9331-45a2-a400-c3516915f807" acquired by "nova.context.set_target_cell..get_or_set_cached_cell_and_set_connections" :: waited 0.000s {{(pid=95597) inner /opt/stack/data/venv/lib/python3.12/site-packages/oslo_concurrency/lockutils.py:524}}
Jun 22 15:15:48.609902 np0000003398 devstack@n-api-meta.service[95597]: DEBUG oslo_concurrency.lockutils [None req-84c88042-0e59-401e-8573-83772e9a093e None None] Lock "3bc84126-9331-45a2-a400-c3516915f807" "released" by "nova.context.set_target_cell..get_or_set_cached_cell_and_set_connections" :: held 0.001s {{(pid=95597) inner /opt/stack/data/venv/lib/python3.12/site-packages/oslo_concurrency/lockutils.py:543}}
Jun 22 15:15:48.611999 np0000003398 devstack@n-api-meta.service[95597]: INFO dbcounter [None req-84c88042-0e59-401e-8573-83772e9a093e None None] Registered counter for database nova_cell0
Jun 22 15:15:48.612108 np0000003398 devstack@n-api-meta.service[95598]: DEBUG dbcounter [-] [95598] Writer thread running {{(pid=95598) stat_writer /opt/stack/data/venv/lib/python3.12/site-packages/dbcounter.py:102}}
Jun 22 15:15:48.614037 np0000003398 devstack@n-api-meta.service[95597]: INFO dbcounter [None req-84c88042-0e59-401e-8573-83772e9a093e None None] Registered counter for database nova_cell1
Jun 22 15:15:48.615672 np0000003398 devstack@n-api-meta.service[95598]: DEBUG nova.context [None req-93d63d47-6046-446c-b150-45c0187afa5a None None] Found 2 cells: 00000000-0000-0000-0000-000000000000(cell0),3bc84126-9331-45a2-a400-c3516915f807(cell1) {{(pid=95598) load_cells /opt/stack/nova/nova/context.py:509}}
Jun 22 15:15:48.615672 np0000003398 devstack@n-api-meta.service[95598]: INFO nova.utils [None req-93d63d47-6046-446c-b150-45c0187afa5a None None] The cell worker thread pool MainProcess.cell_worker is initialized
Jun 22 15:15:48.617607 np0000003398 devstack@n-api-meta.service[95598]: DEBUG oslo_concurrency.lockutils [None req-93d63d47-6046-446c-b150-45c0187afa5a None None] Acquiring lock "00000000-0000-0000-0000-000000000000" by "nova.context.set_target_cell..get_or_set_cached_cell_and_set_connections" {{(pid=95598) inner /opt/stack/data/venv/lib/python3.12/site-packages/oslo_concurrency/lockutils.py:511}}
Jun 22 15:15:48.617836 np0000003398 devstack@n-api-meta.service[95598]: DEBUG oslo_concurrency.lockutils [None req-93d63d47-6046-446c-b150-45c0187afa5a None None] Lock "00000000-0000-0000-0000-000000000000" acquired by "nova.context.set_target_cell..get_or_set_cached_cell_and_set_connections" :: waited 0.000s {{(pid=95598) inner /opt/stack/data/venv/lib/python3.12/site-packages/oslo_concurrency/lockutils.py:524}}
Jun 22 15:15:48.618365 np0000003398 devstack@n-api-meta.service[95598]: DEBUG oslo_concurrency.lockutils [None req-93d63d47-6046-446c-b150-45c0187afa5a None None] Lock "00000000-0000-0000-0000-000000000000" "released" by "nova.context.set_target_cell..get_or_set_cached_cell_and_set_connections" :: held 0.001s {{(pid=95598) inner /opt/stack/data/venv/lib/python3.12/site-packages/oslo_concurrency/lockutils.py:543}}
Jun 22 15:15:48.619209 np0000003398 devstack@n-api-meta.service[95598]: DEBUG oslo_concurrency.lockutils [None req-93d63d47-6046-446c-b150-45c0187afa5a None None] Acquiring lock "3bc84126-9331-45a2-a400-c3516915f807" by "nova.context.set_target_cell..get_or_set_cached_cell_and_set_connections" {{(pid=95598) inner /opt/stack/data/venv/lib/python3.12/site-packages/oslo_concurrency/lockutils.py:511}}
Jun 22 15:15:48.619813 np0000003398 devstack@n-api-meta.service[95598]: DEBUG oslo_concurrency.lockutils [None req-93d63d47-6046-446c-b150-45c0187afa5a None None] Lock "3bc84126-9331-45a2-a400-c3516915f807" acquired by "nova.context.set_target_cell..get_or_set_cached_cell_and_set_connections" :: waited 0.000s {{(pid=95598) inner /opt/stack/data/venv/lib/python3.12/site-packages/oslo_concurrency/lockutils.py:524}}
Jun 22 15:15:48.620404 np0000003398 devstack@n-api-meta.service[95598]: DEBUG oslo_concurrency.lockutils [None req-93d63d47-6046-446c-b150-45c0187afa5a None None] Lock "3bc84126-9331-45a2-a400-c3516915f807" "released" by "nova.context.set_target_cell..get_or_set_cached_cell_and_set_connections" :: held 0.001s {{(pid=95598) inner /opt/stack/data/venv/lib/python3.12/site-packages/oslo_concurrency/lockutils.py:543}}
Jun 22 15:15:48.622751 np0000003398 devstack@n-api-meta.service[95598]: INFO dbcounter [None req-93d63d47-6046-446c-b150-45c0187afa5a None None] Registered counter for database nova_cell0
Jun 22 15:15:48.628212 np0000003398 devstack@n-api-meta.service[95598]: INFO dbcounter [None req-93d63d47-6046-446c-b150-45c0187afa5a None None] Registered counter for database nova_cell1
Jun 22 15:15:48.639399 np0000003398 devstack@n-api-meta.service[95596]: DEBUG oslo_db.sqlalchemy.engines [None req-9d7f302b-d0b2-48b4-ae56-5bdc08551d9f None None] MySQL server mode set to STRICT_TRANS_TABLES,STRICT_ALL_TABLES,NO_ZERO_IN_DATE,NO_ZERO_DATE,ERROR_FOR_DIVISION_BY_ZERO,TRADITIONAL,NO_ENGINE_SUBSTITUTION {{(pid=95596) _check_effective_sql_mode /opt/stack/data/venv/lib/python3.12/site-packages/oslo_db/sqlalchemy/engines.py:325}}
Jun 22 15:15:48.647228 np0000003398 devstack@n-api-meta.service[95596]: DEBUG oslo_db.sqlalchemy.engines [None req-9d7f302b-d0b2-48b4-ae56-5bdc08551d9f None None] MySQL server mode set to STRICT_TRANS_TABLES,STRICT_ALL_TABLES,NO_ZERO_IN_DATE,NO_ZERO_DATE,ERROR_FOR_DIVISION_BY_ZERO,TRADITIONAL,NO_ENGINE_SUBSTITUTION {{(pid=95596) _check_effective_sql_mode /opt/stack/data/venv/lib/python3.12/site-packages/oslo_db/sqlalchemy/engines.py:325}}
Jun 22 15:15:48.658440 np0000003398 devstack@n-api-meta.service[95599]: DEBUG oslo_db.sqlalchemy.engines [None req-39c97a90-bfad-4bc2-a41b-c025a5250025 None None] MySQL server mode set to STRICT_TRANS_TABLES,STRICT_ALL_TABLES,NO_ZERO_IN_DATE,NO_ZERO_DATE,ERROR_FOR_DIVISION_BY_ZERO,TRADITIONAL,NO_ENGINE_SUBSTITUTION {{(pid=95599) _check_effective_sql_mode /opt/stack/data/venv/lib/python3.12/site-packages/oslo_db/sqlalchemy/engines.py:325}}
Jun 22 15:15:48.662138 np0000003398 devstack@n-api-meta.service[95597]: DEBUG oslo_db.sqlalchemy.engines [None req-84c88042-0e59-401e-8573-83772e9a093e None None] MySQL server mode set to STRICT_TRANS_TABLES,STRICT_ALL_TABLES,NO_ZERO_IN_DATE,NO_ZERO_DATE,ERROR_FOR_DIVISION_BY_ZERO,TRADITIONAL,NO_ENGINE_SUBSTITUTION {{(pid=95597) _check_effective_sql_mode /opt/stack/data/venv/lib/python3.12/site-packages/oslo_db/sqlalchemy/engines.py:325}}
Jun 22 15:15:48.684021 np0000003398 devstack@n-api-meta.service[95598]: DEBUG oslo_db.sqlalchemy.engines [None req-93d63d47-6046-446c-b150-45c0187afa5a None None] MySQL server mode set to STRICT_TRANS_TABLES,STRICT_ALL_TABLES,NO_ZERO_IN_DATE,NO_ZERO_DATE,ERROR_FOR_DIVISION_BY_ZERO,TRADITIONAL,NO_ENGINE_SUBSTITUTION {{(pid=95598) _check_effective_sql_mode /opt/stack/data/venv/lib/python3.12/site-packages/oslo_db/sqlalchemy/engines.py:325}}
Jun 22 15:15:48.685223 np0000003398 devstack@n-api-meta.service[95597]: DEBUG oslo_db.sqlalchemy.engines [None req-84c88042-0e59-401e-8573-83772e9a093e None None] MySQL server mode set to STRICT_TRANS_TABLES,STRICT_ALL_TABLES,NO_ZERO_IN_DATE,NO_ZERO_DATE,ERROR_FOR_DIVISION_BY_ZERO,TRADITIONAL,NO_ENGINE_SUBSTITUTION {{(pid=95597) _check_effective_sql_mode /opt/stack/data/venv/lib/python3.12/site-packages/oslo_db/sqlalchemy/engines.py:325}}
Jun 22 15:15:48.695439 np0000003398 devstack@n-api-meta.service[95598]: DEBUG oslo_db.sqlalchemy.engines [None req-93d63d47-6046-446c-b150-45c0187afa5a None None] MySQL server mode set to STRICT_TRANS_TABLES,STRICT_ALL_TABLES,NO_ZERO_IN_DATE,NO_ZERO_DATE,ERROR_FOR_DIVISION_BY_ZERO,TRADITIONAL,NO_ENGINE_SUBSTITUTION {{(pid=95598) _check_effective_sql_mode /opt/stack/data/venv/lib/python3.12/site-packages/oslo_db/sqlalchemy/engines.py:325}}
Jun 22 15:15:48.699514 np0000003398 devstack@n-api-meta.service[95599]: DEBUG dbcounter [-] [95599] Writer thread running {{(pid=95599) stat_writer /opt/stack/data/venv/lib/python3.12/site-packages/dbcounter.py:102}}
Jun 22 15:15:48.702844 np0000003398 devstack@n-api-meta.service[95599]: DEBUG nova.context [None req-39c97a90-bfad-4bc2-a41b-c025a5250025 None None] Found 2 cells: 00000000-0000-0000-0000-000000000000(cell0),3bc84126-9331-45a2-a400-c3516915f807(cell1) {{(pid=95599) load_cells /opt/stack/nova/nova/context.py:509}}
Jun 22 15:15:48.703534 np0000003398 devstack@n-api-meta.service[95599]: INFO nova.utils [None req-39c97a90-bfad-4bc2-a41b-c025a5250025 None None] The cell worker thread pool MainProcess.cell_worker is initialized
Jun 22 15:15:48.705583 np0000003398 devstack@n-api-meta.service[95599]: DEBUG oslo_concurrency.lockutils [None req-39c97a90-bfad-4bc2-a41b-c025a5250025 None None] Acquiring lock "00000000-0000-0000-0000-000000000000" by "nova.context.set_target_cell..get_or_set_cached_cell_and_set_connections" {{(pid=95599) inner /opt/stack/data/venv/lib/python3.12/site-packages/oslo_concurrency/lockutils.py:511}}
Jun 22 15:15:48.705815 np0000003398 devstack@n-api-meta.service[95599]: DEBUG oslo_concurrency.lockutils [None req-39c97a90-bfad-4bc2-a41b-c025a5250025 None None] Lock "00000000-0000-0000-0000-000000000000" acquired by "nova.context.set_target_cell..get_or_set_cached_cell_and_set_connections" :: waited 0.000s {{(pid=95599) inner /opt/stack/data/venv/lib/python3.12/site-packages/oslo_concurrency/lockutils.py:524}}
Jun 22 15:15:48.706323 np0000003398 devstack@n-api-meta.service[95599]: DEBUG oslo_concurrency.lockutils [None req-39c97a90-bfad-4bc2-a41b-c025a5250025 None None] Lock "00000000-0000-0000-0000-000000000000" "released" by "nova.context.set_target_cell..get_or_set_cached_cell_and_set_connections" :: held 0.001s {{(pid=95599) inner /opt/stack/data/venv/lib/python3.12/site-packages/oslo_concurrency/lockutils.py:543}}
Jun 22 15:15:48.707093 np0000003398 devstack@n-api-meta.service[95599]: DEBUG oslo_concurrency.lockutils [None req-39c97a90-bfad-4bc2-a41b-c025a5250025 None None] Acquiring lock "3bc84126-9331-45a2-a400-c3516915f807" by "nova.context.set_target_cell..get_or_set_cached_cell_and_set_connections" {{(pid=95599) inner /opt/stack/data/venv/lib/python3.12/site-packages/oslo_concurrency/lockutils.py:511}}
Jun 22 15:15:48.707286 np0000003398 devstack@n-api-meta.service[95599]: DEBUG oslo_concurrency.lockutils [None req-39c97a90-bfad-4bc2-a41b-c025a5250025 None None] Lock "3bc84126-9331-45a2-a400-c3516915f807" acquired by "nova.context.set_target_cell..get_or_set_cached_cell_and_set_connections" :: waited 0.000s {{(pid=95599) inner /opt/stack/data/venv/lib/python3.12/site-packages/oslo_concurrency/lockutils.py:524}}
Jun 22 15:15:48.708367 np0000003398 devstack@n-api-meta.service[95599]: DEBUG oslo_concurrency.lockutils [None req-39c97a90-bfad-4bc2-a41b-c025a5250025 None None] Lock "3bc84126-9331-45a2-a400-c3516915f807" "released" by "nova.context.set_target_cell..get_or_set_cached_cell_and_set_connections" :: held 0.001s {{(pid=95599) inner /opt/stack/data/venv/lib/python3.12/site-packages/oslo_concurrency/lockutils.py:543}}
Jun 22 15:15:48.711629 np0000003398 devstack@n-api-meta.service[95599]: INFO dbcounter [None req-39c97a90-bfad-4bc2-a41b-c025a5250025 None None] Registered counter for database nova_cell0
Jun 22 15:15:48.714887 np0000003398 devstack@n-api-meta.service[95599]: INFO dbcounter [None req-39c97a90-bfad-4bc2-a41b-c025a5250025 None None] Registered counter for database nova_cell1
Jun 22 15:15:48.762591 np0000003398 devstack@n-api-meta.service[95596]: DEBUG dbcounter [-] [95596] Writer thread running {{(pid=95596) stat_writer /opt/stack/data/venv/lib/python3.12/site-packages/dbcounter.py:102}}
Jun 22 15:15:48.763314 np0000003398 devstack@n-api-meta.service[95596]: DEBUG dbcounter [-] [95596] Writer thread running {{(pid=95596) stat_writer /opt/stack/data/venv/lib/python3.12/site-packages/dbcounter.py:102}}
Jun 22 15:15:48.769008 np0000003398 devstack@n-api-meta.service[95596]: INFO dbcounter [None req-9d7f302b-d0b2-48b4-ae56-5bdc08551d9f None None] Registered counter for database nova_cell0
Jun 22 15:15:48.777306 np0000003398 devstack@n-api-meta.service[95597]: DEBUG dbcounter [-] [95597] Writer thread running {{(pid=95597) stat_writer /opt/stack/data/venv/lib/python3.12/site-packages/dbcounter.py:102}}
Jun 22 15:15:48.782424 np0000003398 devstack@n-api-meta.service[95597]: DEBUG dbcounter [-] [95597] Writer thread running {{(pid=95597) stat_writer /opt/stack/data/venv/lib/python3.12/site-packages/dbcounter.py:102}}
Jun 22 15:15:48.783606 np0000003398 devstack@n-api-meta.service[95599]: DEBUG oslo_db.sqlalchemy.engines [None req-39c97a90-bfad-4bc2-a41b-c025a5250025 None None] MySQL server mode set to STRICT_TRANS_TABLES,STRICT_ALL_TABLES,NO_ZERO_IN_DATE,NO_ZERO_DATE,ERROR_FOR_DIVISION_BY_ZERO,TRADITIONAL,NO_ENGINE_SUBSTITUTION {{(pid=95599) _check_effective_sql_mode /opt/stack/data/venv/lib/python3.12/site-packages/oslo_db/sqlalchemy/engines.py:325}}
Jun 22 15:15:48.787697 np0000003398 devstack@n-api-meta.service[95597]: INFO dbcounter [None req-84c88042-0e59-401e-8573-83772e9a093e None None] Registered counter for database nova_cell0
Jun 22 15:15:48.788454 np0000003398 devstack@n-api-meta.service[95599]: DEBUG oslo_db.sqlalchemy.engines [None req-39c97a90-bfad-4bc2-a41b-c025a5250025 None None] MySQL server mode set to STRICT_TRANS_TABLES,STRICT_ALL_TABLES,NO_ZERO_IN_DATE,NO_ZERO_DATE,ERROR_FOR_DIVISION_BY_ZERO,TRADITIONAL,NO_ENGINE_SUBSTITUTION {{(pid=95599) _check_effective_sql_mode /opt/stack/data/venv/lib/python3.12/site-packages/oslo_db/sqlalchemy/engines.py:325}}
Jun 22 15:15:48.796914 np0000003398 devstack@n-api-meta.service[95598]: DEBUG dbcounter [-] [95598] Writer thread running {{(pid=95598) stat_writer /opt/stack/data/venv/lib/python3.12/site-packages/dbcounter.py:102}}
Jun 22 15:15:48.800533 np0000003398 devstack@n-api-meta.service[95598]: DEBUG dbcounter [-] [95598] Writer thread running {{(pid=95598) stat_writer /opt/stack/data/venv/lib/python3.12/site-packages/dbcounter.py:102}}
Jun 22 15:15:48.805461 np0000003398 devstack@n-api-meta.service[95598]: INFO dbcounter [None req-93d63d47-6046-446c-b150-45c0187afa5a None None] Registered counter for database nova_cell0
Jun 22 15:15:48.810869 np0000003398 devstack@n-api-meta.service[95596]: DEBUG oslo_db.sqlalchemy.engines [None req-9d7f302b-d0b2-48b4-ae56-5bdc08551d9f None None] MySQL server mode set to STRICT_TRANS_TABLES,STRICT_ALL_TABLES,NO_ZERO_IN_DATE,NO_ZERO_DATE,ERROR_FOR_DIVISION_BY_ZERO,TRADITIONAL,NO_ENGINE_SUBSTITUTION {{(pid=95596) _check_effective_sql_mode /opt/stack/data/venv/lib/python3.12/site-packages/oslo_db/sqlalchemy/engines.py:325}}
Jun 22 15:15:48.819472 np0000003398 devstack@n-api-meta.service[95596]: DEBUG dbcounter [-] [95596] Writer thread running {{(pid=95596) stat_writer /opt/stack/data/venv/lib/python3.12/site-packages/dbcounter.py:102}}
Jun 22 15:15:48.840647 np0000003398 devstack@n-api-meta.service[95597]: DEBUG oslo_db.sqlalchemy.engines [None req-84c88042-0e59-401e-8573-83772e9a093e None None] MySQL server mode set to STRICT_TRANS_TABLES,STRICT_ALL_TABLES,NO_ZERO_IN_DATE,NO_ZERO_DATE,ERROR_FOR_DIVISION_BY_ZERO,TRADITIONAL,NO_ENGINE_SUBSTITUTION {{(pid=95597) _check_effective_sql_mode /opt/stack/data/venv/lib/python3.12/site-packages/oslo_db/sqlalchemy/engines.py:325}}
Jun 22 15:15:48.849987 np0000003398 devstack@n-api-meta.service[95597]: DEBUG dbcounter [-] [95597] Writer thread running {{(pid=95597) stat_writer /opt/stack/data/venv/lib/python3.12/site-packages/dbcounter.py:102}}
Jun 22 15:15:48.851840 np0000003398 devstack@n-api-meta.service[95598]: DEBUG oslo_db.sqlalchemy.engines [None req-93d63d47-6046-446c-b150-45c0187afa5a None None] MySQL server mode set to STRICT_TRANS_TABLES,STRICT_ALL_TABLES,NO_ZERO_IN_DATE,NO_ZERO_DATE,ERROR_FOR_DIVISION_BY_ZERO,TRADITIONAL,NO_ENGINE_SUBSTITUTION {{(pid=95598) _check_effective_sql_mode /opt/stack/data/venv/lib/python3.12/site-packages/oslo_db/sqlalchemy/engines.py:325}}
Jun 22 15:15:48.858824 np0000003398 devstack@n-api-meta.service[95598]: DEBUG dbcounter [-] [95598] Writer thread running {{(pid=95598) stat_writer /opt/stack/data/venv/lib/python3.12/site-packages/dbcounter.py:102}}
Jun 22 15:15:48.872801 np0000003398 devstack@n-api-meta.service[95596]: WARNING nova.api.metadata.handler [None req-9d7f302b-d0b2-48b4-ae56-5bdc08551d9f None None] metadata_proxy_shared_secret is not configured, the metadata information returned by the proxy cannot be trusted
Jun 22 15:15:48.875449 np0000003398 devstack@n-api-meta.service[95596]: DEBUG nova.api.openstack.wsgi_app [None req-9d7f302b-d0b2-48b4-ae56-5bdc08551d9f None None] ******************************************************************************** {{(pid=95596) log_opt_values /opt/stack/data/venv/lib/python3.12/site-packages/oslo_config/cfg.py:3226}}
Jun 22 15:15:48.875633 np0000003398 devstack@n-api-meta.service[95596]: DEBUG nova.api.openstack.wsgi_app [None req-9d7f302b-d0b2-48b4-ae56-5bdc08551d9f None None] Configuration options gathered from: {{(pid=95596) log_opt_values /opt/stack/data/venv/lib/python3.12/site-packages/oslo_config/cfg.py:3227}}
Jun 22 15:15:48.876821 np0000003398 devstack@n-api-meta.service[95596]: DEBUG nova.api.openstack.wsgi_app [None req-9d7f302b-d0b2-48b4-ae56-5bdc08551d9f None None] command line args: [] {{(pid=95596) log_opt_values /opt/stack/data/venv/lib/python3.12/site-packages/oslo_config/cfg.py:3228}}
Jun 22 15:15:48.876821 np0000003398 devstack@n-api-meta.service[95596]: DEBUG nova.api.openstack.wsgi_app [None req-9d7f302b-d0b2-48b4-ae56-5bdc08551d9f None None] config files: ['/etc/nova/api-paste.ini', '/etc/nova/nova.conf'] {{(pid=95596) log_opt_values /opt/stack/data/venv/lib/python3.12/site-packages/oslo_config/cfg.py:3229}}
Jun 22 15:15:48.876821 np0000003398 devstack@n-api-meta.service[95596]: DEBUG nova.api.openstack.wsgi_app [None req-9d7f302b-d0b2-48b4-ae56-5bdc08551d9f None None] ================================================================================ {{(pid=95596) log_opt_values /opt/stack/data/venv/lib/python3.12/site-packages/oslo_config/cfg.py:3234}}
Jun 22 15:15:48.876821 np0000003398 devstack@n-api-meta.service[95596]: DEBUG nova.api.openstack.wsgi_app [None req-9d7f302b-d0b2-48b4-ae56-5bdc08551d9f None None] allow_resize_to_same_host = True {{(pid=95596) log_opt_values /opt/stack/data/venv/lib/python3.12/site-packages/oslo_config/cfg.py:3242}}
Jun 22 15:15:48.876821 np0000003398 devstack@n-api-meta.service[95596]: DEBUG nova.api.openstack.wsgi_app [None req-9d7f302b-d0b2-48b4-ae56-5bdc08551d9f None None] arq_binding_timeout = 300 {{(pid=95596) log_opt_values /opt/stack/data/venv/lib/python3.12/site-packages/oslo_config/cfg.py:3242}}
Jun 22 15:15:48.876821 np0000003398 devstack@n-api-meta.service[95596]: DEBUG nova.api.openstack.wsgi_app [None req-9d7f302b-d0b2-48b4-ae56-5bdc08551d9f None None] block_device_allocate_retries = 60 {{(pid=95596) log_opt_values /opt/stack/data/venv/lib/python3.12/site-packages/oslo_config/cfg.py:3242}}
Jun 22 15:15:48.876821 np0000003398 devstack@n-api-meta.service[95596]: DEBUG nova.api.openstack.wsgi_app [None req-9d7f302b-d0b2-48b4-ae56-5bdc08551d9f None None] block_device_allocate_retries_interval = 3 {{(pid=95596) log_opt_values /opt/stack/data/venv/lib/python3.12/site-packages/oslo_config/cfg.py:3242}}
Jun 22 15:15:48.877120 np0000003398 devstack@n-api-meta.service[95596]: DEBUG nova.api.openstack.wsgi_app [None req-9d7f302b-d0b2-48b4-ae56-5bdc08551d9f None None] cell_worker_thread_pool_size = 5 {{(pid=95596) log_opt_values /opt/stack/data/venv/lib/python3.12/site-packages/oslo_config/cfg.py:3242}}
Jun 22 15:15:48.877120 np0000003398 devstack@n-api-meta.service[95596]: DEBUG nova.api.openstack.wsgi_app [None req-9d7f302b-d0b2-48b4-ae56-5bdc08551d9f None None] cert = self.pem {{(pid=95596) log_opt_values /opt/stack/data/venv/lib/python3.12/site-packages/oslo_config/cfg.py:3242}}
Jun 22 15:15:48.877120 np0000003398 devstack@n-api-meta.service[95596]: DEBUG nova.api.openstack.wsgi_app [None req-9d7f302b-d0b2-48b4-ae56-5bdc08551d9f None None] compute_driver = libvirt.LibvirtDriver {{(pid=95596) log_opt_values /opt/stack/data/venv/lib/python3.12/site-packages/oslo_config/cfg.py:3242}}
Jun 22 15:15:48.877304 np0000003398 devstack@n-api-meta.service[95596]: DEBUG nova.api.openstack.wsgi_app [None req-9d7f302b-d0b2-48b4-ae56-5bdc08551d9f None None] compute_monitors = [] {{(pid=95596) log_opt_values /opt/stack/data/venv/lib/python3.12/site-packages/oslo_config/cfg.py:3242}}
Jun 22 15:15:48.877449 np0000003398 devstack@n-api-meta.service[95596]: DEBUG nova.api.openstack.wsgi_app [None req-9d7f302b-d0b2-48b4-ae56-5bdc08551d9f None None] config_dir = [] {{(pid=95596) log_opt_values /opt/stack/data/venv/lib/python3.12/site-packages/oslo_config/cfg.py:3242}}
Jun 22 15:15:48.877608 np0000003398 devstack@n-api-meta.service[95596]: DEBUG nova.api.openstack.wsgi_app [None req-9d7f302b-d0b2-48b4-ae56-5bdc08551d9f None None] config_drive_format = iso9660 {{(pid=95596) log_opt_values /opt/stack/data/venv/lib/python3.12/site-packages/oslo_config/cfg.py:3242}}
Jun 22 15:15:48.877710 np0000003398 devstack@n-api-meta.service[95596]: DEBUG nova.api.openstack.wsgi_app [None req-9d7f302b-d0b2-48b4-ae56-5bdc08551d9f None None] config_file = ['/etc/nova/api-paste.ini', '/etc/nova/nova.conf'] {{(pid=95596) log_opt_values /opt/stack/data/venv/lib/python3.12/site-packages/oslo_config/cfg.py:3242}}
Jun 22 15:15:48.877831 np0000003398 devstack@n-api-meta.service[95596]: DEBUG nova.api.openstack.wsgi_app [None req-9d7f302b-d0b2-48b4-ae56-5bdc08551d9f None None] config_source = [] {{(pid=95596) log_opt_values /opt/stack/data/venv/lib/python3.12/site-packages/oslo_config/cfg.py:3242}}
Jun 22 15:15:48.877987 np0000003398 devstack@n-api-meta.service[95596]: DEBUG nova.api.openstack.wsgi_app [None req-9d7f302b-d0b2-48b4-ae56-5bdc08551d9f None None] console_host = np0000003398 {{(pid=95596) log_opt_values /opt/stack/data/venv/lib/python3.12/site-packages/oslo_config/cfg.py:3242}}
Jun 22 15:15:48.878096 np0000003398 devstack@n-api-meta.service[95596]: DEBUG nova.api.openstack.wsgi_app [None req-9d7f302b-d0b2-48b4-ae56-5bdc08551d9f None None] control_exchange = nova {{(pid=95596) log_opt_values /opt/stack/data/venv/lib/python3.12/site-packages/oslo_config/cfg.py:3242}}
Jun 22 15:15:48.878230 np0000003398 devstack@n-api-meta.service[95596]: DEBUG nova.api.openstack.wsgi_app [None req-9d7f302b-d0b2-48b4-ae56-5bdc08551d9f None None] cpu_allocation_ratio = None {{(pid=95596) log_opt_values /opt/stack/data/venv/lib/python3.12/site-packages/oslo_config/cfg.py:3242}}
Jun 22 15:15:48.878373 np0000003398 devstack@n-api-meta.service[95596]: DEBUG nova.api.openstack.wsgi_app [None req-9d7f302b-d0b2-48b4-ae56-5bdc08551d9f None None] daemon = False {{(pid=95596) log_opt_values /opt/stack/data/venv/lib/python3.12/site-packages/oslo_config/cfg.py:3242}}
Jun 22 15:15:48.878524 np0000003398 devstack@n-api-meta.service[95596]: DEBUG nova.api.openstack.wsgi_app [None req-9d7f302b-d0b2-48b4-ae56-5bdc08551d9f None None] debug = True {{(pid=95596) log_opt_values /opt/stack/data/venv/lib/python3.12/site-packages/oslo_config/cfg.py:3242}}
Jun 22 15:15:48.878730 np0000003398 devstack@n-api-meta.service[95596]: DEBUG nova.api.openstack.wsgi_app [None req-9d7f302b-d0b2-48b4-ae56-5bdc08551d9f None None] default_access_ip_network_name = None {{(pid=95596) log_opt_values /opt/stack/data/venv/lib/python3.12/site-packages/oslo_config/cfg.py:3242}}
Jun 22 15:15:48.878908 np0000003398 devstack@n-api-meta.service[95596]: DEBUG nova.api.openstack.wsgi_app [None req-9d7f302b-d0b2-48b4-ae56-5bdc08551d9f None None] default_availability_zone = nova {{(pid=95596) log_opt_values /opt/stack/data/venv/lib/python3.12/site-packages/oslo_config/cfg.py:3242}}
Jun 22 15:15:48.879110 np0000003398 devstack@n-api-meta.service[95596]: DEBUG nova.api.openstack.wsgi_app [None req-9d7f302b-d0b2-48b4-ae56-5bdc08551d9f None None] default_ephemeral_format = ext4 {{(pid=95596) log_opt_values /opt/stack/data/venv/lib/python3.12/site-packages/oslo_config/cfg.py:3242}}
Jun 22 15:15:48.879264 np0000003398 devstack@n-api-meta.service[95596]: DEBUG nova.api.openstack.wsgi_app [None req-9d7f302b-d0b2-48b4-ae56-5bdc08551d9f None None] default_green_pool_size = 1000 {{(pid=95596) log_opt_values /opt/stack/data/venv/lib/python3.12/site-packages/oslo_config/cfg.py:3242}}
Jun 22 15:15:48.879520 np0000003398 devstack@n-api-meta.service[95596]: DEBUG nova.api.openstack.wsgi_app [None req-9d7f302b-d0b2-48b4-ae56-5bdc08551d9f None None] default_log_levels = ['amqp=WARN', 'boto=WARN', 'sqlalchemy=WARN', 'suds=INFO', 'oslo.messaging=INFO', 'oslo_messaging=INFO', 'iso8601=WARN', 'requests.packages.urllib3.connectionpool=WARN', 'urllib3.connectionpool=WARN', 'websocket=WARN', 'requests.packages.urllib3.util.retry=WARN', 'urllib3.util.retry=WARN', 'keystonemiddleware=WARN', 'routes.middleware=WARN', 'stevedore=WARN', 'taskflow=WARN', 'keystoneauth=WARN', 'oslo.cache=INFO', 'oslo_policy=INFO', 'dogpile.core.dogpile=INFO', 'glanceclient=WARN', 'oslo.privsep.daemon=INFO'] {{(pid=95596) log_opt_values /opt/stack/data/venv/lib/python3.12/site-packages/oslo_config/cfg.py:3242}}
Jun 22 15:15:48.879663 np0000003398 devstack@n-api-meta.service[95596]: DEBUG nova.api.openstack.wsgi_app [None req-9d7f302b-d0b2-48b4-ae56-5bdc08551d9f None None] default_schedule_zone = None {{(pid=95596) log_opt_values /opt/stack/data/venv/lib/python3.12/site-packages/oslo_config/cfg.py:3242}}
Jun 22 15:15:48.879783 np0000003398 devstack@n-api-meta.service[95596]: DEBUG nova.api.openstack.wsgi_app [None req-9d7f302b-d0b2-48b4-ae56-5bdc08551d9f None None] default_thread_pool_size = 10 {{(pid=95596) log_opt_values /opt/stack/data/venv/lib/python3.12/site-packages/oslo_config/cfg.py:3242}}
Jun 22 15:15:48.879902 np0000003398 devstack@n-api-meta.service[95596]: DEBUG nova.api.openstack.wsgi_app [None req-9d7f302b-d0b2-48b4-ae56-5bdc08551d9f None None] disk_allocation_ratio = None {{(pid=95596) log_opt_values /opt/stack/data/venv/lib/python3.12/site-packages/oslo_config/cfg.py:3242}}
Jun 22 15:15:48.880064 np0000003398 devstack@n-api-meta.service[95596]: DEBUG nova.api.openstack.wsgi_app [None req-9d7f302b-d0b2-48b4-ae56-5bdc08551d9f None None] enable_new_services = True {{(pid=95596) log_opt_values /opt/stack/data/venv/lib/python3.12/site-packages/oslo_config/cfg.py:3242}}
Jun 22 15:15:48.880185 np0000003398 devstack@n-api-meta.service[95596]: DEBUG nova.api.openstack.wsgi_app [None req-9d7f302b-d0b2-48b4-ae56-5bdc08551d9f None None] flat_injected = False {{(pid=95596) log_opt_values /opt/stack/data/venv/lib/python3.12/site-packages/oslo_config/cfg.py:3242}}
Jun 22 15:15:48.880327 np0000003398 devstack@n-api-meta.service[95596]: DEBUG nova.api.openstack.wsgi_app [None req-9d7f302b-d0b2-48b4-ae56-5bdc08551d9f None None] force_config_drive = True {{(pid=95596) log_opt_values /opt/stack/data/venv/lib/python3.12/site-packages/oslo_config/cfg.py:3242}}
Jun 22 15:15:48.880467 np0000003398 devstack@n-api-meta.service[95596]: DEBUG nova.api.openstack.wsgi_app [None req-9d7f302b-d0b2-48b4-ae56-5bdc08551d9f None None] force_raw_images = True {{(pid=95596) log_opt_values /opt/stack/data/venv/lib/python3.12/site-packages/oslo_config/cfg.py:3242}}
Jun 22 15:15:48.880637 np0000003398 devstack@n-api-meta.service[95596]: DEBUG nova.api.openstack.wsgi_app [None req-9d7f302b-d0b2-48b4-ae56-5bdc08551d9f None None] graceful_shutdown_timeout = 5 {{(pid=95596) log_opt_values /opt/stack/data/venv/lib/python3.12/site-packages/oslo_config/cfg.py:3242}}
Jun 22 15:15:48.880758 np0000003398 devstack@n-api-meta.service[95596]: DEBUG nova.api.openstack.wsgi_app [None req-9d7f302b-d0b2-48b4-ae56-5bdc08551d9f None None] heal_instance_info_cache_interval = -1 {{(pid=95596) log_opt_values /opt/stack/data/venv/lib/python3.12/site-packages/oslo_config/cfg.py:3242}}
Jun 22 15:15:48.880937 np0000003398 devstack@n-api-meta.service[95596]: DEBUG nova.api.openstack.wsgi_app [None req-9d7f302b-d0b2-48b4-ae56-5bdc08551d9f None None] host = np0000003398 {{(pid=95596) log_opt_values /opt/stack/data/venv/lib/python3.12/site-packages/oslo_config/cfg.py:3242}}
Jun 22 15:15:48.881129 np0000003398 devstack@n-api-meta.service[95596]: DEBUG nova.api.openstack.wsgi_app [None req-9d7f302b-d0b2-48b4-ae56-5bdc08551d9f None None] initial_cpu_allocation_ratio = 4.0 {{(pid=95596) log_opt_values /opt/stack/data/venv/lib/python3.12/site-packages/oslo_config/cfg.py:3242}}
Jun 22 15:15:48.881322 np0000003398 devstack@n-api-meta.service[95596]: DEBUG nova.api.openstack.wsgi_app [None req-9d7f302b-d0b2-48b4-ae56-5bdc08551d9f None None] initial_disk_allocation_ratio = 1.0 {{(pid=95596) log_opt_values /opt/stack/data/venv/lib/python3.12/site-packages/oslo_config/cfg.py:3242}}
Jun 22 15:15:48.881523 np0000003398 devstack@n-api-meta.service[95596]: DEBUG nova.api.openstack.wsgi_app [None req-9d7f302b-d0b2-48b4-ae56-5bdc08551d9f None None] initial_ram_allocation_ratio = 1.0 {{(pid=95596) log_opt_values /opt/stack/data/venv/lib/python3.12/site-packages/oslo_config/cfg.py:3242}}
Jun 22 15:15:48.881788 np0000003398 devstack@n-api-meta.service[95596]: DEBUG nova.api.openstack.wsgi_app [None req-9d7f302b-d0b2-48b4-ae56-5bdc08551d9f None None] injected_network_template = /opt/stack/nova/nova/virt/interfaces.template {{(pid=95596) log_opt_values /opt/stack/data/venv/lib/python3.12/site-packages/oslo_config/cfg.py:3242}}
Jun 22 15:15:48.881915 np0000003398 devstack@n-api-meta.service[95596]: DEBUG nova.api.openstack.wsgi_app [None req-9d7f302b-d0b2-48b4-ae56-5bdc08551d9f None None] instance_build_timeout = 0 {{(pid=95596) log_opt_values /opt/stack/data/venv/lib/python3.12/site-packages/oslo_config/cfg.py:3242}}
Jun 22 15:15:48.882053 np0000003398 devstack@n-api-meta.service[95596]: DEBUG nova.api.openstack.wsgi_app [None req-9d7f302b-d0b2-48b4-ae56-5bdc08551d9f None None] instance_delete_interval = 300 {{(pid=95596) log_opt_values /opt/stack/data/venv/lib/python3.12/site-packages/oslo_config/cfg.py:3242}}
Jun 22 15:15:48.882178 np0000003398 devstack@n-api-meta.service[95596]: DEBUG nova.api.openstack.wsgi_app [None req-9d7f302b-d0b2-48b4-ae56-5bdc08551d9f None None] instance_format = [instance: %(uuid)s] {{(pid=95596) log_opt_values /opt/stack/data/venv/lib/python3.12/site-packages/oslo_config/cfg.py:3242}}
Jun 22 15:15:48.882302 np0000003398 devstack@n-api-meta.service[95596]: DEBUG nova.api.openstack.wsgi_app [None req-9d7f302b-d0b2-48b4-ae56-5bdc08551d9f None None] instance_name_template = instance-%08x {{(pid=95596) log_opt_values /opt/stack/data/venv/lib/python3.12/site-packages/oslo_config/cfg.py:3242}}
Jun 22 15:15:48.882418 np0000003398 devstack@n-api-meta.service[95596]: DEBUG nova.api.openstack.wsgi_app [None req-9d7f302b-d0b2-48b4-ae56-5bdc08551d9f None None] instance_usage_audit = False {{(pid=95596) log_opt_values /opt/stack/data/venv/lib/python3.12/site-packages/oslo_config/cfg.py:3242}}
Jun 22 15:15:48.882605 np0000003398 devstack@n-api-meta.service[95596]: DEBUG nova.api.openstack.wsgi_app [None req-9d7f302b-d0b2-48b4-ae56-5bdc08551d9f None None] instance_usage_audit_period = month {{(pid=95596) log_opt_values /opt/stack/data/venv/lib/python3.12/site-packages/oslo_config/cfg.py:3242}}
Jun 22 15:15:48.882736 np0000003398 devstack@n-api-meta.service[95596]: DEBUG nova.api.openstack.wsgi_app [None req-9d7f302b-d0b2-48b4-ae56-5bdc08551d9f None None] instance_uuid_format = [instance: %(uuid)s] {{(pid=95596) log_opt_values /opt/stack/data/venv/lib/python3.12/site-packages/oslo_config/cfg.py:3242}}
Jun 22 15:15:48.882858 np0000003398 devstack@n-api-meta.service[95596]: DEBUG nova.api.openstack.wsgi_app [None req-9d7f302b-d0b2-48b4-ae56-5bdc08551d9f None None] instances_path = /opt/stack/data/nova/instances {{(pid=95596) log_opt_values /opt/stack/data/venv/lib/python3.12/site-packages/oslo_config/cfg.py:3242}}
Jun 22 15:15:48.883000 np0000003398 devstack@n-api-meta.service[95596]: DEBUG nova.api.openstack.wsgi_app [None req-9d7f302b-d0b2-48b4-ae56-5bdc08551d9f None None] internal_service_availability_zone = internal {{(pid=95596) log_opt_values /opt/stack/data/venv/lib/python3.12/site-packages/oslo_config/cfg.py:3242}}
Jun 22 15:15:48.883113 np0000003398 devstack@n-api-meta.service[95596]: DEBUG nova.api.openstack.wsgi_app [None req-9d7f302b-d0b2-48b4-ae56-5bdc08551d9f None None] key = None {{(pid=95596) log_opt_values /opt/stack/data/venv/lib/python3.12/site-packages/oslo_config/cfg.py:3242}}
Jun 22 15:15:48.883248 np0000003398 devstack@n-api-meta.service[95596]: DEBUG nova.api.openstack.wsgi_app [None req-9d7f302b-d0b2-48b4-ae56-5bdc08551d9f None None] live_migration_retry_count = 30 {{(pid=95596) log_opt_values /opt/stack/data/venv/lib/python3.12/site-packages/oslo_config/cfg.py:3242}}
Jun 22 15:15:48.883416 np0000003398 devstack@n-api-meta.service[95596]: DEBUG nova.api.openstack.wsgi_app [None req-9d7f302b-d0b2-48b4-ae56-5bdc08551d9f None None] log_color = False {{(pid=95596) log_opt_values /opt/stack/data/venv/lib/python3.12/site-packages/oslo_config/cfg.py:3242}}
Jun 22 15:15:48.883574 np0000003398 devstack@n-api-meta.service[95596]: DEBUG nova.api.openstack.wsgi_app [None req-9d7f302b-d0b2-48b4-ae56-5bdc08551d9f None None] log_config_append = None {{(pid=95596) log_opt_values /opt/stack/data/venv/lib/python3.12/site-packages/oslo_config/cfg.py:3242}}
Jun 22 15:15:48.883706 np0000003398 devstack@n-api-meta.service[95596]: DEBUG nova.api.openstack.wsgi_app [None req-9d7f302b-d0b2-48b4-ae56-5bdc08551d9f None None] log_date_format = %Y-%m-%d %H:%M:%S {{(pid=95596) log_opt_values /opt/stack/data/venv/lib/python3.12/site-packages/oslo_config/cfg.py:3242}}
Jun 22 15:15:48.883821 np0000003398 devstack@n-api-meta.service[95596]: DEBUG nova.api.openstack.wsgi_app [None req-9d7f302b-d0b2-48b4-ae56-5bdc08551d9f None None] log_dir = None {{(pid=95596) log_opt_values /opt/stack/data/venv/lib/python3.12/site-packages/oslo_config/cfg.py:3242}}
Jun 22 15:15:48.883981 np0000003398 devstack@n-api-meta.service[95596]: DEBUG nova.api.openstack.wsgi_app [None req-9d7f302b-d0b2-48b4-ae56-5bdc08551d9f None None] log_file = None {{(pid=95596) log_opt_values /opt/stack/data/venv/lib/python3.12/site-packages/oslo_config/cfg.py:3242}}
Jun 22 15:15:48.884113 np0000003398 devstack@n-api-meta.service[95596]: DEBUG nova.api.openstack.wsgi_app [None req-9d7f302b-d0b2-48b4-ae56-5bdc08551d9f None None] log_options = True {{(pid=95596) log_opt_values /opt/stack/data/venv/lib/python3.12/site-packages/oslo_config/cfg.py:3242}}
Jun 22 15:15:48.884237 np0000003398 devstack@n-api-meta.service[95596]: DEBUG nova.api.openstack.wsgi_app [None req-9d7f302b-d0b2-48b4-ae56-5bdc08551d9f None None] log_rotate_interval = 1 {{(pid=95596) log_opt_values /opt/stack/data/venv/lib/python3.12/site-packages/oslo_config/cfg.py:3242}}
Jun 22 15:15:48.884359 np0000003398 devstack@n-api-meta.service[95596]: DEBUG nova.api.openstack.wsgi_app [None req-9d7f302b-d0b2-48b4-ae56-5bdc08551d9f None None] log_rotate_interval_type = days {{(pid=95596) log_opt_values /opt/stack/data/venv/lib/python3.12/site-packages/oslo_config/cfg.py:3242}}
Jun 22 15:15:48.884557 np0000003398 devstack@n-api-meta.service[95596]: DEBUG nova.api.openstack.wsgi_app [None req-9d7f302b-d0b2-48b4-ae56-5bdc08551d9f None None] log_rotation_type = none {{(pid=95596) log_opt_values /opt/stack/data/venv/lib/python3.12/site-packages/oslo_config/cfg.py:3242}}
Jun 22 15:15:48.884683 np0000003398 devstack@n-api-meta.service[95596]: DEBUG nova.api.openstack.wsgi_app [None req-9d7f302b-d0b2-48b4-ae56-5bdc08551d9f None None] logging_context_format_string = %(color)s%(levelname)s %(name)s [%(global_request_id)s %(request_id)s %(project_name)s %(user_name)s%(color)s] %(instance)s%(color)s%(message)s {{(pid=95596) log_opt_values /opt/stack/data/venv/lib/python3.12/site-packages/oslo_config/cfg.py:3242}}
Jun 22 15:15:48.884793 np0000003398 devstack@n-api-meta.service[95596]: DEBUG nova.api.openstack.wsgi_app [None req-9d7f302b-d0b2-48b4-ae56-5bdc08551d9f None None] logging_debug_format_suffix = {{(pid=%(process)d) %(funcName)s %(pathname)s:%(lineno)d}} {{(pid=95596) log_opt_values /opt/stack/data/venv/lib/python3.12/site-packages/oslo_config/cfg.py:3242}}
Jun 22 15:15:48.884978 np0000003398 devstack@n-api-meta.service[95596]: DEBUG nova.api.openstack.wsgi_app [None req-9d7f302b-d0b2-48b4-ae56-5bdc08551d9f None None] logging_default_format_string = %(color)s%(levelname)s %(name)s [-%(color)s] %(instance)s%(color)s%(message)s {{(pid=95596) log_opt_values /opt/stack/data/venv/lib/python3.12/site-packages/oslo_config/cfg.py:3242}}
Jun 22 15:15:48.885161 np0000003398 devstack@n-api-meta.service[95596]: DEBUG nova.api.openstack.wsgi_app [None req-9d7f302b-d0b2-48b4-ae56-5bdc08551d9f None None] logging_exception_prefix = ERROR %(name)s %(instance)s {{(pid=95596) log_opt_values /opt/stack/data/venv/lib/python3.12/site-packages/oslo_config/cfg.py:3242}}
Jun 22 15:15:48.885428 np0000003398 devstack@n-api-meta.service[95596]: DEBUG nova.api.openstack.wsgi_app [None req-9d7f302b-d0b2-48b4-ae56-5bdc08551d9f None None] logging_user_identity_format = %(user)s %(project)s %(domain)s %(system_scope)s %(user_domain)s %(project_domain)s {{(pid=95596) log_opt_values /opt/stack/data/venv/lib/python3.12/site-packages/oslo_config/cfg.py:3242}}
Jun 22 15:15:48.885428 np0000003398 devstack@n-api-meta.service[95596]: DEBUG nova.api.openstack.wsgi_app [None req-9d7f302b-d0b2-48b4-ae56-5bdc08551d9f None None] long_rpc_timeout = 1800 {{(pid=95596) log_opt_values /opt/stack/data/venv/lib/python3.12/site-packages/oslo_config/cfg.py:3242}}
