Jun 22 15:15:54.010348 np0000003398 nova-conductor[98552]: DEBUG cotyledon.oslo_config_glue [-] profiler.es_scroll_time = 2m {{(pid=98552) log_opt_values /opt/stack/data/venv/lib/python3.12/site-packages/oslo_config/cfg.py:3253}}
Jun 22 15:15:54.010348 np0000003398 nova-conductor[98552]: DEBUG cotyledon.oslo_config_glue [-] profiler.filter_error_trace = False {{(pid=98552) log_opt_values /opt/stack/data/venv/lib/python3.12/site-packages/oslo_config/cfg.py:3253}}
Jun 22 15:15:54.010515 np0000003398 nova-conductor[98552]: DEBUG cotyledon.oslo_config_glue [-] profiler.hmac_keys = **** {{(pid=98552) log_opt_values /opt/stack/data/venv/lib/python3.12/site-packages/oslo_config/cfg.py:3253}}
Jun 22 15:15:54.010515 np0000003398 nova-conductor[98552]: DEBUG cotyledon.oslo_config_glue [-] profiler.sentinel_service_name = mymaster {{(pid=98552) log_opt_values /opt/stack/data/venv/lib/python3.12/site-packages/oslo_config/cfg.py:3253}}
Jun 22 15:15:54.010515 np0000003398 nova-conductor[98552]: DEBUG cotyledon.oslo_config_glue [-] profiler.socket_timeout = 0.1 {{(pid=98552) log_opt_values /opt/stack/data/venv/lib/python3.12/site-packages/oslo_config/cfg.py:3253}}
Jun 22 15:15:54.010515 np0000003398 nova-conductor[98552]: DEBUG cotyledon.oslo_config_glue [-] profiler.trace_requests = False {{(pid=98552) log_opt_values /opt/stack/data/venv/lib/python3.12/site-packages/oslo_config/cfg.py:3253}}
Jun 22 15:15:54.010515 np0000003398 nova-conductor[98552]: DEBUG cotyledon.oslo_config_glue [-] profiler.trace_sqlalchemy = False {{(pid=98552) log_opt_values /opt/stack/data/venv/lib/python3.12/site-packages/oslo_config/cfg.py:3253}}
Jun 22 15:15:54.010515 np0000003398 nova-conductor[98552]: DEBUG cotyledon.oslo_config_glue [-] profiler_jaeger.process_tags = {} {{(pid=98552) log_opt_values /opt/stack/data/venv/lib/python3.12/site-packages/oslo_config/cfg.py:3253}}
Jun 22 15:15:54.010515 np0000003398 nova-conductor[98552]: DEBUG cotyledon.oslo_config_glue [-] profiler_jaeger.service_name_prefix = None {{(pid=98552) log_opt_values /opt/stack/data/venv/lib/python3.12/site-packages/oslo_config/cfg.py:3253}}
Jun 22 15:15:54.010515 np0000003398 nova-conductor[98552]: DEBUG cotyledon.oslo_config_glue [-] profiler_otlp.service_name_prefix = None {{(pid=98552) log_opt_values /opt/stack/data/venv/lib/python3.12/site-packages/oslo_config/cfg.py:3253}}
Jun 22 15:15:54.010515 np0000003398 nova-conductor[98552]: DEBUG cotyledon.oslo_config_glue [-] oslo_messaging_rabbit.amqp_auto_delete = False {{(pid=98552) log_opt_values /opt/stack/data/venv/lib/python3.12/site-packages/oslo_config/cfg.py:3253}}
Jun 22 15:15:54.010731 np0000003398 nova-conductor[98552]: DEBUG cotyledon.oslo_config_glue [-] oslo_messaging_rabbit.amqp_durable_queues = False {{(pid=98552) log_opt_values /opt/stack/data/venv/lib/python3.12/site-packages/oslo_config/cfg.py:3253}}
Jun 22 15:15:54.010731 np0000003398 nova-conductor[98552]: DEBUG cotyledon.oslo_config_glue [-] oslo_messaging_rabbit.conn_pool_min_size = 2 {{(pid=98552) log_opt_values /opt/stack/data/venv/lib/python3.12/site-packages/oslo_config/cfg.py:3253}}
Jun 22 15:15:54.010731 np0000003398 nova-conductor[98552]: DEBUG cotyledon.oslo_config_glue [-] oslo_messaging_rabbit.conn_pool_ttl = 1200 {{(pid=98552) log_opt_values /opt/stack/data/venv/lib/python3.12/site-packages/oslo_config/cfg.py:3253}}
Jun 22 15:15:54.010731 np0000003398 nova-conductor[98552]: DEBUG cotyledon.oslo_config_glue [-] oslo_messaging_rabbit.direct_mandatory_flag = True {{(pid=98552) log_opt_values /opt/stack/data/venv/lib/python3.12/site-packages/oslo_config/cfg.py:3253}}
Jun 22 15:15:54.010731 np0000003398 nova-conductor[98552]: DEBUG cotyledon.oslo_config_glue [-] oslo_messaging_rabbit.enable_cancel_on_failover = False {{(pid=98552) log_opt_values /opt/stack/data/venv/lib/python3.12/site-packages/oslo_config/cfg.py:3253}}
Jun 22 15:15:54.010731 np0000003398 nova-conductor[98552]: DEBUG cotyledon.oslo_config_glue [-] oslo_messaging_rabbit.heartbeat_rate = 3 {{(pid=98552) log_opt_values /opt/stack/data/venv/lib/python3.12/site-packages/oslo_config/cfg.py:3253}}
Jun 22 15:15:54.010731 np0000003398 nova-conductor[98552]: DEBUG cotyledon.oslo_config_glue [-] oslo_messaging_rabbit.heartbeat_timeout_threshold = 60 {{(pid=98552) log_opt_values /opt/stack/data/venv/lib/python3.12/site-packages/oslo_config/cfg.py:3253}}
Jun 22 15:15:54.010731 np0000003398 nova-conductor[98552]: DEBUG cotyledon.oslo_config_glue [-] oslo_messaging_rabbit.hostname = np0000003398 {{(pid=98552) log_opt_values /opt/stack/data/venv/lib/python3.12/site-packages/oslo_config/cfg.py:3253}}
Jun 22 15:15:54.010731 np0000003398 nova-conductor[98552]: DEBUG cotyledon.oslo_config_glue [-] oslo_messaging_rabbit.kombu_compression = None {{(pid=98552) log_opt_values /opt/stack/data/venv/lib/python3.12/site-packages/oslo_config/cfg.py:3253}}
Jun 22 15:15:54.010913 np0000003398 nova-conductor[98552]: DEBUG cotyledon.oslo_config_glue [-] oslo_messaging_rabbit.kombu_failover_strategy = round-robin {{(pid=98552) log_opt_values /opt/stack/data/venv/lib/python3.12/site-packages/oslo_config/cfg.py:3253}}
Jun 22 15:15:54.010913 np0000003398 nova-conductor[98552]: DEBUG cotyledon.oslo_config_glue [-] oslo_messaging_rabbit.kombu_missing_consumer_retry_timeout = 60 {{(pid=98552) log_opt_values /opt/stack/data/venv/lib/python3.12/site-packages/oslo_config/cfg.py:3253}}
Jun 22 15:15:54.010913 np0000003398 nova-conductor[98552]: DEBUG cotyledon.oslo_config_glue [-] oslo_messaging_rabbit.kombu_reconnect_delay = 1.0 {{(pid=98552) log_opt_values /opt/stack/data/venv/lib/python3.12/site-packages/oslo_config/cfg.py:3253}}
Jun 22 15:15:54.010913 np0000003398 nova-conductor[98552]: DEBUG cotyledon.oslo_config_glue [-] oslo_messaging_rabbit.kombu_reconnect_splay = 0.0 {{(pid=98552) log_opt_values /opt/stack/data/venv/lib/python3.12/site-packages/oslo_config/cfg.py:3253}}
Jun 22 15:15:54.010913 np0000003398 nova-conductor[98552]: DEBUG cotyledon.oslo_config_glue [-] oslo_messaging_rabbit.processname = nova-conductor {{(pid=98552) log_opt_values /opt/stack/data/venv/lib/python3.12/site-packages/oslo_config/cfg.py:3253}}
Jun 22 15:15:54.010913 np0000003398 nova-conductor[98552]: DEBUG cotyledon.oslo_config_glue [-] oslo_messaging_rabbit.rabbit_ha_queues = False {{(pid=98552) log_opt_values /opt/stack/data/venv/lib/python3.12/site-packages/oslo_config/cfg.py:3253}}
Jun 22 15:15:54.010913 np0000003398 nova-conductor[98552]: DEBUG cotyledon.oslo_config_glue [-] oslo_messaging_rabbit.rabbit_interval_max = 30 {{(pid=98552) log_opt_values /opt/stack/data/venv/lib/python3.12/site-packages/oslo_config/cfg.py:3253}}
Jun 22 15:15:54.010913 np0000003398 nova-conductor[98552]: DEBUG cotyledon.oslo_config_glue [-] oslo_messaging_rabbit.rabbit_login_method = AMQPLAIN {{(pid=98552) log_opt_values /opt/stack/data/venv/lib/python3.12/site-packages/oslo_config/cfg.py:3253}}
Jun 22 15:15:54.011097 np0000003398 nova-conductor[98552]: DEBUG cotyledon.oslo_config_glue [-] oslo_messaging_rabbit.rabbit_qos_prefetch_count = 0 {{(pid=98552) log_opt_values /opt/stack/data/venv/lib/python3.12/site-packages/oslo_config/cfg.py:3253}}
Jun 22 15:15:54.011097 np0000003398 nova-conductor[98552]: DEBUG cotyledon.oslo_config_glue [-] oslo_messaging_rabbit.rabbit_quorum_delivery_limit = 0 {{(pid=98552) log_opt_values /opt/stack/data/venv/lib/python3.12/site-packages/oslo_config/cfg.py:3253}}
Jun 22 15:15:54.011097 np0000003398 nova-conductor[98552]: DEBUG cotyledon.oslo_config_glue [-] oslo_messaging_rabbit.rabbit_quorum_max_memory_bytes = 0 {{(pid=98552) log_opt_values /opt/stack/data/venv/lib/python3.12/site-packages/oslo_config/cfg.py:3253}}
Jun 22 15:15:54.011097 np0000003398 nova-conductor[98552]: DEBUG cotyledon.oslo_config_glue [-] oslo_messaging_rabbit.rabbit_quorum_max_memory_length = 0 {{(pid=98552) log_opt_values /opt/stack/data/venv/lib/python3.12/site-packages/oslo_config/cfg.py:3253}}
Jun 22 15:15:54.011097 np0000003398 nova-conductor[98552]: DEBUG cotyledon.oslo_config_glue [-] oslo_messaging_rabbit.rabbit_quorum_queue = False {{(pid=98552) log_opt_values /opt/stack/data/venv/lib/python3.12/site-packages/oslo_config/cfg.py:3253}}
Jun 22 15:15:54.011097 np0000003398 nova-conductor[98552]: DEBUG cotyledon.oslo_config_glue [-] oslo_messaging_rabbit.rabbit_retry_backoff = 2 {{(pid=98552) log_opt_values /opt/stack/data/venv/lib/python3.12/site-packages/oslo_config/cfg.py:3253}}
Jun 22 15:15:54.011097 np0000003398 nova-conductor[98552]: DEBUG cotyledon.oslo_config_glue [-] oslo_messaging_rabbit.rabbit_retry_interval = 1 {{(pid=98552) log_opt_values /opt/stack/data/venv/lib/python3.12/site-packages/oslo_config/cfg.py:3253}}
Jun 22 15:15:54.011097 np0000003398 nova-conductor[98552]: DEBUG cotyledon.oslo_config_glue [-] oslo_messaging_rabbit.rabbit_stream_fanout = False {{(pid=98552) log_opt_values /opt/stack/data/venv/lib/python3.12/site-packages/oslo_config/cfg.py:3253}}
Jun 22 15:15:54.011260 np0000003398 nova-conductor[98552]: DEBUG cotyledon.oslo_config_glue [-] oslo_messaging_rabbit.rabbit_transient_queues_ttl = 1800 {{(pid=98552) log_opt_values /opt/stack/data/venv/lib/python3.12/site-packages/oslo_config/cfg.py:3253}}
Jun 22 15:15:54.011260 np0000003398 nova-conductor[98552]: DEBUG cotyledon.oslo_config_glue [-] oslo_messaging_rabbit.rabbit_transient_quorum_queue = False {{(pid=98552) log_opt_values /opt/stack/data/venv/lib/python3.12/site-packages/oslo_config/cfg.py:3253}}
Jun 22 15:15:54.011260 np0000003398 nova-conductor[98552]: DEBUG cotyledon.oslo_config_glue [-] oslo_messaging_rabbit.rpc_conn_pool_size = 30 {{(pid=98552) log_opt_values /opt/stack/data/venv/lib/python3.12/site-packages/oslo_config/cfg.py:3253}}
Jun 22 15:15:54.011260 np0000003398 nova-conductor[98552]: DEBUG cotyledon.oslo_config_glue [-] oslo_messaging_rabbit.ssl = False {{(pid=98552) log_opt_values /opt/stack/data/venv/lib/python3.12/site-packages/oslo_config/cfg.py:3253}}
Jun 22 15:15:54.011260 np0000003398 nova-conductor[98552]: DEBUG cotyledon.oslo_config_glue [-] oslo_messaging_rabbit.ssl_ca_file = {{(pid=98552) log_opt_values /opt/stack/data/venv/lib/python3.12/site-packages/oslo_config/cfg.py:3253}}
Jun 22 15:15:54.011260 np0000003398 nova-conductor[98552]: DEBUG cotyledon.oslo_config_glue [-] oslo_messaging_rabbit.ssl_cert_file = {{(pid=98552) log_opt_values /opt/stack/data/venv/lib/python3.12/site-packages/oslo_config/cfg.py:3253}}
Jun 22 15:15:54.011260 np0000003398 nova-conductor[98552]: DEBUG cotyledon.oslo_config_glue [-] oslo_messaging_rabbit.ssl_enforce_fips_mode = False {{(pid=98552) log_opt_values /opt/stack/data/venv/lib/python3.12/site-packages/oslo_config/cfg.py:3253}}
Jun 22 15:15:54.011260 np0000003398 nova-conductor[98552]: DEBUG cotyledon.oslo_config_glue [-] oslo_messaging_rabbit.ssl_enforce_hostname_verification = True {{(pid=98552) log_opt_values /opt/stack/data/venv/lib/python3.12/site-packages/oslo_config/cfg.py:3253}}
Jun 22 15:15:54.011260 np0000003398 nova-conductor[98552]: DEBUG cotyledon.oslo_config_glue [-] oslo_messaging_rabbit.ssl_key_file = {{(pid=98552) log_opt_values /opt/stack/data/venv/lib/python3.12/site-packages/oslo_config/cfg.py:3253}}
Jun 22 15:15:54.011732 np0000003398 nova-conductor[98552]: DEBUG cotyledon.oslo_config_glue [-] oslo_messaging_rabbit.ssl_version = {{(pid=98552) log_opt_values /opt/stack/data/venv/lib/python3.12/site-packages/oslo_config/cfg.py:3253}}
Jun 22 15:15:54.011732 np0000003398 nova-conductor[98552]: DEBUG cotyledon.oslo_config_glue [-] oslo_messaging_rabbit.use_queue_manager = False {{(pid=98552) log_opt_values /opt/stack/data/venv/lib/python3.12/site-packages/oslo_config/cfg.py:3253}}
Jun 22 15:15:54.011732 np0000003398 nova-conductor[98552]: DEBUG cotyledon.oslo_config_glue [-] oslo_messaging_notifications.driver = ['messagingv2'] {{(pid=98552) log_opt_values /opt/stack/data/venv/lib/python3.12/site-packages/oslo_config/cfg.py:3253}}
Jun 22 15:15:54.011732 np0000003398 nova-conductor[98552]: DEBUG cotyledon.oslo_config_glue [-] oslo_messaging_notifications.retry = -1 {{(pid=98552) log_opt_values /opt/stack/data/venv/lib/python3.12/site-packages/oslo_config/cfg.py:3253}}
Jun 22 15:15:54.011732 np0000003398 nova-conductor[98552]: DEBUG cotyledon.oslo_config_glue [-] oslo_messaging_notifications.topics = ['notifications'] {{(pid=98552) log_opt_values /opt/stack/data/venv/lib/python3.12/site-packages/oslo_config/cfg.py:3253}}
Jun 22 15:15:54.011732 np0000003398 nova-conductor[98552]: DEBUG cotyledon.oslo_config_glue [-] oslo_messaging_notifications.transport_url = **** {{(pid=98552) log_opt_values /opt/stack/data/venv/lib/python3.12/site-packages/oslo_config/cfg.py:3253}}
Jun 22 15:15:54.011732 np0000003398 nova-conductor[98552]: DEBUG cotyledon.oslo_config_glue [-] oslo_limit.auth_section = None {{(pid=98552) log_opt_values /opt/stack/data/venv/lib/python3.12/site-packages/oslo_config/cfg.py:3253}}
Jun 22 15:15:54.011732 np0000003398 nova-conductor[98552]: DEBUG cotyledon.oslo_config_glue [-] oslo_limit.auth_type = None {{(pid=98552) log_opt_values /opt/stack/data/venv/lib/python3.12/site-packages/oslo_config/cfg.py:3253}}
Jun 22 15:15:54.011732 np0000003398 nova-conductor[98552]: DEBUG cotyledon.oslo_config_glue [-] oslo_limit.cafile = None {{(pid=98552) log_opt_values /opt/stack/data/venv/lib/python3.12/site-packages/oslo_config/cfg.py:3253}}
Jun 22 15:15:54.011919 np0000003398 nova-conductor[98552]: DEBUG cotyledon.oslo_config_glue [-] oslo_limit.certfile = None {{(pid=98552) log_opt_values /opt/stack/data/venv/lib/python3.12/site-packages/oslo_config/cfg.py:3253}}
Jun 22 15:15:54.011919 np0000003398 nova-conductor[98552]: DEBUG cotyledon.oslo_config_glue [-] oslo_limit.collect_timing = False {{(pid=98552) log_opt_values /opt/stack/data/venv/lib/python3.12/site-packages/oslo_config/cfg.py:3253}}
Jun 22 15:15:54.011919 np0000003398 nova-conductor[98552]: DEBUG cotyledon.oslo_config_glue [-] oslo_limit.connect_retries = None {{(pid=98552) log_opt_values /opt/stack/data/venv/lib/python3.12/site-packages/oslo_config/cfg.py:3253}}
Jun 22 15:15:54.011919 np0000003398 nova-conductor[98552]: DEBUG cotyledon.oslo_config_glue [-] oslo_limit.connect_retry_delay = None {{(pid=98552) log_opt_values /opt/stack/data/venv/lib/python3.12/site-packages/oslo_config/cfg.py:3253}}
Jun 22 15:15:54.011919 np0000003398 nova-conductor[98552]: DEBUG cotyledon.oslo_config_glue [-] oslo_limit.endpoint_id = None {{(pid=98552) log_opt_values /opt/stack/data/venv/lib/python3.12/site-packages/oslo_config/cfg.py:3253}}
Jun 22 15:15:54.011919 np0000003398 nova-conductor[98552]: DEBUG cotyledon.oslo_config_glue [-] oslo_limit.endpoint_interface = public {{(pid=98552) log_opt_values /opt/stack/data/venv/lib/python3.12/site-packages/oslo_config/cfg.py:3253}}
Jun 22 15:15:54.011919 np0000003398 nova-conductor[98552]: DEBUG cotyledon.oslo_config_glue [-] oslo_limit.endpoint_override = None {{(pid=98552) log_opt_values /opt/stack/data/venv/lib/python3.12/site-packages/oslo_config/cfg.py:3253}}
Jun 22 15:15:54.011919 np0000003398 nova-conductor[98552]: DEBUG cotyledon.oslo_config_glue [-] oslo_limit.endpoint_region_name = None {{(pid=98552) log_opt_values /opt/stack/data/venv/lib/python3.12/site-packages/oslo_config/cfg.py:3253}}
Jun 22 15:15:54.011919 np0000003398 nova-conductor[98552]: DEBUG cotyledon.oslo_config_glue [-] oslo_limit.endpoint_service_name = None {{(pid=98552) log_opt_values /opt/stack/data/venv/lib/python3.12/site-packages/oslo_config/cfg.py:3253}}
Jun 22 15:15:54.012097 np0000003398 nova-conductor[98552]: DEBUG cotyledon.oslo_config_glue [-] oslo_limit.endpoint_service_type = None {{(pid=98552) log_opt_values /opt/stack/data/venv/lib/python3.12/site-packages/oslo_config/cfg.py:3253}}
Jun 22 15:15:54.012097 np0000003398 nova-conductor[98552]: DEBUG cotyledon.oslo_config_glue [-] oslo_limit.insecure = False {{(pid=98552) log_opt_values /opt/stack/data/venv/lib/python3.12/site-packages/oslo_config/cfg.py:3253}}
Jun 22 15:15:54.012097 np0000003398 nova-conductor[98552]: DEBUG cotyledon.oslo_config_glue [-] oslo_limit.keyfile = None {{(pid=98552) log_opt_values /opt/stack/data/venv/lib/python3.12/site-packages/oslo_config/cfg.py:3253}}
Jun 22 15:15:54.012097 np0000003398 nova-conductor[98552]: DEBUG cotyledon.oslo_config_glue [-] oslo_limit.max_version = None {{(pid=98552) log_opt_values /opt/stack/data/venv/lib/python3.12/site-packages/oslo_config/cfg.py:3253}}
Jun 22 15:15:54.012097 np0000003398 nova-conductor[98552]: DEBUG cotyledon.oslo_config_glue [-] oslo_limit.min_version = None {{(pid=98552) log_opt_values /opt/stack/data/venv/lib/python3.12/site-packages/oslo_config/cfg.py:3253}}
Jun 22 15:15:54.012097 np0000003398 nova-conductor[98552]: DEBUG cotyledon.oslo_config_glue [-] oslo_limit.region_name = None {{(pid=98552) log_opt_values /opt/stack/data/venv/lib/python3.12/site-packages/oslo_config/cfg.py:3253}}
Jun 22 15:15:54.012097 np0000003398 nova-conductor[98552]: DEBUG cotyledon.oslo_config_glue [-] oslo_limit.retriable_status_codes = None {{(pid=98552) log_opt_values /opt/stack/data/venv/lib/python3.12/site-packages/oslo_config/cfg.py:3253}}
Jun 22 15:15:54.012097 np0000003398 nova-conductor[98552]: DEBUG cotyledon.oslo_config_glue [-] oslo_limit.service_name = None {{(pid=98552) log_opt_values /opt/stack/data/venv/lib/python3.12/site-packages/oslo_config/cfg.py:3253}}
Jun 22 15:15:54.012097 np0000003398 nova-conductor[98552]: DEBUG cotyledon.oslo_config_glue [-] oslo_limit.service_type = None {{(pid=98552) log_opt_values /opt/stack/data/venv/lib/python3.12/site-packages/oslo_config/cfg.py:3253}}
Jun 22 15:15:54.012280 np0000003398 nova-conductor[98552]: DEBUG cotyledon.oslo_config_glue [-] oslo_limit.split_loggers = False {{(pid=98552) log_opt_values /opt/stack/data/venv/lib/python3.12/site-packages/oslo_config/cfg.py:3253}}
Jun 22 15:15:54.012280 np0000003398 nova-conductor[98552]: DEBUG cotyledon.oslo_config_glue [-] oslo_limit.status_code_retries = None {{(pid=98552) log_opt_values /opt/stack/data/venv/lib/python3.12/site-packages/oslo_config/cfg.py:3253}}
Jun 22 15:15:54.012280 np0000003398 nova-conductor[98552]: DEBUG cotyledon.oslo_config_glue [-] oslo_limit.status_code_retry_delay = None {{(pid=98552) log_opt_values /opt/stack/data/venv/lib/python3.12/site-packages/oslo_config/cfg.py:3253}}
Jun 22 15:15:54.012280 np0000003398 nova-conductor[98552]: DEBUG cotyledon.oslo_config_glue [-] oslo_limit.timeout = None {{(pid=98552) log_opt_values /opt/stack/data/venv/lib/python3.12/site-packages/oslo_config/cfg.py:3253}}
Jun 22 15:15:54.012280 np0000003398 nova-conductor[98552]: DEBUG cotyledon.oslo_config_glue [-] oslo_limit.valid_interfaces = None {{(pid=98552) log_opt_values /opt/stack/data/venv/lib/python3.12/site-packages/oslo_config/cfg.py:3253}}
Jun 22 15:15:54.012280 np0000003398 nova-conductor[98552]: DEBUG cotyledon.oslo_config_glue [-] oslo_limit.version = None {{(pid=98552) log_opt_values /opt/stack/data/venv/lib/python3.12/site-packages/oslo_config/cfg.py:3253}}
Jun 22 15:15:54.012280 np0000003398 nova-conductor[98552]: DEBUG cotyledon.oslo_config_glue [-] oslo_reports.file_event_handler = None {{(pid=98552) log_opt_values /opt/stack/data/venv/lib/python3.12/site-packages/oslo_config/cfg.py:3253}}
Jun 22 15:15:54.012280 np0000003398 nova-conductor[98552]: DEBUG cotyledon.oslo_config_glue [-] oslo_reports.file_event_handler_interval = 1 {{(pid=98552) log_opt_values /opt/stack/data/venv/lib/python3.12/site-packages/oslo_config/cfg.py:3253}}
Jun 22 15:15:54.012280 np0000003398 nova-conductor[98552]: DEBUG cotyledon.oslo_config_glue [-] oslo_reports.log_dir = None {{(pid=98552) log_opt_values /opt/stack/data/venv/lib/python3.12/site-packages/oslo_config/cfg.py:3253}}
Jun 22 15:15:54.012461 np0000003398 nova-conductor[98552]: DEBUG cotyledon.oslo_config_glue [-] ******************************************************************************** {{(pid=98552) log_opt_values /opt/stack/data/venv/lib/python3.12/site-packages/oslo_config/cfg.py:3260}}
Jun 22 15:15:54.012461 np0000003398 nova-conductor[98552]: DEBUG cotyledon._service_worker [-] Run service ServiceWrapper(3) [98552] {{(pid=98552) wait_forever /opt/stack/data/venv/lib/python3.12/site-packages/cotyledon/_service_worker.py:218}}
Jun 22 15:15:54.012461 np0000003398 nova-conductor[98552]: INFO nova.service [-] Starting conductor node (version 33.1.0)
Jun 22 15:15:54.012527 np0000003398 nova-conductor[98522]: DEBUG dbcounter [-] [98522] Writer thread running {{(pid=98522) stat_writer /opt/stack/data/venv/lib/python3.12/site-packages/dbcounter.py:102}}
Jun 22 15:15:54.012570 np0000003398 nova-conductor[98552]: INFO dbcounter [None req-19b7aa45-dbbb-4e38-869e-6fc5afcd7c57 None None] Registered counter for database nova_cell0
Jun 22 15:15:54.012607 np0000003398 nova-conductor[98535]: DEBUG oslo_db.sqlalchemy.engines [None req-30734786-8014-4305-a645-ca46672b8980 None None] MySQL server mode set to STRICT_TRANS_TABLES,STRICT_ALL_TABLES,NO_ZERO_IN_DATE,NO_ZERO_DATE,ERROR_FOR_DIVISION_BY_ZERO,TRADITIONAL,NO_ENGINE_SUBSTITUTION {{(pid=98535) _check_effective_sql_mode /opt/stack/data/venv/lib/python3.12/site-packages/oslo_db/sqlalchemy/engines.py:325}}
Jun 22 15:15:54.012640 np0000003398 nova-conductor[98522]: DEBUG nova.service [None req-49b3b46b-840e-4e78-b03a-c33fb8c9d414 None None] Creating RPC server for service: nova-conductor on topic: conductor {{(pid=98522) start /opt/stack/nova/nova/service.py:196}}
Jun 22 15:15:54.015208 np0000003398 nova-conductor[98535]: DEBUG dbcounter [-] [98535] Writer thread running {{(pid=98535) stat_writer /opt/stack/data/venv/lib/python3.12/site-packages/dbcounter.py:102}}
Jun 22 15:15:54.016521 np0000003398 nova-conductor[98545]: DEBUG oslo_db.sqlalchemy.engines [None req-0d1ef9a7-112c-49ed-b25c-0112ce527037 None None] MySQL server mode set to STRICT_TRANS_TABLES,STRICT_ALL_TABLES,NO_ZERO_IN_DATE,NO_ZERO_DATE,ERROR_FOR_DIVISION_BY_ZERO,TRADITIONAL,NO_ENGINE_SUBSTITUTION {{(pid=98545) _check_effective_sql_mode /opt/stack/data/venv/lib/python3.12/site-packages/oslo_db/sqlalchemy/engines.py:325}}
Jun 22 15:15:54.018551 np0000003398 nova-conductor[98535]: DEBUG nova.service [None req-30734786-8014-4305-a645-ca46672b8980 None None] Creating RPC server for service: nova-conductor on topic: conductor {{(pid=98535) start /opt/stack/nova/nova/service.py:196}}
Jun 22 15:15:54.027336 np0000003398 nova-conductor[98545]: DEBUG dbcounter [-] [98545] Writer thread running {{(pid=98545) stat_writer /opt/stack/data/venv/lib/python3.12/site-packages/dbcounter.py:102}}
Jun 22 15:15:54.030206 np0000003398 nova-conductor[98545]: DEBUG nova.service [None req-0d1ef9a7-112c-49ed-b25c-0112ce527037 None None] Creating RPC server for service: nova-conductor on topic: conductor {{(pid=98545) start /opt/stack/nova/nova/service.py:196}}
Jun 22 15:15:54.035274 np0000003398 nova-conductor[98552]: DEBUG oslo_db.sqlalchemy.engines [None req-19b7aa45-dbbb-4e38-869e-6fc5afcd7c57 None None] MySQL server mode set to STRICT_TRANS_TABLES,STRICT_ALL_TABLES,NO_ZERO_IN_DATE,NO_ZERO_DATE,ERROR_FOR_DIVISION_BY_ZERO,TRADITIONAL,NO_ENGINE_SUBSTITUTION {{(pid=98552) _check_effective_sql_mode /opt/stack/data/venv/lib/python3.12/site-packages/oslo_db/sqlalchemy/engines.py:325}}
Jun 22 15:15:54.038704 np0000003398 nova-conductor[98522]: DEBUG nova.service [None req-49b3b46b-840e-4e78-b03a-c33fb8c9d414 None None] Join ServiceGroup membership for this service conductor {{(pid=98522) start /opt/stack/nova/nova/service.py:222}}
Jun 22 15:15:54.038964 np0000003398 nova-conductor[98522]: DEBUG nova.servicegroup.drivers.db [None req-49b3b46b-840e-4e78-b03a-c33fb8c9d414 None None] DB_Driver: join new ServiceGroup member np0000003398 to the conductor group, service = {{(pid=98522) join /opt/stack/nova/nova/servicegroup/drivers/db.py:44}}
Jun 22 15:15:54.039347 np0000003398 nova-conductor[98535]: DEBUG nova.service [None req-30734786-8014-4305-a645-ca46672b8980 None None] Join ServiceGroup membership for this service conductor {{(pid=98535) start /opt/stack/nova/nova/service.py:222}}
Jun 22 15:15:54.039743 np0000003398 nova-conductor[98535]: DEBUG nova.servicegroup.drivers.db [None req-30734786-8014-4305-a645-ca46672b8980 None None] DB_Driver: join new ServiceGroup member np0000003398 to the conductor group, service = {{(pid=98535) join /opt/stack/nova/nova/servicegroup/drivers/db.py:44}}
Jun 22 15:15:54.045691 np0000003398 nova-conductor[98552]: DEBUG dbcounter [-] [98552] Writer thread running {{(pid=98552) stat_writer /opt/stack/data/venv/lib/python3.12/site-packages/dbcounter.py:102}}
Jun 22 15:15:54.049049 np0000003398 nova-conductor[98552]: DEBUG nova.service [None req-19b7aa45-dbbb-4e38-869e-6fc5afcd7c57 None None] Creating RPC server for service: nova-conductor on topic: conductor {{(pid=98552) start /opt/stack/nova/nova/service.py:196}}
Jun 22 15:15:54.049509 np0000003398 nova-conductor[98545]: DEBUG nova.service [None req-0d1ef9a7-112c-49ed-b25c-0112ce527037 None None] Join ServiceGroup membership for this service conductor {{(pid=98545) start /opt/stack/nova/nova/service.py:222}}
Jun 22 15:15:54.049796 np0000003398 nova-conductor[98545]: DEBUG nova.servicegroup.drivers.db [None req-0d1ef9a7-112c-49ed-b25c-0112ce527037 None None] DB_Driver: join new ServiceGroup member np0000003398 to the conductor group, service = {{(pid=98545) join /opt/stack/nova/nova/servicegroup/drivers/db.py:44}}
Jun 22 15:15:54.067781 np0000003398 nova-conductor[98552]: DEBUG nova.service [None req-19b7aa45-dbbb-4e38-869e-6fc5afcd7c57 None None] Join ServiceGroup membership for this service conductor {{(pid=98552) start /opt/stack/nova/nova/service.py:222}}
Jun 22 15:15:54.068079 np0000003398 nova-conductor[98552]: DEBUG nova.servicegroup.drivers.db [None req-19b7aa45-dbbb-4e38-869e-6fc5afcd7c57 None None] DB_Driver: join new ServiceGroup member np0000003398 to the conductor group, service = {{(pid=98552) join /opt/stack/nova/nova/servicegroup/drivers/db.py:44}}
Jun 22 15:15:59.061108 np0000003398 nova-conductor[98522]: DEBUG oslo.service.backend._threading.loopingcall [-] Fixed interval looping call 'nova.servicegroup.drivers.db.DbDriver._report_state' sleeping for 119.98 seconds {{(pid=98522) _run_loop /opt/stack/data/venv/lib/python3.12/site-packages/oslo_service/backend/_threading/loopingcall.py:125}}
Jun 22 15:15:59.062643 np0000003398 nova-conductor[98535]: DEBUG oslo.service.backend._threading.loopingcall [-] Fixed interval looping call 'nova.servicegroup.drivers.db.DbDriver._report_state' sleeping for 119.98 seconds {{(pid=98535) _run_loop /opt/stack/data/venv/lib/python3.12/site-packages/oslo_service/backend/_threading/loopingcall.py:125}}
Jun 22 15:15:59.065127 np0000003398 nova-conductor[98545]: DEBUG oslo.service.backend._threading.loopingcall [-] Fixed interval looping call 'nova.servicegroup.drivers.db.DbDriver._report_state' sleeping for 119.99 seconds {{(pid=98545) _run_loop /opt/stack/data/venv/lib/python3.12/site-packages/oslo_service/backend/_threading/loopingcall.py:125}}
Jun 22 15:15:59.079130 np0000003398 nova-conductor[98552]: DEBUG oslo.service.backend._threading.loopingcall [-] Fixed interval looping call 'nova.servicegroup.drivers.db.DbDriver._report_state' sleeping for 119.99 seconds {{(pid=98552) _run_loop /opt/stack/data/venv/lib/python3.12/site-packages/oslo_service/backend/_threading/loopingcall.py:125}}
Jun 22 15:16:02.561714 np0000003398 nova-conductor[97117]: DEBUG dbcounter [-] [97117] Writing DB stats nova_api:SELECT=1 {{(pid=97117) stat_writer /opt/stack/data/venv/lib/python3.12/site-packages/dbcounter.py:115}}
Jun 22 15:16:02.720506 np0000003398 nova-conductor[97117]: DEBUG dbcounter [-] [97117] Writing DB stats nova_cell0:SELECT=1 {{(pid=97117) stat_writer /opt/stack/data/venv/lib/python3.12/site-packages/dbcounter.py:115}}
Jun 22 15:16:02.725450 np0000003398 nova-conductor[97117]: DEBUG dbcounter [-] [97117] Writing DB stats nova_cell1:SELECT=1 {{(pid=97117) stat_writer /opt/stack/data/venv/lib/python3.12/site-packages/dbcounter.py:115}}
Jun 22 15:16:09.051026 np0000003398 nova-conductor[98522]: DEBUG dbcounter [-] [98522] Writing DB stats nova_cell0:SELECT=4,nova_cell0:INSERT=1,nova_cell0:UPDATE=1 {{(pid=98522) stat_writer /opt/stack/data/venv/lib/python3.12/site-packages/dbcounter.py:115}}
Jun 22 15:16:09.056808 np0000003398 nova-conductor[98535]: DEBUG dbcounter [-] [98535] Writing DB stats nova_cell0:SELECT=3,nova_cell0:UPDATE=1 {{(pid=98535) stat_writer /opt/stack/data/venv/lib/python3.12/site-packages/dbcounter.py:115}}
Jun 22 15:16:09.065843 np0000003398 nova-conductor[98545]: DEBUG dbcounter [-] [98545] Writing DB stats nova_cell0:SELECT=3,nova_cell0:UPDATE=1 {{(pid=98545) stat_writer /opt/stack/data/venv/lib/python3.12/site-packages/dbcounter.py:115}}
Jun 22 15:16:09.076225 np0000003398 nova-conductor[98552]: DEBUG dbcounter [-] [98552] Writing DB stats nova_cell0:SELECT=3 {{(pid=98552) stat_writer /opt/stack/data/venv/lib/python3.12/site-packages/dbcounter.py:115}}
Jun 22 15:16:12.070107 np0000003398 nova-conductor[98552]: DEBUG oslo.service.backend._threading.loopingcall [None req-11216fd4-1044-4f7c-b98f-ae9499dfeca1 None None] Dynamic interval looping call 'nova.service.Service.periodic_tasks' sleeping for 60.00 seconds {{(pid=98552) _run_loop /opt/stack/data/venv/lib/python3.12/site-packages/oslo_service/backend/_threading/loopingcall.py:125}}
Jun 22 15:16:25.040975 np0000003398 nova-conductor[98522]: DEBUG oslo.service.backend._threading.loopingcall [None req-45d26533-a387-4618-a5d6-511a6151076a None None] Dynamic interval looping call 'nova.service.Service.periodic_tasks' sleeping for 60.00 seconds {{(pid=98522) _run_loop /opt/stack/data/venv/lib/python3.12/site-packages/oslo_service/backend/_threading/loopingcall.py:125}}
Jun 22 15:16:41.042230 np0000003398 nova-conductor[98535]: DEBUG oslo.service.backend._threading.loopingcall [None req-309f3eff-1c02-4792-8907-539ca5bbe8ac None None] Dynamic interval looping call 'nova.service.Service.periodic_tasks' sleeping for 60.00 seconds {{(pid=98535) _run_loop /opt/stack/data/venv/lib/python3.12/site-packages/oslo_service/backend/_threading/loopingcall.py:125}}
Jun 22 15:16:43.052449 np0000003398 nova-conductor[98545]: DEBUG oslo.service.backend._threading.loopingcall [None req-23f4d5cb-acaa-4079-94a0-a7e6b31b08fd None None] Dynamic interval looping call 'nova.service.Service.periodic_tasks' sleeping for 60.00 seconds {{(pid=98545) _run_loop /opt/stack/data/venv/lib/python3.12/site-packages/oslo_service/backend/_threading/loopingcall.py:125}}
Jun 22 15:17:12.070613 np0000003398 nova-conductor[98552]: DEBUG oslo.service.backend._threading.loopingcall [None req-11216fd4-1044-4f7c-b98f-ae9499dfeca1 None None] Dynamic interval looping call 'nova.service.Service.periodic_tasks' sleeping for 60.00 seconds {{(pid=98552) _run_loop /opt/stack/data/venv/lib/python3.12/site-packages/oslo_service/backend/_threading/loopingcall.py:125}}
Jun 22 15:17:25.041462 np0000003398 nova-conductor[98522]: DEBUG oslo.service.backend._threading.loopingcall [None req-45d26533-a387-4618-a5d6-511a6151076a None None] Dynamic interval looping call 'nova.service.Service.periodic_tasks' sleeping for 60.00 seconds {{(pid=98522) _run_loop /opt/stack/data/venv/lib/python3.12/site-packages/oslo_service/backend/_threading/loopingcall.py:125}}
Jun 22 15:17:41.042606 np0000003398 nova-conductor[98535]: DEBUG oslo.service.backend._threading.loopingcall [None req-309f3eff-1c02-4792-8907-539ca5bbe8ac None None] Dynamic interval looping call 'nova.service.Service.periodic_tasks' sleeping for 60.00 seconds {{(pid=98535) _run_loop /opt/stack/data/venv/lib/python3.12/site-packages/oslo_service/backend/_threading/loopingcall.py:125}}
Jun 22 15:17:43.053070 np0000003398 nova-conductor[98545]: DEBUG oslo.service.backend._threading.loopingcall [None req-23f4d5cb-acaa-4079-94a0-a7e6b31b08fd None None] Dynamic interval looping call 'nova.service.Service.periodic_tasks' sleeping for 60.00 seconds {{(pid=98545) _run_loop /opt/stack/data/venv/lib/python3.12/site-packages/oslo_service/backend/_threading/loopingcall.py:125}}
Jun 22 15:17:59.047834 np0000003398 nova-conductor[98522]: DEBUG oslo.service.backend._threading.loopingcall [-] Fixed interval looping call 'nova.servicegroup.drivers.db.DbDriver._report_state' sleeping for 119.99 seconds {{(pid=98522) _run_loop /opt/stack/data/venv/lib/python3.12/site-packages/oslo_service/backend/_threading/loopingcall.py:125}}
Jun 22 15:17:59.048476 np0000003398 nova-conductor[98535]: DEBUG oslo.service.backend._threading.loopingcall [-] Fixed interval looping call 'nova.servicegroup.drivers.db.DbDriver._report_state' sleeping for 119.99 seconds {{(pid=98535) _run_loop /opt/stack/data/venv/lib/python3.12/site-packages/oslo_service/backend/_threading/loopingcall.py:125}}
Jun 22 15:17:59.058629 np0000003398 nova-conductor[98545]: DEBUG oslo.service.backend._threading.loopingcall [-] Fixed interval looping call 'nova.servicegroup.drivers.db.DbDriver._report_state' sleeping for 120.00 seconds {{(pid=98545) _run_loop /opt/stack/data/venv/lib/python3.12/site-packages/oslo_service/backend/_threading/loopingcall.py:125}}
Jun 22 15:17:59.072638 np0000003398 nova-conductor[98552]: DEBUG oslo.service.backend._threading.loopingcall [-] Fixed interval looping call 'nova.servicegroup.drivers.db.DbDriver._report_state' sleeping for 120.00 seconds {{(pid=98552) _run_loop /opt/stack/data/venv/lib/python3.12/site-packages/oslo_service/backend/_threading/loopingcall.py:125}}
Jun 22 15:18:09.044112 np0000003398 nova-conductor[98522]: DEBUG dbcounter [-] [98522] Writing DB stats nova_cell0:SELECT=1,nova_cell0:UPDATE=1 {{(pid=98522) stat_writer /opt/stack/data/venv/lib/python3.12/site-packages/dbcounter.py:115}}
Jun 22 15:18:09.045691 np0000003398 nova-conductor[98535]: DEBUG dbcounter [-] [98535] Writing DB stats nova_cell0:SELECT=1,nova_cell0:UPDATE=1 {{(pid=98535) stat_writer /opt/stack/data/venv/lib/python3.12/site-packages/dbcounter.py:115}}
Jun 22 15:18:09.056856 np0000003398 nova-conductor[98545]: DEBUG dbcounter [-] [98545] Writing DB stats nova_cell0:SELECT=1 {{(pid=98545) stat_writer /opt/stack/data/venv/lib/python3.12/site-packages/dbcounter.py:115}}
Jun 22 15:18:09.071258 np0000003398 nova-conductor[98552]: DEBUG dbcounter [-] [98552] Writing DB stats nova_cell0:SELECT=1 {{(pid=98552) stat_writer /opt/stack/data/venv/lib/python3.12/site-packages/dbcounter.py:115}}
Jun 22 15:18:12.071111 np0000003398 nova-conductor[98552]: DEBUG oslo.service.backend._threading.loopingcall [None req-11216fd4-1044-4f7c-b98f-ae9499dfeca1 None None] Dynamic interval looping call 'nova.service.Service.periodic_tasks' sleeping for 60.00 seconds {{(pid=98552) _run_loop /opt/stack/data/venv/lib/python3.12/site-packages/oslo_service/backend/_threading/loopingcall.py:125}}
Jun 22 15:18:25.042251 np0000003398 nova-conductor[98522]: DEBUG oslo.service.backend._threading.loopingcall [None req-45d26533-a387-4618-a5d6-511a6151076a None None] Dynamic interval looping call 'nova.service.Service.periodic_tasks' sleeping for 60.00 seconds {{(pid=98522) _run_loop /opt/stack/data/venv/lib/python3.12/site-packages/oslo_service/backend/_threading/loopingcall.py:125}}
Jun 22 15:18:32.049785 np0000003398 nova-conductor[98522]: DEBUG oslo_db.sqlalchemy.engines [None req-061ce044-21c8-467d-a36d-2b22de365d98 tempest-DeleteServersTestJSON-1422902618 tempest-DeleteServersTestJSON-1422902618-project-member] Parent process 97117 forked (98522) with an open database connection, which is being discarded and recreated. {{(pid=98522) checkout /opt/stack/data/venv/lib/python3.12/site-packages/oslo_db/sqlalchemy/engines.py:402}}
Jun 22 15:18:32.106965 np0000003398 nova-conductor[98522]: DEBUG dbcounter [-] [98522] Writer thread running {{(pid=98522) stat_writer /opt/stack/data/venv/lib/python3.12/site-packages/dbcounter.py:102}}
Jun 22 15:18:33.155747 np0000003398 nova-conductor[98522]: DEBUG nova.conductor.manager [None req-061ce044-21c8-467d-a36d-2b22de365d98 tempest-DeleteServersTestJSON-1422902618 tempest-DeleteServersTestJSON-1422902618-project-member] Took 1.05 seconds to select destinations for 1 instance(s). {{(pid=98522) _schedule_instances /opt/stack/nova/nova/conductor/manager.py:968}}
Jun 22 15:18:33.184172 np0000003398 nova-conductor[98522]: DEBUG oslo_concurrency.lockutils [None req-061ce044-21c8-467d-a36d-2b22de365d98 tempest-DeleteServersTestJSON-1422902618 tempest-DeleteServersTestJSON-1422902618-project-member] Acquiring lock "3bc84126-9331-45a2-a400-c3516915f807" by "nova.context.set_target_cell..get_or_set_cached_cell_and_set_connections" {{(pid=98522) inner /opt/stack/data/venv/lib/python3.12/site-packages/oslo_concurrency/lockutils.py:511}}
Jun 22 15:18:33.184380 np0000003398 nova-conductor[98522]: DEBUG oslo_concurrency.lockutils [None req-061ce044-21c8-467d-a36d-2b22de365d98 tempest-DeleteServersTestJSON-1422902618 tempest-DeleteServersTestJSON-1422902618-project-member] Lock "3bc84126-9331-45a2-a400-c3516915f807" acquired by "nova.context.set_target_cell..get_or_set_cached_cell_and_set_connections" :: waited 0.000s {{(pid=98522) inner /opt/stack/data/venv/lib/python3.12/site-packages/oslo_concurrency/lockutils.py:524}}
Jun 22 15:18:33.185664 np0000003398 nova-conductor[98522]: DEBUG oslo_concurrency.lockutils [None req-061ce044-21c8-467d-a36d-2b22de365d98 tempest-DeleteServersTestJSON-1422902618 tempest-DeleteServersTestJSON-1422902618-project-member] Lock "3bc84126-9331-45a2-a400-c3516915f807" "released" by "nova.context.set_target_cell..get_or_set_cached_cell_and_set_connections" :: held 0.001s {{(pid=98522) inner /opt/stack/data/venv/lib/python3.12/site-packages/oslo_concurrency/lockutils.py:543}}
Jun 22 15:18:33.187526 np0000003398 nova-conductor[98522]: INFO dbcounter [None req-061ce044-21c8-467d-a36d-2b22de365d98 tempest-DeleteServersTestJSON-1422902618 tempest-DeleteServersTestJSON-1422902618-project-member] Registered counter for database nova_cell1
Jun 22 15:18:33.231459 np0000003398 nova-conductor[98522]: DEBUG oslo_db.sqlalchemy.engines [None req-061ce044-21c8-467d-a36d-2b22de365d98 tempest-DeleteServersTestJSON-1422902618 tempest-DeleteServersTestJSON-1422902618-project-member] MySQL server mode set to STRICT_TRANS_TABLES,STRICT_ALL_TABLES,NO_ZERO_IN_DATE,NO_ZERO_DATE,ERROR_FOR_DIVISION_BY_ZERO,TRADITIONAL,NO_ENGINE_SUBSTITUTION {{(pid=98522) _check_effective_sql_mode /opt/stack/data/venv/lib/python3.12/site-packages/oslo_db/sqlalchemy/engines.py:325}}
Jun 22 15:18:33.238081 np0000003398 nova-conductor[98522]: DEBUG dbcounter [-] [98522] Writer thread running {{(pid=98522) stat_writer /opt/stack/data/venv/lib/python3.12/site-packages/dbcounter.py:102}}
Jun 22 15:18:33.305770 np0000003398 nova-conductor[98522]: INFO nova.utils [None req-061ce044-21c8-467d-a36d-2b22de365d98 tempest-DeleteServersTestJSON-1422902618 tempest-DeleteServersTestJSON-1422902618-project-member] The cell worker thread pool ForkProcess-1.cell_worker is initialized
Jun 22 15:18:33.306039 np0000003398 nova-conductor[98522]: DEBUG oslo_concurrency.lockutils [None req-061ce044-21c8-467d-a36d-2b22de365d98 tempest-DeleteServersTestJSON-1422902618 tempest-DeleteServersTestJSON-1422902618-project-member] Acquiring lock "00000000-0000-0000-0000-000000000000" by "nova.context.set_target_cell..get_or_set_cached_cell_and_set_connections" {{(pid=98522) inner /opt/stack/data/venv/lib/python3.12/site-packages/oslo_concurrency/lockutils.py:511}}
Jun 22 15:18:33.306173 np0000003398 nova-conductor[98522]: DEBUG oslo_concurrency.lockutils [None req-061ce044-21c8-467d-a36d-2b22de365d98 tempest-DeleteServersTestJSON-1422902618 tempest-DeleteServersTestJSON-1422902618-project-member] Lock "00000000-0000-0000-0000-000000000000" acquired by "nova.context.set_target_cell..get_or_set_cached_cell_and_set_connections" :: waited 0.000s {{(pid=98522) inner /opt/stack/data/venv/lib/python3.12/site-packages/oslo_concurrency/lockutils.py:524}}
Jun 22 15:18:33.306541 np0000003398 nova-conductor[98522]: DEBUG oslo_concurrency.lockutils [None req-061ce044-21c8-467d-a36d-2b22de365d98 tempest-DeleteServersTestJSON-1422902618 tempest-DeleteServersTestJSON-1422902618-project-member] Lock "00000000-0000-0000-0000-000000000000" "released" by "nova.context.set_target_cell..get_or_set_cached_cell_and_set_connections" :: held 0.000s {{(pid=98522) inner /opt/stack/data/venv/lib/python3.12/site-packages/oslo_concurrency/lockutils.py:543}}
Jun 22 15:18:33.307134 np0000003398 nova-conductor[98522]: DEBUG oslo_concurrency.lockutils [None req-061ce044-21c8-467d-a36d-2b22de365d98 tempest-DeleteServersTestJSON-1422902618 tempest-DeleteServersTestJSON-1422902618-project-member] Acquiring lock "3bc84126-9331-45a2-a400-c3516915f807" by "nova.context.set_target_cell..get_or_set_cached_cell_and_set_connections" {{(pid=98522) inner /opt/stack/data/venv/lib/python3.12/site-packages/oslo_concurrency/lockutils.py:511}}
Jun 22 15:18:33.308480 np0000003398 nova-conductor[98522]: INFO dbcounter [None req-061ce044-21c8-467d-a36d-2b22de365d98 tempest-DeleteServersTestJSON-1422902618 tempest-DeleteServersTestJSON-1422902618-project-member] Registered counter for database nova_cell0
Jun 22 15:18:33.309804 np0000003398 nova-conductor[98522]: DEBUG oslo_concurrency.lockutils [None req-061ce044-21c8-467d-a36d-2b22de365d98 tempest-DeleteServersTestJSON-1422902618 tempest-DeleteServersTestJSON-1422902618-project-member] Lock "3bc84126-9331-45a2-a400-c3516915f807" acquired by "nova.context.set_target_cell..get_or_set_cached_cell_and_set_connections" :: waited 0.001s {{(pid=98522) inner /opt/stack/data/venv/lib/python3.12/site-packages/oslo_concurrency/lockutils.py:524}}
Jun 22 15:18:33.310029 np0000003398 nova-conductor[98522]: DEBUG oslo_concurrency.lockutils [None req-061ce044-21c8-467d-a36d-2b22de365d98 tempest-DeleteServersTestJSON-1422902618 tempest-DeleteServersTestJSON-1422902618-project-member] Lock "3bc84126-9331-45a2-a400-c3516915f807" "released" by "nova.context.set_target_cell..get_or_set_cached_cell_and_set_connections" :: held 0.002s {{(pid=98522) inner /opt/stack/data/venv/lib/python3.12/site-packages/oslo_concurrency/lockutils.py:543}}
Jun 22 15:18:33.358180 np0000003398 nova-conductor[98522]: DEBUG oslo_db.sqlalchemy.engines [None req-061ce044-21c8-467d-a36d-2b22de365d98 tempest-DeleteServersTestJSON-1422902618 tempest-DeleteServersTestJSON-1422902618-project-member] MySQL server mode set to STRICT_TRANS_TABLES,STRICT_ALL_TABLES,NO_ZERO_IN_DATE,NO_ZERO_DATE,ERROR_FOR_DIVISION_BY_ZERO,TRADITIONAL,NO_ENGINE_SUBSTITUTION {{(pid=98522) _check_effective_sql_mode /opt/stack/data/venv/lib/python3.12/site-packages/oslo_db/sqlalchemy/engines.py:325}}
Jun 22 15:18:33.364020 np0000003398 nova-conductor[98522]: DEBUG dbcounter [-] [98522] Writer thread running {{(pid=98522) stat_writer /opt/stack/data/venv/lib/python3.12/site-packages/dbcounter.py:102}}
Jun 22 15:18:33.373259 np0000003398 nova-conductor[98522]: DEBUG nova.quota [None req-061ce044-21c8-467d-a36d-2b22de365d98 tempest-DeleteServersTestJSON-1422902618 tempest-DeleteServersTestJSON-1422902618-project-member] Getting quotas for project 328eefc5f7d74e5aa8841394755cd3c1. Resources: {'instances', 'ram', 'cores'} {{(pid=98522) _get_quotas /opt/stack/nova/nova/quota.py:392}}
Jun 22 15:18:33.377649 np0000003398 nova-conductor[98522]: DEBUG nova.quota [None req-061ce044-21c8-467d-a36d-2b22de365d98 tempest-DeleteServersTestJSON-1422902618 tempest-DeleteServersTestJSON-1422902618-project-member] Getting quotas for user 7fc5c697989449859af7279e453333b5 and project 328eefc5f7d74e5aa8841394755cd3c1. Resources: {'instances', 'ram', 'cores'} {{(pid=98522) _get_quotas /opt/stack/nova/nova/quota.py:382}}
Jun 22 15:18:33.384471 np0000003398 nova-conductor[98522]: DEBUG nova.conductor.manager [None req-061ce044-21c8-467d-a36d-2b22de365d98 tempest-DeleteServersTestJSON-1422902618 tempest-DeleteServersTestJSON-1422902618-project-member] [instance: 70d1b63e-6d3d-4cff-b541-ec4608e07361] Selected host: np0000003398; Selected node: np0000003398; Alternates: [] {{(pid=98522) schedule_and_build_instances /opt/stack/nova/nova/conductor/manager.py:1784}}
Jun 22 15:18:33.385020 np0000003398 nova-conductor[98522]: DEBUG oslo_concurrency.lockutils [None req-061ce044-21c8-467d-a36d-2b22de365d98 tempest-DeleteServersTestJSON-1422902618 tempest-DeleteServersTestJSON-1422902618-project-member] Acquiring lock "3bc84126-9331-45a2-a400-c3516915f807" by "nova.context.set_target_cell..get_or_set_cached_cell_and_set_connections" {{(pid=98522) inner /opt/stack/data/venv/lib/python3.12/site-packages/oslo_concurrency/lockutils.py:511}}
Jun 22 15:18:33.385197 np0000003398 nova-conductor[98522]: DEBUG oslo_concurrency.lockutils [None req-061ce044-21c8-467d-a36d-2b22de365d98 tempest-DeleteServersTestJSON-1422902618 tempest-DeleteServersTestJSON-1422902618-project-member] Lock "3bc84126-9331-45a2-a400-c3516915f807" acquired by "nova.context.set_target_cell..get_or_set_cached_cell_and_set_connections" :: waited 0.000s {{(pid=98522) inner /opt/stack/data/venv/lib/python3.12/site-packages/oslo_concurrency/lockutils.py:524}}
Jun 22 15:18:33.385344 np0000003398 nova-conductor[98522]: DEBUG oslo_concurrency.lockutils [None req-061ce044-21c8-467d-a36d-2b22de365d98 tempest-DeleteServersTestJSON-1422902618 tempest-DeleteServersTestJSON-1422902618-project-member] Lock "3bc84126-9331-45a2-a400-c3516915f807" "released" by "nova.context.set_target_cell..get_or_set_cached_cell_and_set_connections" :: held 0.000s {{(pid=98522) inner /opt/stack/data/venv/lib/python3.12/site-packages/oslo_concurrency/lockutils.py:543}}
Jun 22 15:18:33.396271 np0000003398 nova-conductor[98522]: DEBUG nova.conductor.manager [None req-061ce044-21c8-467d-a36d-2b22de365d98 tempest-DeleteServersTestJSON-1422902618 tempest-DeleteServersTestJSON-1422902618-project-member] [instance: 70d1b63e-6d3d-4cff-b541-ec4608e07361] block_device_mapping [BlockDeviceMapping(attachment_id=,boot_index=0,connection_info=None,created_at=,delete_on_termination=True,deleted=,deleted_at=,destination_type='local',device_name=None,device_type='disk',disk_bus=None,encrypted=False,encryption_format=None,encryption_options=None,encryption_secret_uuid=None,guest_format=None,id=,image_id='376bd81f-94ce-4503-9533-901899123eab',instance=,instance_uuid=,no_device=False,snapshot_id=None,source_type='image',tag=None,updated_at=,uuid=,volume_id=None,volume_size=None,volume_type=None)] {{(pid=98522) _create_block_device_mapping /opt/stack/nova/nova/conductor/manager.py:1529}}
Jun 22 15:18:33.397969 np0000003398 nova-conductor[98522]: DEBUG oslo_concurrency.lockutils [None req-061ce044-21c8-467d-a36d-2b22de365d98 tempest-DeleteServersTestJSON-1422902618 tempest-DeleteServersTestJSON-1422902618-project-member] Acquiring lock "3bc84126-9331-45a2-a400-c3516915f807" by "nova.context.set_target_cell..get_or_set_cached_cell_and_set_connections" {{(pid=98522) inner /opt/stack/data/venv/lib/python3.12/site-packages/oslo_concurrency/lockutils.py:511}}
Jun 22 15:18:33.398171 np0000003398 nova-conductor[98522]: DEBUG oslo_concurrency.lockutils [None req-061ce044-21c8-467d-a36d-2b22de365d98 tempest-DeleteServersTestJSON-1422902618 tempest-DeleteServersTestJSON-1422902618-project-member] Lock "3bc84126-9331-45a2-a400-c3516915f807" acquired by "nova.context.set_target_cell..get_or_set_cached_cell_and_set_connections" :: waited 0.000s {{(pid=98522) inner /opt/stack/data/venv/lib/python3.12/site-packages/oslo_concurrency/lockutils.py:524}}
Jun 22 15:18:33.398312 np0000003398 nova-conductor[98522]: DEBUG oslo_concurrency.lockutils [None req-061ce044-21c8-467d-a36d-2b22de365d98 tempest-DeleteServersTestJSON-1422902618 tempest-DeleteServersTestJSON-1422902618-project-member] Lock "3bc84126-9331-45a2-a400-c3516915f807" "released" by "nova.context.set_target_cell..get_or_set_cached_cell_and_set_connections" :: held 0.000s {{(pid=98522) inner /opt/stack/data/venv/lib/python3.12/site-packages/oslo_concurrency/lockutils.py:543}}
Jun 22 15:18:33.434052 np0000003398 nova-conductor[98522]: DEBUG oslo_concurrency.lockutils [None req-061ce044-21c8-467d-a36d-2b22de365d98 tempest-DeleteServersTestJSON-1422902618 tempest-DeleteServersTestJSON-1422902618-project-member] Acquiring lock "3bc84126-9331-45a2-a400-c3516915f807" by "nova.context.set_target_cell..get_or_set_cached_cell_and_set_connections" {{(pid=98522) inner /opt/stack/data/venv/lib/python3.12/site-packages/oslo_concurrency/lockutils.py:511}}
Jun 22 15:18:33.434255 np0000003398 nova-conductor[98522]: DEBUG oslo_concurrency.lockutils [None req-061ce044-21c8-467d-a36d-2b22de365d98 tempest-DeleteServersTestJSON-1422902618 tempest-DeleteServersTestJSON-1422902618-project-member] Lock "3bc84126-9331-45a2-a400-c3516915f807" acquired by "nova.context.set_target_cell..get_or_set_cached_cell_and_set_connections" :: waited 0.000s {{(pid=98522) inner /opt/stack/data/venv/lib/python3.12/site-packages/oslo_concurrency/lockutils.py:524}}
Jun 22 15:18:33.434416 np0000003398 nova-conductor[98522]: DEBUG oslo_concurrency.lockutils [None req-061ce044-21c8-467d-a36d-2b22de365d98 tempest-DeleteServersTestJSON-1422902618 tempest-DeleteServersTestJSON-1422902618-project-member] Lock "3bc84126-9331-45a2-a400-c3516915f807" "released" by "nova.context.set_target_cell..get_or_set_cached_cell_and_set_connections" :: held 0.000s {{(pid=98522) inner /opt/stack/data/venv/lib/python3.12/site-packages/oslo_concurrency/lockutils.py:543}}
Jun 22 15:18:33.434684 np0000003398 nova-conductor[98522]: DEBUG oslo_concurrency.lockutils [None req-061ce044-21c8-467d-a36d-2b22de365d98 tempest-DeleteServersTestJSON-1422902618 tempest-DeleteServersTestJSON-1422902618-project-member] Acquiring lock "compute-rpcapi-router" {{(pid=98522) lock /opt/stack/data/venv/lib/python3.12/site-packages/oslo_concurrency/lockutils.py:395}}
