May 13 11:21:09.741141 np0000000684 devstack@neutron-api.service[86620]: DEBUG ovsdbapp.backend.ovs_idl [None req-50a01df3-f061-412e-8623-bdf01619e4ed None None] Created schema index Port_Group.name {{(pid=86620) autocreate_indices /opt/stack/data/venv/lib/python3.12/site-packages/ovsdbapp/backend/ovs_idl/__init__.py:106}}
May 13 11:21:09.741141 np0000000684 devstack@neutron-api.service[86620]: DEBUG ovsdbapp.backend.ovs_idl [None req-50a01df3-f061-412e-8623-bdf01619e4ed None None] Created schema index Logical_Switch_Port.name {{(pid=86620) autocreate_indices /opt/stack/data/venv/lib/python3.12/site-packages/ovsdbapp/backend/ovs_idl/__init__.py:106}}
May 13 11:21:09.743153 np0000000684 devstack@neutron-api.service[86620]: INFO ovsdbapp.backend.ovs_idl.vlog [None req-50a01df3-f061-412e-8623-bdf01619e4ed None None] ssl:10.4.3.160:6641: connecting...
May 13 11:21:09.747160 np0000000684 devstack@neutron-api.service[86620]: INFO ovsdbapp.backend.ovs_idl.vlog [None req-50a01df3-f061-412e-8623-bdf01619e4ed None None] ssl:10.4.3.160:6641: connected
May 13 11:21:09.772158 np0000000684 devstack@neutron-api.service[86620]: DEBUG neutron.common.ovn.hash_ring_manager [None req-50a01df3-f061-412e-8623-bdf01619e4ed None None] Allow caching, nodes 2>=2 {{(pid=86620) _wait_startup_before_caching /opt/stack/neutron/neutron/common/ovn/hash_ring_manager.py:65}}
May 13 11:21:09.776887 np0000000684 devstack@neutron-api.service[86620]: DEBUG neutron.common.ovn.hash_ring_manager [None req-50a01df3-f061-412e-8623-bdf01619e4ed None None] Hash Ring loaded. 2 active nodes. 0 offline nodes {{(pid=86620) _load_hash_ring /opt/stack/neutron/neutron/common/ovn/hash_ring_manager.py:102}}
May 13 11:21:09.777098 np0000000684 devstack@neutron-api.service[86620]: DEBUG neutron.plugins.ml2.drivers.ovn.mech_driver.ovsdb.ovsdb_monitor [None req-50a01df3-f061-412e-8623-bdf01619e4ed None None] Hash Ring: Node 7c4ffcfd71c657c6aa105dd385e86627 (host: np0000000684) handling event "create" for row 20e7b379-c722-4d11-9e4a-a2cc77f2b836 (table: ACL) {{(pid=86620) notify /opt/stack/neutron/neutron/plugins/ml2/drivers/ovn/mech_driver/ovsdb/ovsdb_monitor.py:942}}
May 13 11:21:09.778084 np0000000684 devstack@neutron-api.service[86620]: INFO neutron.plugins.ml2.drivers.ovn.mech_driver.ovsdb.impl_idl_ovn [None req-50a01df3-f061-412e-8623-bdf01619e4ed None None] Getting OvsdbSbOvnIdl for WorkerService with retry
May 13 11:21:09.804762 np0000000684 devstack@neutron-api.service[86620]: DEBUG ovsdbapp.backend.ovs_idl [None req-50a01df3-f061-412e-8623-bdf01619e4ed None None] Created lookup_table index Chassis.name {{(pid=86620) autocreate_indices /opt/stack/data/venv/lib/python3.12/site-packages/ovsdbapp/backend/ovs_idl/__init__.py:87}}
May 13 11:21:09.804762 np0000000684 devstack@neutron-api.service[86620]: DEBUG ovsdbapp.backend.ovs_idl [None req-50a01df3-f061-412e-8623-bdf01619e4ed None None] Created lookup_table index Port_Binding.logical_port {{(pid=86620) autocreate_indices /opt/stack/data/venv/lib/python3.12/site-packages/ovsdbapp/backend/ovs_idl/__init__.py:87}}
May 13 11:21:09.804762 np0000000684 devstack@neutron-api.service[86620]: DEBUG ovsdbapp.backend.ovs_idl [None req-50a01df3-f061-412e-8623-bdf01619e4ed None None] Created schema index Chassis_Private.name {{(pid=86620) autocreate_indices /opt/stack/data/venv/lib/python3.12/site-packages/ovsdbapp/backend/ovs_idl/__init__.py:106}}
May 13 11:21:09.804762 np0000000684 devstack@neutron-api.service[86620]: DEBUG ovsdbapp.backend.ovs_idl [None req-50a01df3-f061-412e-8623-bdf01619e4ed None None] Created schema index Datapath_Binding.tunnel_key {{(pid=86620) autocreate_indices /opt/stack/data/venv/lib/python3.12/site-packages/ovsdbapp/backend/ovs_idl/__init__.py:106}}
May 13 11:21:09.805385 np0000000684 devstack@neutron-api.service[86620]: INFO ovsdbapp.backend.ovs_idl.vlog [None req-50a01df3-f061-412e-8623-bdf01619e4ed None None] ssl:10.4.3.160:6642: connecting...
May 13 11:21:09.809649 np0000000684 devstack@neutron-api.service[86620]: INFO ovsdbapp.backend.ovs_idl.vlog [None req-50a01df3-f061-412e-8623-bdf01619e4ed None None] ssl:10.4.3.160:6642: connected
May 13 11:21:09.832847 np0000000684 devstack@neutron-api.service[86620]: DEBUG neutron.common.ovn.hash_ring_manager [None req-50a01df3-f061-412e-8623-bdf01619e4ed None None] Allow caching, nodes 2>=2 {{(pid=86620) _wait_startup_before_caching /opt/stack/neutron/neutron/common/ovn/hash_ring_manager.py:65}}
May 13 11:21:09.836312 np0000000684 devstack@neutron-api.service[86620]: DEBUG neutron.common.ovn.hash_ring_manager [None req-50a01df3-f061-412e-8623-bdf01619e4ed None None] Hash Ring loaded. 2 active nodes. 0 offline nodes {{(pid=86620) _load_hash_ring /opt/stack/neutron/neutron/common/ovn/hash_ring_manager.py:102}}
May 13 11:21:09.836499 np0000000684 devstack@neutron-api.service[86620]: DEBUG neutron.plugins.ml2.drivers.ovn.mech_driver.ovsdb.ovsdb_monitor [None req-50a01df3-f061-412e-8623-bdf01619e4ed None None] ChassisAgentWriteEvent : Matched Chassis_Private, create, None None {{(pid=86620) matches /opt/stack/neutron/neutron/plugins/ml2/drivers/ovn/mech_driver/ovsdb/ovsdb_monitor.py:64}}
May 13 11:21:09.836679 np0000000684 devstack@neutron-api.service[86620]: DEBUG neutron.plugins.ml2.drivers.ovn.mech_driver.ovsdb.ovsdb_monitor [None req-50a01df3-f061-412e-8623-bdf01619e4ed None None] ChassisOVNAgentWriteEvent : Matched Chassis_Private, create, None None {{(pid=86620) matches /opt/stack/neutron/neutron/plugins/ml2/drivers/ovn/mech_driver/ovsdb/ovsdb_monitor.py:64}}
May 13 11:21:09.837018 np0000000684 devstack@neutron-api.service[86620]: DEBUG neutron.plugins.ml2.drivers.ovn.mech_driver.ovsdb.ovsdb_monitor [None req-50a01df3-f061-412e-8623-bdf01619e4ed None None] Hash Ring: Node 7c4ffcfd71c657c6aa105dd385e86627 (host: np0000000684) handling event "create" for row f634bc89-7c0b-432f-81c9-0355bc56bc94 (table: Chassis_Private) {{(pid=86620) notify /opt/stack/neutron/neutron/plugins/ml2/drivers/ovn/mech_driver/ovsdb/ovsdb_monitor.py:942}}
May 13 11:21:09.837188 np0000000684 devstack@neutron-api.service[86620]: DEBUG neutron.plugins.ml2.drivers.ovn.mech_driver.ovsdb.ovsdb_monitor [None req-50a01df3-f061-412e-8623-bdf01619e4ed None None] Hash Ring: Node 7c4ffcfd71c657c6aa105dd385e86627 (host: np0000000684) handling event "create" for row 6fa4b80c-86b8-4385-a3bd-cec8cd836247 (table: Encap) {{(pid=86620) notify /opt/stack/neutron/neutron/plugins/ml2/drivers/ovn/mech_driver/ovsdb/ovsdb_monitor.py:942}}
May 13 11:21:09.838856 np0000000684 devstack@neutron-api.service[86620]: INFO neutron.plugins.ml2.drivers.ovn.mech_driver.mech_driver [None req-50a01df3-f061-412e-8623-bdf01619e4ed None None] WorkerService process has finished the post initialization
May 13 11:21:09.840052 np0000000684 devstack@neutron-api.service[86620]: WSGI app 0 (mountpoint='') ready in 6 seconds on interpreter 0x78f7eaaa3668 pid: 86620 (default app)
May 13 11:21:10.116716 np0000000684 devstack@neutron-api.service[86619]: DEBUG neutron.common.ovn.hash_ring_manager [-] Allow caching, nodes 2>=2 {{(pid=86619) _wait_startup_before_caching /opt/stack/neutron/neutron/common/ovn/hash_ring_manager.py:65}}
May 13 11:21:10.117106 np0000000684 devstack@neutron-api.service[86619]: DEBUG neutron.plugins.ml2.drivers.ovn.mech_driver.ovsdb.ovsdb_monitor [-] Hash Ring: Node cefe896a2f295f92a2b8b94b898494aa (host: np0000000684) handling event "update" for row d5813173-3631-4f5d-bf52-ab237fe88556 (table: Connection) {{(pid=86619) notify /opt/stack/neutron/neutron/plugins/ml2/drivers/ovn/mech_driver/ovsdb/ovsdb_monitor.py:942}}
May 13 11:21:12.614347 np0000000684 devstack@neutron-api.service[86619]: DEBUG neutron.plugins.ml2.drivers.ovn.mech_driver.ovsdb.ovsdb_monitor [-] Hash Ring: Node cefe896a2f295f92a2b8b94b898494aa (host: np0000000684) handling event "update" for row d5813173-3631-4f5d-bf52-ab237fe88556 (table: Connection) {{(pid=86619) notify /opt/stack/neutron/neutron/plugins/ml2/drivers/ovn/mech_driver/ovsdb/ovsdb_monitor.py:942}}
May 13 11:21:13.770826 np0000000684 devstack@neutron-api.service[86619]: DEBUG neutron.api.wsgi [None req-d4e57750-f109-4d9d-97cb-fe1a1f4b3c6d admin admin] Missing Content-Type {{(pid=86619) get_content_type /opt/stack/neutron/neutron/api/wsgi.py:80}}
May 13 11:21:13.771277 np0000000684 devstack@neutron-api.service[86619]: DEBUG neutron.api.wsgi [None req-d4e57750-f109-4d9d-97cb-fe1a1f4b3c6d admin admin] https://10.4.3.160/networking/v2.0/extensions returned with HTTP 200 {{(pid=86619) __call__ /opt/stack/neutron/neutron/api/wsgi.py:540}}
May 13 11:21:13.771277 np0000000684 devstack@neutron-api.service[86619]: [pid: 86619|app: 0|req: 2/2] 10.4.3.160 () {64 vars in 1292 bytes} [Wed May 13 11:21:13 2026] GET /networking/v2.0/extensions => generated 15209 bytes in 416 msecs (HTTP/1.1 200) 4 headers in 159 bytes (1 switches on core 0)
May 13 11:21:14.135823 np0000000684 devstack@neutron-api.service[86620]: DEBUG neutron.api.v2.base [None req-b72bbba9-6bd4-47a1-ab5a-d9d943f96f7e admin admin] Request body: {'subnetpool': {'prefixes': ['10.1.0.0/20'], 'is_default': True, 'default_prefixlen': 26, 'shared': True, 'name': 'shared-default-subnetpool-v4'}} {{(pid=86620) prepare_request_body /opt/stack/neutron/neutron/api/v2/base.py:727}}
May 13 11:21:14.336877 np0000000684 devstack@neutron-api.service[86620]: DEBUG neutron.policy [None req-b72bbba9-6bd4-47a1-ab5a-d9d943f96f7e admin admin] Loaded default policies from ['neutron'] under neutron.policies entry points {{(pid=86620) register_rules /opt/stack/neutron/neutron/policy.py:65}}
May 13 11:21:14.478771 np0000000684 devstack@neutron-api.service[86620]: DEBUG neutron_lib.callbacks.manager [None req-b72bbba9-6bd4-47a1-ab5a-d9d943f96f7e admin admin] Publish callbacks ['neutron.objects.securitygroup.RbacNeutronDbObjectMixin.validate_rbac_policy_change-1844377737057', 'neutron.objects.address_group.RbacNeutronDbObjectMixin.validate_rbac_policy_change-1844377890917', 'neutron.objects.network.RbacNeutronDbObjectMixin.validate_rbac_policy_change-1844377759284', 'neutron.objects.qos.policy.RbacNeutronDbObjectMixin.validate_rbac_policy_change-1844377781047', 'neutron.objects.subnetpool.RbacNeutronDbObjectMixin.validate_rbac_policy_change-1844377775134', 'neutron.objects.address_scope.RbacNeutronDbObjectMixin.validate_rbac_policy_change-1844377775007', 'neutron.plugins.ml2.plugin.External_net_db_mixin._process_ext_policy_create-93225', 'neutron.plugins.ml2.plugin.NeutronDbPluginV2.validate_network_rbac_policy_change-18889'] for rbac-policy (None), before_create {{(pid=86620) _notify_loop /opt/stack/data/venv/lib/python3.12/site-packages/neutron_lib/callbacks/manager.py:184}}
May 13 11:21:14.516649 np0000000684 devstack@neutron-api.service[86620]: DEBUG neutron_lib.callbacks.manager [None req-b72bbba9-6bd4-47a1-ab5a-d9d943f96f7e admin admin] Publish callbacks [] for subnetpool (None), before_response {{(pid=86620) _notify_loop /opt/stack/data/venv/lib/python3.12/site-packages/neutron_lib/callbacks/manager.py:184}}
May 13 11:21:14.517227 np0000000684 devstack@neutron-api.service[86620]: [pid: 86620|app: 0|req: 1/3] 10.4.3.160 () {68 vars in 1336 bytes} [Wed May 13 11:21:14 2026] POST /networking/v2.0/subnetpools => generated 533 bytes in 464 msecs (HTTP/1.1 201) 4 headers in 162 bytes (1 switches on core 0)
May 13 11:21:14.739563 np0000000684 devstack@neutron-api.service[86619]: DEBUG neutron.api.v2.base [None req-f803f329-5ccf-406f-990e-09fcf9ecefd2 admin admin] Request body: {'subnetpool': {'prefixes': ['fd77:54a1:a8bb::/56'], 'is_default': True, 'default_prefixlen': 64, 'shared': True, 'name': 'shared-default-subnetpool-v6'}} {{(pid=86619) prepare_request_body /opt/stack/neutron/neutron/api/v2/base.py:727}}
May 13 11:21:14.911838 np0000000684 devstack@neutron-api.service[86619]: DEBUG neutron.policy [None req-f803f329-5ccf-406f-990e-09fcf9ecefd2 admin admin] Loaded default policies from ['neutron'] under neutron.policies entry points {{(pid=86619) register_rules /opt/stack/neutron/neutron/policy.py:65}}
May 13 11:21:15.195904 np0000000684 devstack@neutron-api.service[86619]: DEBUG neutron_lib.callbacks.manager [None req-f803f329-5ccf-406f-990e-09fcf9ecefd2 admin admin] Publish callbacks ['neutron.objects.securitygroup.RbacNeutronDbObjectMixin.validate_rbac_policy_change-1844377720991', 'neutron.objects.address_group.RbacNeutronDbObjectMixin.validate_rbac_policy_change-1844377892126', 'neutron.objects.network.RbacNeutronDbObjectMixin.validate_rbac_policy_change-1844377755161', 'neutron.objects.qos.policy.RbacNeutronDbObjectMixin.validate_rbac_policy_change-1844377752419', 'neutron.objects.subnetpool.RbacNeutronDbObjectMixin.validate_rbac_policy_change-1844377810645', 'neutron.objects.address_scope.RbacNeutronDbObjectMixin.validate_rbac_policy_change-1844377800217', 'neutron.plugins.ml2.plugin.External_net_db_mixin._process_ext_policy_create-8243652', 'neutron.plugins.ml2.plugin.NeutronDbPluginV2.validate_network_rbac_policy_change-8210788'] for rbac-policy (None), before_create {{(pid=86619) _notify_loop /opt/stack/data/venv/lib/python3.12/site-packages/neutron_lib/callbacks/manager.py:184}}
May 13 11:21:15.238611 np0000000684 devstack@neutron-api.service[86619]: DEBUG neutron_lib.callbacks.manager [None req-f803f329-5ccf-406f-990e-09fcf9ecefd2 admin admin] Publish callbacks [] for subnetpool (None), before_response {{(pid=86619) _notify_loop /opt/stack/data/venv/lib/python3.12/site-packages/neutron_lib/callbacks/manager.py:184}}
May 13 11:21:15.239088 np0000000684 devstack@neutron-api.service[86619]: [pid: 86619|app: 0|req: 3/4] 10.4.3.160 () {68 vars in 1336 bytes} [Wed May 13 11:21:14 2026] POST /networking/v2.0/subnetpools => generated 543 bytes in 502 msecs (HTTP/1.1 201) 4 headers in 162 bytes (1 switches on core 0)
May 13 11:21:15.465765 np0000000684 devstack@neutron-api.service[86620]: DEBUG neutron.api.v2.base [None req-54299687-bf87-4716-aa10-879999bd7e63 admin admin] Request body: {'network': {'admin_state_up': True, 'name': 'private'}} {{(pid=86620) prepare_request_body /opt/stack/neutron/neutron/api/v2/base.py:727}}
May 13 11:21:15.478865 np0000000684 devstack@neutron-api.service[86620]: DEBUG neutron.pecan_wsgi.hooks.quota_enforcement [None req-54299687-bf87-4716-aa10-879999bd7e63 admin admin] Made reservation on behalf of 4dd3968b971749c0be40f278602431c8 for: {'network': 1} {{(pid=86620) before /opt/stack/neutron/neutron/pecan_wsgi/hooks/quota_enforcement.py:66}}
May 13 11:21:15.481906 np0000000684 devstack@neutron-api.service[86620]: DEBUG neutron_lib.callbacks.manager [None req-54299687-bf87-4716-aa10-879999bd7e63 admin admin] Publish callbacks ['neutron.plugins.ml2.plugin.SecurityGroupDbMixin._ensure_default_security_group_handler-6575'] for network (None), before_create {{(pid=86620) _notify_loop /opt/stack/data/venv/lib/python3.12/site-packages/neutron_lib/callbacks/manager.py:184}}
May 13 11:21:15.500184 np0000000684 devstack@neutron-api.service[86620]: DEBUG neutron_lib.callbacks.manager [None req-54299687-bf87-4716-aa10-879999bd7e63 admin admin] Publish callbacks [] for security_group (None), before_create {{(pid=86620) _notify_loop /opt/stack/data/venv/lib/python3.12/site-packages/neutron_lib/callbacks/manager.py:184}}
May 13 11:21:15.590284 np0000000684 devstack@neutron-api.service[86620]: DEBUG neutron_lib.callbacks.manager [None req-54299687-bf87-4716-aa10-879999bd7e63 admin admin] Publish callbacks ['neutron.plugins.ml2.drivers.ovn.mech_driver.mech_driver.OVNMechanismDriver._create_security_group_precommit-469776'] for security_group (f17a0e79-c8b8-4b27-bf7c-c0e9d4fa10ea), precommit_create {{(pid=86620) _notify_loop /opt/stack/data/venv/lib/python3.12/site-packages/neutron_lib/callbacks/manager.py:184}}
May 13 11:21:15.590639 np0000000684 devstack@neutron-api.service[86620]: DEBUG neutron.db.ovn_revision_numbers_db [None req-54299687-bf87-4716-aa10-879999bd7e63 admin admin] create_initial_revision uuid=f17a0e79-c8b8-4b27-bf7c-c0e9d4fa10ea, type=security_groups, rev=-1 {{(pid=86620) create_initial_revision /opt/stack/neutron/neutron/db/ovn_revision_numbers_db.py:98}}
May 13 11:21:15.593094 np0000000684 devstack@neutron-api.service[86620]: DEBUG neutron.db.ovn_revision_numbers_db [None req-54299687-bf87-4716-aa10-879999bd7e63 admin admin] create_initial_revision uuid=000abc7c-0d73-4767-b439-795bf90b8be3, type=security_group_rules, rev=-1 {{(pid=86620) create_initial_revision /opt/stack/neutron/neutron/db/ovn_revision_numbers_db.py:98}}
May 13 11:21:15.594233 np0000000684 devstack@neutron-api.service[86620]: DEBUG neutron.db.ovn_revision_numbers_db [None req-54299687-bf87-4716-aa10-879999bd7e63 admin admin] create_initial_revision uuid=12973c31-fad0-4df0-93d6-e5185cb0bf71, type=security_group_rules, rev=-1 {{(pid=86620) create_initial_revision /opt/stack/neutron/neutron/db/ovn_revision_numbers_db.py:98}}
May 13 11:21:15.595229 np0000000684 devstack@neutron-api.service[86620]: DEBUG neutron.db.ovn_revision_numbers_db [None req-54299687-bf87-4716-aa10-879999bd7e63 admin admin] create_initial_revision uuid=2d2e6e9b-7504-44da-98f6-3765dec83cb4, type=security_group_rules, rev=-1 {{(pid=86620) create_initial_revision /opt/stack/neutron/neutron/db/ovn_revision_numbers_db.py:98}}
May 13 11:21:15.596227 np0000000684 devstack@neutron-api.service[86620]: DEBUG neutron.db.ovn_revision_numbers_db [None req-54299687-bf87-4716-aa10-879999bd7e63 admin admin] create_initial_revision uuid=f7cf9039-86e2-4a22-a4a7-7c0b4e0f75f4, type=security_group_rules, rev=-1 {{(pid=86620) create_initial_revision /opt/stack/neutron/neutron/db/ovn_revision_numbers_db.py:98}}
May 13 11:21:15.599393 np0000000684 devstack@neutron-api.service[86620]: DEBUG neutron_lib.callbacks.manager [None req-54299687-bf87-4716-aa10-879999bd7e63 admin admin] Publish callbacks ['neutron.plugins.ml2.drivers.ovn.mech_driver.mech_driver.OVNMechanismDriver._create_security_group-469802', 'neutron.plugins.ml2.ovo_rpc._ObjectChangeHandler.handle_event-2006587'] for security_group (f17a0e79-c8b8-4b27-bf7c-c0e9d4fa10ea), after_create {{(pid=86620) _notify_loop /opt/stack/data/venv/lib/python3.12/site-packages/neutron_lib/callbacks/manager.py:184}}
May 13 11:21:15.599682 np0000000684 devstack@neutron-api.service[86620]: INFO neutron.plugins.ml2.drivers.ovn.mech_driver.ovsdb.extensions.qos [None req-54299687-bf87-4716-aa10-879999bd7e63 admin admin] Starting OVNClientQosExtension
May 13 11:21:15.599885 np0000000684 devstack@neutron-api.service[86620]: INFO neutron.plugins.ml2.drivers.ovn.mech_driver.ovsdb.extensions.placement [None req-54299687-bf87-4716-aa10-879999bd7e63 admin admin] Starting OVNClientPlacementExtension
May 13 11:21:15.600932 np0000000684 devstack@neutron-api.service[86620]: DEBUG ovsdbapp.backend.ovs_idl.transaction [-] Running txn n=1 command(idx=0): PgAddCommand(_result=None, name=pg_f17a0e79_c8b8_4b27_bf7c_c0e9d4fa10ea, may_exist=False, columns={'acls': [], 'external_ids': {'neutron:security_group_id': 'f17a0e79-c8b8-4b27-bf7c-c0e9d4fa10ea'}}) {{(pid=86620) do_commit /opt/stack/data/venv/lib/python3.12/site-packages/ovsdbapp/backend/ovs_idl/transaction.py:89}}
May 13 11:21:15.602130 np0000000684 devstack@neutron-api.service[86620]: DEBUG ovsdbapp.backend.ovs_idl.transaction [-] Running txn n=1 command(idx=1): PgAclAddCommand(_result=None, entity=pg_f17a0e79_c8b8_4b27_bf7c_c0e9d4fa10ea, direction=from-lport, priority=1002, match=inport == @pg_f17a0e79_c8b8_4b27_bf7c_c0e9d4fa10ea && ip4, action=allow-related, log=False, may_exist=True, severity=[], name=[], meter=[], external_ids={'neutron:security_group_rule_id': '000abc7c-0d73-4767-b439-795bf90b8be3'}) {{(pid=86620) do_commit /opt/stack/data/venv/lib/python3.12/site-packages/ovsdbapp/backend/ovs_idl/transaction.py:89}}
May 13 11:21:15.602466 np0000000684 devstack@neutron-api.service[86620]: DEBUG ovsdbapp.backend.ovs_idl.transaction [-] Running txn n=1 command(idx=2): PgAclAddCommand(_result=None, entity=pg_f17a0e79_c8b8_4b27_bf7c_c0e9d4fa10ea, direction=to-lport, priority=1002, match=outport == @pg_f17a0e79_c8b8_4b27_bf7c_c0e9d4fa10ea && ip6 && ip6.src == $pg_f17a0e79_c8b8_4b27_bf7c_c0e9d4fa10ea_ip6, action=allow-related, log=False, may_exist=True, severity=[], name=[], meter=[], external_ids={'neutron:security_group_rule_id': '12973c31-fad0-4df0-93d6-e5185cb0bf71'}) {{(pid=86620) do_commit /opt/stack/data/venv/lib/python3.12/site-packages/ovsdbapp/backend/ovs_idl/transaction.py:89}}
May 13 11:21:15.602760 np0000000684 devstack@neutron-api.service[86620]: DEBUG ovsdbapp.backend.ovs_idl.transaction [-] Running txn n=1 command(idx=3): PgAclAddCommand(_result=None, entity=pg_f17a0e79_c8b8_4b27_bf7c_c0e9d4fa10ea, direction=to-lport, priority=1002, match=outport == @pg_f17a0e79_c8b8_4b27_bf7c_c0e9d4fa10ea && ip4 && ip4.src == $pg_f17a0e79_c8b8_4b27_bf7c_c0e9d4fa10ea_ip4, action=allow-related, log=False, may_exist=True, severity=[], name=[], meter=[], external_ids={'neutron:security_group_rule_id': '2d2e6e9b-7504-44da-98f6-3765dec83cb4'}) {{(pid=86620) do_commit /opt/stack/data/venv/lib/python3.12/site-packages/ovsdbapp/backend/ovs_idl/transaction.py:89}}
May 13 11:21:15.603020 np0000000684 devstack@neutron-api.service[86620]: DEBUG ovsdbapp.backend.ovs_idl.transaction [-] Running txn n=1 command(idx=4): PgAclAddCommand(_result=None, entity=pg_f17a0e79_c8b8_4b27_bf7c_c0e9d4fa10ea, direction=from-lport, priority=1002, match=inport == @pg_f17a0e79_c8b8_4b27_bf7c_c0e9d4fa10ea && ip6, action=allow-related, log=False, may_exist=True, severity=[], name=[], meter=[], external_ids={'neutron:security_group_rule_id': 'f7cf9039-86e2-4a22-a4a7-7c0b4e0f75f4'}) {{(pid=86620) do_commit /opt/stack/data/venv/lib/python3.12/site-packages/ovsdbapp/backend/ovs_idl/transaction.py:89}}
May 13 11:21:15.607683 np0000000684 devstack@neutron-api.service[86619]: DEBUG neutron.plugins.ml2.drivers.ovn.mech_driver.ovsdb.ovsdb_monitor [-] Hash Ring: Node cefe896a2f295f92a2b8b94b898494aa (host: np0000000684) handling event "create" for row 41f4b745-3faf-43c8-ae41-ec83f1b7537c (table: ACL) {{(pid=86619) notify /opt/stack/neutron/neutron/plugins/ml2/drivers/ovn/mech_driver/ovsdb/ovsdb_monitor.py:942}}
May 13 11:21:15.607886 np0000000684 devstack@neutron-api.service[86619]: DEBUG neutron.plugins.ml2.drivers.ovn.mech_driver.ovsdb.ovsdb_monitor [-] Hash Ring: Node cefe896a2f295f92a2b8b94b898494aa (host: np0000000684) handling event "create" for row 61213e68-4453-43fd-ab1b-de0e191162ce (table: ACL) {{(pid=86619) notify /opt/stack/neutron/neutron/plugins/ml2/drivers/ovn/mech_driver/ovsdb/ovsdb_monitor.py:942}}
May 13 11:21:15.608014 np0000000684 devstack@neutron-api.service[86619]: DEBUG neutron.plugins.ml2.drivers.ovn.mech_driver.ovsdb.ovsdb_monitor [-] Hash Ring: Node cefe896a2f295f92a2b8b94b898494aa (host: np0000000684) handling event "create" for row 71da6823-e89b-4834-a734-db4c727e135f (table: ACL) {{(pid=86619) notify /opt/stack/neutron/neutron/plugins/ml2/drivers/ovn/mech_driver/ovsdb/ovsdb_monitor.py:942}}
May 13 11:21:15.608139 np0000000684 devstack@neutron-api.service[86619]: DEBUG neutron.plugins.ml2.drivers.ovn.mech_driver.ovsdb.ovsdb_monitor [-] Hash Ring: Node cefe896a2f295f92a2b8b94b898494aa (host: np0000000684) handling event "create" for row 84f0b681-aa34-4426-bc82-e11d7f8d9272 (table: ACL) {{(pid=86619) notify /opt/stack/neutron/neutron/plugins/ml2/drivers/ovn/mech_driver/ovsdb/ovsdb_monitor.py:942}}
May 13 11:21:15.608225 np0000000684 devstack@neutron-api.service[86620]: DEBUG neutron.plugins.ml2.drivers.ovn.mech_driver.ovsdb.ovsdb_monitor [-] Hash Ring: Node 7c4ffcfd71c657c6aa105dd385e86627 (host: np0000000684) handling event "create" for row 41f4b745-3faf-43c8-ae41-ec83f1b7537c (table: ACL) {{(pid=86620) notify /opt/stack/neutron/neutron/plugins/ml2/drivers/ovn/mech_driver/ovsdb/ovsdb_monitor.py:942}}
May 13 11:21:15.608270 np0000000684 devstack@neutron-api.service[86619]: DEBUG neutron.plugins.ml2.drivers.ovn.mech_driver.ovsdb.ovsdb_monitor [-] Hash Ring: Node cefe896a2f295f92a2b8b94b898494aa (host: np0000000684) handling event "create" for row c84e44da-8cef-4bac-8504-7aa76235dc9d (table: Port_Group) {{(pid=86619) notify /opt/stack/neutron/neutron/plugins/ml2/drivers/ovn/mech_driver/ovsdb/ovsdb_monitor.py:942}}
May 13 11:21:15.608440 np0000000684 devstack@neutron-api.service[86620]: DEBUG neutron.plugins.ml2.drivers.ovn.mech_driver.ovsdb.ovsdb_monitor [-] Hash Ring: Node 7c4ffcfd71c657c6aa105dd385e86627 (host: np0000000684) handling event "create" for row 71da6823-e89b-4834-a734-db4c727e135f (table: ACL) {{(pid=86620) notify /opt/stack/neutron/neutron/plugins/ml2/drivers/ovn/mech_driver/ovsdb/ovsdb_monitor.py:942}}
May 13 11:21:15.608591 np0000000684 devstack@neutron-api.service[86620]: DEBUG neutron.plugins.ml2.drivers.ovn.mech_driver.ovsdb.ovsdb_monitor [-] Hash Ring: Node 7c4ffcfd71c657c6aa105dd385e86627 (host: np0000000684) handling event "create" for row 84f0b681-aa34-4426-bc82-e11d7f8d9272 (table: ACL) {{(pid=86620) notify /opt/stack/neutron/neutron/plugins/ml2/drivers/ovn/mech_driver/ovsdb/ovsdb_monitor.py:942}}
May 13 11:21:15.635805 np0000000684 devstack@neutron-api.service[86620]: INFO neutron.db.ovn_revision_numbers_db [None req-54299687-bf87-4716-aa10-879999bd7e63 admin admin] Successfully bumped revision number for resource f17a0e79-c8b8-4b27-bf7c-c0e9d4fa10ea (type: security_groups) to 1
May 13 11:21:15.649533 np0000000684 devstack@neutron-api.service[86620]: INFO neutron.db.ovn_revision_numbers_db [None req-54299687-bf87-4716-aa10-879999bd7e63 admin admin] Successfully bumped revision number for resource 000abc7c-0d73-4767-b439-795bf90b8be3 (type: security_group_rules) to 0
May 13 11:21:15.658045 np0000000684 devstack@neutron-api.service[86620]: INFO neutron.db.ovn_revision_numbers_db [None req-54299687-bf87-4716-aa10-879999bd7e63 admin admin] Successfully bumped revision number for resource 12973c31-fad0-4df0-93d6-e5185cb0bf71 (type: security_group_rules) to 0
May 13 11:21:15.665966 np0000000684 devstack@neutron-api.service[86620]: INFO neutron.db.ovn_revision_numbers_db [None req-54299687-bf87-4716-aa10-879999bd7e63 admin admin] Successfully bumped revision number for resource 2d2e6e9b-7504-44da-98f6-3765dec83cb4 (type: security_group_rules) to 0
May 13 11:21:15.675671 np0000000684 devstack@neutron-api.service[86620]: INFO neutron.db.ovn_revision_numbers_db [None req-54299687-bf87-4716-aa10-879999bd7e63 admin admin] Successfully bumped revision number for resource f7cf9039-86e2-4a22-a4a7-7c0b4e0f75f4 (type: security_group_rules) to 0
May 13 11:21:15.703303 np0000000684 devstack@neutron-api.service[86620]: DEBUG neutron.api.rpc.handlers.resources_rpc [None req-54299687-bf87-4716-aa10-879999bd7e63 admin admin] Pushing event updated for resources: {'SecurityGroup': ['ID=f17a0e79-c8b8-4b27-bf7c-c0e9d4fa10ea,revision_number=1']} {{(pid=86620) push /opt/stack/neutron/neutron/api/rpc/handlers/resources_rpc.py:237}}
May 13 11:21:15.709530 np0000000684 devstack@neutron-api.service[86620]: DEBUG ovsdbapp.backend.ovs_idl.transaction [-] Running txn n=1 command(idx=0): CheckLivenessCommand(_result=None) {{(pid=86620) do_commit /opt/stack/data/venv/lib/python3.12/site-packages/ovsdbapp/backend/ovs_idl/transaction.py:89}}
May 13 11:21:15.712850 np0000000684 devstack@neutron-api.service[86619]: DEBUG neutron.plugins.ml2.drivers.ovn.mech_driver.ovsdb.ovsdb_monitor [-] Hash Ring: Node cefe896a2f295f92a2b8b94b898494aa (host: np0000000684) handling event "update" for row 37106836-f020-4b69-a1c6-7556b8e37526 (table: NB_Global) {{(pid=86619) notify /opt/stack/neutron/neutron/plugins/ml2/drivers/ovn/mech_driver/ovsdb/ovsdb_monitor.py:942}}
May 13 11:21:15.713011 np0000000684 devstack@neutron-api.service[86619]: DEBUG neutron.plugins.ml2.drivers.ovn.mech_driver.ovsdb.ovsdb_monitor [-] Hash Ring: Node cefe896a2f295f92a2b8b94b898494aa (host: np0000000684) handling event "update" for row 37106836-f020-4b69-a1c6-7556b8e37526 (table: NB_Global) {{(pid=86619) notify /opt/stack/neutron/neutron/plugins/ml2/drivers/ovn/mech_driver/ovsdb/ovsdb_monitor.py:942}}
May 13 11:21:15.714266 np0000000684 devstack@neutron-api.service[86619]: DEBUG neutron.plugins.ml2.drivers.ovn.mech_driver.ovsdb.ovsdb_monitor [-] Hash Ring: Node cefe896a2f295f92a2b8b94b898494aa (host: np0000000684) handling event "update" for row 37106836-f020-4b69-a1c6-7556b8e37526 (table: NB_Global) {{(pid=86619) notify /opt/stack/neutron/neutron/plugins/ml2/drivers/ovn/mech_driver/ovsdb/ovsdb_monitor.py:942}}
May 13 11:21:15.714365 np0000000684 devstack@neutron-api.service[86620]: DEBUG neutron.api.rpc.callbacks.version_manager [None req-54299687-bf87-4716-aa10-879999bd7e63 admin admin] Tracked resource versions report:
May 13 11:21:15.714365 np0000000684 devstack@neutron-api.service[86620]: pushed versions:
May 13 11:21:15.714365 np0000000684 devstack@neutron-api.service[86620]: { 'AddressGroup': {'1.2'},
May 13 11:21:15.714365 np0000000684 devstack@neutron-api.service[86620]: 'Agent': {'1.1'},
May 13 11:21:15.714365 np0000000684 devstack@neutron-api.service[86620]: 'ConntrackHelper': {'1.0'},
May 13 11:21:15.714365 np0000000684 devstack@neutron-api.service[86620]: 'LocalIPAssociation': {'1.0'},
May 13 11:21:15.714365 np0000000684 devstack@neutron-api.service[86620]: 'Log': {'1.0'},
May 13 11:21:15.714365 np0000000684 devstack@neutron-api.service[86620]: 'NDPProxy': {'1.0'},
May 13 11:21:15.714365 np0000000684 devstack@neutron-api.service[86620]: 'Network': {'1.2'},
May 13 11:21:15.714365 np0000000684 devstack@neutron-api.service[86620]: 'Port': {'1.10'},
May 13 11:21:15.714365 np0000000684 devstack@neutron-api.service[86620]: 'PortForwarding': {'1.3'},
May 13 11:21:15.714365 np0000000684 devstack@neutron-api.service[86620]: 'QosPolicy': {'1.10'},
May 13 11:21:15.714365 np0000000684 devstack@neutron-api.service[86620]: 'SecurityGroup': {'1.6'},
May 13 11:21:15.714365 np0000000684 devstack@neutron-api.service[86620]: 'SecurityGroupRule': {'1.3'},
May 13 11:21:15.714365 np0000000684 devstack@neutron-api.service[86620]: 'SubPort': {'1.0'},
May 13 11:21:15.714365 np0000000684 devstack@neutron-api.service[86620]: 'Subnet': {'1.2'},
May 13 11:21:15.714365 np0000000684 devstack@neutron-api.service[86620]: 'Trunk': {'1.1'}}
May 13 11:21:15.714365 np0000000684 devstack@neutron-api.service[86620]: consumer versions:
May 13 11:21:15.714365 np0000000684 devstack@neutron-api.service[86620]: {}
May 13 11:21:15.714365 np0000000684 devstack@neutron-api.service[86620]: {{(pid=86620) report /opt/stack/neutron/neutron/api/rpc/callbacks/version_manager.py:183}}
May 13 11:21:15.717942 np0000000684 devstack@neutron-api.service[86619]: DEBUG neutron.plugins.ml2.drivers.ovn.mech_driver.ovsdb.ovsdb_monitor [-] ChassisAgentWriteEvent : Matched Chassis_Private, update, None None {{(pid=86619) matches /opt/stack/neutron/neutron/plugins/ml2/drivers/ovn/mech_driver/ovsdb/ovsdb_monitor.py:64}}
May 13 11:21:15.719008 np0000000684 devstack@neutron-api.service[86620]: DEBUG neutron.plugins.ml2.drivers.ovn.mech_driver.ovsdb.ovsdb_monitor [-] ChassisAgentWriteEvent : Matched Chassis_Private, update, None None {{(pid=86620) matches /opt/stack/neutron/neutron/plugins/ml2/drivers/ovn/mech_driver/ovsdb/ovsdb_monitor.py:64}}
May 13 11:21:15.719404 np0000000684 devstack@neutron-api.service[86620]: DEBUG neutron.plugins.ml2.drivers.ovn.mech_driver.ovsdb.ovsdb_monitor [-] Hash Ring: Node 7c4ffcfd71c657c6aa105dd385e86627 (host: np0000000684) handling event "update" for row f634bc89-7c0b-432f-81c9-0355bc56bc94 (table: Chassis_Private) {{(pid=86620) notify /opt/stack/neutron/neutron/plugins/ml2/drivers/ovn/mech_driver/ovsdb/ovsdb_monitor.py:942}}
May 13 11:21:15.720313 np0000000684 devstack@neutron-api.service[86619]: DEBUG neutron.plugins.ml2.drivers.ovn.mech_driver.ovsdb.ovsdb_monitor [-] Hash Ring: Node cefe896a2f295f92a2b8b94b898494aa (host: np0000000684) handling event "update" for row 37106836-f020-4b69-a1c6-7556b8e37526 (table: NB_Global) {{(pid=86619) notify /opt/stack/neutron/neutron/plugins/ml2/drivers/ovn/mech_driver/ovsdb/ovsdb_monitor.py:942}}
May 13 11:21:15.721432 np0000000684 devstack@neutron-api.service[86620]: DEBUG neutron.plugins.ml2.drivers.ovn.mech_driver.ovsdb.ovsdb_monitor [-] ChassisOVNAgentWriteEvent : Matched Chassis_Private, update, None None {{(pid=86620) matches /opt/stack/neutron/neutron/plugins/ml2/drivers/ovn/mech_driver/ovsdb/ovsdb_monitor.py:64}}
May 13 11:21:15.721984 np0000000684 devstack@neutron-api.service[86620]: DEBUG neutron.plugins.ml2.drivers.ovn.mech_driver.ovsdb.ovsdb_monitor [-] Hash Ring: Node 7c4ffcfd71c657c6aa105dd385e86627 (host: np0000000684) handling event "update" for row f634bc89-7c0b-432f-81c9-0355bc56bc94 (table: Chassis_Private) {{(pid=86620) notify /opt/stack/neutron/neutron/plugins/ml2/drivers/ovn/mech_driver/ovsdb/ovsdb_monitor.py:942}}
May 13 11:21:15.722695 np0000000684 devstack@neutron-api.service[86619]: DEBUG neutron.common.ovn.hash_ring_manager [-] Allow caching, nodes 2>=2 {{(pid=86619) _wait_startup_before_caching /opt/stack/neutron/neutron/common/ovn/hash_ring_manager.py:65}}
May 13 11:21:15.722891 np0000000684 devstack@neutron-api.service[86619]: DEBUG neutron.plugins.ml2.drivers.ovn.mech_driver.ovsdb.ovsdb_monitor [-] Hash Ring: Node cefe896a2f295f92a2b8b94b898494aa (host: np0000000684) handling event "update" for row f634bc89-7c0b-432f-81c9-0355bc56bc94 (table: Chassis_Private) {{(pid=86619) notify /opt/stack/neutron/neutron/plugins/ml2/drivers/ovn/mech_driver/ovsdb/ovsdb_monitor.py:942}}
May 13 11:21:15.723564 np0000000684 devstack@neutron-api.service[86619]: DEBUG neutron.plugins.ml2.drivers.ovn.mech_driver.ovsdb.ovsdb_monitor [-] ChassisOVNAgentWriteEvent : Matched Chassis_Private, update, None None {{(pid=86619) matches /opt/stack/neutron/neutron/plugins/ml2/drivers/ovn/mech_driver/ovsdb/ovsdb_monitor.py:64}}
May 13 11:21:15.723879 np0000000684 devstack@neutron-api.service[86619]: DEBUG neutron.plugins.ml2.drivers.ovn.mech_driver.ovsdb.ovsdb_monitor [-] Hash Ring: Node cefe896a2f295f92a2b8b94b898494aa (host: np0000000684) handling event "update" for row f634bc89-7c0b-432f-81c9-0355bc56bc94 (table: Chassis_Private) {{(pid=86619) notify /opt/stack/neutron/neutron/plugins/ml2/drivers/ovn/mech_driver/ovsdb/ovsdb_monitor.py:942}}
May 13 11:21:15.761607 np0000000684 devstack@neutron-api.service[86620]: DEBUG neutron.plugins.ml2.drivers.helpers [None req-54299687-bf87-4716-aa10-879999bd7e63 admin admin] geneve segment allocate from pool success with {'geneve_vni': 32197} {{(pid=86620) allocate_partially_specified_segment /opt/stack/neutron/neutron/plugins/ml2/drivers/helpers.py:142}}
May 13 11:21:15.771127 np0000000684 devstack@neutron-api.service[86620]: DEBUG neutron_lib.callbacks.manager [None req-54299687-bf87-4716-aa10-879999bd7e63 admin admin] Publish callbacks ['neutron.services.segments.db._add_segment_host_mapping_for_segment-8312879765034', 'neutron.plugins.ml2.plugin.Ml2Plugin._handle_segment_change-319425'] for segment (abe08737-2274-4c48-b91e-95bfc1b8df9e), precommit_create {{(pid=86620) _notify_loop /opt/stack/data/venv/lib/python3.12/site-packages/neutron_lib/callbacks/manager.py:184}}
May 13 11:21:15.771288 np0000000684 devstack@neutron-api.service[86620]: INFO neutron.db.segments_db [None req-54299687-bf87-4716-aa10-879999bd7e63 admin admin] Added segment abe08737-2274-4c48-b91e-95bfc1b8df9e of type geneve for network b5c3a238-eef8-4972-8fcd-2c03ac431867
May 13 11:21:15.807839 np0000000684 devstack@neutron-api.service[86620]: DEBUG neutron_lib.callbacks.manager [None req-54299687-bf87-4716-aa10-879999bd7e63 admin admin] Publish callbacks ['neutron.services.auto_allocate.db._ensure_external_network_default_value_callback-8312877843460'] for network (b5c3a238-eef8-4972-8fcd-2c03ac431867), precommit_create {{(pid=86620) _notify_loop /opt/stack/data/venv/lib/python3.12/site-packages/neutron_lib/callbacks/manager.py:184}}
May 13 11:21:15.825074 np0000000684 devstack@neutron-api.service[86620]: DEBUG neutron.plugins.ml2.drivers.ovn.mech_driver.mech_driver [None req-54299687-bf87-4716-aa10-879999bd7e63 admin admin] Validating network segment with type geneve, segmentation ID 32197, physical network None {{(pid=86620) _validate_network_segments /opt/stack/neutron/neutron/plugins/ml2/drivers/ovn/mech_driver/mech_driver.py:641}}
May 13 11:21:15.825212 np0000000684 devstack@neutron-api.service[86620]: DEBUG neutron.db.ovn_revision_numbers_db [None req-54299687-bf87-4716-aa10-879999bd7e63 admin admin] create_initial_revision uuid=b5c3a238-eef8-4972-8fcd-2c03ac431867, type=networks, rev=-1 {{(pid=86620) create_initial_revision /opt/stack/neutron/neutron/db/ovn_revision_numbers_db.py:98}}
May 13 11:21:15.835900 np0000000684 devstack@neutron-api.service[86620]: DEBUG neutron_lib.callbacks.manager [None req-54299687-bf87-4716-aa10-879999bd7e63 admin admin] Publish callbacks ['neutron.plugins.ml2.ovo_rpc._ObjectChangeHandler.handle_event-431938'] for network (b5c3a238-eef8-4972-8fcd-2c03ac431867), after_create {{(pid=86620) _notify_loop /opt/stack/data/venv/lib/python3.12/site-packages/neutron_lib/callbacks/manager.py:184}}
May 13 11:21:15.876330 np0000000684 devstack@neutron-api.service[86620]: DEBUG neutron.api.rpc.handlers.resources_rpc [None req-54299687-bf87-4716-aa10-879999bd7e63 admin admin] Pushing event updated for resources: {'Network': ['ID=b5c3a238-eef8-4972-8fcd-2c03ac431867,revision_number=1']} {{(pid=86620) push /opt/stack/neutron/neutron/api/rpc/handlers/resources_rpc.py:237}}
May 13 11:21:15.883338 np0000000684 devstack@neutron-api.service[86620]: DEBUG ovsdbapp.backend.ovs_idl.transaction [-] Running txn n=1 command(idx=0): AddNetworkCommand(_result=None, network_uuid=b5c3a238-eef8-4972-8fcd-2c03ac431867, may_exist=True, columns={'external_ids': {'neutron:network_name': 'private', 'neutron:mtu': '1372', 'neutron:revision_number': '1', 'neutron:availability_zone_hints': '', 'neutron:provnet-network-type': 'geneve'}, 'other_config': {'mcast_snoop': 'false', 'mcast_flood_unregistered': 'false', 'vlan-passthru': 'false'}}) {{(pid=86620) do_commit /opt/stack/data/venv/lib/python3.12/site-packages/ovsdbapp/backend/ovs_idl/transaction.py:89}}
May 13 11:21:15.883807 np0000000684 devstack@neutron-api.service[86620]: DEBUG neutron.common.ovn.utils [-] OVS persist_uuid supported=True {{(pid=86620) ovs_persist_uuid_supported /opt/stack/neutron/neutron/common/ovn/utils.py:1537}}
May 13 11:21:15.886224 np0000000684 devstack@neutron-api.service[86619]: DEBUG neutron.plugins.ml2.drivers.ovn.mech_driver.ovsdb.ovsdb_monitor [-] Hash Ring: Node cefe896a2f295f92a2b8b94b898494aa (host: np0000000684) handling event "create" for row b5c3a238-eef8-4972-8fcd-2c03ac431867 (table: Logical_Switch) {{(pid=86619) notify /opt/stack/neutron/neutron/plugins/ml2/drivers/ovn/mech_driver/ovsdb/ovsdb_monitor.py:942}}
May 13 11:21:15.886515 np0000000684 devstack@neutron-api.service[86620]: DEBUG neutron.plugins.ml2.drivers.ovn.mech_driver.ovsdb.ovsdb_monitor [-] Hash Ring: Node 7c4ffcfd71c657c6aa105dd385e86627 (host: np0000000684) handling event "create" for row b5c3a238-eef8-4972-8fcd-2c03ac431867 (table: Logical_Switch) {{(pid=86620) notify /opt/stack/neutron/neutron/plugins/ml2/drivers/ovn/mech_driver/ovsdb/ovsdb_monitor.py:942}}
May 13 11:21:15.890582 np0000000684 devstack@neutron-api.service[86619]: DEBUG neutron.plugins.ml2.drivers.ovn.mech_driver.ovsdb.ovsdb_monitor [-] Hash Ring: Node cefe896a2f295f92a2b8b94b898494aa (host: np0000000684) handling event "create" for row 5c2a544a-e6e2-4f59-a9c5-6341b1bbe73a (table: Datapath_Binding) {{(pid=86619) notify /opt/stack/neutron/neutron/plugins/ml2/drivers/ovn/mech_driver/ovsdb/ovsdb_monitor.py:942}}
May 13 11:21:15.911181 np0000000684 devstack@neutron-api.service[86620]: INFO neutron.db.ovn_revision_numbers_db [None req-54299687-bf87-4716-aa10-879999bd7e63 admin admin] Successfully bumped revision number for resource b5c3a238-eef8-4972-8fcd-2c03ac431867 (type: networks) to 1
May 13 11:21:15.963876 np0000000684 devstack@neutron-api.service[86620]: DEBUG neutron_lib.callbacks.manager [None req-54299687-bf87-4716-aa10-879999bd7e63 admin admin] Publish callbacks ['neutron.plugins.ml2.plugin.SecurityGroupDbMixin._ensure_default_security_group_handler-6575'] for port (None), before_create {{(pid=86620) _notify_loop /opt/stack/data/venv/lib/python3.12/site-packages/neutron_lib/callbacks/manager.py:184}}
May 13 11:21:16.057545 np0000000684 devstack@neutron-api.service[86620]: DEBUG neutron_lib.callbacks.manager [None req-54299687-bf87-4716-aa10-879999bd7e63 admin admin] Publish callbacks ['neutron.plugins.ml2.drivers.ovn.mech_driver.mech_driver.OVNMechanismDriver._validate_allowed_address_pairs-469656'] for allowed_address_pair (ba3e2935-fa7b-4ab3-9986-82c8a39d27d3), before_create {{(pid=86620) _notify_loop /opt/stack/data/venv/lib/python3.12/site-packages/neutron_lib/callbacks/manager.py:184}}
May 13 11:21:16.058288 np0000000684 devstack@neutron-api.service[86620]: DEBUG neutron_lib.callbacks.manager [None req-54299687-bf87-4716-aa10-879999bd7e63 admin admin] Publish callbacks [] for port (ba3e2935-fa7b-4ab3-9986-82c8a39d27d3), precommit_create {{(pid=86620) _notify_loop /opt/stack/data/venv/lib/python3.12/site-packages/neutron_lib/callbacks/manager.py:184}}
May 13 11:21:16.058474 np0000000684 devstack@neutron-api.service[86620]: DEBUG neutron.plugins.ml2.drivers.ovn.mech_driver.mech_driver [None req-54299687-bf87-4716-aa10-879999bd7e63 admin admin] No provisioning block for port ba3e2935-fa7b-4ab3-9986-82c8a39d27d3 since it does not have a host {{(pid=86620) _is_port_provisioning_required /opt/stack/neutron/neutron/plugins/ml2/drivers/ovn/mech_driver/mech_driver.py:894}}
May 13 11:21:16.058582 np0000000684 devstack@neutron-api.service[86620]: DEBUG neutron.db.ovn_revision_numbers_db [None req-54299687-bf87-4716-aa10-879999bd7e63 admin admin] create_initial_revision uuid=ba3e2935-fa7b-4ab3-9986-82c8a39d27d3, type=ports, rev=-1 {{(pid=86620) create_initial_revision /opt/stack/neutron/neutron/db/ovn_revision_numbers_db.py:98}}
May 13 11:21:16.295398 np0000000684 devstack@neutron-api.service[86620]: DEBUG neutron_lib.callbacks.manager [None req-54299687-bf87-4716-aa10-879999bd7e63 admin admin] Publish callbacks ['neutron.plugins.ml2.ovo_rpc._ObjectChangeHandler.handle_event-2006986'] for port (ba3e2935-fa7b-4ab3-9986-82c8a39d27d3), after_create {{(pid=86620) _notify_loop /opt/stack/data/venv/lib/python3.12/site-packages/neutron_lib/callbacks/manager.py:184}}
May 13 11:21:16.352874 np0000000684 devstack@neutron-api.service[86620]: DEBUG neutron.api.rpc.handlers.resources_rpc [None req-54299687-bf87-4716-aa10-879999bd7e63 admin admin] Pushing event updated for resources: {'Port': ['ID=ba3e2935-fa7b-4ab3-9986-82c8a39d27d3,revision_number=1']} {{(pid=86620) push /opt/stack/neutron/neutron/api/rpc/handlers/resources_rpc.py:237}}
May 13 11:21:16.383102 np0000000684 devstack@neutron-api.service[86620]: DEBUG ovsdbapp.backend.ovs_idl.transaction [-] Running txn n=1 command(idx=0): AddLSwitchPortCommand(_result=None, lport=ba3e2935-fa7b-4ab3-9986-82c8a39d27d3, lswitch=neutron-b5c3a238-eef8-4972-8fcd-2c03ac431867, may_exist=True, network_uuid=b5c3a238-eef8-4972-8fcd-2c03ac431867, columns={'addresses': ['fa:16:3e:6e:6f:d1'], 'external_ids': {'neutron:port_name': '', 'neutron:device_id': 'ovnmeta-b5c3a238-eef8-4972-8fcd-2c03ac431867', 'neutron:project_id': '4dd3968b971749c0be40f278602431c8', 'neutron:cidrs': '', 'neutron:device_owner': 'network:distributed', 'neutron:subnet_pool_addr_scope4': '', 'neutron:subnet_pool_addr_scope6': '', 'neutron:network_name': 'neutron-b5c3a238-eef8-4972-8fcd-2c03ac431867', 'neutron:security_group_ids': '', 'neutron:revision_number': '1', 'neutron:vnic_type': 'normal', 'neutron:port_capabilities': '', 'neutron:mtu': ''}, 'parent_name': [], 'tag': [], 'enabled': True, 'options': {}, 'type': 'localport', 'port_security': [], 'dhcpv4_options': [], 'dhcpv6_options': []}) {{(pid=86620) do_commit /opt/stack/data/venv/lib/python3.12/site-packages/ovsdbapp/backend/ovs_idl/transaction.py:89}}
May 13 11:21:16.383476 np0000000684 devstack@neutron-api.service[86620]: DEBUG ovsdbapp.backend.ovs_idl.transaction [-] Running txn n=1 command(idx=1): QoSDelCommand(_result=None, switch=neutron-b5c3a238-eef8-4972-8fcd-2c03ac431867, conditions=[('direction', '=', 'to-lport'), ('priority', '=', 2002), ('match', '=', 'outport == "ba3e2935-fa7b-4ab3-9986-82c8a39d27d3"')], if_exists=True) {{(pid=86620) do_commit /opt/stack/data/venv/lib/python3.12/site-packages/ovsdbapp/backend/ovs_idl/transaction.py:89}}
May 13 11:21:16.383623 np0000000684 devstack@neutron-api.service[86620]: DEBUG ovsdbapp.backend.ovs_idl.transaction [-] Running txn n=1 command(idx=2): QoSDelCommand(_result=None, switch=neutron-b5c3a238-eef8-4972-8fcd-2c03ac431867, conditions=[('direction', '=', 'from-lport'), ('priority', '=', 2002), ('match', '=', 'inport == "ba3e2935-fa7b-4ab3-9986-82c8a39d27d3"')], if_exists=True) {{(pid=86620) do_commit /opt/stack/data/venv/lib/python3.12/site-packages/ovsdbapp/backend/ovs_idl/transaction.py:89}}
May 13 11:21:16.386521 np0000000684 devstack@neutron-api.service[86619]: DEBUG neutron.plugins.ml2.drivers.ovn.mech_driver.ovsdb.ovsdb_monitor [-] Hash Ring: Node cefe896a2f295f92a2b8b94b898494aa (host: np0000000684) handling event "update" for row b5c3a238-eef8-4972-8fcd-2c03ac431867 (table: Logical_Switch) {{(pid=86619) notify /opt/stack/neutron/neutron/plugins/ml2/drivers/ovn/mech_driver/ovsdb/ovsdb_monitor.py:942}}
May 13 11:21:16.386968 np0000000684 devstack@neutron-api.service[86620]: DEBUG neutron.plugins.ml2.drivers.ovn.mech_driver.ovsdb.ovsdb_monitor [-] Hash Ring: Node 7c4ffcfd71c657c6aa105dd385e86627 (host: np0000000684) handling event "update" for row b5c3a238-eef8-4972-8fcd-2c03ac431867 (table: Logical_Switch) {{(pid=86620) notify /opt/stack/neutron/neutron/plugins/ml2/drivers/ovn/mech_driver/ovsdb/ovsdb_monitor.py:942}}
May 13 11:21:16.387071 np0000000684 devstack@neutron-api.service[86619]: DEBUG neutron.plugins.ml2.drivers.ovn.mech_driver.ovsdb.ovsdb_monitor [-] Hash Ring: Node cefe896a2f295f92a2b8b94b898494aa (host: np0000000684) handling event "create" for row 0e086367-e0ff-4ff4-ab12-6c0337fa5b28 (table: Logical_Switch_Port) {{(pid=86619) notify /opt/stack/neutron/neutron/plugins/ml2/drivers/ovn/mech_driver/ovsdb/ovsdb_monitor.py:942}}
May 13 11:21:16.387684 np0000000684 devstack@neutron-api.service[86619]: DEBUG ovsdbapp.backend.ovs_idl.event [-] Matched CREATE: LogicalSwitchPortCreateEvent(events=('create',), table='Logical_Switch_Port', conditions=[], old_conditions=None), priority=20 to row=Logical_Switch_Port(uuid=0e086367-e0ff-4ff4-ab12-6c0337fa5b28, addresses=['fa:16:3e:6e:6f:d1'], dhcpv4_options=[], dhcpv6_options=[], dynamic_addresses=[], enabled=True, external_ids={'neutron:cidrs': '', 'neutron:device_id': 'ovnmeta-b5c3a238-eef8-4972-8fcd-2c03ac431867', 'neutron:device_owner': 'network:distributed', 'neutron:mtu': '', 'neutron:network_name': 'neutron-b5c3a238-eef8-4972-8fcd-2c03ac431867', 'neutron:port_capabilities': '', 'neutron:port_name': '', 'neutron:project_id': '4dd3968b971749c0be40f278602431c8', 'neutron:revision_number': '1', 'neutron:security_group_ids': '', 'neutron:subnet_pool_addr_scope4': '', 'neutron:subnet_pool_addr_scope6': '', 'neutron:vnic_type': 'normal'}, ha_chassis_group=[], mirror_rules=[], name='ba3e2935-fa7b-4ab3-9986-82c8a39d27d3', options={}, parent_name=[], port_security=[], tag=[], tag_request=[], type='localport', up=[]) old= {{(pid=86619) matches /opt/stack/data/venv/lib/python3.12/site-packages/ovsdbapp/backend/ovs_idl/event.py:55}}
May 13 11:21:16.389274 np0000000684 devstack@neutron-api.service[86619]: INFO neutron.plugins.ml2.drivers.ovn.mech_driver.mech_driver [-] OVN reports status down for port: ba3e2935-fa7b-4ab3-9986-82c8a39d27d3
May 13 11:21:16.390805 np0000000684 devstack@neutron-api.service[86619]: DEBUG neutron.plugins.ml2.drivers.ovn.mech_driver.ovsdb.ovsdb_monitor [-] Hash Ring: Node cefe896a2f295f92a2b8b94b898494aa (host: np0000000684) handling event "create" for row 11bbed82-f356-4b6a-90c2-f8bf9fd1ad3b (table: Port_Binding) {{(pid=86619) notify /opt/stack/neutron/neutron/plugins/ml2/drivers/ovn/mech_driver/ovsdb/ovsdb_monitor.py:942}}
May 13 11:21:16.391423 np0000000684 devstack@neutron-api.service[86619]: DEBUG neutron.plugins.ml2.drivers.ovn.mech_driver.ovsdb.ovsdb_monitor [-] Hash Ring: Node cefe896a2f295f92a2b8b94b898494aa (host: np0000000684) handling event "update" for row 0e086367-e0ff-4ff4-ab12-6c0337fa5b28 (table: Logical_Switch_Port) {{(pid=86619) notify /opt/stack/neutron/neutron/plugins/ml2/drivers/ovn/mech_driver/ovsdb/ovsdb_monitor.py:942}}
May 13 11:21:16.433575 np0000000684 devstack@neutron-api.service[86620]: INFO neutron.db.ovn_revision_numbers_db [None req-54299687-bf87-4716-aa10-879999bd7e63 admin admin] Successfully bumped revision number for resource ba3e2935-fa7b-4ab3-9986-82c8a39d27d3 (type: ports) to 1
May 13 11:21:16.442406 np0000000684 devstack@neutron-api.service[86620]: DEBUG neutron.pecan_wsgi.hooks.policy_enforcement [None req-54299687-bf87-4716-aa10-879999bd7e63 admin admin] Attributes excluded by policy engine: ['standard_attr_id'] {{(pid=86620) _exclude_attributes_by_policy /opt/stack/neutron/neutron/pecan_wsgi/hooks/policy_enforcement.py:256}}
May 13 11:21:16.442801 np0000000684 devstack@neutron-api.service[86620]: DEBUG neutron_lib.callbacks.manager [None req-54299687-bf87-4716-aa10-879999bd7e63 admin admin] Publish callbacks [] for network (None), before_response {{(pid=86620) _notify_loop /opt/stack/data/venv/lib/python3.12/site-packages/neutron_lib/callbacks/manager.py:184}}
May 13 11:21:16.452532 np0000000684 devstack@neutron-api.service[86620]: [pid: 86620|app: 0|req: 2/5] 10.4.3.160 () {68 vars in 1326 bytes} [Wed May 13 11:21:15 2026] POST /networking/v2.0/networks => generated 681 bytes in 991 msecs (HTTP/1.1 201) 4 headers in 162 bytes (1 switches on core 0)
