Jun 19 21:46:09.721518 np0000003317 devstack@placement-api.service[89212]: DEBUG placement.objects.research_context [req-5acb8b42-9195-4f4f-838f-af56693b9be5 req-ce3d0009-365a-4251-a325-93d993c12061 service nova] getting providers with 1 VCPU {{(pid=89212) __init__ /opt/stack/placement/placement/objects/research_context.py:137}}
Jun 19 21:46:09.725033 np0000003317 devstack@placement-api.service[89212]: DEBUG placement.objects.research_context [req-5acb8b42-9195-4f4f-838f-af56693b9be5 req-ce3d0009-365a-4251-a325-93d993c12061 service nova] found 1 providers with available 1 DISK_GB {{(pid=89212) get_provider_ids_matching /opt/stack/placement/placement/objects/research_context.py:563}}
Jun 19 21:46:09.725164 np0000003317 devstack@placement-api.service[89212]: DEBUG placement.objects.research_context [req-5acb8b42-9195-4f4f-838f-af56693b9be5 req-ce3d0009-365a-4251-a325-93d993c12061 service nova] found 1 providers with available 192 MEMORY_MB {{(pid=89212) get_provider_ids_matching /opt/stack/placement/placement/objects/research_context.py:563}}
Jun 19 21:46:09.725299 np0000003317 devstack@placement-api.service[89212]: DEBUG placement.objects.research_context [req-5acb8b42-9195-4f4f-838f-af56693b9be5 req-ce3d0009-365a-4251-a325-93d993c12061 service nova] found 1 providers after filtering by previous result {{(pid=89212) get_provider_ids_matching /opt/stack/placement/placement/objects/research_context.py:594}}
Jun 19 21:46:09.725384 np0000003317 devstack@placement-api.service[89212]: DEBUG placement.objects.research_context [req-5acb8b42-9195-4f4f-838f-af56693b9be5 req-ce3d0009-365a-4251-a325-93d993c12061 service nova] found 1 providers with available 1 VCPU {{(pid=89212) get_provider_ids_matching /opt/stack/placement/placement/objects/research_context.py:563}}
Jun 19 21:46:09.725496 np0000003317 devstack@placement-api.service[89212]: DEBUG placement.objects.research_context [req-5acb8b42-9195-4f4f-838f-af56693b9be5 req-ce3d0009-365a-4251-a325-93d993c12061 service nova] found 1 providers after filtering by previous result {{(pid=89212) get_provider_ids_matching /opt/stack/placement/placement/objects/research_context.py:594}}
Jun 19 21:46:09.732459 np0000003317 devstack@placement-api.service[89212]: DEBUG placement.objects.allocation_candidate [req-5acb8b42-9195-4f4f-838f-af56693b9be5 req-ce3d0009-365a-4251-a325-93d993c12061 service nova] RequestGroup(use_same_provider=False, resources={DISK_GB:1, MEMORY_MB:192, VCPU:1}, traits=(), aggregates=[]) (suffix '') returned 1 matches {{(pid=89212) _get_by_requests /opt/stack/placement/placement/objects/allocation_candidate.py:158}}
Jun 19 21:46:09.732671 np0000003317 devstack@placement-api.service[89212]: DEBUG placement.objects.allocation_candidate [req-5acb8b42-9195-4f4f-838f-af56693b9be5 req-ce3d0009-365a-4251-a325-93d993c12061 service nova] Merging candidates yields 1 allocation requests and 1 provider summaries {{(pid=89212) _merge_candidates /opt/stack/placement/placement/objects/allocation_candidate.py:908}}
Jun 19 21:46:09.733734 np0000003317 devstack@placement-api.service[89212]: INFO placement.requestlog [req-5acb8b42-9195-4f4f-838f-af56693b9be5 req-ce3d0009-365a-4251-a325-93d993c12061 service nova] 10.4.3.158 "GET /placement/allocation_candidates?limit=1000&resources=DISK_GB%3A1%2CMEMORY_MB%3A192%2CVCPU%3A1&root_required=%21COMPUTE_STATUS_DISABLED" status: 200 len: 2493 microversion: 1.36
Jun 19 21:46:09.733968 np0000003317 devstack@placement-api.service[89212]: [pid: 89212|app: 0|req: 151/299] 10.4.3.158 () {68 vars in 1625 bytes} [Fri Jun 19 21:46:09 2026] GET /placement/allocation_candidates?limit=1000&resources=DISK_GB%3A1%2CMEMORY_MB%3A192%2CVCPU%3A1&root_required=%21COMPUTE_STATUS_DISABLED => generated 2493 bytes in 46 msecs (HTTP/1.1 200) 8 headers in 297 bytes (1 switches on core 0)
Jun 19 21:46:09.819310 np0000003317 devstack@placement-api.service[89213]: DEBUG placement.requestlog [req-5acb8b42-9195-4f4f-838f-af56693b9be5 req-327d3119-8987-4fe9-9b73-92492094807a None None] Starting request: 10.4.3.158 "GET /placement/allocations/fa3efb3f-30fe-4cf8-afc4-421c5c1f083d" {{(pid=89213) __call__ /opt/stack/placement/placement/requestlog.py:55}}
Jun 19 21:46:09.831517 np0000003317 devstack@placement-api.service[89213]: INFO placement.requestlog [req-5acb8b42-9195-4f4f-838f-af56693b9be5 req-327d3119-8987-4fe9-9b73-92492094807a service nova] 10.4.3.158 "GET /placement/allocations/fa3efb3f-30fe-4cf8-afc4-421c5c1f083d" status: 200 len: 19 microversion: 1.28
Jun 19 21:46:09.832584 np0000003317 devstack@placement-api.service[89213]: [pid: 89213|app: 0|req: 149/300] 10.4.3.158 () {68 vars in 1501 bytes} [Fri Jun 19 21:46:09 2026] GET /placement/allocations/fa3efb3f-30fe-4cf8-afc4-421c5c1f083d => generated 19 bytes in 14 msecs (HTTP/1.1 200) 8 headers in 295 bytes (1 switches on core 0)
Jun 19 21:46:09.870595 np0000003317 devstack@placement-api.service[89212]: DEBUG placement.requestlog [req-5acb8b42-9195-4f4f-838f-af56693b9be5 req-ccf9711d-ca66-49fc-ba03-ffacfb98e077 None None] Starting request: 10.4.3.158 "PUT /placement/allocations/fa3efb3f-30fe-4cf8-afc4-421c5c1f083d" {{(pid=89212) __call__ /opt/stack/placement/placement/requestlog.py:55}}
Jun 19 21:46:09.924722 np0000003317 devstack@placement-api.service[89212]: DEBUG placement.handlers.allocation [req-5acb8b42-9195-4f4f-838f-af56693b9be5 req-ccf9711d-ca66-49fc-ba03-ffacfb98e077 service nova] Successfully wrote allocations [, , ] {{(pid=89212) _update_consumers_and_create_allocations /opt/stack/placement/placement/handlers/allocation.py:462}}
Jun 19 21:46:09.941122 np0000003317 devstack@placement-api.service[89212]: INFO placement.requestlog [req-5acb8b42-9195-4f4f-838f-af56693b9be5 req-ccf9711d-ca66-49fc-ba03-ffacfb98e077 service nova] 10.4.3.158 "PUT /placement/allocations/fa3efb3f-30fe-4cf8-afc4-421c5c1f083d" status: 204 len: 0 microversion: 1.36
Jun 19 21:46:09.941122 np0000003317 devstack@placement-api.service[89212]: [pid: 89212|app: 0|req: 152/301] 10.4.3.158 () {72 vars in 1554 bytes} [Fri Jun 19 21:46:09 2026] PUT /placement/allocations/fa3efb3f-30fe-4cf8-afc4-421c5c1f083d => generated 0 bytes in 71 msecs (HTTP/1.1 204) 5 headers in 199 bytes (1 switches on core 0)
Jun 19 21:46:10.081797 np0000003317 devstack@placement-api.service[89213]: DEBUG placement.requestlog [None req-dd4ab84a-8cc2-4a5d-97b8-cc289d386fab None None] Starting request: 10.4.3.158 "GET /placement/resource_providers/48bb729e-751b-404b-8018-5dd4cd01e769/aggregates" {{(pid=89213) __call__ /opt/stack/placement/placement/requestlog.py:55}}
Jun 19 21:46:10.088510 np0000003317 devstack@placement-api.service[89213]: INFO placement.requestlog [None req-dd4ab84a-8cc2-4a5d-97b8-cc289d386fab service placement] 10.4.3.158 "GET /placement/resource_providers/48bb729e-751b-404b-8018-5dd4cd01e769/aggregates" status: 404 len: 235 microversion: 1.1
Jun 19 21:46:10.088651 np0000003317 devstack@placement-api.service[89213]: [pid: 89213|app: 0|req: 150/302] 10.4.3.158 () {66 vars in 1474 bytes} [Fri Jun 19 21:46:10 2026] GET /placement/resource_providers/48bb729e-751b-404b-8018-5dd4cd01e769/aggregates => generated 235 bytes in 7 msecs (HTTP/1.1 404) 5 headers in 202 bytes (1 switches on core 0)
Jun 19 21:46:10.133530 np0000003317 devstack@placement-api.service[89212]: DEBUG placement.requestlog [None req-c9f6229c-7caa-40ff-a532-025a47bd932a None None] Starting request: 10.4.3.158 "DELETE /placement/resource_providers/48bb729e-751b-404b-8018-5dd4cd01e769" {{(pid=89212) __call__ /opt/stack/placement/placement/requestlog.py:55}}
Jun 19 21:46:10.148383 np0000003317 devstack@placement-api.service[89212]: DEBUG placement.wsgi_wrapper [None req-c9f6229c-7caa-40ff-a532-025a47bd932a service placement] Placement API returning an error response: No resource provider with uuid 48bb729e-751b-404b-8018-5dd4cd01e769 found for delete {{(pid=89212) call_func /opt/stack/placement/placement/wsgi_wrapper.py:31}}
Jun 19 21:46:10.149192 np0000003317 devstack@placement-api.service[89212]: INFO placement.requestlog [None req-c9f6229c-7caa-40ff-a532-025a47bd932a service placement] 10.4.3.158 "DELETE /placement/resource_providers/48bb729e-751b-404b-8018-5dd4cd01e769" status: 404 len: 246 microversion: 1.1
Jun 19 21:46:10.150626 np0000003317 devstack@placement-api.service[89212]: [pid: 89212|app: 0|req: 153/303] 10.4.3.158 () {68 vars in 1463 bytes} [Fri Jun 19 21:46:10 2026] DELETE /placement/resource_providers/48bb729e-751b-404b-8018-5dd4cd01e769 => generated 246 bytes in 17 msecs (HTTP/1.1 404) 6 headers in 231 bytes (1 switches on core 0)
Jun 19 21:46:10.772730 np0000003317 devstack@placement-api.service[89213]: DEBUG placement.requestlog [req-77e74d9b-c880-4546-9725-00e5ed7c4601 req-c05eeeea-563b-4f7e-a0eb-48e80dc3e4e8 None None] Starting request: 10.4.3.158 "GET /placement/allocation_candidates?limit=1000&resources=DISK_GB%3A1%2CMEMORY_MB%3A192%2CVCPU%3A1&root_required=%21COMPUTE_STATUS_DISABLED" {{(pid=89213) __call__ /opt/stack/placement/placement/requestlog.py:55}}
Jun 19 21:46:10.799260 np0000003317 devstack@placement-api.service[89213]: DEBUG placement.objects.research_context [req-77e74d9b-c880-4546-9725-00e5ed7c4601 req-c05eeeea-563b-4f7e-a0eb-48e80dc3e4e8 service nova] getting providers with 1 DISK_GB {{(pid=89213) __init__ /opt/stack/placement/placement/objects/research_context.py:137}}
Jun 19 21:46:10.803378 np0000003317 devstack@placement-api.service[89213]: DEBUG placement.objects.research_context [req-77e74d9b-c880-4546-9725-00e5ed7c4601 req-c05eeeea-563b-4f7e-a0eb-48e80dc3e4e8 service nova] getting providers with 192 MEMORY_MB {{(pid=89213) __init__ /opt/stack/placement/placement/objects/research_context.py:137}}
Jun 19 21:46:10.807669 np0000003317 devstack@placement-api.service[89213]: DEBUG placement.objects.research_context [req-77e74d9b-c880-4546-9725-00e5ed7c4601 req-c05eeeea-563b-4f7e-a0eb-48e80dc3e4e8 service nova] getting providers with 1 VCPU {{(pid=89213) __init__ /opt/stack/placement/placement/objects/research_context.py:137}}
Jun 19 21:46:10.815315 np0000003317 devstack@placement-api.service[89213]: DEBUG placement.objects.research_context [req-77e74d9b-c880-4546-9725-00e5ed7c4601 req-c05eeeea-563b-4f7e-a0eb-48e80dc3e4e8 service nova] found 1 providers with available 1 DISK_GB {{(pid=89213) get_provider_ids_matching /opt/stack/placement/placement/objects/research_context.py:563}}
Jun 19 21:46:10.815451 np0000003317 devstack@placement-api.service[89213]: DEBUG placement.objects.research_context [req-77e74d9b-c880-4546-9725-00e5ed7c4601 req-c05eeeea-563b-4f7e-a0eb-48e80dc3e4e8 service nova] found 1 providers with available 192 MEMORY_MB {{(pid=89213) get_provider_ids_matching /opt/stack/placement/placement/objects/research_context.py:563}}
Jun 19 21:46:10.817066 np0000003317 devstack@placement-api.service[89213]: DEBUG placement.objects.research_context [req-77e74d9b-c880-4546-9725-00e5ed7c4601 req-c05eeeea-563b-4f7e-a0eb-48e80dc3e4e8 service nova] found 1 providers after filtering by previous result {{(pid=89213) get_provider_ids_matching /opt/stack/placement/placement/objects/research_context.py:594}}
Jun 19 21:46:10.817066 np0000003317 devstack@placement-api.service[89213]: DEBUG placement.objects.research_context [req-77e74d9b-c880-4546-9725-00e5ed7c4601 req-c05eeeea-563b-4f7e-a0eb-48e80dc3e4e8 service nova] found 1 providers with available 1 VCPU {{(pid=89213) get_provider_ids_matching /opt/stack/placement/placement/objects/research_context.py:563}}
Jun 19 21:46:10.817066 np0000003317 devstack@placement-api.service[89213]: DEBUG placement.objects.research_context [req-77e74d9b-c880-4546-9725-00e5ed7c4601 req-c05eeeea-563b-4f7e-a0eb-48e80dc3e4e8 service nova] found 1 providers after filtering by previous result {{(pid=89213) get_provider_ids_matching /opt/stack/placement/placement/objects/research_context.py:594}}
Jun 19 21:46:10.827492 np0000003317 devstack@placement-api.service[89213]: DEBUG placement.objects.allocation_candidate [req-77e74d9b-c880-4546-9725-00e5ed7c4601 req-c05eeeea-563b-4f7e-a0eb-48e80dc3e4e8 service nova] RequestGroup(use_same_provider=False, resources={DISK_GB:1, MEMORY_MB:192, VCPU:1}, traits=(), aggregates=[]) (suffix '') returned 1 matches {{(pid=89213) _get_by_requests /opt/stack/placement/placement/objects/allocation_candidate.py:158}}
Jun 19 21:46:10.827492 np0000003317 devstack@placement-api.service[89213]: DEBUG placement.objects.allocation_candidate [req-77e74d9b-c880-4546-9725-00e5ed7c4601 req-c05eeeea-563b-4f7e-a0eb-48e80dc3e4e8 service nova] Merging candidates yields 1 allocation requests and 1 provider summaries {{(pid=89213) _merge_candidates /opt/stack/placement/placement/objects/allocation_candidate.py:908}}
Jun 19 21:46:10.828961 np0000003317 devstack@placement-api.service[89213]: INFO placement.requestlog [req-77e74d9b-c880-4546-9725-00e5ed7c4601 req-c05eeeea-563b-4f7e-a0eb-48e80dc3e4e8 service nova] 10.4.3.158 "GET /placement/allocation_candidates?limit=1000&resources=DISK_GB%3A1%2CMEMORY_MB%3A192%2CVCPU%3A1&root_required=%21COMPUTE_STATUS_DISABLED" status: 200 len: 2494 microversion: 1.36
Jun 19 21:46:10.829183 np0000003317 devstack@placement-api.service[89213]: [pid: 89213|app: 0|req: 151/304] 10.4.3.158 () {68 vars in 1625 bytes} [Fri Jun 19 21:46:10 2026] GET /placement/allocation_candidates?limit=1000&resources=DISK_GB%3A1%2CMEMORY_MB%3A192%2CVCPU%3A1&root_required=%21COMPUTE_STATUS_DISABLED => generated 2494 bytes in 56 msecs (HTTP/1.1 200) 8 headers in 297 bytes (1 switches on core 0)
Jun 19 21:46:10.893323 np0000003317 devstack@placement-api.service[89212]: DEBUG placement.requestlog [req-77e74d9b-c880-4546-9725-00e5ed7c4601 req-0cf77c36-de4c-4f21-beb0-6498ed630ffc None None] Starting request: 10.4.3.158 "GET /placement/allocations/cb9f4cb2-16bc-4472-9182-305efb8f6f34" {{(pid=89212) __call__ /opt/stack/placement/placement/requestlog.py:55}}
Jun 19 21:46:10.897477 np0000003317 devstack@placement-api.service[89213]: DEBUG placement.requestlog [req-8f51fba3-3a82-4275-bcfd-1e33175a7572 req-a0a2593c-da28-4522-9ffc-8e2766d57c17 None None] Starting request: 10.4.3.158 "GET /placement/resource_providers/9f422e7d-a2c8-4e74-b2b3-99e0c11a38f8/allocations" {{(pid=89213) __call__ /opt/stack/placement/placement/requestlog.py:55}}
Jun 19 21:46:10.899206 np0000003317 devstack@placement-api.service[89212]: INFO placement.requestlog [req-77e74d9b-c880-4546-9725-00e5ed7c4601 req-0cf77c36-de4c-4f21-beb0-6498ed630ffc service nova] 10.4.3.158 "GET /placement/allocations/cb9f4cb2-16bc-4472-9182-305efb8f6f34" status: 200 len: 19 microversion: 1.28
Jun 19 21:46:10.899659 np0000003317 devstack@placement-api.service[89212]: [pid: 89212|app: 0|req: 154/305] 10.4.3.158 () {68 vars in 1501 bytes} [Fri Jun 19 21:46:10 2026] GET /placement/allocations/cb9f4cb2-16bc-4472-9182-305efb8f6f34 => generated 19 bytes in 6 msecs (HTTP/1.1 200) 8 headers in 295 bytes (1 switches on core 0)
Jun 19 21:46:10.924842 np0000003317 devstack@placement-api.service[89213]: INFO placement.requestlog [req-8f51fba3-3a82-4275-bcfd-1e33175a7572 req-a0a2593c-da28-4522-9ffc-8e2766d57c17 service nova] 10.4.3.158 "GET /placement/resource_providers/9f422e7d-a2c8-4e74-b2b3-99e0c11a38f8/allocations" status: 200 len: 1025 microversion: 1.0
Jun 19 21:46:10.925103 np0000003317 devstack@placement-api.service[89213]: [pid: 89213|app: 0|req: 152/306] 10.4.3.158 () {66 vars in 1512 bytes} [Fri Jun 19 21:46:10 2026] GET /placement/resource_providers/9f422e7d-a2c8-4e74-b2b3-99e0c11a38f8/allocations => generated 1025 bytes in 28 msecs (HTTP/1.1 200) 6 headers in 225 bytes (1 switches on core 0)
Jun 19 21:46:10.929876 np0000003317 devstack@placement-api.service[89212]: DEBUG placement.requestlog [req-77e74d9b-c880-4546-9725-00e5ed7c4601 req-4918f024-d29e-4e59-9ba7-f65d2438a0b1 None None] Starting request: 10.4.3.158 "PUT /placement/allocations/cb9f4cb2-16bc-4472-9182-305efb8f6f34" {{(pid=89212) __call__ /opt/stack/placement/placement/requestlog.py:55}}
Jun 19 21:46:10.958429 np0000003317 devstack@placement-api.service[89213]: DEBUG placement.requestlog [req-8f51fba3-3a82-4275-bcfd-1e33175a7572 req-bfbcdcf0-857c-44ac-b45b-c2738cb3e225 None None] Starting request: 10.4.3.158 "GET /placement/allocations/95126f95-bf12-48ed-9868-b7a189c0c522" {{(pid=89213) __call__ /opt/stack/placement/placement/requestlog.py:55}}
Jun 19 21:46:10.967679 np0000003317 devstack@placement-api.service[89213]: INFO placement.requestlog [req-8f51fba3-3a82-4275-bcfd-1e33175a7572 req-bfbcdcf0-857c-44ac-b45b-c2738cb3e225 service nova] 10.4.3.158 "GET /placement/allocations/95126f95-bf12-48ed-9868-b7a189c0c522" status: 200 len: 258 microversion: 1.28
Jun 19 21:46:10.968005 np0000003317 devstack@placement-api.service[89213]: [pid: 89213|app: 0|req: 153/307] 10.4.3.158 () {68 vars in 1499 bytes} [Fri Jun 19 21:46:10 2026] GET /placement/allocations/95126f95-bf12-48ed-9868-b7a189c0c522 => generated 258 bytes in 10 msecs (HTTP/1.1 200) 8 headers in 296 bytes (1 switches on core 0)
Jun 19 21:46:11.005311 np0000003317 devstack@placement-api.service[89213]: DEBUG placement.requestlog [req-8f51fba3-3a82-4275-bcfd-1e33175a7572 req-71f9538f-19d0-4a02-b14a-d3c8889b11fa None None] Starting request: 10.4.3.158 "GET /placement/allocations/fa3efb3f-30fe-4cf8-afc4-421c5c1f083d" {{(pid=89213) __call__ /opt/stack/placement/placement/requestlog.py:55}}
Jun 19 21:46:11.010988 np0000003317 devstack@placement-api.service[89212]: DEBUG placement.handlers.allocation [req-77e74d9b-c880-4546-9725-00e5ed7c4601 req-4918f024-d29e-4e59-9ba7-f65d2438a0b1 service nova] Successfully wrote allocations [, , ] {{(pid=89212) _update_consumers_and_create_allocations /opt/stack/placement/placement/handlers/allocation.py:462}}
Jun 19 21:46:11.014067 np0000003317 devstack@placement-api.service[89212]: INFO placement.requestlog [req-77e74d9b-c880-4546-9725-00e5ed7c4601 req-4918f024-d29e-4e59-9ba7-f65d2438a0b1 service nova] 10.4.3.158 "PUT /placement/allocations/cb9f4cb2-16bc-4472-9182-305efb8f6f34" status: 204 len: 0 microversion: 1.36
Jun 19 21:46:11.014535 np0000003317 devstack@placement-api.service[89212]: [pid: 89212|app: 0|req: 155/308] 10.4.3.158 () {72 vars in 1554 bytes} [Fri Jun 19 21:46:10 2026] PUT /placement/allocations/cb9f4cb2-16bc-4472-9182-305efb8f6f34 => generated 0 bytes in 85 msecs (HTTP/1.1 204) 5 headers in 199 bytes (1 switches on core 0)
Jun 19 21:46:11.020507 np0000003317 devstack@placement-api.service[89213]: INFO placement.requestlog [req-8f51fba3-3a82-4275-bcfd-1e33175a7572 req-71f9538f-19d0-4a02-b14a-d3c8889b11fa service nova] 10.4.3.158 "GET /placement/allocations/fa3efb3f-30fe-4cf8-afc4-421c5c1f083d" status: 200 len: 258 microversion: 1.28
Jun 19 21:46:11.020741 np0000003317 devstack@placement-api.service[89213]: [pid: 89213|app: 0|req: 154/309] 10.4.3.158 () {68 vars in 1499 bytes} [Fri Jun 19 21:46:11 2026] GET /placement/allocations/fa3efb3f-30fe-4cf8-afc4-421c5c1f083d => generated 258 bytes in 16 msecs (HTTP/1.1 200) 8 headers in 296 bytes (1 switches on core 0)
Jun 19 21:46:11.106049 np0000003317 devstack@placement-api.service[89212]: DEBUG placement.requestlog [req-8f51fba3-3a82-4275-bcfd-1e33175a7572 req-7dbb6fd6-a491-4733-a245-f377a32a3273 None None] Starting request: 10.4.3.158 "GET /placement/allocations/7c015696-b687-4494-b0e0-23b652ab69de" {{(pid=89212) __call__ /opt/stack/placement/placement/requestlog.py:55}}
Jun 19 21:46:11.114883 np0000003317 devstack@placement-api.service[89212]: INFO placement.requestlog [req-8f51fba3-3a82-4275-bcfd-1e33175a7572 req-7dbb6fd6-a491-4733-a245-f377a32a3273 service nova] 10.4.3.158 "GET /placement/allocations/7c015696-b687-4494-b0e0-23b652ab69de" status: 200 len: 258 microversion: 1.28
Jun 19 21:46:11.115123 np0000003317 devstack@placement-api.service[89212]: [pid: 89212|app: 0|req: 156/310] 10.4.3.158 () {68 vars in 1499 bytes} [Fri Jun 19 21:46:11 2026] GET /placement/allocations/7c015696-b687-4494-b0e0-23b652ab69de => generated 258 bytes in 9 msecs (HTTP/1.1 200) 8 headers in 296 bytes (1 switches on core 0)
Jun 19 21:46:11.147863 np0000003317 devstack@placement-api.service[89213]: DEBUG placement.requestlog [req-8f51fba3-3a82-4275-bcfd-1e33175a7572 req-614c3c03-d678-40da-ad01-5621c6e752b6 None None] Starting request: 10.4.3.158 "GET /placement/allocations/49df7fea-a49a-49ec-817f-6161704a91aa" {{(pid=89213) __call__ /opt/stack/placement/placement/requestlog.py:55}}
Jun 19 21:46:11.163554 np0000003317 devstack@placement-api.service[89213]: INFO placement.requestlog [req-8f51fba3-3a82-4275-bcfd-1e33175a7572 req-614c3c03-d678-40da-ad01-5621c6e752b6 service nova] 10.4.3.158 "GET /placement/allocations/49df7fea-a49a-49ec-817f-6161704a91aa" status: 200 len: 258 microversion: 1.28
Jun 19 21:46:11.163823 np0000003317 devstack@placement-api.service[89213]: [pid: 89213|app: 0|req: 155/311] 10.4.3.158 () {68 vars in 1499 bytes} [Fri Jun 19 21:46:11 2026] GET /placement/allocations/49df7fea-a49a-49ec-817f-6161704a91aa => generated 258 bytes in 16 msecs (HTTP/1.1 200) 8 headers in 296 bytes (1 switches on core 0)
Jun 19 21:46:11.203776 np0000003317 devstack@placement-api.service[89212]: DEBUG placement.requestlog [req-8f51fba3-3a82-4275-bcfd-1e33175a7572 req-f3919833-a63c-4454-8795-fe1aad28a3c1 None None] Starting request: 10.4.3.158 "GET /placement/allocations/d65614f7-fb4c-4ab7-9d70-36af29efbcb9" {{(pid=89212) __call__ /opt/stack/placement/placement/requestlog.py:55}}
Jun 19 21:46:11.217708 np0000003317 devstack@placement-api.service[89212]: INFO placement.requestlog [req-8f51fba3-3a82-4275-bcfd-1e33175a7572 req-f3919833-a63c-4454-8795-fe1aad28a3c1 service nova] 10.4.3.158 "GET /placement/allocations/d65614f7-fb4c-4ab7-9d70-36af29efbcb9" status: 200 len: 244 microversion: 1.28
Jun 19 21:46:11.217931 np0000003317 devstack@placement-api.service[89212]: [pid: 89212|app: 0|req: 157/312] 10.4.3.158 () {68 vars in 1499 bytes} [Fri Jun 19 21:46:11 2026] GET /placement/allocations/d65614f7-fb4c-4ab7-9d70-36af29efbcb9 => generated 244 bytes in 14 msecs (HTTP/1.1 200) 8 headers in 296 bytes (1 switches on core 0)
Jun 19 21:46:11.254819 np0000003317 devstack@placement-api.service[89213]: DEBUG placement.requestlog [req-8f51fba3-3a82-4275-bcfd-1e33175a7572 req-6957db64-ddfb-40b1-b2c4-dbc0726d0172 None None] Starting request: 10.4.3.158 "GET /placement/allocations/4a2249c4-d860-4345-a3db-9254addc4fad" {{(pid=89213) __call__ /opt/stack/placement/placement/requestlog.py:55}}
Jun 19 21:46:11.268800 np0000003317 devstack@placement-api.service[89213]: INFO placement.requestlog [req-8f51fba3-3a82-4275-bcfd-1e33175a7572 req-6957db64-ddfb-40b1-b2c4-dbc0726d0172 service nova] 10.4.3.158 "GET /placement/allocations/4a2249c4-d860-4345-a3db-9254addc4fad" status: 200 len: 258 microversion: 1.28
Jun 19 21:46:11.269173 np0000003317 devstack@placement-api.service[89213]: [pid: 89213|app: 0|req: 156/313] 10.4.3.158 () {68 vars in 1499 bytes} [Fri Jun 19 21:46:11 2026] GET /placement/allocations/4a2249c4-d860-4345-a3db-9254addc4fad => generated 258 bytes in 14 msecs (HTTP/1.1 200) 8 headers in 296 bytes (1 switches on core 0)
Jun 19 21:46:11.329263 np0000003317 devstack@placement-api.service[89212]: DEBUG placement.requestlog [req-8f51fba3-3a82-4275-bcfd-1e33175a7572 req-17839ad5-3983-4acd-b761-0bb3b516c30b None None] Starting request: 10.4.3.158 "GET /placement/allocations/f42d4c6e-f308-4633-bef2-f3dffe8aff97" {{(pid=89212) __call__ /opt/stack/placement/placement/requestlog.py:55}}
Jun 19 21:46:11.340562 np0000003317 devstack@placement-api.service[89212]: INFO placement.requestlog [req-8f51fba3-3a82-4275-bcfd-1e33175a7572 req-17839ad5-3983-4acd-b761-0bb3b516c30b service nova] 10.4.3.158 "GET /placement/allocations/f42d4c6e-f308-4633-bef2-f3dffe8aff97" status: 200 len: 258 microversion: 1.28
Jun 19 21:46:11.340562 np0000003317 devstack@placement-api.service[89212]: [pid: 89212|app: 0|req: 158/314] 10.4.3.158 () {68 vars in 1499 bytes} [Fri Jun 19 21:46:11 2026] GET /placement/allocations/f42d4c6e-f308-4633-bef2-f3dffe8aff97 => generated 258 bytes in 12 msecs (HTTP/1.1 200) 8 headers in 296 bytes (1 switches on core 0)
Jun 19 21:46:11.395207 np0000003317 devstack@placement-api.service[89213]: DEBUG placement.requestlog [req-8f51fba3-3a82-4275-bcfd-1e33175a7572 req-84ffb277-9605-455c-960f-874eca47c716 None None] Starting request: 10.4.3.158 "GET /placement/allocations/fc62ec54-f6e6-45f1-8da8-1693cd8a4eb0" {{(pid=89213) __call__ /opt/stack/placement/placement/requestlog.py:55}}
Jun 19 21:46:11.404964 np0000003317 devstack@placement-api.service[89213]: INFO placement.requestlog [req-8f51fba3-3a82-4275-bcfd-1e33175a7572 req-84ffb277-9605-455c-960f-874eca47c716 service nova] 10.4.3.158 "GET /placement/allocations/fc62ec54-f6e6-45f1-8da8-1693cd8a4eb0" status: 200 len: 258 microversion: 1.28
Jun 19 21:46:11.405198 np0000003317 devstack@placement-api.service[89213]: [pid: 89213|app: 0|req: 157/315] 10.4.3.158 () {68 vars in 1499 bytes} [Fri Jun 19 21:46:11 2026] GET /placement/allocations/fc62ec54-f6e6-45f1-8da8-1693cd8a4eb0 => generated 258 bytes in 10 msecs (HTTP/1.1 200) 8 headers in 296 bytes (1 switches on core 0)
Jun 19 21:46:11.440054 np0000003317 devstack@placement-api.service[89212]: DEBUG placement.requestlog [req-8f51fba3-3a82-4275-bcfd-1e33175a7572 req-c1ae4846-3a67-42f9-ae52-84d2aee4df48 None None] Starting request: 10.4.3.158 "GET /placement/allocations/ee180dcb-13aa-48f4-8dcb-81989f869590" {{(pid=89212) __call__ /opt/stack/placement/placement/requestlog.py:55}}
Jun 19 21:46:11.454626 np0000003317 devstack@placement-api.service[89212]: INFO placement.requestlog [req-8f51fba3-3a82-4275-bcfd-1e33175a7572 req-c1ae4846-3a67-42f9-ae52-84d2aee4df48 service nova] 10.4.3.158 "GET /placement/allocations/ee180dcb-13aa-48f4-8dcb-81989f869590" status: 200 len: 244 microversion: 1.28
Jun 19 21:46:11.455996 np0000003317 devstack@placement-api.service[89212]: [pid: 89212|app: 0|req: 159/316] 10.4.3.158 () {68 vars in 1499 bytes} [Fri Jun 19 21:46:11 2026] GET /placement/allocations/ee180dcb-13aa-48f4-8dcb-81989f869590 => generated 244 bytes in 15 msecs (HTTP/1.1 200) 8 headers in 296 bytes (1 switches on core 0)
Jun 19 21:46:11.489464 np0000003317 devstack@placement-api.service[89213]: DEBUG placement.requestlog [req-5acb8b42-9195-4f4f-838f-af56693b9be5 req-ba1c3143-e411-4e87-80bb-80a557550946 None None] Starting request: 10.4.3.158 "GET /placement/allocations/fa3efb3f-30fe-4cf8-afc4-421c5c1f083d" {{(pid=89213) __call__ /opt/stack/placement/placement/requestlog.py:55}}
Jun 19 21:46:11.497504 np0000003317 devstack@placement-api.service[89212]: DEBUG placement.requestlog [req-8f51fba3-3a82-4275-bcfd-1e33175a7572 req-1a4d44ea-13bd-4968-8b36-e192a8f12613 None None] Starting request: 10.4.3.158 "GET /placement/allocations/4b3a3511-f3aa-4f0c-8b89-776abc332594" {{(pid=89212) __call__ /opt/stack/placement/placement/requestlog.py:55}}
Jun 19 21:46:11.502309 np0000003317 devstack@placement-api.service[89213]: INFO placement.requestlog [req-5acb8b42-9195-4f4f-838f-af56693b9be5 req-ba1c3143-e411-4e87-80bb-80a557550946 service nova] 10.4.3.158 "GET /placement/allocations/fa3efb3f-30fe-4cf8-afc4-421c5c1f083d" status: 200 len: 258 microversion: 1.28
Jun 19 21:46:11.503032 np0000003317 devstack@placement-api.service[89213]: [pid: 89213|app: 0|req: 158/317] 10.4.3.158 () {68 vars in 1499 bytes} [Fri Jun 19 21:46:11 2026] GET /placement/allocations/fa3efb3f-30fe-4cf8-afc4-421c5c1f083d => generated 258 bytes in 14 msecs (HTTP/1.1 200) 8 headers in 296 bytes (1 switches on core 0)
Jun 19 21:46:11.509792 np0000003317 devstack@placement-api.service[89212]: INFO placement.requestlog [req-8f51fba3-3a82-4275-bcfd-1e33175a7572 req-1a4d44ea-13bd-4968-8b36-e192a8f12613 service nova] 10.4.3.158 "GET /placement/allocations/4b3a3511-f3aa-4f0c-8b89-776abc332594" status: 200 len: 258 microversion: 1.28
Jun 19 21:46:11.509792 np0000003317 devstack@placement-api.service[89212]: [pid: 89212|app: 0|req: 160/318] 10.4.3.158 () {68 vars in 1499 bytes} [Fri Jun 19 21:46:11 2026] GET /placement/allocations/4b3a3511-f3aa-4f0c-8b89-776abc332594 => generated 258 bytes in 14 msecs (HTTP/1.1 200) 8 headers in 296 bytes (2 switches on core 0)
Jun 19 21:46:12.450176 np0000003317 devstack@placement-api.service[89213]: DEBUG placement.requestlog [req-77e74d9b-c880-4546-9725-00e5ed7c4601 req-b0eba536-2351-462a-b7c4-0bf9beb4aeda None None] Starting request: 10.4.3.158 "GET /placement/allocations/cb9f4cb2-16bc-4472-9182-305efb8f6f34" {{(pid=89213) __call__ /opt/stack/placement/placement/requestlog.py:55}}
Jun 19 21:46:12.460321 np0000003317 devstack@placement-api.service[89213]: INFO placement.requestlog [req-77e74d9b-c880-4546-9725-00e5ed7c4601 req-b0eba536-2351-462a-b7c4-0bf9beb4aeda service nova] 10.4.3.158 "GET /placement/allocations/cb9f4cb2-16bc-4472-9182-305efb8f6f34" status: 200 len: 258 microversion: 1.28
Jun 19 21:46:12.460586 np0000003317 devstack@placement-api.service[89213]: [pid: 89213|app: 0|req: 159/319] 10.4.3.158 () {68 vars in 1499 bytes} [Fri Jun 19 21:46:12 2026] GET /placement/allocations/cb9f4cb2-16bc-4472-9182-305efb8f6f34 => generated 258 bytes in 10 msecs (HTTP/1.1 200) 8 headers in 296 bytes (1 switches on core 0)
Jun 19 21:46:13.664798 np0000003317 devstack@placement-api.service[89212]: DEBUG placement.requestlog [req-5acb8b42-9195-4f4f-838f-af56693b9be5 req-bdb6160c-ea0e-480a-9ce0-f11e138c0399 None None] Starting request: 10.4.3.158 "GET /placement/resource_providers/9f422e7d-a2c8-4e74-b2b3-99e0c11a38f8/allocations" {{(pid=89212) __call__ /opt/stack/placement/placement/requestlog.py:55}}
Jun 19 21:46:13.688421 np0000003317 devstack@placement-api.service[89212]: INFO placement.requestlog [req-5acb8b42-9195-4f4f-838f-af56693b9be5 req-bdb6160c-ea0e-480a-9ce0-f11e138c0399 service nova] 10.4.3.158 "GET /placement/resource_providers/9f422e7d-a2c8-4e74-b2b3-99e0c11a38f8/allocations" status: 200 len: 1125 microversion: 1.0
Jun 19 21:46:13.688421 np0000003317 devstack@placement-api.service[89212]: [pid: 89212|app: 0|req: 161/320] 10.4.3.158 () {66 vars in 1512 bytes} [Fri Jun 19 21:46:13 2026] GET /placement/resource_providers/9f422e7d-a2c8-4e74-b2b3-99e0c11a38f8/allocations => generated 1125 bytes in 24 msecs (HTTP/1.1 200) 6 headers in 225 bytes (1 switches on core 0)
Jun 19 21:46:13.740223 np0000003317 devstack@placement-api.service[89213]: DEBUG placement.requestlog [req-5acb8b42-9195-4f4f-838f-af56693b9be5 req-20c0383c-f496-4338-853a-720b136520cb None None] Starting request: 10.4.3.158 "GET /placement/allocations/95126f95-bf12-48ed-9868-b7a189c0c522" {{(pid=89213) __call__ /opt/stack/placement/placement/requestlog.py:55}}
Jun 19 21:46:13.758784 np0000003317 devstack@placement-api.service[89213]: INFO placement.requestlog [req-5acb8b42-9195-4f4f-838f-af56693b9be5 req-20c0383c-f496-4338-853a-720b136520cb service nova] 10.4.3.158 "GET /placement/allocations/95126f95-bf12-48ed-9868-b7a189c0c522" status: 200 len: 258 microversion: 1.28
Jun 19 21:46:13.759033 np0000003317 devstack@placement-api.service[89213]: [pid: 89213|app: 0|req: 160/321] 10.4.3.158 () {68 vars in 1499 bytes} [Fri Jun 19 21:46:13 2026] GET /placement/allocations/95126f95-bf12-48ed-9868-b7a189c0c522 => generated 258 bytes in 19 msecs (HTTP/1.1 200) 8 headers in 296 bytes (1 switches on core 0)
Jun 19 21:46:13.807422 np0000003317 devstack@placement-api.service[89212]: DEBUG placement.requestlog [req-5acb8b42-9195-4f4f-838f-af56693b9be5 req-f1e5a1ba-cb55-4276-ac10-b23e68854d73 None None] Starting request: 10.4.3.158 "GET /placement/allocations/cb9f4cb2-16bc-4472-9182-305efb8f6f34" {{(pid=89212) __call__ /opt/stack/placement/placement/requestlog.py:55}}
Jun 19 21:46:13.823514 np0000003317 devstack@placement-api.service[89212]: INFO placement.requestlog [req-5acb8b42-9195-4f4f-838f-af56693b9be5 req-f1e5a1ba-cb55-4276-ac10-b23e68854d73 service nova] 10.4.3.158 "GET /placement/allocations/cb9f4cb2-16bc-4472-9182-305efb8f6f34" status: 200 len: 258 microversion: 1.28
Jun 19 21:46:13.824100 np0000003317 devstack@placement-api.service[89212]: [pid: 89212|app: 0|req: 162/322] 10.4.3.158 () {68 vars in 1499 bytes} [Fri Jun 19 21:46:13 2026] GET /placement/allocations/cb9f4cb2-16bc-4472-9182-305efb8f6f34 => generated 258 bytes in 17 msecs (HTTP/1.1 200) 8 headers in 296 bytes (2 switches on core 0)
Jun 19 21:46:13.864331 np0000003317 devstack@placement-api.service[89213]: DEBUG placement.requestlog [req-5acb8b42-9195-4f4f-838f-af56693b9be5 req-430c35c6-9460-493a-a9ad-98fc99c484d2 None None] Starting request: 10.4.3.158 "GET /placement/allocations/fa3efb3f-30fe-4cf8-afc4-421c5c1f083d" {{(pid=89213) __call__ /opt/stack/placement/placement/requestlog.py:55}}
Jun 19 21:46:13.879611 np0000003317 devstack@placement-api.service[89213]: INFO placement.requestlog [req-5acb8b42-9195-4f4f-838f-af56693b9be5 req-430c35c6-9460-493a-a9ad-98fc99c484d2 service nova] 10.4.3.158 "GET /placement/allocations/fa3efb3f-30fe-4cf8-afc4-421c5c1f083d" status: 200 len: 258 microversion: 1.28
Jun 19 21:46:13.879952 np0000003317 devstack@placement-api.service[89213]: [pid: 89213|app: 0|req: 161/323] 10.4.3.158 () {68 vars in 1499 bytes} [Fri Jun 19 21:46:13 2026] GET /placement/allocations/fa3efb3f-30fe-4cf8-afc4-421c5c1f083d => generated 258 bytes in 15 msecs (HTTP/1.1 200) 8 headers in 296 bytes (1 switches on core 0)
Jun 19 21:46:13.918622 np0000003317 devstack@placement-api.service[89212]: DEBUG placement.requestlog [req-5acb8b42-9195-4f4f-838f-af56693b9be5 req-06563779-cd5a-4eaf-bcb3-bf3ff84fe21b None None] Starting request: 10.4.3.158 "GET /placement/allocations/7c015696-b687-4494-b0e0-23b652ab69de" {{(pid=89212) __call__ /opt/stack/placement/placement/requestlog.py:55}}
Jun 19 21:46:13.936544 np0000003317 devstack@placement-api.service[89212]: INFO placement.requestlog [req-5acb8b42-9195-4f4f-838f-af56693b9be5 req-06563779-cd5a-4eaf-bcb3-bf3ff84fe21b service nova] 10.4.3.158 "GET /placement/allocations/7c015696-b687-4494-b0e0-23b652ab69de" status: 200 len: 258 microversion: 1.28
Jun 19 21:46:13.937039 np0000003317 devstack@placement-api.service[89212]: [pid: 89212|app: 0|req: 163/324] 10.4.3.158 () {68 vars in 1499 bytes} [Fri Jun 19 21:46:13 2026] GET /placement/allocations/7c015696-b687-4494-b0e0-23b652ab69de => generated 258 bytes in 18 msecs (HTTP/1.1 200) 8 headers in 296 bytes (1 switches on core 0)
Jun 19 21:46:14.007728 np0000003317 devstack@placement-api.service[89213]: DEBUG placement.requestlog [req-5acb8b42-9195-4f4f-838f-af56693b9be5 req-b1f15485-b5cb-4a75-9019-4c82fc0f60af None None] Starting request: 10.4.3.158 "GET /placement/allocations/49df7fea-a49a-49ec-817f-6161704a91aa" {{(pid=89213) __call__ /opt/stack/placement/placement/requestlog.py:55}}
Jun 19 21:46:14.017011 np0000003317 devstack@placement-api.service[89213]: INFO placement.requestlog [req-5acb8b42-9195-4f4f-838f-af56693b9be5 req-b1f15485-b5cb-4a75-9019-4c82fc0f60af service nova] 10.4.3.158 "GET /placement/allocations/49df7fea-a49a-49ec-817f-6161704a91aa" status: 200 len: 258 microversion: 1.28
Jun 19 21:46:14.017265 np0000003317 devstack@placement-api.service[89213]: [pid: 89213|app: 0|req: 162/325] 10.4.3.158 () {68 vars in 1499 bytes} [Fri Jun 19 21:46:14 2026] GET /placement/allocations/49df7fea-a49a-49ec-817f-6161704a91aa => generated 258 bytes in 10 msecs (HTTP/1.1 200) 8 headers in 296 bytes (1 switches on core 0)
Jun 19 21:46:14.070047 np0000003317 devstack@placement-api.service[89212]: DEBUG placement.requestlog [req-5acb8b42-9195-4f4f-838f-af56693b9be5 req-087e92e5-4491-4f21-8ba2-5d875aee98c4 None None] Starting request: 10.4.3.158 "GET /placement/allocations/d65614f7-fb4c-4ab7-9d70-36af29efbcb9" {{(pid=89212) __call__ /opt/stack/placement/placement/requestlog.py:55}}
Jun 19 21:46:14.085913 np0000003317 devstack@placement-api.service[89212]: INFO placement.requestlog [req-5acb8b42-9195-4f4f-838f-af56693b9be5 req-087e92e5-4491-4f21-8ba2-5d875aee98c4 service nova] 10.4.3.158 "GET /placement/allocations/d65614f7-fb4c-4ab7-9d70-36af29efbcb9" status: 200 len: 244 microversion: 1.28
Jun 19 21:46:14.086194 np0000003317 devstack@placement-api.service[89212]: [pid: 89212|app: 0|req: 164/326] 10.4.3.158 () {68 vars in 1499 bytes} [Fri Jun 19 21:46:14 2026] GET /placement/allocations/d65614f7-fb4c-4ab7-9d70-36af29efbcb9 => generated 244 bytes in 18 msecs (HTTP/1.1 200) 8 headers in 296 bytes (1 switches on core 0)
Jun 19 21:46:14.140684 np0000003317 devstack@placement-api.service[89213]: DEBUG placement.requestlog [req-5acb8b42-9195-4f4f-838f-af56693b9be5 req-66570555-e092-498c-b0d2-7f61a4623bd5 None None] Starting request: 10.4.3.158 "GET /placement/allocations/4a2249c4-d860-4345-a3db-9254addc4fad" {{(pid=89213) __call__ /opt/stack/placement/placement/requestlog.py:55}}
Jun 19 21:46:14.155185 np0000003317 devstack@placement-api.service[89213]: INFO placement.requestlog [req-5acb8b42-9195-4f4f-838f-af56693b9be5 req-66570555-e092-498c-b0d2-7f61a4623bd5 service nova] 10.4.3.158 "GET /placement/allocations/4a2249c4-d860-4345-a3db-9254addc4fad" status: 200 len: 258 microversion: 1.28
Jun 19 21:46:14.155777 np0000003317 devstack@placement-api.service[89213]: [pid: 89213|app: 0|req: 163/327] 10.4.3.158 () {68 vars in 1499 bytes} [Fri Jun 19 21:46:14 2026] GET /placement/allocations/4a2249c4-d860-4345-a3db-9254addc4fad => generated 258 bytes in 15 msecs (HTTP/1.1 200) 8 headers in 296 bytes (1 switches on core 0)
Jun 19 21:46:14.203308 np0000003317 devstack@placement-api.service[89212]: DEBUG placement.requestlog [req-5acb8b42-9195-4f4f-838f-af56693b9be5 req-ea98a875-8f65-42c6-9099-c23d689b45e3 None None] Starting request: 10.4.3.158 "GET /placement/allocations/f42d4c6e-f308-4633-bef2-f3dffe8aff97" {{(pid=89212) __call__ /opt/stack/placement/placement/requestlog.py:55}}
Jun 19 21:46:14.220541 np0000003317 devstack@placement-api.service[89212]: INFO placement.requestlog [req-5acb8b42-9195-4f4f-838f-af56693b9be5 req-ea98a875-8f65-42c6-9099-c23d689b45e3 service nova] 10.4.3.158 "GET /placement/allocations/f42d4c6e-f308-4633-bef2-f3dffe8aff97" status: 200 len: 258 microversion: 1.28
Jun 19 21:46:14.220541 np0000003317 devstack@placement-api.service[89212]: [pid: 89212|app: 0|req: 165/328] 10.4.3.158 () {68 vars in 1499 bytes} [Fri Jun 19 21:46:14 2026] GET /placement/allocations/f42d4c6e-f308-4633-bef2-f3dffe8aff97 => generated 258 bytes in 15 msecs (HTTP/1.1 200) 8 headers in 296 bytes (1 switches on core 0)
Jun 19 21:46:14.264592 np0000003317 devstack@placement-api.service[89213]: DEBUG placement.requestlog [req-5acb8b42-9195-4f4f-838f-af56693b9be5 req-0fb30c1a-66e1-4182-890e-7c85f85589d8 None None] Starting request: 10.4.3.158 "GET /placement/allocations/fc62ec54-f6e6-45f1-8da8-1693cd8a4eb0" {{(pid=89213) __call__ /opt/stack/placement/placement/requestlog.py:55}}
Jun 19 21:46:14.283818 np0000003317 devstack@placement-api.service[89213]: INFO placement.requestlog [req-5acb8b42-9195-4f4f-838f-af56693b9be5 req-0fb30c1a-66e1-4182-890e-7c85f85589d8 service nova] 10.4.3.158 "GET /placement/allocations/fc62ec54-f6e6-45f1-8da8-1693cd8a4eb0" status: 200 len: 258 microversion: 1.28
Jun 19 21:46:14.284190 np0000003317 devstack@placement-api.service[89213]: [pid: 89213|app: 0|req: 164/329] 10.4.3.158 () {68 vars in 1499 bytes} [Fri Jun 19 21:46:14 2026] GET /placement/allocations/fc62ec54-f6e6-45f1-8da8-1693cd8a4eb0 => generated 258 bytes in 20 msecs (HTTP/1.1 200) 8 headers in 296 bytes (1 switches on core 0)
Jun 19 21:46:14.324872 np0000003317 devstack@placement-api.service[89212]: DEBUG placement.requestlog [req-5acb8b42-9195-4f4f-838f-af56693b9be5 req-5ccffcf4-7614-4bc0-86f2-1631a892e4de None None] Starting request: 10.4.3.158 "GET /placement/allocations/ee180dcb-13aa-48f4-8dcb-81989f869590" {{(pid=89212) __call__ /opt/stack/placement/placement/requestlog.py:55}}
Jun 19 21:46:14.338934 np0000003317 devstack@placement-api.service[89212]: INFO placement.requestlog [req-5acb8b42-9195-4f4f-838f-af56693b9be5 req-5ccffcf4-7614-4bc0-86f2-1631a892e4de service nova] 10.4.3.158 "GET /placement/allocations/ee180dcb-13aa-48f4-8dcb-81989f869590" status: 200 len: 244 microversion: 1.28
Jun 19 21:46:14.338934 np0000003317 devstack@placement-api.service[89212]: [pid: 89212|app: 0|req: 166/330] 10.4.3.158 () {68 vars in 1499 bytes} [Fri Jun 19 21:46:14 2026] GET /placement/allocations/ee180dcb-13aa-48f4-8dcb-81989f869590 => generated 244 bytes in 13 msecs (HTTP/1.1 200) 8 headers in 296 bytes (1 switches on core 0)
Jun 19 21:46:14.394622 np0000003317 devstack@placement-api.service[89213]: DEBUG placement.requestlog [req-5acb8b42-9195-4f4f-838f-af56693b9be5 req-c84326b7-58ad-479c-93fa-f43274a82fc6 None None] Starting request: 10.4.3.158 "GET /placement/allocations/4b3a3511-f3aa-4f0c-8b89-776abc332594" {{(pid=89213) __call__ /opt/stack/placement/placement/requestlog.py:55}}
Jun 19 21:46:14.405264 np0000003317 devstack@placement-api.service[89213]: INFO placement.requestlog [req-5acb8b42-9195-4f4f-838f-af56693b9be5 req-c84326b7-58ad-479c-93fa-f43274a82fc6 service nova] 10.4.3.158 "GET /placement/allocations/4b3a3511-f3aa-4f0c-8b89-776abc332594" status: 200 len: 258 microversion: 1.28
Jun 19 21:46:14.405506 np0000003317 devstack@placement-api.service[89213]: [pid: 89213|app: 0|req: 165/331] 10.4.3.158 () {68 vars in 1499 bytes} [Fri Jun 19 21:46:14 2026] GET /placement/allocations/4b3a3511-f3aa-4f0c-8b89-776abc332594 => generated 258 bytes in 13 msecs (HTTP/1.1 200) 8 headers in 296 bytes (1 switches on core 0)
Jun 19 21:46:16.524211 np0000003317 devstack@placement-api.service[89212]: DEBUG placement.requestlog [req-77e74d9b-c880-4546-9725-00e5ed7c4601 req-83d52156-7950-4c4c-87df-99e8951b4245 None None] Starting request: 10.4.3.158 "GET /placement/resource_providers/9f422e7d-a2c8-4e74-b2b3-99e0c11a38f8/allocations" {{(pid=89212) __call__ /opt/stack/placement/placement/requestlog.py:55}}
Jun 19 21:46:16.536899 np0000003317 devstack@placement-api.service[89212]: INFO placement.requestlog [req-77e74d9b-c880-4546-9725-00e5ed7c4601 req-83d52156-7950-4c4c-87df-99e8951b4245 service nova] 10.4.3.158 "GET /placement/resource_providers/9f422e7d-a2c8-4e74-b2b3-99e0c11a38f8/allocations" status: 200 len: 1125 microversion: 1.0
Jun 19 21:46:16.537281 np0000003317 devstack@placement-api.service[89212]: [pid: 89212|app: 0|req: 167/332] 10.4.3.158 () {66 vars in 1512 bytes} [Fri Jun 19 21:46:16 2026] GET /placement/resource_providers/9f422e7d-a2c8-4e74-b2b3-99e0c11a38f8/allocations => generated 1125 bytes in 13 msecs (HTTP/1.1 200) 6 headers in 225 bytes (1 switches on core 0)
Jun 19 21:46:16.583153 np0000003317 devstack@placement-api.service[89213]: DEBUG placement.requestlog [req-77e74d9b-c880-4546-9725-00e5ed7c4601 req-180200ef-c138-487a-b662-eebfe47308a5 None None] Starting request: 10.4.3.158 "GET /placement/allocations/95126f95-bf12-48ed-9868-b7a189c0c522" {{(pid=89213) __call__ /opt/stack/placement/placement/requestlog.py:55}}
Jun 19 21:46:16.595830 np0000003317 devstack@placement-api.service[89213]: INFO placement.requestlog [req-77e74d9b-c880-4546-9725-00e5ed7c4601 req-180200ef-c138-487a-b662-eebfe47308a5 service nova] 10.4.3.158 "GET /placement/allocations/95126f95-bf12-48ed-9868-b7a189c0c522" status: 200 len: 258 microversion: 1.28
Jun 19 21:46:16.596139 np0000003317 devstack@placement-api.service[89213]: [pid: 89213|app: 0|req: 166/333] 10.4.3.158 () {68 vars in 1499 bytes} [Fri Jun 19 21:46:16 2026] GET /placement/allocations/95126f95-bf12-48ed-9868-b7a189c0c522 => generated 258 bytes in 13 msecs (HTTP/1.1 200) 8 headers in 296 bytes (1 switches on core 0)
Jun 19 21:46:16.625651 np0000003317 devstack@placement-api.service[89212]: DEBUG placement.requestlog [req-77e74d9b-c880-4546-9725-00e5ed7c4601 req-4eddda02-bd3f-449a-a590-3e1a95632132 None None] Starting request: 10.4.3.158 "GET /placement/allocations/cb9f4cb2-16bc-4472-9182-305efb8f6f34" {{(pid=89212) __call__ /opt/stack/placement/placement/requestlog.py:55}}
Jun 19 21:46:16.635818 np0000003317 devstack@placement-api.service[89212]: INFO placement.requestlog [req-77e74d9b-c880-4546-9725-00e5ed7c4601 req-4eddda02-bd3f-449a-a590-3e1a95632132 service nova] 10.4.3.158 "GET /placement/allocations/cb9f4cb2-16bc-4472-9182-305efb8f6f34" status: 200 len: 258 microversion: 1.28
Jun 19 21:46:16.636279 np0000003317 devstack@placement-api.service[89212]: [pid: 89212|app: 0|req: 168/334] 10.4.3.158 () {68 vars in 1499 bytes} [Fri Jun 19 21:46:16 2026] GET /placement/allocations/cb9f4cb2-16bc-4472-9182-305efb8f6f34 => generated 258 bytes in 11 msecs (HTTP/1.1 200) 8 headers in 296 bytes (1 switches on core 0)
Jun 19 21:46:16.673945 np0000003317 devstack@placement-api.service[89213]: DEBUG placement.requestlog [req-77e74d9b-c880-4546-9725-00e5ed7c4601 req-b90d8b1a-645d-4e68-a5e9-7b3a857a76c1 None None] Starting request: 10.4.3.158 "GET /placement/allocations/fa3efb3f-30fe-4cf8-afc4-421c5c1f083d" {{(pid=89213) __call__ /opt/stack/placement/placement/requestlog.py:55}}
Jun 19 21:46:16.685175 np0000003317 devstack@placement-api.service[89213]: INFO placement.requestlog [req-77e74d9b-c880-4546-9725-00e5ed7c4601 req-b90d8b1a-645d-4e68-a5e9-7b3a857a76c1 service nova] 10.4.3.158 "GET /placement/allocations/fa3efb3f-30fe-4cf8-afc4-421c5c1f083d" status: 200 len: 258 microversion: 1.28
Jun 19 21:46:16.685175 np0000003317 devstack@placement-api.service[89213]: [pid: 89213|app: 0|req: 167/335] 10.4.3.158 () {68 vars in 1499 bytes} [Fri Jun 19 21:46:16 2026] GET /placement/allocations/fa3efb3f-30fe-4cf8-afc4-421c5c1f083d => generated 258 bytes in 11 msecs (HTTP/1.1 200) 8 headers in 296 bytes (1 switches on core 0)
Jun 19 21:46:16.716298 np0000003317 devstack@placement-api.service[89212]: DEBUG placement.requestlog [req-77e74d9b-c880-4546-9725-00e5ed7c4601 req-456b7460-e290-45ea-9b8c-e1bcc12f4ede None None] Starting request: 10.4.3.158 "GET /placement/allocations/7c015696-b687-4494-b0e0-23b652ab69de" {{(pid=89212) __call__ /opt/stack/placement/placement/requestlog.py:55}}
Jun 19 21:46:16.730782 np0000003317 devstack@placement-api.service[89212]: INFO placement.requestlog [req-77e74d9b-c880-4546-9725-00e5ed7c4601 req-456b7460-e290-45ea-9b8c-e1bcc12f4ede service nova] 10.4.3.158 "GET /placement/allocations/7c015696-b687-4494-b0e0-23b652ab69de" status: 200 len: 258 microversion: 1.28
Jun 19 21:46:16.732713 np0000003317 devstack@placement-api.service[89212]: [pid: 89212|app: 0|req: 169/336] 10.4.3.158 () {68 vars in 1499 bytes} [Fri Jun 19 21:46:16 2026] GET /placement/allocations/7c015696-b687-4494-b0e0-23b652ab69de => generated 258 bytes in 17 msecs (HTTP/1.1 200) 8 headers in 296 bytes (1 switches on core 0)
Jun 19 21:46:16.765966 np0000003317 devstack@placement-api.service[89213]: DEBUG placement.requestlog [req-d60b309b-49c5-4790-9b52-545d3ce4d1f6 req-a9af2c59-671b-4f7e-999b-0379aa1a155c None None] Starting request: 10.4.3.158 "GET /placement/allocation_candidates?limit=1000&resources=DISK_GB%3A1%2CMEMORY_MB%3A192%2CVCPU%3A1&root_required=%21COMPUTE_STATUS_DISABLED" {{(pid=89213) __call__ /opt/stack/placement/placement/requestlog.py:55}}
Jun 19 21:46:16.773012 np0000003317 devstack@placement-api.service[89212]: DEBUG placement.requestlog [req-77e74d9b-c880-4546-9725-00e5ed7c4601 req-40db7d28-0d8a-4af9-ac2c-95431b776d4f None None] Starting request: 10.4.3.158 "GET /placement/allocations/49df7fea-a49a-49ec-817f-6161704a91aa" {{(pid=89212) __call__ /opt/stack/placement/placement/requestlog.py:55}}
Jun 19 21:46:16.788457 np0000003317 devstack@placement-api.service[89212]: INFO placement.requestlog [req-77e74d9b-c880-4546-9725-00e5ed7c4601 req-40db7d28-0d8a-4af9-ac2c-95431b776d4f service nova] 10.4.3.158 "GET /placement/allocations/49df7fea-a49a-49ec-817f-6161704a91aa" status: 200 len: 258 microversion: 1.28
Jun 19 21:46:16.788581 np0000003317 devstack@placement-api.service[89213]: DEBUG placement.objects.research_context [req-d60b309b-49c5-4790-9b52-545d3ce4d1f6 req-a9af2c59-671b-4f7e-999b-0379aa1a155c service nova] getting providers with 1 DISK_GB {{(pid=89213) __init__ /opt/stack/placement/placement/objects/research_context.py:137}}
Jun 19 21:46:16.789189 np0000003317 devstack@placement-api.service[89212]: [pid: 89212|app: 0|req: 170/337] 10.4.3.158 () {68 vars in 1499 bytes} [Fri Jun 19 21:46:16 2026] GET /placement/allocations/49df7fea-a49a-49ec-817f-6161704a91aa => generated 258 bytes in 16 msecs (HTTP/1.1 200) 8 headers in 296 bytes (1 switches on core 0)
Jun 19 21:46:16.792953 np0000003317 devstack@placement-api.service[89213]: DEBUG placement.objects.research_context [req-d60b309b-49c5-4790-9b52-545d3ce4d1f6 req-a9af2c59-671b-4f7e-999b-0379aa1a155c service nova] getting providers with 192 MEMORY_MB {{(pid=89213) __init__ /opt/stack/placement/placement/objects/research_context.py:137}}
Jun 19 21:46:16.801719 np0000003317 devstack@placement-api.service[89213]: DEBUG placement.objects.research_context [req-d60b309b-49c5-4790-9b52-545d3ce4d1f6 req-a9af2c59-671b-4f7e-999b-0379aa1a155c service nova] getting providers with 1 VCPU {{(pid=89213) __init__ /opt/stack/placement/placement/objects/research_context.py:137}}
Jun 19 21:46:16.808190 np0000003317 devstack@placement-api.service[89213]: DEBUG placement.objects.research_context [req-d60b309b-49c5-4790-9b52-545d3ce4d1f6 req-a9af2c59-671b-4f7e-999b-0379aa1a155c service nova] found 1 providers with available 1 DISK_GB {{(pid=89213) get_provider_ids_matching /opt/stack/placement/placement/objects/research_context.py:563}}
Jun 19 21:46:16.808893 np0000003317 devstack@placement-api.service[89213]: DEBUG placement.objects.research_context [req-d60b309b-49c5-4790-9b52-545d3ce4d1f6 req-a9af2c59-671b-4f7e-999b-0379aa1a155c service nova] found 1 providers with available 192 MEMORY_MB {{(pid=89213) get_provider_ids_matching /opt/stack/placement/placement/objects/research_context.py:563}}
Jun 19 21:46:16.810102 np0000003317 devstack@placement-api.service[89213]: DEBUG placement.objects.research_context [req-d60b309b-49c5-4790-9b52-545d3ce4d1f6 req-a9af2c59-671b-4f7e-999b-0379aa1a155c service nova] found 1 providers after filtering by previous result {{(pid=89213) get_provider_ids_matching /opt/stack/placement/placement/objects/research_context.py:594}}
