Jun 11 06:00:47.814491 np0000002570 devstack@g-api.service[102111]: DEBUG glance.api.middleware.version_negotiation [None req-a236e0df-69e0-489a-baf0-edd10918ac80 tempest-ServerBootFromVolumeStableRescueTest-426843462 tempest-ServerBootFromVolumeStableRescueTest-426843462-project-member] Determining version of request: GET /v2/images/dc1a8f5f-52e1-4bbb-b701-3e15122d8af5 Accept: */* {{(pid=102111) process_request /opt/stack/glance/glance/api/middleware/version_negotiation.py:44}}
Jun 11 06:00:47.816876 np0000002570 devstack@g-api.service[102111]: DEBUG glance.api.middleware.version_negotiation [None req-a236e0df-69e0-489a-baf0-edd10918ac80 tempest-ServerBootFromVolumeStableRescueTest-426843462 tempest-ServerBootFromVolumeStableRescueTest-426843462-project-member] Using url versioning {{(pid=102111) process_request /opt/stack/glance/glance/api/middleware/version_negotiation.py:57}}
Jun 11 06:00:47.816876 np0000002570 devstack@g-api.service[102111]: DEBUG glance.api.middleware.version_negotiation [None req-a236e0df-69e0-489a-baf0-edd10918ac80 tempest-ServerBootFromVolumeStableRescueTest-426843462 tempest-ServerBootFromVolumeStableRescueTest-426843462-project-member] Matched version: v2 {{(pid=102111) process_request /opt/stack/glance/glance/api/middleware/version_negotiation.py:69}}
Jun 11 06:00:47.816876 np0000002570 devstack@g-api.service[102111]: DEBUG glance.api.middleware.version_negotiation [None req-a236e0df-69e0-489a-baf0-edd10918ac80 tempest-ServerBootFromVolumeStableRescueTest-426843462 tempest-ServerBootFromVolumeStableRescueTest-426843462-project-member] new path /v2/images/dc1a8f5f-52e1-4bbb-b701-3e15122d8af5 {{(pid=102111) process_request /opt/stack/glance/glance/api/middleware/version_negotiation.py:70}}
Jun 11 06:00:47.834270 np0000002570 devstack@g-api.service[102111]: [pid: 102111|app: 0|req: 96/291] 127.0.0.1 () {44 vars in 1115 bytes} [Thu Jun 11 06:00:47 2026] GET /v2/images/dc1a8f5f-52e1-4bbb-b701-3e15122d8af5 => generated 1694 bytes in 20 msecs (HTTP/1.1 200) 4 headers in 158 bytes (1 switches on core 0)
Jun 11 06:00:47.905151 np0000002570 devstack@g-api.service[102109]: DEBUG glance.api.middleware.version_negotiation [None req-a236e0df-69e0-489a-baf0-edd10918ac80 tempest-ServerBootFromVolumeStableRescueTest-426843462 tempest-ServerBootFromVolumeStableRescueTest-426843462-project-member] Determining version of request: GET /v2/schemas/image Accept: */* {{(pid=102109) process_request /opt/stack/glance/glance/api/middleware/version_negotiation.py:44}}
Jun 11 06:00:47.905151 np0000002570 devstack@g-api.service[102109]: DEBUG glance.api.middleware.version_negotiation [None req-a236e0df-69e0-489a-baf0-edd10918ac80 tempest-ServerBootFromVolumeStableRescueTest-426843462 tempest-ServerBootFromVolumeStableRescueTest-426843462-project-member] Using url versioning {{(pid=102109) process_request /opt/stack/glance/glance/api/middleware/version_negotiation.py:57}}
Jun 11 06:00:47.905151 np0000002570 devstack@g-api.service[102109]: DEBUG glance.api.middleware.version_negotiation [None req-a236e0df-69e0-489a-baf0-edd10918ac80 tempest-ServerBootFromVolumeStableRescueTest-426843462 tempest-ServerBootFromVolumeStableRescueTest-426843462-project-member] Matched version: v2 {{(pid=102109) process_request /opt/stack/glance/glance/api/middleware/version_negotiation.py:69}}
Jun 11 06:00:47.905151 np0000002570 devstack@g-api.service[102109]: DEBUG glance.api.middleware.version_negotiation [None req-a236e0df-69e0-489a-baf0-edd10918ac80 tempest-ServerBootFromVolumeStableRescueTest-426843462 tempest-ServerBootFromVolumeStableRescueTest-426843462-project-member] new path /v2/schemas/image {{(pid=102109) process_request /opt/stack/glance/glance/api/middleware/version_negotiation.py:70}}
Jun 11 06:00:47.909490 np0000002570 devstack@g-api.service[102109]: [pid: 102109|app: 0|req: 100/292] 127.0.0.1 () {44 vars in 1055 bytes} [Thu Jun 11 06:00:47 2026] GET /v2/schemas/image => generated 6083 bytes in 5 msecs (HTTP/1.1 200) 4 headers in 158 bytes (1 switches on core 0)
Jun 11 06:00:48.703443 np0000002570 devstack@g-api.service[102110]: DEBUG glance.api.middleware.version_negotiation [None req-2af00835-4b0e-478c-a898-2b168b8b8715 tempest-VolumesActionsTest-1953970683 tempest-VolumesActionsTest-1953970683-project-member] Determining version of request: GET /v2/images/8a63b724-4faa-41d9-aba9-0c254a63140a Accept: application/json {{(pid=102110) process_request /opt/stack/glance/glance/api/middleware/version_negotiation.py:44}}
Jun 11 06:00:48.704056 np0000002570 devstack@g-api.service[102110]: DEBUG glance.api.middleware.version_negotiation [None req-2af00835-4b0e-478c-a898-2b168b8b8715 tempest-VolumesActionsTest-1953970683 tempest-VolumesActionsTest-1953970683-project-member] Using url versioning {{(pid=102110) process_request /opt/stack/glance/glance/api/middleware/version_negotiation.py:57}}
Jun 11 06:00:48.704272 np0000002570 devstack@g-api.service[102110]: DEBUG glance.api.middleware.version_negotiation [None req-2af00835-4b0e-478c-a898-2b168b8b8715 tempest-VolumesActionsTest-1953970683 tempest-VolumesActionsTest-1953970683-project-member] Matched version: v2 {{(pid=102110) process_request /opt/stack/glance/glance/api/middleware/version_negotiation.py:69}}
Jun 11 06:00:48.704437 np0000002570 devstack@g-api.service[102110]: DEBUG glance.api.middleware.version_negotiation [None req-2af00835-4b0e-478c-a898-2b168b8b8715 tempest-VolumesActionsTest-1953970683 tempest-VolumesActionsTest-1953970683-project-member] new path /v2/images/8a63b724-4faa-41d9-aba9-0c254a63140a {{(pid=102110) process_request /opt/stack/glance/glance/api/middleware/version_negotiation.py:70}}
Jun 11 06:00:48.716608 np0000002570 devstack@g-api.service[102110]: [pid: 102110|app: 0|req: 97/293] 127.0.0.1 () {40 vars in 838 bytes} [Thu Jun 11 06:00:48 2026] GET /v2/images/8a63b724-4faa-41d9-aba9-0c254a63140a => generated 649 bytes in 14 msecs (HTTP/1.1 200) 4 headers in 157 bytes (1 switches on core 0)
Jun 11 06:00:49.725511 np0000002570 devstack@g-api.service[102111]: DEBUG glance.api.middleware.version_negotiation [None req-a236e0df-69e0-489a-baf0-edd10918ac80 tempest-ServerBootFromVolumeStableRescueTest-426843462 tempest-ServerBootFromVolumeStableRescueTest-426843462-project-member] Determining version of request: GET /v2/images/8a63b724-4faa-41d9-aba9-0c254a63140a Accept: application/json {{(pid=102111) process_request /opt/stack/glance/glance/api/middleware/version_negotiation.py:44}}
Jun 11 06:00:49.725788 np0000002570 devstack@g-api.service[102111]: DEBUG glance.api.middleware.version_negotiation [None req-a236e0df-69e0-489a-baf0-edd10918ac80 tempest-ServerBootFromVolumeStableRescueTest-426843462 tempest-ServerBootFromVolumeStableRescueTest-426843462-project-member] Using url versioning {{(pid=102111) process_request /opt/stack/glance/glance/api/middleware/version_negotiation.py:57}}
Jun 11 06:00:49.725788 np0000002570 devstack@g-api.service[102111]: DEBUG glance.api.middleware.version_negotiation [None req-a236e0df-69e0-489a-baf0-edd10918ac80 tempest-ServerBootFromVolumeStableRescueTest-426843462 tempest-ServerBootFromVolumeStableRescueTest-426843462-project-member] Matched version: v2 {{(pid=102111) process_request /opt/stack/glance/glance/api/middleware/version_negotiation.py:69}}
Jun 11 06:00:49.725858 np0000002570 devstack@g-api.service[102111]: DEBUG glance.api.middleware.version_negotiation [None req-a236e0df-69e0-489a-baf0-edd10918ac80 tempest-ServerBootFromVolumeStableRescueTest-426843462 tempest-ServerBootFromVolumeStableRescueTest-426843462-project-member] new path /v2/images/8a63b724-4faa-41d9-aba9-0c254a63140a {{(pid=102111) process_request /opt/stack/glance/glance/api/middleware/version_negotiation.py:70}}
Jun 11 06:00:49.736181 np0000002570 devstack@g-api.service[102111]: [pid: 102111|app: 0|req: 97/294] 127.0.0.1 () {40 vars in 838 bytes} [Thu Jun 11 06:00:49 2026] GET /v2/images/8a63b724-4faa-41d9-aba9-0c254a63140a => generated 649 bytes in 11 msecs (HTTP/1.1 200) 4 headers in 157 bytes (1 switches on core 0)
Jun 11 06:00:50.747987 np0000002570 devstack@g-api.service[102109]: DEBUG glance.api.middleware.version_negotiation [None req-a236e0df-69e0-489a-baf0-edd10918ac80 tempest-ServerBootFromVolumeStableRescueTest-426843462 tempest-ServerBootFromVolumeStableRescueTest-426843462-project-member] Determining version of request: GET /v2/images/8a63b724-4faa-41d9-aba9-0c254a63140a Accept: application/json {{(pid=102109) process_request /opt/stack/glance/glance/api/middleware/version_negotiation.py:44}}
Jun 11 06:00:50.747987 np0000002570 devstack@g-api.service[102109]: DEBUG glance.api.middleware.version_negotiation [None req-a236e0df-69e0-489a-baf0-edd10918ac80 tempest-ServerBootFromVolumeStableRescueTest-426843462 tempest-ServerBootFromVolumeStableRescueTest-426843462-project-member] Using url versioning {{(pid=102109) process_request /opt/stack/glance/glance/api/middleware/version_negotiation.py:57}}
Jun 11 06:00:50.747987 np0000002570 devstack@g-api.service[102109]: DEBUG glance.api.middleware.version_negotiation [None req-a236e0df-69e0-489a-baf0-edd10918ac80 tempest-ServerBootFromVolumeStableRescueTest-426843462 tempest-ServerBootFromVolumeStableRescueTest-426843462-project-member] Matched version: v2 {{(pid=102109) process_request /opt/stack/glance/glance/api/middleware/version_negotiation.py:69}}
Jun 11 06:00:50.747987 np0000002570 devstack@g-api.service[102109]: DEBUG glance.api.middleware.version_negotiation [None req-a236e0df-69e0-489a-baf0-edd10918ac80 tempest-ServerBootFromVolumeStableRescueTest-426843462 tempest-ServerBootFromVolumeStableRescueTest-426843462-project-member] new path /v2/images/8a63b724-4faa-41d9-aba9-0c254a63140a {{(pid=102109) process_request /opt/stack/glance/glance/api/middleware/version_negotiation.py:70}}
Jun 11 06:00:50.758278 np0000002570 devstack@g-api.service[102109]: [pid: 102109|app: 0|req: 101/295] 127.0.0.1 () {40 vars in 838 bytes} [Thu Jun 11 06:00:50 2026] GET /v2/images/8a63b724-4faa-41d9-aba9-0c254a63140a => generated 649 bytes in 11 msecs (HTTP/1.1 200) 4 headers in 157 bytes (1 switches on core 0)
Jun 11 06:00:51.767118 np0000002570 devstack@g-api.service[102110]: DEBUG glance.api.middleware.version_negotiation [None req-e36d47e1-4a35-4df3-a2c0-5aecc9b269c9 tempest-VolumesActionsTest-1953970683 tempest-VolumesActionsTest-1953970683-project-member] Determining version of request: GET /v2/images/8a63b724-4faa-41d9-aba9-0c254a63140a Accept: application/json {{(pid=102110) process_request /opt/stack/glance/glance/api/middleware/version_negotiation.py:44}}
Jun 11 06:00:51.767118 np0000002570 devstack@g-api.service[102110]: DEBUG glance.api.middleware.version_negotiation [None req-e36d47e1-4a35-4df3-a2c0-5aecc9b269c9 tempest-VolumesActionsTest-1953970683 tempest-VolumesActionsTest-1953970683-project-member] Using url versioning {{(pid=102110) process_request /opt/stack/glance/glance/api/middleware/version_negotiation.py:57}}
Jun 11 06:00:51.767118 np0000002570 devstack@g-api.service[102110]: DEBUG glance.api.middleware.version_negotiation [None req-e36d47e1-4a35-4df3-a2c0-5aecc9b269c9 tempest-VolumesActionsTest-1953970683 tempest-VolumesActionsTest-1953970683-project-member] Matched version: v2 {{(pid=102110) process_request /opt/stack/glance/glance/api/middleware/version_negotiation.py:69}}
Jun 11 06:00:51.767732 np0000002570 devstack@g-api.service[102110]: DEBUG glance.api.middleware.version_negotiation [None req-e36d47e1-4a35-4df3-a2c0-5aecc9b269c9 tempest-VolumesActionsTest-1953970683 tempest-VolumesActionsTest-1953970683-project-member] new path /v2/images/8a63b724-4faa-41d9-aba9-0c254a63140a {{(pid=102110) process_request /opt/stack/glance/glance/api/middleware/version_negotiation.py:70}}
Jun 11 06:00:51.777276 np0000002570 devstack@g-api.service[102110]: [pid: 102110|app: 0|req: 98/296] 127.0.0.1 () {40 vars in 838 bytes} [Thu Jun 11 06:00:51 2026] GET /v2/images/8a63b724-4faa-41d9-aba9-0c254a63140a => generated 649 bytes in 11 msecs (HTTP/1.1 200) 4 headers in 157 bytes (1 switches on core 0)
Jun 11 06:00:52.793177 np0000002570 devstack@g-api.service[102111]: DEBUG glance.api.middleware.version_negotiation [None req-63f704d6-38e0-4d82-9186-642c6da0c32c tempest-VolumesActionsTest-1953970683 tempest-VolumesActionsTest-1953970683-project-member] Determining version of request: GET /v2/images/8a63b724-4faa-41d9-aba9-0c254a63140a Accept: application/json {{(pid=102111) process_request /opt/stack/glance/glance/api/middleware/version_negotiation.py:44}}
Jun 11 06:00:52.793500 np0000002570 devstack@g-api.service[102111]: DEBUG glance.api.middleware.version_negotiation [None req-63f704d6-38e0-4d82-9186-642c6da0c32c tempest-VolumesActionsTest-1953970683 tempest-VolumesActionsTest-1953970683-project-member] Using url versioning {{(pid=102111) process_request /opt/stack/glance/glance/api/middleware/version_negotiation.py:57}}
Jun 11 06:00:52.793578 np0000002570 devstack@g-api.service[102111]: DEBUG glance.api.middleware.version_negotiation [None req-63f704d6-38e0-4d82-9186-642c6da0c32c tempest-VolumesActionsTest-1953970683 tempest-VolumesActionsTest-1953970683-project-member] Matched version: v2 {{(pid=102111) process_request /opt/stack/glance/glance/api/middleware/version_negotiation.py:69}}
Jun 11 06:00:52.793771 np0000002570 devstack@g-api.service[102111]: DEBUG glance.api.middleware.version_negotiation [None req-63f704d6-38e0-4d82-9186-642c6da0c32c tempest-VolumesActionsTest-1953970683 tempest-VolumesActionsTest-1953970683-project-member] new path /v2/images/8a63b724-4faa-41d9-aba9-0c254a63140a {{(pid=102111) process_request /opt/stack/glance/glance/api/middleware/version_negotiation.py:70}}
Jun 11 06:00:52.815837 np0000002570 devstack@g-api.service[102111]: [pid: 102111|app: 0|req: 98/297] 127.0.0.1 () {40 vars in 838 bytes} [Thu Jun 11 06:00:52 2026] GET /v2/images/8a63b724-4faa-41d9-aba9-0c254a63140a => generated 649 bytes in 23 msecs (HTTP/1.1 200) 4 headers in 157 bytes (1 switches on core 0)
Jun 11 06:00:53.300386 np0000002570 devstack@g-api.service[102109]: DEBUG glance.api.middleware.version_negotiation [None req-f06a3065-70b2-4e45-9cf3-3c52555af439 tempest-VolumesActionsTest-1953970683 tempest-VolumesActionsTest-1953970683-project-member] Determining version of request: PUT /v2/images/8a63b724-4faa-41d9-aba9-0c254a63140a/file Accept: */* {{(pid=102109) process_request /opt/stack/glance/glance/api/middleware/version_negotiation.py:44}}
Jun 11 06:00:53.301187 np0000002570 devstack@g-api.service[102109]: DEBUG glance.api.middleware.version_negotiation [None req-f06a3065-70b2-4e45-9cf3-3c52555af439 tempest-VolumesActionsTest-1953970683 tempest-VolumesActionsTest-1953970683-project-member] Using url versioning {{(pid=102109) process_request /opt/stack/glance/glance/api/middleware/version_negotiation.py:57}}
Jun 11 06:00:53.301633 np0000002570 devstack@g-api.service[102109]: DEBUG glance.api.middleware.version_negotiation [None req-f06a3065-70b2-4e45-9cf3-3c52555af439 tempest-VolumesActionsTest-1953970683 tempest-VolumesActionsTest-1953970683-project-member] Matched version: v2 {{(pid=102109) process_request /opt/stack/glance/glance/api/middleware/version_negotiation.py:69}}
Jun 11 06:00:53.301633 np0000002570 devstack@g-api.service[102109]: DEBUG glance.api.middleware.version_negotiation [None req-f06a3065-70b2-4e45-9cf3-3c52555af439 tempest-VolumesActionsTest-1953970683 tempest-VolumesActionsTest-1953970683-project-member] new path /v2/images/8a63b724-4faa-41d9-aba9-0c254a63140a/file {{(pid=102109) process_request /opt/stack/glance/glance/api/middleware/version_negotiation.py:70}}
Jun 11 06:00:53.824312 np0000002570 devstack@g-api.service[102110]: DEBUG glance.api.middleware.version_negotiation [None req-fa5350ce-d14b-494b-84e1-d65d5ef3bfce tempest-VolumesActionsTest-1953970683 tempest-VolumesActionsTest-1953970683-project-member] Determining version of request: GET /v2/images/8a63b724-4faa-41d9-aba9-0c254a63140a Accept: application/json {{(pid=102110) process_request /opt/stack/glance/glance/api/middleware/version_negotiation.py:44}}
Jun 11 06:00:53.824738 np0000002570 devstack@g-api.service[102110]: DEBUG glance.api.middleware.version_negotiation [None req-fa5350ce-d14b-494b-84e1-d65d5ef3bfce tempest-VolumesActionsTest-1953970683 tempest-VolumesActionsTest-1953970683-project-member] Using url versioning {{(pid=102110) process_request /opt/stack/glance/glance/api/middleware/version_negotiation.py:57}}
Jun 11 06:00:53.824738 np0000002570 devstack@g-api.service[102110]: DEBUG glance.api.middleware.version_negotiation [None req-fa5350ce-d14b-494b-84e1-d65d5ef3bfce tempest-VolumesActionsTest-1953970683 tempest-VolumesActionsTest-1953970683-project-member] Matched version: v2 {{(pid=102110) process_request /opt/stack/glance/glance/api/middleware/version_negotiation.py:69}}
Jun 11 06:00:53.824738 np0000002570 devstack@g-api.service[102110]: DEBUG glance.api.middleware.version_negotiation [None req-fa5350ce-d14b-494b-84e1-d65d5ef3bfce tempest-VolumesActionsTest-1953970683 tempest-VolumesActionsTest-1953970683-project-member] new path /v2/images/8a63b724-4faa-41d9-aba9-0c254a63140a {{(pid=102110) process_request /opt/stack/glance/glance/api/middleware/version_negotiation.py:70}}
Jun 11 06:00:53.839558 np0000002570 devstack@g-api.service[102110]: [pid: 102110|app: 0|req: 99/298] 127.0.0.1 () {40 vars in 838 bytes} [Thu Jun 11 06:00:53 2026] GET /v2/images/8a63b724-4faa-41d9-aba9-0c254a63140a => generated 649 bytes in 15 msecs (HTTP/1.1 200) 4 headers in 157 bytes (1 switches on core 0)
Jun 11 06:00:53.920642 np0000002570 devstack@g-api.service[102109]: INFO glance.api.v2.image_data [None req-d99ffd92-11ef-4e70-910f-8447f26b516f tempest-VolumesActionsTest-1953970683 tempest-VolumesActionsTest-1953970683-project-member] Unable to create trust: no such option collect_timing in group [keystone_authtoken] Use the existing user token.
Jun 11 06:00:54.450758 np0000002570 devstack@g-api.service[102109]: DEBUG glance.location [None req-d99ffd92-11ef-4e70-910f-8447f26b516f tempest-VolumesActionsTest-1953970683 tempest-VolumesActionsTest-1953970683-project-member] Enabling in-flight format inspection for raw {{(pid=102109) set_data /opt/stack/glance/glance/location.py:616}}
Jun 11 06:00:54.451328 np0000002570 devstack@g-api.service[102109]: DEBUG glance_store.backend [None req-d99ffd92-11ef-4e70-910f-8447f26b516f tempest-VolumesActionsTest-1953970683 tempest-VolumesActionsTest-1953970683-project-member] Attempting to import store swift {{(pid=102109) _load_store /opt/stack/data/venv/lib/python3.12/site-packages/glance_store/backend.py:215}}
Jun 11 06:00:54.454182 np0000002570 devstack@g-api.service[102109]: DEBUG glance_store.capabilities [None req-d99ffd92-11ef-4e70-910f-8447f26b516f tempest-VolumesActionsTest-1953970683 tempest-VolumesActionsTest-1953970683-project-member] Store glance_store._drivers.swift.store.SingleTenantStore doesn't support updating dynamic storage capabilities. Please overwrite 'update_capabilities' method of the store to implement updating logics if needed. {{(pid=102109) update_capabilities /opt/stack/data/venv/lib/python3.12/site-packages/glance_store/capabilities.py:91}}
Jun 11 06:00:54.454182 np0000002570 devstack@g-api.service[102109]: DEBUG glance_store.driver [None req-d99ffd92-11ef-4e70-910f-8447f26b516f tempest-VolumesActionsTest-1953970683 tempest-VolumesActionsTest-1953970683-project-member] Late loading location class glance_store._drivers.swift.store.StoreLocation {{(pid=102109) get_store_location_class /opt/stack/data/venv/lib/python3.12/site-packages/glance_store/driver.py:134}}
Jun 11 06:00:54.454182 np0000002570 devstack@g-api.service[102109]: DEBUG glance_store.location [None req-d99ffd92-11ef-4e70-910f-8447f26b516f tempest-VolumesActionsTest-1953970683 tempest-VolumesActionsTest-1953970683-project-member] Registering scheme swift+https with {'store': , 'location_class': , 'store_entry': 'swift'} {{(pid=102109) register_scheme_map /opt/stack/data/venv/lib/python3.12/site-packages/glance_store/location.py:146}}
Jun 11 06:00:54.454182 np0000002570 devstack@g-api.service[102109]: DEBUG glance_store.location [None req-d99ffd92-11ef-4e70-910f-8447f26b516f tempest-VolumesActionsTest-1953970683 tempest-VolumesActionsTest-1953970683-project-member] Registering scheme swift+https with {'store': , 'location_class': , 'store_entry': 'swift'} {{(pid=102109) register_scheme_map /opt/stack/data/venv/lib/python3.12/site-packages/glance_store/location.py:146}}
Jun 11 06:00:54.454182 np0000002570 devstack@g-api.service[102109]: DEBUG glance_store.location [None req-d99ffd92-11ef-4e70-910f-8447f26b516f tempest-VolumesActionsTest-1953970683 tempest-VolumesActionsTest-1953970683-project-member] Registering scheme swift with {'store': , 'location_class': , 'store_entry': 'swift'} {{(pid=102109) register_scheme_map /opt/stack/data/venv/lib/python3.12/site-packages/glance_store/location.py:146}}
Jun 11 06:00:54.454507 np0000002570 devstack@g-api.service[102109]: DEBUG glance_store.location [None req-d99ffd92-11ef-4e70-910f-8447f26b516f tempest-VolumesActionsTest-1953970683 tempest-VolumesActionsTest-1953970683-project-member] Registering scheme swift+https with {'store': , 'location_class': , 'store_entry': 'swift'} {{(pid=102109) register_scheme_map /opt/stack/data/venv/lib/python3.12/site-packages/glance_store/location.py:146}}
Jun 11 06:00:54.454507 np0000002570 devstack@g-api.service[102109]: DEBUG glance_store.location [None req-d99ffd92-11ef-4e70-910f-8447f26b516f tempest-VolumesActionsTest-1953970683 tempest-VolumesActionsTest-1953970683-project-member] Registering scheme swift with {'store': , 'location_class': , 'store_entry': 'swift'} {{(pid=102109) register_scheme_map /opt/stack/data/venv/lib/python3.12/site-packages/glance_store/location.py:146}}
Jun 11 06:00:54.454507 np0000002570 devstack@g-api.service[102109]: DEBUG glance_store.location [None req-d99ffd92-11ef-4e70-910f-8447f26b516f tempest-VolumesActionsTest-1953970683 tempest-VolumesActionsTest-1953970683-project-member] Registering scheme swift+http with {'store': , 'location_class': , 'store_entry': 'swift'} {{(pid=102109) register_scheme_map /opt/stack/data/venv/lib/python3.12/site-packages/glance_store/location.py:146}}
Jun 11 06:00:54.454637 np0000002570 devstack@g-api.service[102109]: DEBUG glance_store.location [None req-d99ffd92-11ef-4e70-910f-8447f26b516f tempest-VolumesActionsTest-1953970683 tempest-VolumesActionsTest-1953970683-project-member] Registering scheme swift+https with {'store': , 'location_class': , 'store_entry': 'swift'} {{(pid=102109) register_scheme_map /opt/stack/data/venv/lib/python3.12/site-packages/glance_store/location.py:146}}
Jun 11 06:00:54.454681 np0000002570 devstack@g-api.service[102109]: DEBUG glance_store.location [None req-d99ffd92-11ef-4e70-910f-8447f26b516f tempest-VolumesActionsTest-1953970683 tempest-VolumesActionsTest-1953970683-project-member] Registering scheme swift with {'store': , 'location_class': , 'store_entry': 'swift'} {{(pid=102109) register_scheme_map /opt/stack/data/venv/lib/python3.12/site-packages/glance_store/location.py:146}}
Jun 11 06:00:54.454816 np0000002570 devstack@g-api.service[102109]: DEBUG glance_store.location [None req-d99ffd92-11ef-4e70-910f-8447f26b516f tempest-VolumesActionsTest-1953970683 tempest-VolumesActionsTest-1953970683-project-member] Registering scheme swift+http with {'store': , 'location_class': , 'store_entry': 'swift'} {{(pid=102109) register_scheme_map /opt/stack/data/venv/lib/python3.12/site-packages/glance_store/location.py:146}}
Jun 11 06:00:54.455178 np0000002570 devstack@g-api.service[102109]: DEBUG glance_store.location [None req-d99ffd92-11ef-4e70-910f-8447f26b516f tempest-VolumesActionsTest-1953970683 tempest-VolumesActionsTest-1953970683-project-member] Registering scheme swift+config with {'store': , 'location_class': , 'store_entry': 'swift'} {{(pid=102109) register_scheme_map /opt/stack/data/venv/lib/python3.12/site-packages/glance_store/location.py:146}}
Jun 11 06:00:54.689646 np0000002570 devstack@g-api.service[102109]: DEBUG swiftclient [None req-d99ffd92-11ef-4e70-910f-8447f26b516f tempest-VolumesActionsTest-1953970683 tempest-VolumesActionsTest-1953970683-project-member] REQ: curl -i https://10.4.3.213:8080/v1/AUTH_938bb8c6ed9e47a2be0e84d9a5c69c98/glance -I -H "X-Auth-Token: gAAAAABqKk8Wqfhb..." {{(pid=102109) http_log /opt/stack/data/venv/lib/python3.12/site-packages/swiftclient/client.py:160}}
Jun 11 06:00:54.690899 np0000002570 devstack@g-api.service[102109]: DEBUG swiftclient [None req-d99ffd92-11ef-4e70-910f-8447f26b516f tempest-VolumesActionsTest-1953970683 tempest-VolumesActionsTest-1953970683-project-member] RESP STATUS: 204 No Content {{(pid=102109) http_log /opt/stack/data/venv/lib/python3.12/site-packages/swiftclient/client.py:161}}
Jun 11 06:00:54.691190 np0000002570 devstack@g-api.service[102109]: DEBUG swiftclient [None req-d99ffd92-11ef-4e70-910f-8447f26b516f tempest-VolumesActionsTest-1953970683 tempest-VolumesActionsTest-1953970683-project-member] RESP HEADERS: {'Date': 'Thu, 11 Jun 2026 06:00:54 GMT', 'Server': 'Apache/2.4.58 (Ubuntu)', 'Content-Type': 'text/plain; charset=utf-8', 'X-Container-Object-Count': '7', 'X-Container-Bytes-Used': '111411200', 'X-Timestamp': '1781157180.69443', 'Last-Modified': 'Thu, 11 Jun 2026 05:53:01 GMT', 'Accept-Ranges': 'bytes', 'X-Storage-Policy': 'Policy-0', 'X-Container-Sharding': 'False', 'Vary': 'Accept', 'X-Trans-Id': 'txb5d6eb977683427a8545e-006a2a4f16', 'X-Openstack-Request-Id': 'txb5d6eb977683427a8545e-006a2a4f16', 'Connection': 'close'} {{(pid=102109) http_log /opt/stack/data/venv/lib/python3.12/site-packages/swiftclient/client.py:162}}
Jun 11 06:00:54.691801 np0000002570 devstack@g-api.service[102109]: DEBUG glance_store._drivers.swift.store [None req-d99ffd92-11ef-4e70-910f-8447f26b516f tempest-VolumesActionsTest-1953970683 tempest-VolumesActionsTest-1953970683-project-member] Adding image object '8a63b724-4faa-41d9-aba9-0c254a63140a' to Swift {{(pid=102109) add /opt/stack/data/venv/lib/python3.12/site-packages/glance_store/_drivers/swift/store.py:970}}
Jun 11 06:00:54.691801 np0000002570 devstack@g-api.service[102109]: DEBUG glance_store._drivers.swift.store [None req-d99ffd92-11ef-4e70-910f-8447f26b516f tempest-VolumesActionsTest-1953970683 tempest-VolumesActionsTest-1953970683-project-member] Cannot determine image size because it is either not provided in the request or chunked-transfer encoding is used. Adding image as a segmented object to Swift. {{(pid=102109) add /opt/stack/data/venv/lib/python3.12/site-packages/glance_store/_drivers/swift/store.py:994}}
Jun 11 06:00:54.702991 np0000002570 devstack@g-api.service[102109]: DEBUG oslo_utils.imageutils.format_inspector [None req-d99ffd92-11ef-4e70-910f-8447f26b516f tempest-VolumesActionsTest-1953970683 tempest-VolumesActionsTest-1953970683-project-member] Format inspector for vmdk does not match, excluding from consideration (Signature KDMV not found: b'\x00\x00\x00\x00') {{(pid=102109) _process_chunk /opt/stack/data/venv/lib/python3.12/site-packages/oslo_utils/imageutils/format_inspector.py:1758}}
Jun 11 06:00:54.711417 np0000002570 devstack@g-api.service[102109]: DEBUG oslo_utils.imageutils.format_inspector [None req-d99ffd92-11ef-4e70-910f-8447f26b516f tempest-VolumesActionsTest-1953970683 tempest-VolumesActionsTest-1953970683-project-member] Format inspector for vhdx does not match, excluding from consideration (Region signature not found at 30000) {{(pid=102109) _process_chunk /opt/stack/data/venv/lib/python3.12/site-packages/oslo_utils/imageutils/format_inspector.py:1758}}
Jun 11 06:00:54.850852 np0000002570 devstack@g-api.service[102111]: DEBUG glance.api.middleware.version_negotiation [None req-40676fc0-3783-4798-8f33-2b2173cd691d tempest-VolumesActionsTest-1953970683 tempest-VolumesActionsTest-1953970683-project-member] Determining version of request: GET /v2/images/8a63b724-4faa-41d9-aba9-0c254a63140a Accept: application/json {{(pid=102111) process_request /opt/stack/glance/glance/api/middleware/version_negotiation.py:44}}
Jun 11 06:00:54.851319 np0000002570 devstack@g-api.service[102111]: DEBUG glance.api.middleware.version_negotiation [None req-40676fc0-3783-4798-8f33-2b2173cd691d tempest-VolumesActionsTest-1953970683 tempest-VolumesActionsTest-1953970683-project-member] Using url versioning {{(pid=102111) process_request /opt/stack/glance/glance/api/middleware/version_negotiation.py:57}}
Jun 11 06:00:54.851319 np0000002570 devstack@g-api.service[102111]: DEBUG glance.api.middleware.version_negotiation [None req-40676fc0-3783-4798-8f33-2b2173cd691d tempest-VolumesActionsTest-1953970683 tempest-VolumesActionsTest-1953970683-project-member] Matched version: v2 {{(pid=102111) process_request /opt/stack/glance/glance/api/middleware/version_negotiation.py:69}}
Jun 11 06:00:54.851397 np0000002570 devstack@g-api.service[102111]: DEBUG glance.api.middleware.version_negotiation [None req-40676fc0-3783-4798-8f33-2b2173cd691d tempest-VolumesActionsTest-1953970683 tempest-VolumesActionsTest-1953970683-project-member] new path /v2/images/8a63b724-4faa-41d9-aba9-0c254a63140a {{(pid=102111) process_request /opt/stack/glance/glance/api/middleware/version_negotiation.py:70}}
Jun 11 06:00:54.865617 np0000002570 devstack@g-api.service[102111]: [pid: 102111|app: 0|req: 99/299] 127.0.0.1 () {40 vars in 838 bytes} [Thu Jun 11 06:00:54 2026] GET /v2/images/8a63b724-4faa-41d9-aba9-0c254a63140a => generated 649 bytes in 15 msecs (HTTP/1.1 200) 4 headers in 157 bytes (1 switches on core 0)
Jun 11 06:00:55.879449 np0000002570 devstack@g-api.service[102110]: DEBUG glance.api.middleware.version_negotiation [None req-fa4ba34c-af80-4261-8f08-69a9deb643a7 tempest-VolumesActionsTest-1953970683 tempest-VolumesActionsTest-1953970683-project-member] Determining version of request: GET /v2/images/8a63b724-4faa-41d9-aba9-0c254a63140a Accept: application/json {{(pid=102110) process_request /opt/stack/glance/glance/api/middleware/version_negotiation.py:44}}
Jun 11 06:00:55.879954 np0000002570 devstack@g-api.service[102110]: DEBUG glance.api.middleware.version_negotiation [None req-fa4ba34c-af80-4261-8f08-69a9deb643a7 tempest-VolumesActionsTest-1953970683 tempest-VolumesActionsTest-1953970683-project-member] Using url versioning {{(pid=102110) process_request /opt/stack/glance/glance/api/middleware/version_negotiation.py:57}}
Jun 11 06:00:55.879954 np0000002570 devstack@g-api.service[102110]: DEBUG glance.api.middleware.version_negotiation [None req-fa4ba34c-af80-4261-8f08-69a9deb643a7 tempest-VolumesActionsTest-1953970683 tempest-VolumesActionsTest-1953970683-project-member] Matched version: v2 {{(pid=102110) process_request /opt/stack/glance/glance/api/middleware/version_negotiation.py:69}}
Jun 11 06:00:55.879954 np0000002570 devstack@g-api.service[102110]: DEBUG glance.api.middleware.version_negotiation [None req-fa4ba34c-af80-4261-8f08-69a9deb643a7 tempest-VolumesActionsTest-1953970683 tempest-VolumesActionsTest-1953970683-project-member] new path /v2/images/8a63b724-4faa-41d9-aba9-0c254a63140a {{(pid=102110) process_request /opt/stack/glance/glance/api/middleware/version_negotiation.py:70}}
Jun 11 06:00:55.903334 np0000002570 devstack@g-api.service[102110]: [pid: 102110|app: 0|req: 100/300] 127.0.0.1 () {40 vars in 838 bytes} [Thu Jun 11 06:00:55 2026] GET /v2/images/8a63b724-4faa-41d9-aba9-0c254a63140a => generated 649 bytes in 23 msecs (HTTP/1.1 200) 4 headers in 157 bytes (1 switches on core 0)
Jun 11 06:00:56.915125 np0000002570 devstack@g-api.service[102111]: DEBUG glance.api.middleware.version_negotiation [None req-adedc670-217a-4348-abe3-b2bdf792cae2 tempest-VolumesActionsTest-1953970683 tempest-VolumesActionsTest-1953970683-project-member] Determining version of request: GET /v2/images/8a63b724-4faa-41d9-aba9-0c254a63140a Accept: application/json {{(pid=102111) process_request /opt/stack/glance/glance/api/middleware/version_negotiation.py:44}}
Jun 11 06:00:56.915541 np0000002570 devstack@g-api.service[102111]: DEBUG glance.api.middleware.version_negotiation [None req-adedc670-217a-4348-abe3-b2bdf792cae2 tempest-VolumesActionsTest-1953970683 tempest-VolumesActionsTest-1953970683-project-member] Using url versioning {{(pid=102111) process_request /opt/stack/glance/glance/api/middleware/version_negotiation.py:57}}
Jun 11 06:00:56.915541 np0000002570 devstack@g-api.service[102111]: DEBUG glance.api.middleware.version_negotiation [None req-adedc670-217a-4348-abe3-b2bdf792cae2 tempest-VolumesActionsTest-1953970683 tempest-VolumesActionsTest-1953970683-project-member] Matched version: v2 {{(pid=102111) process_request /opt/stack/glance/glance/api/middleware/version_negotiation.py:69}}
Jun 11 06:00:56.915695 np0000002570 devstack@g-api.service[102111]: DEBUG glance.api.middleware.version_negotiation [None req-adedc670-217a-4348-abe3-b2bdf792cae2 tempest-VolumesActionsTest-1953970683 tempest-VolumesActionsTest-1953970683-project-member] new path /v2/images/8a63b724-4faa-41d9-aba9-0c254a63140a {{(pid=102111) process_request /opt/stack/glance/glance/api/middleware/version_negotiation.py:70}}
Jun 11 06:00:56.932633 np0000002570 devstack@g-api.service[102111]: [pid: 102111|app: 0|req: 100/301] 127.0.0.1 () {40 vars in 838 bytes} [Thu Jun 11 06:00:56 2026] GET /v2/images/8a63b724-4faa-41d9-aba9-0c254a63140a => generated 649 bytes in 17 msecs (HTTP/1.1 200) 4 headers in 157 bytes (1 switches on core 0)
Jun 11 06:00:57.161501 np0000002570 devstack@g-api.service[102109]: DEBUG swiftclient [None req-d99ffd92-11ef-4e70-910f-8447f26b516f tempest-VolumesActionsTest-1953970683 tempest-VolumesActionsTest-1953970683-project-member] REQ: curl -i https://10.4.3.213:8080/v1/AUTH_938bb8c6ed9e47a2be0e84d9a5c69c98/glance/8a63b724-4faa-41d9-aba9-0c254a63140a-00001 -X PUT -H "X-Auth-Token: gAAAAABqKk8Wqfhb..." {{(pid=102109) http_log /opt/stack/data/venv/lib/python3.12/site-packages/swiftclient/client.py:160}}
Jun 11 06:00:57.161821 np0000002570 devstack@g-api.service[102109]: DEBUG swiftclient [None req-d99ffd92-11ef-4e70-910f-8447f26b516f tempest-VolumesActionsTest-1953970683 tempest-VolumesActionsTest-1953970683-project-member] RESP STATUS: 201 Created {{(pid=102109) http_log /opt/stack/data/venv/lib/python3.12/site-packages/swiftclient/client.py:161}}
Jun 11 06:00:57.161821 np0000002570 devstack@g-api.service[102109]: DEBUG swiftclient [None req-d99ffd92-11ef-4e70-910f-8447f26b516f tempest-VolumesActionsTest-1953970683 tempest-VolumesActionsTest-1953970683-project-member] RESP HEADERS: {'Date': 'Thu, 11 Jun 2026 06:00:57 GMT', 'Server': 'Apache/2.4.58 (Ubuntu)', 'Content-Type': 'text/html; charset=UTF-8', 'Content-Length': '0', 'Etag': 'eda9a9889837ac4bc81d6387d92c1bec', 'Last-Modified': 'Thu, 11 Jun 2026 06:00:55 GMT', 'X-Trans-Id': 'txf468528fc3fb424a86573-006a2a4f16', 'X-Openstack-Request-Id': 'txf468528fc3fb424a86573-006a2a4f16', 'Connection': 'close'} {{(pid=102109) http_log /opt/stack/data/venv/lib/python3.12/site-packages/swiftclient/client.py:162}}
Jun 11 06:00:57.161990 np0000002570 devstack@g-api.service[102109]: DEBUG glance_store._drivers.swift.store [None req-d99ffd92-11ef-4e70-910f-8447f26b516f tempest-VolumesActionsTest-1953970683 tempest-VolumesActionsTest-1953970683-project-member] Wrote chunk 8a63b724-4faa-41d9-aba9-0c254a63140a-00001 (1/?) of length 204800000 to Swift returning MD5 of content: eda9a9889837ac4bc81d6387d92c1bec {{(pid=102109) add /opt/stack/data/venv/lib/python3.12/site-packages/glance_store/_drivers/swift/store.py:1059}}
Jun 11 06:00:57.945467 np0000002570 devstack@g-api.service[102110]: DEBUG glance.api.middleware.version_negotiation [None req-c0f2e6ee-1a4b-4d33-9c08-48474651313d tempest-VolumesActionsTest-1953970683 tempest-VolumesActionsTest-1953970683-project-member] Determining version of request: GET /v2/images/8a63b724-4faa-41d9-aba9-0c254a63140a Accept: application/json {{(pid=102110) process_request /opt/stack/glance/glance/api/middleware/version_negotiation.py:44}}
Jun 11 06:00:57.945939 np0000002570 devstack@g-api.service[102110]: DEBUG glance.api.middleware.version_negotiation [None req-c0f2e6ee-1a4b-4d33-9c08-48474651313d tempest-VolumesActionsTest-1953970683 tempest-VolumesActionsTest-1953970683-project-member] Using url versioning {{(pid=102110) process_request /opt/stack/glance/glance/api/middleware/version_negotiation.py:57}}
Jun 11 06:00:57.945939 np0000002570 devstack@g-api.service[102110]: DEBUG glance.api.middleware.version_negotiation [None req-c0f2e6ee-1a4b-4d33-9c08-48474651313d tempest-VolumesActionsTest-1953970683 tempest-VolumesActionsTest-1953970683-project-member] Matched version: v2 {{(pid=102110) process_request /opt/stack/glance/glance/api/middleware/version_negotiation.py:69}}
Jun 11 06:00:57.945939 np0000002570 devstack@g-api.service[102110]: DEBUG glance.api.middleware.version_negotiation [None req-c0f2e6ee-1a4b-4d33-9c08-48474651313d tempest-VolumesActionsTest-1953970683 tempest-VolumesActionsTest-1953970683-project-member] new path /v2/images/8a63b724-4faa-41d9-aba9-0c254a63140a {{(pid=102110) process_request /opt/stack/glance/glance/api/middleware/version_negotiation.py:70}}
Jun 11 06:00:57.953866 np0000002570 devstack@g-api.service[102110]: [pid: 102110|app: 0|req: 101/302] 127.0.0.1 () {40 vars in 838 bytes} [Thu Jun 11 06:00:57 2026] GET /v2/images/8a63b724-4faa-41d9-aba9-0c254a63140a => generated 649 bytes in 8 msecs (HTTP/1.1 200) 4 headers in 157 bytes (1 switches on core 0)
Jun 11 06:00:58.964489 np0000002570 devstack@g-api.service[102111]: DEBUG glance.api.middleware.version_negotiation [None req-35164c23-92b3-4748-8fdc-2fc48127ea94 tempest-VolumesActionsTest-1953970683 tempest-VolumesActionsTest-1953970683-project-member] Determining version of request: GET /v2/images/8a63b724-4faa-41d9-aba9-0c254a63140a Accept: application/json {{(pid=102111) process_request /opt/stack/glance/glance/api/middleware/version_negotiation.py:44}}
Jun 11 06:00:58.964489 np0000002570 devstack@g-api.service[102111]: DEBUG glance.api.middleware.version_negotiation [None req-35164c23-92b3-4748-8fdc-2fc48127ea94 tempest-VolumesActionsTest-1953970683 tempest-VolumesActionsTest-1953970683-project-member] Using url versioning {{(pid=102111) process_request /opt/stack/glance/glance/api/middleware/version_negotiation.py:57}}
Jun 11 06:00:58.964912 np0000002570 devstack@g-api.service[102111]: DEBUG glance.api.middleware.version_negotiation [None req-35164c23-92b3-4748-8fdc-2fc48127ea94 tempest-VolumesActionsTest-1953970683 tempest-VolumesActionsTest-1953970683-project-member] Matched version: v2 {{(pid=102111) process_request /opt/stack/glance/glance/api/middleware/version_negotiation.py:69}}
Jun 11 06:00:58.964912 np0000002570 devstack@g-api.service[102111]: DEBUG glance.api.middleware.version_negotiation [None req-35164c23-92b3-4748-8fdc-2fc48127ea94 tempest-VolumesActionsTest-1953970683 tempest-VolumesActionsTest-1953970683-project-member] new path /v2/images/8a63b724-4faa-41d9-aba9-0c254a63140a {{(pid=102111) process_request /opt/stack/glance/glance/api/middleware/version_negotiation.py:70}}
Jun 11 06:00:58.985513 np0000002570 devstack@g-api.service[102111]: [pid: 102111|app: 0|req: 101/303] 127.0.0.1 () {40 vars in 838 bytes} [Thu Jun 11 06:00:58 2026] GET /v2/images/8a63b724-4faa-41d9-aba9-0c254a63140a => generated 649 bytes in 22 msecs (HTTP/1.1 200) 4 headers in 157 bytes (1 switches on core 0)
Jun 11 06:00:59.360854 np0000002570 devstack@g-api.service[102109]: DEBUG swiftclient [None req-d99ffd92-11ef-4e70-910f-8447f26b516f tempest-VolumesActionsTest-1953970683 tempest-VolumesActionsTest-1953970683-project-member] REQ: curl -i https://10.4.3.213:8080/v1/AUTH_938bb8c6ed9e47a2be0e84d9a5c69c98/glance/8a63b724-4faa-41d9-aba9-0c254a63140a-00002 -X PUT -H "X-Auth-Token: gAAAAABqKk8Wqfhb..." {{(pid=102109) http_log /opt/stack/data/venv/lib/python3.12/site-packages/swiftclient/client.py:160}}
Jun 11 06:00:59.361179 np0000002570 devstack@g-api.service[102109]: DEBUG swiftclient [None req-d99ffd92-11ef-4e70-910f-8447f26b516f tempest-VolumesActionsTest-1953970683 tempest-VolumesActionsTest-1953970683-project-member] RESP STATUS: 201 Created {{(pid=102109) http_log /opt/stack/data/venv/lib/python3.12/site-packages/swiftclient/client.py:161}}
Jun 11 06:00:59.361179 np0000002570 devstack@g-api.service[102109]: DEBUG swiftclient [None req-d99ffd92-11ef-4e70-910f-8447f26b516f tempest-VolumesActionsTest-1953970683 tempest-VolumesActionsTest-1953970683-project-member] RESP HEADERS: {'Date': 'Thu, 11 Jun 2026 06:00:59 GMT', 'Server': 'Apache/2.4.58 (Ubuntu)', 'Content-Type': 'text/html; charset=UTF-8', 'Content-Length': '0', 'Etag': 'eda9a9889837ac4bc81d6387d92c1bec', 'Last-Modified': 'Thu, 11 Jun 2026 06:00:58 GMT', 'X-Trans-Id': 'txe171adf44eb543f88c42f-006a2a4f19', 'X-Openstack-Request-Id': 'txe171adf44eb543f88c42f-006a2a4f19', 'Connection': 'close'} {{(pid=102109) http_log /opt/stack/data/venv/lib/python3.12/site-packages/swiftclient/client.py:162}}
Jun 11 06:00:59.361569 np0000002570 devstack@g-api.service[102109]: DEBUG glance_store._drivers.swift.store [None req-d99ffd92-11ef-4e70-910f-8447f26b516f tempest-VolumesActionsTest-1953970683 tempest-VolumesActionsTest-1953970683-project-member] Wrote chunk 8a63b724-4faa-41d9-aba9-0c254a63140a-00002 (2/?) of length 204800000 to Swift returning MD5 of content: eda9a9889837ac4bc81d6387d92c1bec {{(pid=102109) add /opt/stack/data/venv/lib/python3.12/site-packages/glance_store/_drivers/swift/store.py:1059}}
Jun 11 06:00:59.997135 np0000002570 devstack@g-api.service[102110]: DEBUG glance.api.middleware.version_negotiation [None req-75e3c5e6-532b-4841-870b-f8168333a0c1 tempest-VolumesActionsTest-1953970683 tempest-VolumesActionsTest-1953970683-project-member] Determining version of request: GET /v2/images/8a63b724-4faa-41d9-aba9-0c254a63140a Accept: application/json {{(pid=102110) process_request /opt/stack/glance/glance/api/middleware/version_negotiation.py:44}}
Jun 11 06:00:59.997135 np0000002570 devstack@g-api.service[102110]: DEBUG glance.api.middleware.version_negotiation [None req-75e3c5e6-532b-4841-870b-f8168333a0c1 tempest-VolumesActionsTest-1953970683 tempest-VolumesActionsTest-1953970683-project-member] Using url versioning {{(pid=102110) process_request /opt/stack/glance/glance/api/middleware/version_negotiation.py:57}}
Jun 11 06:00:59.997724 np0000002570 devstack@g-api.service[102110]: DEBUG glance.api.middleware.version_negotiation [None req-75e3c5e6-532b-4841-870b-f8168333a0c1 tempest-VolumesActionsTest-1953970683 tempest-VolumesActionsTest-1953970683-project-member] Matched version: v2 {{(pid=102110) process_request /opt/stack/glance/glance/api/middleware/version_negotiation.py:69}}
Jun 11 06:00:59.997724 np0000002570 devstack@g-api.service[102110]: DEBUG glance.api.middleware.version_negotiation [None req-75e3c5e6-532b-4841-870b-f8168333a0c1 tempest-VolumesActionsTest-1953970683 tempest-VolumesActionsTest-1953970683-project-member] new path /v2/images/8a63b724-4faa-41d9-aba9-0c254a63140a {{(pid=102110) process_request /opt/stack/glance/glance/api/middleware/version_negotiation.py:70}}
Jun 11 06:01:00.027736 np0000002570 devstack@g-api.service[102110]: [pid: 102110|app: 0|req: 102/304] 127.0.0.1 () {40 vars in 838 bytes} [Thu Jun 11 06:00:59 2026] GET /v2/images/8a63b724-4faa-41d9-aba9-0c254a63140a => generated 649 bytes in 31 msecs (HTTP/1.1 200) 4 headers in 157 bytes (1 switches on core 0)
Jun 11 06:01:01.044282 np0000002570 devstack@g-api.service[102111]: DEBUG glance.api.middleware.version_negotiation [None req-726e7e1d-4dd2-4335-bbb1-4da49d10c9e7 tempest-VolumesActionsTest-1953970683 tempest-VolumesActionsTest-1953970683-project-member] Determining version of request: GET /v2/images/8a63b724-4faa-41d9-aba9-0c254a63140a Accept: application/json {{(pid=102111) process_request /opt/stack/glance/glance/api/middleware/version_negotiation.py:44}}
Jun 11 06:01:01.045498 np0000002570 devstack@g-api.service[102111]: DEBUG glance.api.middleware.version_negotiation [None req-726e7e1d-4dd2-4335-bbb1-4da49d10c9e7 tempest-VolumesActionsTest-1953970683 tempest-VolumesActionsTest-1953970683-project-member] Using url versioning {{(pid=102111) process_request /opt/stack/glance/glance/api/middleware/version_negotiation.py:57}}
Jun 11 06:01:01.045498 np0000002570 devstack@g-api.service[102111]: DEBUG glance.api.middleware.version_negotiation [None req-726e7e1d-4dd2-4335-bbb1-4da49d10c9e7 tempest-VolumesActionsTest-1953970683 tempest-VolumesActionsTest-1953970683-project-member] Matched version: v2 {{(pid=102111) process_request /opt/stack/glance/glance/api/middleware/version_negotiation.py:69}}
Jun 11 06:01:01.045498 np0000002570 devstack@g-api.service[102111]: DEBUG glance.api.middleware.version_negotiation [None req-726e7e1d-4dd2-4335-bbb1-4da49d10c9e7 tempest-VolumesActionsTest-1953970683 tempest-VolumesActionsTest-1953970683-project-member] new path /v2/images/8a63b724-4faa-41d9-aba9-0c254a63140a {{(pid=102111) process_request /opt/stack/glance/glance/api/middleware/version_negotiation.py:70}}
Jun 11 06:01:01.065324 np0000002570 devstack@g-api.service[102111]: [pid: 102111|app: 0|req: 102/305] 127.0.0.1 () {40 vars in 838 bytes} [Thu Jun 11 06:01:01 2026] GET /v2/images/8a63b724-4faa-41d9-aba9-0c254a63140a => generated 649 bytes in 21 msecs (HTTP/1.1 200) 4 headers in 157 bytes (1 switches on core 0)
Jun 11 06:01:01.771321 np0000002570 devstack@g-api.service[102109]: DEBUG swiftclient [None req-d99ffd92-11ef-4e70-910f-8447f26b516f tempest-VolumesActionsTest-1953970683 tempest-VolumesActionsTest-1953970683-project-member] REQ: curl -i https://10.4.3.213:8080/v1/AUTH_938bb8c6ed9e47a2be0e84d9a5c69c98/glance/8a63b724-4faa-41d9-aba9-0c254a63140a-00003 -X PUT -H "X-Auth-Token: gAAAAABqKk8Wqfhb..." {{(pid=102109) http_log /opt/stack/data/venv/lib/python3.12/site-packages/swiftclient/client.py:160}}
Jun 11 06:01:01.771747 np0000002570 devstack@g-api.service[102109]: DEBUG swiftclient [None req-d99ffd92-11ef-4e70-910f-8447f26b516f tempest-VolumesActionsTest-1953970683 tempest-VolumesActionsTest-1953970683-project-member] RESP STATUS: 201 Created {{(pid=102109) http_log /opt/stack/data/venv/lib/python3.12/site-packages/swiftclient/client.py:161}}
Jun 11 06:01:01.771747 np0000002570 devstack@g-api.service[102109]: DEBUG swiftclient [None req-d99ffd92-11ef-4e70-910f-8447f26b516f tempest-VolumesActionsTest-1953970683 tempest-VolumesActionsTest-1953970683-project-member] RESP HEADERS: {'Date': 'Thu, 11 Jun 2026 06:01:01 GMT', 'Server': 'Apache/2.4.58 (Ubuntu)', 'Content-Type': 'text/html; charset=UTF-8', 'Content-Length': '0', 'Etag': 'eda9a9889837ac4bc81d6387d92c1bec', 'Last-Modified': 'Thu, 11 Jun 2026 06:01:00 GMT', 'X-Trans-Id': 'txb96121d8bdcc4245be4d5-006a2a4f1b', 'X-Openstack-Request-Id': 'txb96121d8bdcc4245be4d5-006a2a4f1b', 'Connection': 'close'} {{(pid=102109) http_log /opt/stack/data/venv/lib/python3.12/site-packages/swiftclient/client.py:162}}
Jun 11 06:01:01.772241 np0000002570 devstack@g-api.service[102109]: DEBUG glance_store._drivers.swift.store [None req-d99ffd92-11ef-4e70-910f-8447f26b516f tempest-VolumesActionsTest-1953970683 tempest-VolumesActionsTest-1953970683-project-member] Wrote chunk 8a63b724-4faa-41d9-aba9-0c254a63140a-00003 (3/?) of length 204800000 to Swift returning MD5 of content: eda9a9889837ac4bc81d6387d92c1bec {{(pid=102109) add /opt/stack/data/venv/lib/python3.12/site-packages/glance_store/_drivers/swift/store.py:1059}}
Jun 11 06:01:02.088884 np0000002570 devstack@g-api.service[102110]: DEBUG glance.api.middleware.version_negotiation [None req-0077f47e-4098-446d-a9e8-41f6b29802cd tempest-VolumesActionsTest-1953970683 tempest-VolumesActionsTest-1953970683-project-member] Determining version of request: GET /v2/images/8a63b724-4faa-41d9-aba9-0c254a63140a Accept: application/json {{(pid=102110) process_request /opt/stack/glance/glance/api/middleware/version_negotiation.py:44}}
Jun 11 06:01:02.088884 np0000002570 devstack@g-api.service[102110]: DEBUG glance.api.middleware.version_negotiation [None req-0077f47e-4098-446d-a9e8-41f6b29802cd tempest-VolumesActionsTest-1953970683 tempest-VolumesActionsTest-1953970683-project-member] Using url versioning {{(pid=102110) process_request /opt/stack/glance/glance/api/middleware/version_negotiation.py:57}}
Jun 11 06:01:02.089596 np0000002570 devstack@g-api.service[102110]: DEBUG glance.api.middleware.version_negotiation [None req-0077f47e-4098-446d-a9e8-41f6b29802cd tempest-VolumesActionsTest-1953970683 tempest-VolumesActionsTest-1953970683-project-member] Matched version: v2 {{(pid=102110) process_request /opt/stack/glance/glance/api/middleware/version_negotiation.py:69}}
Jun 11 06:01:02.090424 np0000002570 devstack@g-api.service[102110]: DEBUG glance.api.middleware.version_negotiation [None req-0077f47e-4098-446d-a9e8-41f6b29802cd tempest-VolumesActionsTest-1953970683 tempest-VolumesActionsTest-1953970683-project-member] new path /v2/images/8a63b724-4faa-41d9-aba9-0c254a63140a {{(pid=102110) process_request /opt/stack/glance/glance/api/middleware/version_negotiation.py:70}}
Jun 11 06:01:02.113779 np0000002570 devstack@g-api.service[102110]: [pid: 102110|app: 0|req: 103/306] 127.0.0.1 () {40 vars in 838 bytes} [Thu Jun 11 06:01:02 2026] GET /v2/images/8a63b724-4faa-41d9-aba9-0c254a63140a => generated 649 bytes in 25 msecs (HTTP/1.1 200) 4 headers in 157 bytes (1 switches on core 0)
Jun 11 06:01:03.126417 np0000002570 devstack@g-api.service[102111]: DEBUG glance.api.middleware.version_negotiation [None req-fa614dfe-69d1-4211-9d5e-c6f6bb550ec9 tempest-VolumesActionsTest-1953970683 tempest-VolumesActionsTest-1953970683-project-member] Determining version of request: GET /v2/images/8a63b724-4faa-41d9-aba9-0c254a63140a Accept: application/json {{(pid=102111) process_request /opt/stack/glance/glance/api/middleware/version_negotiation.py:44}}
