Jun 11 05:52:32.175605 np0000002570 nova-scheduler[95801]: DEBUG cotyledon.oslo_config_glue [-] oslo_limit.connect_retry_delay = None {{(pid=95801) log_opt_values /opt/stack/data/venv/lib/python3.12/site-packages/oslo_config/cfg.py:3256}}
Jun 11 05:52:32.175605 np0000002570 nova-scheduler[95801]: DEBUG cotyledon.oslo_config_glue [-] oslo_limit.endpoint_id = None {{(pid=95801) log_opt_values /opt/stack/data/venv/lib/python3.12/site-packages/oslo_config/cfg.py:3256}}
Jun 11 05:52:32.175605 np0000002570 nova-scheduler[95801]: DEBUG cotyledon.oslo_config_glue [-] oslo_limit.endpoint_interface = public {{(pid=95801) log_opt_values /opt/stack/data/venv/lib/python3.12/site-packages/oslo_config/cfg.py:3256}}
Jun 11 05:52:32.175605 np0000002570 nova-scheduler[95801]: DEBUG cotyledon.oslo_config_glue [-] oslo_limit.endpoint_override = None {{(pid=95801) log_opt_values /opt/stack/data/venv/lib/python3.12/site-packages/oslo_config/cfg.py:3256}}
Jun 11 05:52:32.175605 np0000002570 nova-scheduler[95801]: DEBUG cotyledon.oslo_config_glue [-] oslo_limit.endpoint_region_name = None {{(pid=95801) log_opt_values /opt/stack/data/venv/lib/python3.12/site-packages/oslo_config/cfg.py:3256}}
Jun 11 05:52:32.175605 np0000002570 nova-scheduler[95801]: DEBUG cotyledon.oslo_config_glue [-] oslo_limit.endpoint_service_name = None {{(pid=95801) log_opt_values /opt/stack/data/venv/lib/python3.12/site-packages/oslo_config/cfg.py:3256}}
Jun 11 05:52:32.176017 np0000002570 nova-scheduler[95801]: DEBUG cotyledon.oslo_config_glue [-] oslo_limit.endpoint_service_type = None {{(pid=95801) log_opt_values /opt/stack/data/venv/lib/python3.12/site-packages/oslo_config/cfg.py:3256}}
Jun 11 05:52:32.176017 np0000002570 nova-scheduler[95801]: DEBUG cotyledon.oslo_config_glue [-] oslo_limit.insecure = False {{(pid=95801) log_opt_values /opt/stack/data/venv/lib/python3.12/site-packages/oslo_config/cfg.py:3256}}
Jun 11 05:52:32.176017 np0000002570 nova-scheduler[95801]: DEBUG cotyledon.oslo_config_glue [-] oslo_limit.keyfile = None {{(pid=95801) log_opt_values /opt/stack/data/venv/lib/python3.12/site-packages/oslo_config/cfg.py:3256}}
Jun 11 05:52:32.176017 np0000002570 nova-scheduler[95801]: DEBUG cotyledon.oslo_config_glue [-] oslo_limit.max_version = None {{(pid=95801) log_opt_values /opt/stack/data/venv/lib/python3.12/site-packages/oslo_config/cfg.py:3256}}
Jun 11 05:52:32.176017 np0000002570 nova-scheduler[95801]: DEBUG cotyledon.oslo_config_glue [-] oslo_limit.min_version = None {{(pid=95801) log_opt_values /opt/stack/data/venv/lib/python3.12/site-packages/oslo_config/cfg.py:3256}}
Jun 11 05:52:32.176017 np0000002570 nova-scheduler[95801]: DEBUG cotyledon.oslo_config_glue [-] oslo_limit.region_name = None {{(pid=95801) log_opt_values /opt/stack/data/venv/lib/python3.12/site-packages/oslo_config/cfg.py:3256}}
Jun 11 05:52:32.176017 np0000002570 nova-scheduler[95801]: DEBUG cotyledon.oslo_config_glue [-] oslo_limit.retriable_status_codes = None {{(pid=95801) log_opt_values /opt/stack/data/venv/lib/python3.12/site-packages/oslo_config/cfg.py:3256}}
Jun 11 05:52:32.176017 np0000002570 nova-scheduler[95801]: DEBUG cotyledon.oslo_config_glue [-] oslo_limit.service_name = None {{(pid=95801) log_opt_values /opt/stack/data/venv/lib/python3.12/site-packages/oslo_config/cfg.py:3256}}
Jun 11 05:52:32.176017 np0000002570 nova-scheduler[95801]: DEBUG cotyledon.oslo_config_glue [-] oslo_limit.service_type = None {{(pid=95801) log_opt_values /opt/stack/data/venv/lib/python3.12/site-packages/oslo_config/cfg.py:3256}}
Jun 11 05:52:32.176371 np0000002570 nova-scheduler[95801]: DEBUG cotyledon.oslo_config_glue [-] oslo_limit.split_loggers = False {{(pid=95801) log_opt_values /opt/stack/data/venv/lib/python3.12/site-packages/oslo_config/cfg.py:3256}}
Jun 11 05:52:32.176371 np0000002570 nova-scheduler[95801]: DEBUG cotyledon.oslo_config_glue [-] oslo_limit.status_code_retries = None {{(pid=95801) log_opt_values /opt/stack/data/venv/lib/python3.12/site-packages/oslo_config/cfg.py:3256}}
Jun 11 05:52:32.176371 np0000002570 nova-scheduler[95801]: DEBUG cotyledon.oslo_config_glue [-] oslo_limit.status_code_retry_delay = None {{(pid=95801) log_opt_values /opt/stack/data/venv/lib/python3.12/site-packages/oslo_config/cfg.py:3256}}
Jun 11 05:52:32.176371 np0000002570 nova-scheduler[95801]: DEBUG cotyledon.oslo_config_glue [-] oslo_limit.timeout = None {{(pid=95801) log_opt_values /opt/stack/data/venv/lib/python3.12/site-packages/oslo_config/cfg.py:3256}}
Jun 11 05:52:32.176371 np0000002570 nova-scheduler[95801]: DEBUG cotyledon.oslo_config_glue [-] oslo_limit.valid_interfaces = None {{(pid=95801) log_opt_values /opt/stack/data/venv/lib/python3.12/site-packages/oslo_config/cfg.py:3256}}
Jun 11 05:52:32.176371 np0000002570 nova-scheduler[95801]: DEBUG cotyledon.oslo_config_glue [-] oslo_limit.version = None {{(pid=95801) log_opt_values /opt/stack/data/venv/lib/python3.12/site-packages/oslo_config/cfg.py:3256}}
Jun 11 05:52:32.176371 np0000002570 nova-scheduler[95801]: DEBUG cotyledon.oslo_config_glue [-] oslo_reports.file_event_handler = None {{(pid=95801) log_opt_values /opt/stack/data/venv/lib/python3.12/site-packages/oslo_config/cfg.py:3256}}
Jun 11 05:52:32.176371 np0000002570 nova-scheduler[95801]: DEBUG cotyledon.oslo_config_glue [-] oslo_reports.file_event_handler_interval = 1 {{(pid=95801) log_opt_values /opt/stack/data/venv/lib/python3.12/site-packages/oslo_config/cfg.py:3256}}
Jun 11 05:52:32.176371 np0000002570 nova-scheduler[95801]: DEBUG cotyledon.oslo_config_glue [-] oslo_reports.log_dir = None {{(pid=95801) log_opt_values /opt/stack/data/venv/lib/python3.12/site-packages/oslo_config/cfg.py:3256}}
Jun 11 05:52:32.176627 np0000002570 nova-scheduler[95801]: DEBUG cotyledon.oslo_config_glue [-] ******************************************************************************** {{(pid=95801) log_opt_values /opt/stack/data/venv/lib/python3.12/site-packages/oslo_config/cfg.py:3263}}
Jun 11 05:52:32.176627 np0000002570 nova-scheduler[95801]: DEBUG cotyledon._service_worker [-] Run service ServiceWrapper(2) [95801] {{(pid=95801) wait_forever /opt/stack/data/venv/lib/python3.12/site-packages/cotyledon/_service_worker.py:218}}
Jun 11 05:52:32.176627 np0000002570 nova-scheduler[95801]: INFO nova.service [-] Starting scheduler node (version 33.1.0)
Jun 11 05:52:32.176627 np0000002570 nova-scheduler[95801]: INFO dbcounter [None req-f0d24268-d448-4a87-989c-04135b91669c None None] Registered counter for database nova_cell0
Jun 11 05:52:32.176757 np0000002570 nova-scheduler[95793]: DEBUG oslo_db.sqlalchemy.engines [None req-f56d8ec5-7053-471e-8aa5-853f69fadcab None None] MySQL server mode set to STRICT_TRANS_TABLES,STRICT_ALL_TABLES,NO_ZERO_IN_DATE,NO_ZERO_DATE,ERROR_FOR_DIVISION_BY_ZERO,TRADITIONAL,NO_ENGINE_SUBSTITUTION {{(pid=95793) _check_effective_sql_mode /opt/stack/data/venv/lib/python3.12/site-packages/oslo_db/sqlalchemy/engines.py:325}}
Jun 11 05:52:32.176804 np0000002570 nova-scheduler[95795]: DEBUG oslo_db.sqlalchemy.engines [None req-92c9bce2-9c2e-4aa0-bd54-18f215749d35 None None] MySQL server mode set to STRICT_TRANS_TABLES,STRICT_ALL_TABLES,NO_ZERO_IN_DATE,NO_ZERO_DATE,ERROR_FOR_DIVISION_BY_ZERO,TRADITIONAL,NO_ENGINE_SUBSTITUTION {{(pid=95795) _check_effective_sql_mode /opt/stack/data/venv/lib/python3.12/site-packages/oslo_db/sqlalchemy/engines.py:325}}
Jun 11 05:52:32.176864 np0000002570 nova-scheduler[95793]: DEBUG dbcounter [-] [95793] Writer thread running {{(pid=95793) stat_writer /opt/stack/data/venv/lib/python3.12/site-packages/dbcounter.py:102}}
Jun 11 05:52:32.178795 np0000002570 nova-scheduler[95795]: DEBUG dbcounter [-] [95795] Writer thread running {{(pid=95795) stat_writer /opt/stack/data/venv/lib/python3.12/site-packages/dbcounter.py:102}}
Jun 11 05:52:32.183380 np0000002570 nova-scheduler[95801]: DEBUG oslo_db.sqlalchemy.engines [None req-f0d24268-d448-4a87-989c-04135b91669c None None] MySQL server mode set to STRICT_TRANS_TABLES,STRICT_ALL_TABLES,NO_ZERO_IN_DATE,NO_ZERO_DATE,ERROR_FOR_DIVISION_BY_ZERO,TRADITIONAL,NO_ENGINE_SUBSTITUTION {{(pid=95801) _check_effective_sql_mode /opt/stack/data/venv/lib/python3.12/site-packages/oslo_db/sqlalchemy/engines.py:325}}
Jun 11 05:52:32.190429 np0000002570 nova-scheduler[95793]: DEBUG nova.service [None req-f56d8ec5-7053-471e-8aa5-853f69fadcab None None] Creating RPC server for service: nova-scheduler on topic: scheduler {{(pid=95793) start /opt/stack/nova/nova/service.py:196}}
Jun 11 05:52:32.194931 np0000002570 nova-scheduler[95801]: DEBUG dbcounter [-] [95801] Writer thread running {{(pid=95801) stat_writer /opt/stack/data/venv/lib/python3.12/site-packages/dbcounter.py:102}}
Jun 11 05:52:32.195694 np0000002570 nova-scheduler[95795]: DEBUG nova.service [None req-92c9bce2-9c2e-4aa0-bd54-18f215749d35 None None] Creating RPC server for service: nova-scheduler on topic: scheduler {{(pid=95795) start /opt/stack/nova/nova/service.py:196}}
Jun 11 05:52:32.197971 np0000002570 nova-scheduler[95801]: DEBUG nova.service [None req-f0d24268-d448-4a87-989c-04135b91669c None None] Creating RPC server for service: nova-scheduler on topic: scheduler {{(pid=95801) start /opt/stack/nova/nova/service.py:196}}
Jun 11 05:52:32.220586 np0000002570 nova-scheduler[95801]: DEBUG nova.service [None req-f0d24268-d448-4a87-989c-04135b91669c None None] Join ServiceGroup membership for this service scheduler {{(pid=95801) start /opt/stack/nova/nova/service.py:222}}
Jun 11 05:52:32.220794 np0000002570 nova-scheduler[95801]: DEBUG nova.servicegroup.drivers.db [None req-f0d24268-d448-4a87-989c-04135b91669c None None] DB_Driver: join new ServiceGroup member np0000002570 to the scheduler group, service = {{(pid=95801) join /opt/stack/nova/nova/servicegroup/drivers/db.py:44}}
Jun 11 05:52:32.224700 np0000002570 nova-scheduler[95795]: DEBUG nova.service [None req-92c9bce2-9c2e-4aa0-bd54-18f215749d35 None None] Join ServiceGroup membership for this service scheduler {{(pid=95795) start /opt/stack/nova/nova/service.py:222}}
Jun 11 05:52:32.224937 np0000002570 nova-scheduler[95795]: DEBUG nova.servicegroup.drivers.db [None req-92c9bce2-9c2e-4aa0-bd54-18f215749d35 None None] DB_Driver: join new ServiceGroup member np0000002570 to the scheduler group, service = {{(pid=95795) join /opt/stack/nova/nova/servicegroup/drivers/db.py:44}}
Jun 11 05:52:32.230535 np0000002570 nova-scheduler[95793]: DEBUG nova.service [None req-f56d8ec5-7053-471e-8aa5-853f69fadcab None None] Join ServiceGroup membership for this service scheduler {{(pid=95793) start /opt/stack/nova/nova/service.py:222}}
Jun 11 05:52:32.230765 np0000002570 nova-scheduler[95793]: DEBUG nova.servicegroup.drivers.db [None req-f56d8ec5-7053-471e-8aa5-853f69fadcab None None] DB_Driver: join new ServiceGroup member np0000002570 to the scheduler group, service = {{(pid=95793) join /opt/stack/nova/nova/servicegroup/drivers/db.py:44}}
Jun 11 05:52:37.240485 np0000002570 nova-scheduler[95801]: DEBUG oslo.service.backend._threading.loopingcall [-] Fixed interval looping call 'nova.servicegroup.drivers.db.DbDriver._report_state' sleeping for 119.99 seconds {{(pid=95801) _run_loop /opt/stack/data/venv/lib/python3.12/site-packages/oslo_service/backend/_threading/loopingcall.py:125}}
Jun 11 05:52:37.241050 np0000002570 nova-scheduler[95793]: DEBUG oslo.service.backend._threading.loopingcall [-] Fixed interval looping call 'nova.servicegroup.drivers.db.DbDriver._report_state' sleeping for 119.99 seconds {{(pid=95793) _run_loop /opt/stack/data/venv/lib/python3.12/site-packages/oslo_service/backend/_threading/loopingcall.py:125}}
Jun 11 05:52:37.241653 np0000002570 nova-scheduler[95795]: DEBUG oslo.service.backend._threading.loopingcall [-] Fixed interval looping call 'nova.servicegroup.drivers.db.DbDriver._report_state' sleeping for 119.99 seconds {{(pid=95795) _run_loop /opt/stack/data/venv/lib/python3.12/site-packages/oslo_service/backend/_threading/loopingcall.py:125}}
Jun 11 05:52:40.756350 np0000002570 nova-scheduler[94599]: DEBUG dbcounter [-] [94599] Writing DB stats nova_api:SELECT=3 {{(pid=94599) stat_writer /opt/stack/data/venv/lib/python3.12/site-packages/dbcounter.py:115}}
Jun 11 05:52:40.890316 np0000002570 nova-scheduler[94599]: DEBUG dbcounter [-] [94599] Writing DB stats nova_cell0:SELECT=1 {{(pid=94599) stat_writer /opt/stack/data/venv/lib/python3.12/site-packages/dbcounter.py:115}}
Jun 11 05:52:40.902758 np0000002570 nova-scheduler[94599]: DEBUG dbcounter [-] [94599] Writing DB stats nova_cell1:SELECT=1 {{(pid=94599) stat_writer /opt/stack/data/venv/lib/python3.12/site-packages/dbcounter.py:115}}
Jun 11 05:52:43.232737 np0000002570 nova-scheduler[95793]: DEBUG oslo.service.backend._threading.loopingcall [None req-5e736ad3-6b15-446b-ab36-495b079926e1 None None] Dynamic interval looping call 'nova.service.Service.periodic_tasks' sleeping for 60.00 seconds {{(pid=95793) _run_loop /opt/stack/data/venv/lib/python3.12/site-packages/oslo_service/backend/_threading/loopingcall.py:125}}
Jun 11 05:52:44.226635 np0000002570 nova-scheduler[95795]: DEBUG oslo.service.backend._threading.loopingcall [None req-183df520-3026-45d6-ba7f-a9f705cc5ce4 None None] Dynamic interval looping call 'nova.service.Service.periodic_tasks' sleeping for 60.00 seconds {{(pid=95795) _run_loop /opt/stack/data/venv/lib/python3.12/site-packages/oslo_service/backend/_threading/loopingcall.py:125}}
Jun 11 05:52:47.235307 np0000002570 nova-scheduler[95801]: DEBUG dbcounter [-] [95801] Writing DB stats nova_cell0:SELECT=3,nova_cell0:UPDATE=1 {{(pid=95801) stat_writer /opt/stack/data/venv/lib/python3.12/site-packages/dbcounter.py:115}}
Jun 11 05:52:47.242863 np0000002570 nova-scheduler[95793]: DEBUG dbcounter [-] [95793] Writing DB stats nova_cell0:SELECT=4,nova_cell0:INSERT=1,nova_cell0:UPDATE=1 {{(pid=95793) stat_writer /opt/stack/data/venv/lib/python3.12/site-packages/dbcounter.py:115}}
Jun 11 05:52:47.243261 np0000002570 nova-scheduler[95795]: DEBUG dbcounter [-] [95795] Writing DB stats nova_cell0:SELECT=5,nova_cell0:INSERT=1,nova_cell0:UPDATE=1 {{(pid=95795) stat_writer /opt/stack/data/venv/lib/python3.12/site-packages/dbcounter.py:115}}
Jun 11 05:52:52.226267 np0000002570 nova-scheduler[95801]: DEBUG oslo.service.backend._threading.loopingcall [None req-6e5e86e2-98b2-4ad7-ab98-906a2c4b45c7 None None] Dynamic interval looping call 'nova.service.Service.periodic_tasks' sleeping for 60.00 seconds {{(pid=95801) _run_loop /opt/stack/data/venv/lib/python3.12/site-packages/oslo_service/backend/_threading/loopingcall.py:125}}
Jun 11 05:53:43.233248 np0000002570 nova-scheduler[95793]: DEBUG oslo.service.backend._threading.loopingcall [None req-5e736ad3-6b15-446b-ab36-495b079926e1 None None] Dynamic interval looping call 'nova.service.Service.periodic_tasks' sleeping for 60.00 seconds {{(pid=95793) _run_loop /opt/stack/data/venv/lib/python3.12/site-packages/oslo_service/backend/_threading/loopingcall.py:125}}
Jun 11 05:53:44.227158 np0000002570 nova-scheduler[95795]: DEBUG oslo.service.backend._threading.loopingcall [None req-183df520-3026-45d6-ba7f-a9f705cc5ce4 None None] Dynamic interval looping call 'nova.service.Service.periodic_tasks' sleeping for 60.00 seconds {{(pid=95795) _run_loop /opt/stack/data/venv/lib/python3.12/site-packages/oslo_service/backend/_threading/loopingcall.py:125}}
Jun 11 05:53:52.226716 np0000002570 nova-scheduler[95801]: DEBUG oslo.service.backend._threading.loopingcall [None req-6e5e86e2-98b2-4ad7-ab98-906a2c4b45c7 None None] Dynamic interval looping call 'nova.service.Service.periodic_tasks' sleeping for 60.00 seconds {{(pid=95801) _run_loop /opt/stack/data/venv/lib/python3.12/site-packages/oslo_service/backend/_threading/loopingcall.py:125}}
Jun 11 05:54:37.235695 np0000002570 nova-scheduler[95801]: DEBUG oslo.service.backend._threading.loopingcall [-] Fixed interval looping call 'nova.servicegroup.drivers.db.DbDriver._report_state' sleeping for 119.99 seconds {{(pid=95801) _run_loop /opt/stack/data/venv/lib/python3.12/site-packages/oslo_service/backend/_threading/loopingcall.py:125}}
Jun 11 05:54:37.236355 np0000002570 nova-scheduler[95793]: DEBUG oslo.service.backend._threading.loopingcall [-] Fixed interval looping call 'nova.servicegroup.drivers.db.DbDriver._report_state' sleeping for 120.00 seconds {{(pid=95793) _run_loop /opt/stack/data/venv/lib/python3.12/site-packages/oslo_service/backend/_threading/loopingcall.py:125}}
Jun 11 05:54:37.237390 np0000002570 nova-scheduler[95795]: DEBUG oslo.service.backend._threading.loopingcall [-] Fixed interval looping call 'nova.servicegroup.drivers.db.DbDriver._report_state' sleeping for 119.99 seconds {{(pid=95795) _run_loop /opt/stack/data/venv/lib/python3.12/site-packages/oslo_service/backend/_threading/loopingcall.py:125}}
Jun 11 05:54:43.233700 np0000002570 nova-scheduler[95793]: DEBUG oslo.service.backend._threading.loopingcall [None req-5e736ad3-6b15-446b-ab36-495b079926e1 None None] Dynamic interval looping call 'nova.service.Service.periodic_tasks' sleeping for 60.00 seconds {{(pid=95793) _run_loop /opt/stack/data/venv/lib/python3.12/site-packages/oslo_service/backend/_threading/loopingcall.py:125}}
Jun 11 05:54:44.228146 np0000002570 nova-scheduler[95795]: DEBUG oslo.service.backend._threading.loopingcall [None req-183df520-3026-45d6-ba7f-a9f705cc5ce4 None None] Dynamic interval looping call 'nova.service.Service.periodic_tasks' sleeping for 60.00 seconds {{(pid=95795) _run_loop /opt/stack/data/venv/lib/python3.12/site-packages/oslo_service/backend/_threading/loopingcall.py:125}}
Jun 11 05:54:47.233022 np0000002570 nova-scheduler[95801]: DEBUG dbcounter [-] [95801] Writing DB stats nova_cell0:SELECT=1,nova_cell0:UPDATE=1 {{(pid=95801) stat_writer /opt/stack/data/venv/lib/python3.12/site-packages/dbcounter.py:115}}
Jun 11 05:54:47.233787 np0000002570 nova-scheduler[95793]: DEBUG dbcounter [-] [95793] Writing DB stats nova_cell0:SELECT=1,nova_cell0:UPDATE=1 {{(pid=95793) stat_writer /opt/stack/data/venv/lib/python3.12/site-packages/dbcounter.py:115}}
Jun 11 05:54:47.234960 np0000002570 nova-scheduler[95795]: DEBUG dbcounter [-] [95795] Writing DB stats nova_cell0:SELECT=1,nova_cell0:UPDATE=1 {{(pid=95795) stat_writer /opt/stack/data/venv/lib/python3.12/site-packages/dbcounter.py:115}}
Jun 11 05:54:52.227254 np0000002570 nova-scheduler[95801]: DEBUG oslo.service.backend._threading.loopingcall [None req-6e5e86e2-98b2-4ad7-ab98-906a2c4b45c7 None None] Dynamic interval looping call 'nova.service.Service.periodic_tasks' sleeping for 60.00 seconds {{(pid=95801) _run_loop /opt/stack/data/venv/lib/python3.12/site-packages/oslo_service/backend/_threading/loopingcall.py:125}}
Jun 11 05:55:16.501944 np0000002570 nova-scheduler[95801]: DEBUG nova.scheduler.manager [None req-d6d30d33-7909-4b4b-9997-f681ef16491e tempest-DeleteServersTestJSON-1617998101 tempest-DeleteServersTestJSON-1617998101-project-member] Starting to schedule for instances: ['6db8d726-5136-4a3e-9d90-a6c849b6f379'] {{(pid=95801) select_destinations /opt/stack/nova/nova/scheduler/manager.py:210}}
Jun 11 05:55:16.502963 np0000002570 nova-scheduler[95801]: DEBUG nova.scheduler.request_filter [None req-d6d30d33-7909-4b4b-9997-f681ef16491e tempest-DeleteServersTestJSON-1617998101 tempest-DeleteServersTestJSON-1617998101-project-member] compute_status_filter request filter added forbidden trait COMPUTE_STATUS_DISABLED {{(pid=95801) compute_status_filter /opt/stack/nova/nova/scheduler/request_filter.py:253}}
Jun 11 05:55:16.503227 np0000002570 nova-scheduler[95801]: DEBUG nova.scheduler.request_filter [None req-d6d30d33-7909-4b4b-9997-f681ef16491e tempest-DeleteServersTestJSON-1617998101 tempest-DeleteServersTestJSON-1617998101-project-member] Request filter 'compute_status_filter' took 0.0 seconds {{(pid=95801) wrapper /opt/stack/nova/nova/scheduler/request_filter.py:46}}
Jun 11 05:55:16.503619 np0000002570 nova-scheduler[95801]: DEBUG nova.scheduler.request_filter [None req-d6d30d33-7909-4b4b-9997-f681ef16491e tempest-DeleteServersTestJSON-1617998101 tempest-DeleteServersTestJSON-1617998101-project-member] Request filter 'accelerators_filter' took 0.0 seconds {{(pid=95801) wrapper /opt/stack/nova/nova/scheduler/request_filter.py:46}}
Jun 11 05:55:16.503960 np0000002570 nova-scheduler[95801]: DEBUG nova.scheduler.request_filter [None req-d6d30d33-7909-4b4b-9997-f681ef16491e tempest-DeleteServersTestJSON-1617998101 tempest-DeleteServersTestJSON-1617998101-project-member] Request filter 'packed_virtqueue_filter' took 0.0 seconds {{(pid=95801) wrapper /opt/stack/nova/nova/scheduler/request_filter.py:46}}
Jun 11 05:55:16.504491 np0000002570 nova-scheduler[95801]: DEBUG nova.scheduler.request_filter [None req-d6d30d33-7909-4b4b-9997-f681ef16491e tempest-DeleteServersTestJSON-1617998101 tempest-DeleteServersTestJSON-1617998101-project-member] Request filter 'remote_managed_ports_filter' took 0.0 seconds {{(pid=95801) wrapper /opt/stack/nova/nova/scheduler/request_filter.py:46}}
Jun 11 05:55:16.504753 np0000002570 nova-scheduler[95801]: DEBUG nova.scheduler.request_filter [None req-d6d30d33-7909-4b4b-9997-f681ef16491e tempest-DeleteServersTestJSON-1617998101 tempest-DeleteServersTestJSON-1617998101-project-member] ephemeral_encryption_filter skipped {{(pid=95801) ephemeral_encryption_filter /opt/stack/nova/nova/scheduler/request_filter.py:426}}
Jun 11 05:55:16.505026 np0000002570 nova-scheduler[95801]: DEBUG nova.scheduler.request_filter [None req-d6d30d33-7909-4b4b-9997-f681ef16491e tempest-DeleteServersTestJSON-1617998101 tempest-DeleteServersTestJSON-1617998101-project-member] virtio_sound_filter skipped {{(pid=95801) virtio_sound_filter /opt/stack/nova/nova/scheduler/request_filter.py:460}}
Jun 11 05:55:16.505239 np0000002570 nova-scheduler[95801]: DEBUG nova.scheduler.request_filter [None req-d6d30d33-7909-4b4b-9997-f681ef16491e tempest-DeleteServersTestJSON-1617998101 tempest-DeleteServersTestJSON-1617998101-project-member] tpm_secret_security_filter skipped {{(pid=95801) tpm_secret_security_filter /opt/stack/nova/nova/scheduler/request_filter.py:477}}
Jun 11 05:55:17.226547 np0000002570 nova-scheduler[95801]: INFO nova.utils [None req-d6d30d33-7909-4b4b-9997-f681ef16491e tempest-DeleteServersTestJSON-1617998101 tempest-DeleteServersTestJSON-1617998101-project-member] The cell worker thread pool ForkProcess-3.cell_worker is initialized
Jun 11 05:55:17.226757 np0000002570 nova-scheduler[95801]: DEBUG oslo_concurrency.lockutils [None req-d6d30d33-7909-4b4b-9997-f681ef16491e tempest-DeleteServersTestJSON-1617998101 tempest-DeleteServersTestJSON-1617998101-project-member] Acquiring lock "21d4af32-aa85-4f6d-8656-0daca2ca7209" by "nova.context.set_target_cell..get_or_set_cached_cell_and_set_connections" {{(pid=95801) inner /opt/stack/data/venv/lib/python3.12/site-packages/oslo_concurrency/lockutils.py:511}}
Jun 11 05:55:17.227022 np0000002570 nova-scheduler[95801]: DEBUG oslo_concurrency.lockutils [None req-d6d30d33-7909-4b4b-9997-f681ef16491e tempest-DeleteServersTestJSON-1617998101 tempest-DeleteServersTestJSON-1617998101-project-member] Lock "21d4af32-aa85-4f6d-8656-0daca2ca7209" acquired by "nova.context.set_target_cell..get_or_set_cached_cell_and_set_connections" :: waited 0.000s {{(pid=95801) inner /opt/stack/data/venv/lib/python3.12/site-packages/oslo_concurrency/lockutils.py:524}}
Jun 11 05:55:17.230124 np0000002570 nova-scheduler[95801]: DEBUG oslo_concurrency.lockutils [None req-d6d30d33-7909-4b4b-9997-f681ef16491e tempest-DeleteServersTestJSON-1617998101 tempest-DeleteServersTestJSON-1617998101-project-member] Lock "21d4af32-aa85-4f6d-8656-0daca2ca7209" "released" by "nova.context.set_target_cell..get_or_set_cached_cell_and_set_connections" :: held 0.003s {{(pid=95801) inner /opt/stack/data/venv/lib/python3.12/site-packages/oslo_concurrency/lockutils.py:543}}
Jun 11 05:55:17.233772 np0000002570 nova-scheduler[95801]: INFO dbcounter [None req-d6d30d33-7909-4b4b-9997-f681ef16491e tempest-DeleteServersTestJSON-1617998101 tempest-DeleteServersTestJSON-1617998101-project-member] Registered counter for database nova_cell1
Jun 11 05:55:17.275170 np0000002570 nova-scheduler[95801]: DEBUG oslo_db.sqlalchemy.engines [None req-d6d30d33-7909-4b4b-9997-f681ef16491e tempest-DeleteServersTestJSON-1617998101 tempest-DeleteServersTestJSON-1617998101-project-member] MySQL server mode set to STRICT_TRANS_TABLES,STRICT_ALL_TABLES,NO_ZERO_IN_DATE,NO_ZERO_DATE,ERROR_FOR_DIVISION_BY_ZERO,TRADITIONAL,NO_ENGINE_SUBSTITUTION {{(pid=95801) _check_effective_sql_mode /opt/stack/data/venv/lib/python3.12/site-packages/oslo_db/sqlalchemy/engines.py:325}}
Jun 11 05:55:17.280932 np0000002570 nova-scheduler[95801]: DEBUG dbcounter [-] [95801] Writer thread running {{(pid=95801) stat_writer /opt/stack/data/venv/lib/python3.12/site-packages/dbcounter.py:102}}
Jun 11 05:55:17.293288 np0000002570 nova-scheduler[95801]: DEBUG oslo_db.sqlalchemy.engines [None req-d6d30d33-7909-4b4b-9997-f681ef16491e tempest-DeleteServersTestJSON-1617998101 tempest-DeleteServersTestJSON-1617998101-project-member] Parent process 94599 forked (95801) with an open database connection, which is being discarded and recreated. {{(pid=95801) checkout /opt/stack/data/venv/lib/python3.12/site-packages/oslo_db/sqlalchemy/engines.py:402}}
Jun 11 05:55:17.332785 np0000002570 nova-scheduler[95801]: DEBUG dbcounter [-] [95801] Writer thread running {{(pid=95801) stat_writer /opt/stack/data/venv/lib/python3.12/site-packages/dbcounter.py:102}}
Jun 11 05:55:17.335880 np0000002570 nova-scheduler[95801]: DEBUG oslo_concurrency.lockutils [None req-d6d30d33-7909-4b4b-9997-f681ef16491e tempest-DeleteServersTestJSON-1617998101 tempest-DeleteServersTestJSON-1617998101-project-member] Acquiring lock "21d4af32-aa85-4f6d-8656-0daca2ca7209" by "nova.context.set_target_cell..get_or_set_cached_cell_and_set_connections" {{(pid=95801) inner /opt/stack/data/venv/lib/python3.12/site-packages/oslo_concurrency/lockutils.py:511}}
Jun 11 05:55:17.336085 np0000002570 nova-scheduler[95801]: DEBUG oslo_concurrency.lockutils [None req-d6d30d33-7909-4b4b-9997-f681ef16491e tempest-DeleteServersTestJSON-1617998101 tempest-DeleteServersTestJSON-1617998101-project-member] Lock "21d4af32-aa85-4f6d-8656-0daca2ca7209" acquired by "nova.context.set_target_cell..get_or_set_cached_cell_and_set_connections" :: waited 0.000s {{(pid=95801) inner /opt/stack/data/venv/lib/python3.12/site-packages/oslo_concurrency/lockutils.py:524}}
Jun 11 05:55:17.336212 np0000002570 nova-scheduler[95801]: DEBUG oslo_concurrency.lockutils [None req-d6d30d33-7909-4b4b-9997-f681ef16491e tempest-DeleteServersTestJSON-1617998101 tempest-DeleteServersTestJSON-1617998101-project-member] Lock "21d4af32-aa85-4f6d-8656-0daca2ca7209" "released" by "nova.context.set_target_cell..get_or_set_cached_cell_and_set_connections" :: held 0.000s {{(pid=95801) inner /opt/stack/data/venv/lib/python3.12/site-packages/oslo_concurrency/lockutils.py:543}}
Jun 11 05:55:17.339919 np0000002570 nova-scheduler[95801]: DEBUG oslo_concurrency.lockutils [None req-d6d30d33-7909-4b4b-9997-f681ef16491e tempest-DeleteServersTestJSON-1617998101 tempest-DeleteServersTestJSON-1617998101-project-member] Acquiring lock "('np0000002570', 'np0000002570')" by "nova.scheduler.host_manager.HostState.update.._locked_update" {{(pid=95801) inner /opt/stack/data/venv/lib/python3.12/site-packages/oslo_concurrency/lockutils.py:511}}
Jun 11 05:55:17.340171 np0000002570 nova-scheduler[95801]: DEBUG oslo_concurrency.lockutils [None req-d6d30d33-7909-4b4b-9997-f681ef16491e tempest-DeleteServersTestJSON-1617998101 tempest-DeleteServersTestJSON-1617998101-project-member] Lock "('np0000002570', 'np0000002570')" acquired by "nova.scheduler.host_manager.HostState.update.._locked_update" :: waited 0.000s {{(pid=95801) inner /opt/stack/data/venv/lib/python3.12/site-packages/oslo_concurrency/lockutils.py:524}}
Jun 11 05:55:17.341325 np0000002570 nova-scheduler[95801]: DEBUG nova.scheduler.host_manager [None req-d6d30d33-7909-4b4b-9997-f681ef16491e tempest-DeleteServersTestJSON-1617998101 tempest-DeleteServersTestJSON-1617998101-project-member] Update host state from compute node: ComputeNode(cpu_allocation_ratio=4.0,cpu_info='{"arch": "x86_64", "model": "EPYC-Milan", "vendor": "AMD", "topology": {"cells": 1, "sockets": 12, "cores": 1, "threads": 1}, "maxphysaddr": {"mode": "emulate", "bits": 40}, "features": ["perfctr_core", "erms", "mds-no", "flushbyasid", "fpu", "x2apic", "msr", "nx", "pdpe1gb", "rdrand", "lahf_lm", "bmi1", "v-vmsave-vmload", "vgif", "avx", "vpclmulqdq", "vmcb-clean", "clflush", "nrip-save", "stibp", "fxsr", "amd-psfd", "topoext", "pni", "cr8legacy", "ibpb", "lbrv", "pae", "fxsr_opt", "rdseed", "tsc-deadline", "pfthreshold", "hypervisor", "svm", "avx2", "no-nested-data-bp", "ssbd", "tsc-scale", "f16c", "tsc_adjust", "sse4.1", "rdtscp", "cmp_legacy", "pause-filter", "spec-ctrl", "amd-ssbd", "xsaves", "clflushopt", "fsgsbase", "xsaveopt", "pse", "npt", "sha-ni", "osvw", "svme-addr-chk", "lm", "arat", "amd-stibp", "umip", "null-sel-clr-base", "gds-no", "fsrm", "tsc", "arch-capabilities", "cx16", "ibrs", "invpcid", "syscall", "mca", "smep", "pge", "pku", "mce", "bmi2", "smap", "pat", "vme", "pschange-mc-no", "ssse3", "sse", "xgetbv1", "xsavec", "pclmuldq", "stibp-always-on", "rdctl-no", "wbnoinvd", "clzero", "xsaveerptr", "lfence-always-serializing", "mmx", "sse4.2", "fma", "sep", "movbe", "cmov", "pcid", "aes", "pse36", "mmxext", "abm", "rdpid", "adx", "cx8", "misalignsse", "3dnowprefetch", "apic", "xsave", "virt-ssbd", "vaes", "de", "mtrr", "sse4a", "clwb", "popcnt", "sse2", "skip-l1dfl-vmentry"]}',created_at=2026-06-11T05:52:57Z,current_workload=0,deleted=False,deleted_at=None,disk_allocation_ratio=1.0,disk_available_least=74,free_disk_gb=95,free_ram_mb=23518,host='np0000002570',host_ip=10.4.3.213,hypervisor_hostname='np0000002570',hypervisor_type='QEMU',hypervisor_version=8002002,id=1,local_gb=95,local_gb_used=0,mapped=1,memory_mb=24030,memory_mb_used=512,metrics='[]',numa_topology='{"nova_object.name": "NUMATopology", "nova_object.namespace": "nova", "nova_object.version": "1.2", "nova_object.data": {"cells": [{"nova_object.name": "NUMACell", "nova_object.namespace": "nova", "nova_object.version": "1.5", "nova_object.data": {"id": 0, "cpuset": [0, 1, 2, 3, 4, 5, 6, 7, 8, 9, 10, 11], "pcpuset": [0, 1, 2, 3, 4, 5, 6, 7, 8, 9, 10, 11], "memory": 24030, "cpu_usage": 0, "memory_usage": 0, "pinned_cpus": [], "siblings": [[6], [2], [5], [11], [8], [4], [1], [7], [10], [0], [3], [9]], "mempages": [{"nova_object.name": "NUMAPagesTopology", "nova_object.namespace": "nova", "nova_object.version": "1.1", "nova_object.data": {"size_kb": 4, "total": 6151797, "used": 0, "reserved": 0}, "nova_object.changes": ["size_kb", "total", "used", "reserved"]}, {"nova_object.name": "NUMAPagesTopology", "nova_object.namespace": "nova", "nova_object.version": "1.1", "nova_object.data": {"size_kb": 2048, "total": 0, "used": 0, "reserved": 0}, "nova_object.changes": ["size_kb", "total", "used", "reserved"]}, {"nova_object.name": "NUMAPagesTopology", "nova_object.namespace": "nova", "nova_object.version": "1.1", "nova_object.data": {"size_kb": 1048576, "total": 0, "used": 0, "reserved": 0}, "nova_object.changes": ["size_kb", "total", "used", "reserved"]}], "network_metadata": {"nova_object.name": "NetworkMetadata", "nova_object.namespace": "nova", "nova_object.version": "1.0", "nova_object.data": {"physnets": [], "tunneled": false}, "nova_object.changes": ["tunneled", "physnets"]}, "socket": null}, "nova_object.changes": ["id", "pcpuset", "memory", "cpu_usage", "siblings", "mempages", "socket", "network_metadata", "pinned_cpus", "cpuset", "memory_usage"]}]}, "nova_object.changes": ["cells"]}',pci_device_pools=PciDevicePoolList,ram_allocation_ratio=1.0,running_vms=0,service_id=4,stats={failed_builds='0',uptime=' 05:54:43 up 25 min, 2 users, load average: 1.50, 1.50, 0.88
Jun 11 05:55:17.341325 np0000002570 nova-scheduler[95801]: '},supported_hv_specs=[HVSpec,HVSpec,HVSpec,HVSpec,HVSpec,HVSpec,HVSpec,HVSpec,HVSpec,HVSpec,HVSpec,HVSpec,HVSpec,HVSpec,HVSpec,HVSpec,HVSpec,HVSpec,HVSpec,HVSpec,HVSpec,HVSpec,HVSpec,HVSpec,HVSpec],updated_at=2026-06-11T05:54:45Z,uuid=859712d5-b069-4555-b1fd-61b2d5b8348d,vcpus=12,vcpus_used=0) {{(pid=95801) _locked_update /opt/stack/nova/nova/scheduler/host_manager.py:168}}
Jun 11 05:55:17.342173 np0000002570 nova-scheduler[95801]: DEBUG nova.scheduler.host_manager [None req-d6d30d33-7909-4b4b-9997-f681ef16491e tempest-DeleteServersTestJSON-1617998101 tempest-DeleteServersTestJSON-1617998101-project-member] Update host state with aggregates: [] {{(pid=95801) _locked_update /opt/stack/nova/nova/scheduler/host_manager.py:171}}
Jun 11 05:55:17.342806 np0000002570 nova-scheduler[95801]: DEBUG nova.scheduler.host_manager [None req-d6d30d33-7909-4b4b-9997-f681ef16491e tempest-DeleteServersTestJSON-1617998101 tempest-DeleteServersTestJSON-1617998101-project-member] Update host state with service dict: {'id': 4, 'uuid': '499124bc-f0f2-4b21-888b-37c40e3fb79b', 'host': 'np0000002570', 'binary': 'nova-compute', 'topic': 'compute', 'report_count': 2, 'disabled': False, 'disabled_reason': None, 'last_seen_up': datetime.datetime(2026, 6, 11, 5, 55, 6, tzinfo=datetime.timezone.utc), 'forced_down': False, 'version': 72, 'created_at': datetime.datetime(2026, 6, 11, 5, 52, 56, tzinfo=datetime.timezone.utc), 'updated_at': datetime.datetime(2026, 6, 11, 5, 55, 6, tzinfo=datetime.timezone.utc), 'deleted_at': None, 'deleted': False} {{(pid=95801) _locked_update /opt/stack/nova/nova/scheduler/host_manager.py:174}}
Jun 11 05:55:17.342957 np0000002570 nova-scheduler[95801]: DEBUG nova.scheduler.host_manager [None req-d6d30d33-7909-4b4b-9997-f681ef16491e tempest-DeleteServersTestJSON-1617998101 tempest-DeleteServersTestJSON-1617998101-project-member] Update host state with instances: [] {{(pid=95801) _locked_update /opt/stack/nova/nova/scheduler/host_manager.py:177}}
Jun 11 05:55:17.343100 np0000002570 nova-scheduler[95801]: DEBUG oslo_concurrency.lockutils [None req-d6d30d33-7909-4b4b-9997-f681ef16491e tempest-DeleteServersTestJSON-1617998101 tempest-DeleteServersTestJSON-1617998101-project-member] Lock "('np0000002570', 'np0000002570')" "released" by "nova.scheduler.host_manager.HostState.update.._locked_update" :: held 0.003s {{(pid=95801) inner /opt/stack/data/venv/lib/python3.12/site-packages/oslo_concurrency/lockutils.py:543}}
Jun 11 05:55:17.343738 np0000002570 nova-scheduler[95801]: DEBUG nova.filters [None req-d6d30d33-7909-4b4b-9997-f681ef16491e tempest-DeleteServersTestJSON-1617998101 tempest-DeleteServersTestJSON-1617998101-project-member] Starting with 1 host(s) {{(pid=95801) get_filtered_objects /opt/stack/nova/nova/filters.py:70}}
Jun 11 05:55:17.343961 np0000002570 nova-scheduler[95801]: DEBUG nova.filters [None req-d6d30d33-7909-4b4b-9997-f681ef16491e tempest-DeleteServersTestJSON-1617998101 tempest-DeleteServersTestJSON-1617998101-project-member] Filter ComputeFilter returned 1 host(s) {{(pid=95801) get_filtered_objects /opt/stack/nova/nova/filters.py:102}}
Jun 11 05:55:17.344149 np0000002570 nova-scheduler[95801]: DEBUG nova.filters [None req-d6d30d33-7909-4b4b-9997-f681ef16491e tempest-DeleteServersTestJSON-1617998101 tempest-DeleteServersTestJSON-1617998101-project-member] Filter ComputeCapabilitiesFilter returned 1 host(s) {{(pid=95801) get_filtered_objects /opt/stack/nova/nova/filters.py:102}}
Jun 11 05:55:17.344293 np0000002570 nova-scheduler[95801]: DEBUG nova.filters [None req-d6d30d33-7909-4b4b-9997-f681ef16491e tempest-DeleteServersTestJSON-1617998101 tempest-DeleteServersTestJSON-1617998101-project-member] Filter ImagePropertiesFilter returned 1 host(s) {{(pid=95801) get_filtered_objects /opt/stack/nova/nova/filters.py:102}}
Jun 11 05:55:17.344409 np0000002570 nova-scheduler[95801]: DEBUG nova.filters [None req-d6d30d33-7909-4b4b-9997-f681ef16491e tempest-DeleteServersTestJSON-1617998101 tempest-DeleteServersTestJSON-1617998101-project-member] Filter ServerGroupAntiAffinityFilter returned 1 host(s) {{(pid=95801) get_filtered_objects /opt/stack/nova/nova/filters.py:102}}
Jun 11 05:55:17.345163 np0000002570 nova-scheduler[95801]: DEBUG nova.filters [None req-d6d30d33-7909-4b4b-9997-f681ef16491e tempest-DeleteServersTestJSON-1617998101 tempest-DeleteServersTestJSON-1617998101-project-member] Filter ServerGroupAffinityFilter returned 1 host(s) {{(pid=95801) get_filtered_objects /opt/stack/nova/nova/filters.py:102}}
Jun 11 05:55:17.345163 np0000002570 nova-scheduler[95801]: DEBUG nova.filters [None req-d6d30d33-7909-4b4b-9997-f681ef16491e tempest-DeleteServersTestJSON-1617998101 tempest-DeleteServersTestJSON-1617998101-project-member] Filter SameHostFilter returned 1 host(s) {{(pid=95801) get_filtered_objects /opt/stack/nova/nova/filters.py:102}}
Jun 11 05:55:17.345163 np0000002570 nova-scheduler[95801]: DEBUG nova.filters [None req-d6d30d33-7909-4b4b-9997-f681ef16491e tempest-DeleteServersTestJSON-1617998101 tempest-DeleteServersTestJSON-1617998101-project-member] Filter DifferentHostFilter returned 1 host(s) {{(pid=95801) get_filtered_objects /opt/stack/nova/nova/filters.py:102}}
Jun 11 05:55:17.345163 np0000002570 nova-scheduler[95801]: DEBUG nova.scheduler.manager [None req-d6d30d33-7909-4b4b-9997-f681ef16491e tempest-DeleteServersTestJSON-1617998101 tempest-DeleteServersTestJSON-1617998101-project-member] Filtered [(np0000002570, np0000002570) ram: 23518MB disk: 75776MB io_ops: 0 instances: 0, allocation_candidates: 1] {{(pid=95801) _get_sorted_hosts /opt/stack/nova/nova/scheduler/manager.py:743}}
Jun 11 05:55:17.345409 np0000002570 nova-scheduler[95801]: DEBUG nova.scheduler.manager [None req-d6d30d33-7909-4b4b-9997-f681ef16491e tempest-DeleteServersTestJSON-1617998101 tempest-DeleteServersTestJSON-1617998101-project-member] Weighed [WeighedHost [host: (np0000002570, np0000002570) ram: 23518MB disk: 75776MB io_ops: 0 instances: 0, allocation_candidates: 1, weight: 0.0]] {{(pid=95801) _get_sorted_hosts /opt/stack/nova/nova/scheduler/manager.py:765}}
Jun 11 05:55:17.345517 np0000002570 nova-scheduler[95801]: DEBUG nova.scheduler.utils [None req-d6d30d33-7909-4b4b-9997-f681ef16491e tempest-DeleteServersTestJSON-1617998101 tempest-DeleteServersTestJSON-1617998101-project-member] Attempting to claim resources in the placement API for instance 6db8d726-5136-4a3e-9d90-a6c849b6f379 {{(pid=95801) claim_resources /opt/stack/nova/nova/scheduler/utils.py:1345}}
Jun 11 05:55:17.542752 np0000002570 nova-scheduler[95801]: DEBUG nova.scheduler.manager [None req-d6d30d33-7909-4b4b-9997-f681ef16491e tempest-DeleteServersTestJSON-1617998101 tempest-DeleteServersTestJSON-1617998101-project-member] [instance: 6db8d726-5136-4a3e-9d90-a6c849b6f379] Selected host: (np0000002570, np0000002570) ram: 23518MB disk: 75776MB io_ops: 0 instances: 0, allocation_candidates: 1 {{(pid=95801) _consume_selected_host /opt/stack/nova/nova/scheduler/manager.py:625}}
Jun 11 05:55:17.543261 np0000002570 nova-scheduler[95801]: DEBUG oslo_concurrency.lockutils [None req-d6d30d33-7909-4b4b-9997-f681ef16491e tempest-DeleteServersTestJSON-1617998101 tempest-DeleteServersTestJSON-1617998101-project-member] Acquiring lock "('np0000002570', 'np0000002570')" by "nova.scheduler.host_manager.HostState.consume_from_request.._locked" {{(pid=95801) inner /opt/stack/data/venv/lib/python3.12/site-packages/oslo_concurrency/lockutils.py:511}}
Jun 11 05:55:17.543525 np0000002570 nova-scheduler[95801]: DEBUG oslo_concurrency.lockutils [None req-d6d30d33-7909-4b4b-9997-f681ef16491e tempest-DeleteServersTestJSON-1617998101 tempest-DeleteServersTestJSON-1617998101-project-member] Lock "('np0000002570', 'np0000002570')" acquired by "nova.scheduler.host_manager.HostState.consume_from_request.._locked" :: waited 0.000s {{(pid=95801) inner /opt/stack/data/venv/lib/python3.12/site-packages/oslo_concurrency/lockutils.py:524}}
Jun 11 05:55:17.543600 np0000002570 nova-scheduler[95801]: DEBUG oslo_concurrency.lockutils [None req-d6d30d33-7909-4b4b-9997-f681ef16491e tempest-DeleteServersTestJSON-1617998101 tempest-DeleteServersTestJSON-1617998101-project-member] Lock "('np0000002570', 'np0000002570')" "released" by "nova.scheduler.host_manager.HostState.consume_from_request.._locked" :: held 0.000s {{(pid=95801) inner /opt/stack/data/venv/lib/python3.12/site-packages/oslo_concurrency/lockutils.py:543}}
Jun 11 05:55:18.279917 np0000002570 nova-scheduler[95795]: DEBUG nova.scheduler.manager [None req-d3a77dd1-85bd-4dbc-8fa5-1c7aa6fdad2e tempest-AttachVolumeTestJSON-244210182 tempest-AttachVolumeTestJSON-244210182-project-member] Starting to schedule for instances: ['7bfd6114-2c02-4f86-8e0d-395f7612659d'] {{(pid=95795) select_destinations /opt/stack/nova/nova/scheduler/manager.py:210}}
Jun 11 05:55:18.279917 np0000002570 nova-scheduler[95795]: DEBUG nova.scheduler.request_filter [None req-d3a77dd1-85bd-4dbc-8fa5-1c7aa6fdad2e tempest-AttachVolumeTestJSON-244210182 tempest-AttachVolumeTestJSON-244210182-project-member] compute_status_filter request filter added forbidden trait COMPUTE_STATUS_DISABLED {{(pid=95795) compute_status_filter /opt/stack/nova/nova/scheduler/request_filter.py:253}}
Jun 11 05:55:18.279917 np0000002570 nova-scheduler[95795]: DEBUG nova.scheduler.request_filter [None req-d3a77dd1-85bd-4dbc-8fa5-1c7aa6fdad2e tempest-AttachVolumeTestJSON-244210182 tempest-AttachVolumeTestJSON-244210182-project-member] Request filter 'compute_status_filter' took 0.0 seconds {{(pid=95795) wrapper /opt/stack/nova/nova/scheduler/request_filter.py:46}}
Jun 11 05:55:18.279917 np0000002570 nova-scheduler[95795]: DEBUG nova.scheduler.request_filter [None req-d3a77dd1-85bd-4dbc-8fa5-1c7aa6fdad2e tempest-AttachVolumeTestJSON-244210182 tempest-AttachVolumeTestJSON-244210182-project-member] Request filter 'accelerators_filter' took 0.0 seconds {{(pid=95795) wrapper /opt/stack/nova/nova/scheduler/request_filter.py:46}}
Jun 11 05:55:18.280470 np0000002570 nova-scheduler[95795]: DEBUG nova.scheduler.request_filter [None req-d3a77dd1-85bd-4dbc-8fa5-1c7aa6fdad2e tempest-AttachVolumeTestJSON-244210182 tempest-AttachVolumeTestJSON-244210182-project-member] Request filter 'packed_virtqueue_filter' took 0.0 seconds {{(pid=95795) wrapper /opt/stack/nova/nova/scheduler/request_filter.py:46}}
Jun 11 05:55:18.282701 np0000002570 nova-scheduler[95795]: DEBUG nova.scheduler.request_filter [None req-d3a77dd1-85bd-4dbc-8fa5-1c7aa6fdad2e tempest-AttachVolumeTestJSON-244210182 tempest-AttachVolumeTestJSON-244210182-project-member] Request filter 'remote_managed_ports_filter' took 0.0 seconds {{(pid=95795) wrapper /opt/stack/nova/nova/scheduler/request_filter.py:46}}
Jun 11 05:55:18.282973 np0000002570 nova-scheduler[95795]: DEBUG nova.scheduler.request_filter [None req-d3a77dd1-85bd-4dbc-8fa5-1c7aa6fdad2e tempest-AttachVolumeTestJSON-244210182 tempest-AttachVolumeTestJSON-244210182-project-member] ephemeral_encryption_filter skipped {{(pid=95795) ephemeral_encryption_filter /opt/stack/nova/nova/scheduler/request_filter.py:426}}
Jun 11 05:55:18.283150 np0000002570 nova-scheduler[95795]: DEBUG nova.scheduler.request_filter [None req-d3a77dd1-85bd-4dbc-8fa5-1c7aa6fdad2e tempest-AttachVolumeTestJSON-244210182 tempest-AttachVolumeTestJSON-244210182-project-member] virtio_sound_filter skipped {{(pid=95795) virtio_sound_filter /opt/stack/nova/nova/scheduler/request_filter.py:460}}
Jun 11 05:55:18.283324 np0000002570 nova-scheduler[95795]: DEBUG nova.scheduler.request_filter [None req-d3a77dd1-85bd-4dbc-8fa5-1c7aa6fdad2e tempest-AttachVolumeTestJSON-244210182 tempest-AttachVolumeTestJSON-244210182-project-member] tpm_secret_security_filter skipped {{(pid=95795) tpm_secret_security_filter /opt/stack/nova/nova/scheduler/request_filter.py:477}}
Jun 11 05:55:18.354560 np0000002570 nova-scheduler[95793]: DEBUG nova.scheduler.manager [None req-3d98a9c6-f85b-4d7b-8895-39d99f13289d tempest-ServerActionsTestOtherA-1745098136 tempest-ServerActionsTestOtherA-1745098136-project-member] Starting to schedule for instances: ['a2a8864a-57ce-4509-97cc-752037b644dd'] {{(pid=95793) select_destinations /opt/stack/nova/nova/scheduler/manager.py:210}}
Jun 11 05:55:18.355430 np0000002570 nova-scheduler[95793]: DEBUG nova.scheduler.request_filter [None req-3d98a9c6-f85b-4d7b-8895-39d99f13289d tempest-ServerActionsTestOtherA-1745098136 tempest-ServerActionsTestOtherA-1745098136-project-member] compute_status_filter request filter added forbidden trait COMPUTE_STATUS_DISABLED {{(pid=95793) compute_status_filter /opt/stack/nova/nova/scheduler/request_filter.py:253}}
Jun 11 05:55:18.355672 np0000002570 nova-scheduler[95793]: DEBUG nova.scheduler.request_filter [None req-3d98a9c6-f85b-4d7b-8895-39d99f13289d tempest-ServerActionsTestOtherA-1745098136 tempest-ServerActionsTestOtherA-1745098136-project-member] Request filter 'compute_status_filter' took 0.0 seconds {{(pid=95793) wrapper /opt/stack/nova/nova/scheduler/request_filter.py:46}}
Jun 11 05:55:18.355967 np0000002570 nova-scheduler[95793]: DEBUG nova.scheduler.request_filter [None req-3d98a9c6-f85b-4d7b-8895-39d99f13289d tempest-ServerActionsTestOtherA-1745098136 tempest-ServerActionsTestOtherA-1745098136-project-member] Request filter 'accelerators_filter' took 0.0 seconds {{(pid=95793) wrapper /opt/stack/nova/nova/scheduler/request_filter.py:46}}
Jun 11 05:55:18.356229 np0000002570 nova-scheduler[95793]: DEBUG nova.scheduler.request_filter [None req-3d98a9c6-f85b-4d7b-8895-39d99f13289d tempest-ServerActionsTestOtherA-1745098136 tempest-ServerActionsTestOtherA-1745098136-project-member] Request filter 'packed_virtqueue_filter' took 0.0 seconds {{(pid=95793) wrapper /opt/stack/nova/nova/scheduler/request_filter.py:46}}
Jun 11 05:55:18.356505 np0000002570 nova-scheduler[95793]: DEBUG nova.scheduler.request_filter [None req-3d98a9c6-f85b-4d7b-8895-39d99f13289d tempest-ServerActionsTestOtherA-1745098136 tempest-ServerActionsTestOtherA-1745098136-project-member] Request filter 'remote_managed_ports_filter' took 0.0 seconds {{(pid=95793) wrapper /opt/stack/nova/nova/scheduler/request_filter.py:46}}
Jun 11 05:55:18.356684 np0000002570 nova-scheduler[95793]: DEBUG nova.scheduler.request_filter [None req-3d98a9c6-f85b-4d7b-8895-39d99f13289d tempest-ServerActionsTestOtherA-1745098136 tempest-ServerActionsTestOtherA-1745098136-project-member] ephemeral_encryption_filter skipped {{(pid=95793) ephemeral_encryption_filter /opt/stack/nova/nova/scheduler/request_filter.py:426}}
Jun 11 05:55:18.357118 np0000002570 nova-scheduler[95793]: DEBUG nova.scheduler.request_filter [None req-3d98a9c6-f85b-4d7b-8895-39d99f13289d tempest-ServerActionsTestOtherA-1745098136 tempest-ServerActionsTestOtherA-1745098136-project-member] virtio_sound_filter skipped {{(pid=95793) virtio_sound_filter /opt/stack/nova/nova/scheduler/request_filter.py:460}}
Jun 11 05:55:18.357238 np0000002570 nova-scheduler[95793]: DEBUG nova.scheduler.request_filter [None req-3d98a9c6-f85b-4d7b-8895-39d99f13289d tempest-ServerActionsTestOtherA-1745098136 tempest-ServerActionsTestOtherA-1745098136-project-member] tpm_secret_security_filter skipped {{(pid=95793) tpm_secret_security_filter /opt/stack/nova/nova/scheduler/request_filter.py:477}}
Jun 11 05:55:18.422446 np0000002570 nova-scheduler[95795]: INFO nova.utils [None req-d3a77dd1-85bd-4dbc-8fa5-1c7aa6fdad2e tempest-AttachVolumeTestJSON-244210182 tempest-AttachVolumeTestJSON-244210182-project-member] The cell worker thread pool ForkProcess-2.cell_worker is initialized
Jun 11 05:55:18.422863 np0000002570 nova-scheduler[95795]: DEBUG oslo_concurrency.lockutils [None req-d3a77dd1-85bd-4dbc-8fa5-1c7aa6fdad2e tempest-AttachVolumeTestJSON-244210182 tempest-AttachVolumeTestJSON-244210182-project-member] Acquiring lock "21d4af32-aa85-4f6d-8656-0daca2ca7209" by "nova.context.set_target_cell..get_or_set_cached_cell_and_set_connections" {{(pid=95795) inner /opt/stack/data/venv/lib/python3.12/site-packages/oslo_concurrency/lockutils.py:511}}
Jun 11 05:55:18.423080 np0000002570 nova-scheduler[95795]: DEBUG oslo_concurrency.lockutils [None req-d3a77dd1-85bd-4dbc-8fa5-1c7aa6fdad2e tempest-AttachVolumeTestJSON-244210182 tempest-AttachVolumeTestJSON-244210182-project-member] Lock "21d4af32-aa85-4f6d-8656-0daca2ca7209" acquired by "nova.context.set_target_cell..get_or_set_cached_cell_and_set_connections" :: waited 0.000s {{(pid=95795) inner /opt/stack/data/venv/lib/python3.12/site-packages/oslo_concurrency/lockutils.py:524}}
Jun 11 05:55:18.424668 np0000002570 nova-scheduler[95795]: DEBUG oslo_concurrency.lockutils [None req-d3a77dd1-85bd-4dbc-8fa5-1c7aa6fdad2e tempest-AttachVolumeTestJSON-244210182 tempest-AttachVolumeTestJSON-244210182-project-member] Lock "21d4af32-aa85-4f6d-8656-0daca2ca7209" "released" by "nova.context.set_target_cell..get_or_set_cached_cell_and_set_connections" :: held 0.001s {{(pid=95795) inner /opt/stack/data/venv/lib/python3.12/site-packages/oslo_concurrency/lockutils.py:543}}
Jun 11 05:55:18.427001 np0000002570 nova-scheduler[95795]: INFO dbcounter [None req-d3a77dd1-85bd-4dbc-8fa5-1c7aa6fdad2e tempest-AttachVolumeTestJSON-244210182 tempest-AttachVolumeTestJSON-244210182-project-member] Registered counter for database nova_cell1
Jun 11 05:55:18.476303 np0000002570 nova-scheduler[95795]: DEBUG oslo_db.sqlalchemy.engines [None req-d3a77dd1-85bd-4dbc-8fa5-1c7aa6fdad2e tempest-AttachVolumeTestJSON-244210182 tempest-AttachVolumeTestJSON-244210182-project-member] MySQL server mode set to STRICT_TRANS_TABLES,STRICT_ALL_TABLES,NO_ZERO_IN_DATE,NO_ZERO_DATE,ERROR_FOR_DIVISION_BY_ZERO,TRADITIONAL,NO_ENGINE_SUBSTITUTION {{(pid=95795) _check_effective_sql_mode /opt/stack/data/venv/lib/python3.12/site-packages/oslo_db/sqlalchemy/engines.py:325}}
Jun 11 05:55:18.482256 np0000002570 nova-scheduler[95795]: DEBUG dbcounter [-] [95795] Writer thread running {{(pid=95795) stat_writer /opt/stack/data/venv/lib/python3.12/site-packages/dbcounter.py:102}}
