Jun 11 05:52:06.882723 np0000002570 devstack@neutron-api.service[90069]: DEBUG neutron.common.ovn.hash_ring_manager [None req-c5adc7d2-4f0c-485b-b7fa-96e22bfe46e2 None None] Allow caching, nodes 3>=3 {{(pid=90069) _wait_startup_before_caching /opt/stack/neutron/neutron/common/ovn/hash_ring_manager.py:65}}
Jun 11 05:52:06.889173 np0000002570 devstack@neutron-api.service[90069]: DEBUG neutron.common.ovn.hash_ring_manager [None req-c5adc7d2-4f0c-485b-b7fa-96e22bfe46e2 None None] Hash Ring loaded. 3 active nodes. 0 offline nodes {{(pid=90069) _load_hash_ring /opt/stack/neutron/neutron/common/ovn/hash_ring_manager.py:102}}
Jun 11 05:52:06.890902 np0000002570 devstack@neutron-api.service[90069]: INFO neutron.plugins.ml2.drivers.ovn.mech_driver.ovsdb.impl_idl_ovn [None req-c5adc7d2-4f0c-485b-b7fa-96e22bfe46e2 None None] Getting OvsdbSbOvnIdl for WorkerService with retry
Jun 11 05:52:06.895496 np0000002570 devstack@neutron-api.service[90068]: DEBUG oslo_concurrency.processutils [None req-b41bdd64-815a-490c-8d6e-efc79a269bfd None None] CMD "ovsdb-client transact ssl:10.4.3.213:6641 --timeout 180 -p /opt/stack/data/CA/int-ca/private/devstack-cert.key -c /opt/stack/data/CA/int-ca/devstack-cert.crt -C /opt/stack/data/CA/int-ca/ca-chain.pem ["OVN_Northbound", {"op": "wait", "timeout": 0, "table": "Port_Group", "where": [["name", "==", "pvlan_pg_drop"]], "until": "==", "rows": []}, {"op": "insert", "table": "ACL", "row": {"action": "drop", "direction": "to-lport", "match": "outport == @pvlan_pg_drop && ip", "priority": 1010}, "uuid-name": "pvlandroptoport"}, {"op": "insert", "table": "ACL", "row": {"action": "drop", "direction": "from-lport", "match": "inport == @pvlan_pg_drop && ip", "priority": 1010}, "uuid-name": "pvlandropfromport"}, {"op": "insert", "table": "Port_Group", "row": {"name": "pvlan_pg_drop", "acls": ["set", [["named-uuid", "pvlandroptoport"], ["named-uuid", "pvlandropfromport"]]]}}]" returned: 0 in 0.025s {{(pid=90068) execute /opt/stack/data/venv/lib/python3.12/site-packages/oslo_concurrency/processutils.py:468}}
Jun 11 05:52:06.897534 np0000002570 devstack@neutron-api.service[90068]: WSGI app 0 (mountpoint='') ready in 6 seconds on interpreter 0x75b4382a3668 pid: 90068 (default app)
Jun 11 05:52:06.925034 np0000002570 devstack@neutron-api.service[90069]: DEBUG ovsdbapp.backend.ovs_idl [None req-c5adc7d2-4f0c-485b-b7fa-96e22bfe46e2 None None] Created lookup_table index Chassis.name {{(pid=90069) autocreate_indices /opt/stack/data/venv/lib/python3.12/site-packages/ovsdbapp/backend/ovs_idl/__init__.py:87}}
Jun 11 05:52:06.925175 np0000002570 devstack@neutron-api.service[90069]: DEBUG ovsdbapp.backend.ovs_idl [None req-c5adc7d2-4f0c-485b-b7fa-96e22bfe46e2 None None] Created lookup_table index Port_Binding.logical_port {{(pid=90069) autocreate_indices /opt/stack/data/venv/lib/python3.12/site-packages/ovsdbapp/backend/ovs_idl/__init__.py:87}}
Jun 11 05:52:06.925356 np0000002570 devstack@neutron-api.service[90069]: DEBUG ovsdbapp.backend.ovs_idl [None req-c5adc7d2-4f0c-485b-b7fa-96e22bfe46e2 None None] Created schema index Chassis_Private.name {{(pid=90069) autocreate_indices /opt/stack/data/venv/lib/python3.12/site-packages/ovsdbapp/backend/ovs_idl/__init__.py:106}}
Jun 11 05:52:06.925429 np0000002570 devstack@neutron-api.service[90069]: DEBUG ovsdbapp.backend.ovs_idl [None req-c5adc7d2-4f0c-485b-b7fa-96e22bfe46e2 None None] Created schema index Datapath_Binding.tunnel_key {{(pid=90069) autocreate_indices /opt/stack/data/venv/lib/python3.12/site-packages/ovsdbapp/backend/ovs_idl/__init__.py:106}}
Jun 11 05:52:06.928348 np0000002570 devstack@neutron-api.service[90069]: INFO ovsdbapp.backend.ovs_idl.vlog [None req-c5adc7d2-4f0c-485b-b7fa-96e22bfe46e2 None None] ssl:10.4.3.213:6642: connecting...
Jun 11 05:52:06.933884 np0000002570 devstack@neutron-api.service[90069]: INFO ovsdbapp.backend.ovs_idl.vlog [None req-c5adc7d2-4f0c-485b-b7fa-96e22bfe46e2 None None] ssl:10.4.3.213:6642: connected
Jun 11 05:52:06.967847 np0000002570 devstack@neutron-api.service[90069]: DEBUG neutron.common.ovn.hash_ring_manager [None req-c5adc7d2-4f0c-485b-b7fa-96e22bfe46e2 None None] Allow caching, nodes 3>=3 {{(pid=90069) _wait_startup_before_caching /opt/stack/neutron/neutron/common/ovn/hash_ring_manager.py:65}}
Jun 11 05:52:06.974063 np0000002570 devstack@neutron-api.service[90069]: DEBUG neutron.common.ovn.hash_ring_manager [None req-c5adc7d2-4f0c-485b-b7fa-96e22bfe46e2 None None] Hash Ring loaded. 3 active nodes. 0 offline nodes {{(pid=90069) _load_hash_ring /opt/stack/neutron/neutron/common/ovn/hash_ring_manager.py:102}}
Jun 11 05:52:06.974338 np0000002570 devstack@neutron-api.service[90069]: DEBUG neutron.plugins.ml2.drivers.ovn.mech_driver.ovsdb.ovsdb_monitor [None req-c5adc7d2-4f0c-485b-b7fa-96e22bfe46e2 None None] ChassisAgentWriteEvent : Matched Chassis_Private, create, None None {{(pid=90069) matches /opt/stack/neutron/neutron/plugins/ml2/drivers/ovn/mech_driver/ovsdb/ovsdb_monitor.py:64}}
Jun 11 05:52:06.974617 np0000002570 devstack@neutron-api.service[90069]: DEBUG neutron.plugins.ml2.drivers.ovn.mech_driver.ovsdb.ovsdb_monitor [None req-c5adc7d2-4f0c-485b-b7fa-96e22bfe46e2 None None] ChassisOVNAgentWriteEvent : Matched Chassis_Private, create, None None {{(pid=90069) matches /opt/stack/neutron/neutron/plugins/ml2/drivers/ovn/mech_driver/ovsdb/ovsdb_monitor.py:64}}
Jun 11 05:52:06.975160 np0000002570 devstack@neutron-api.service[90069]: DEBUG neutron.plugins.ml2.drivers.ovn.mech_driver.ovsdb.ovsdb_monitor [None req-c5adc7d2-4f0c-485b-b7fa-96e22bfe46e2 None None] Hash Ring: Node 1dc633c400dd50238f168b5f6de33a30 (host: np0000002570) handling event "create" for row 94e088d4-c633-4b75-b6d5-97d05f678848 (table: Chassis_Private) {{(pid=90069) notify /opt/stack/neutron/neutron/plugins/ml2/drivers/ovn/mech_driver/ovsdb/ovsdb_monitor.py:1015}}
Jun 11 05:52:06.976786 np0000002570 devstack@neutron-api.service[90069]: INFO neutron.plugins.ml2.drivers.ovn.mech_driver.mech_driver [None req-c5adc7d2-4f0c-485b-b7fa-96e22bfe46e2 None None] WorkerService process has finished the post initialization
Jun 11 05:52:06.977271 np0000002570 devstack@neutron-api.service[90069]: DEBUG oslo_concurrency.processutils [None req-c5adc7d2-4f0c-485b-b7fa-96e22bfe46e2 None None] Running cmd (subprocess): ovsdb-client transact ssl:10.4.3.213:6641 --timeout 180 -p /opt/stack/data/CA/int-ca/private/devstack-cert.key -c /opt/stack/data/CA/int-ca/devstack-cert.crt -C /opt/stack/data/CA/int-ca/ca-chain.pem ["OVN_Northbound", {"op": "wait", "timeout": 0, "table": "Port_Group", "where": [["name", "==", "pvlan_pg_drop"]], "until": "==", "rows": []}, {"op": "insert", "table": "ACL", "row": {"action": "drop", "direction": "to-lport", "match": "outport == @pvlan_pg_drop && ip", "priority": 1010}, "uuid-name": "pvlandroptoport"}, {"op": "insert", "table": "ACL", "row": {"action": "drop", "direction": "from-lport", "match": "inport == @pvlan_pg_drop && ip", "priority": 1010}, "uuid-name": "pvlandropfromport"}, {"op": "insert", "table": "Port_Group", "row": {"name": "pvlan_pg_drop", "acls": ["set", [["named-uuid", "pvlandroptoport"], ["named-uuid", "pvlandropfromport"]]]}}] {{(pid=90069) execute /opt/stack/data/venv/lib/python3.12/site-packages/oslo_concurrency/processutils.py:440}}
Jun 11 05:52:07.002742 np0000002570 devstack@neutron-api.service[90069]: DEBUG oslo_concurrency.processutils [None req-c5adc7d2-4f0c-485b-b7fa-96e22bfe46e2 None None] CMD "ovsdb-client transact ssl:10.4.3.213:6641 --timeout 180 -p /opt/stack/data/CA/int-ca/private/devstack-cert.key -c /opt/stack/data/CA/int-ca/devstack-cert.crt -C /opt/stack/data/CA/int-ca/ca-chain.pem ["OVN_Northbound", {"op": "wait", "timeout": 0, "table": "Port_Group", "where": [["name", "==", "pvlan_pg_drop"]], "until": "==", "rows": []}, {"op": "insert", "table": "ACL", "row": {"action": "drop", "direction": "to-lport", "match": "outport == @pvlan_pg_drop && ip", "priority": 1010}, "uuid-name": "pvlandroptoport"}, {"op": "insert", "table": "ACL", "row": {"action": "drop", "direction": "from-lport", "match": "inport == @pvlan_pg_drop && ip", "priority": 1010}, "uuid-name": "pvlandropfromport"}, {"op": "insert", "table": "Port_Group", "row": {"name": "pvlan_pg_drop", "acls": ["set", [["named-uuid", "pvlandroptoport"], ["named-uuid", "pvlandropfromport"]]]}}]" returned: 0 in 0.025s {{(pid=90069) execute /opt/stack/data/venv/lib/python3.12/site-packages/oslo_concurrency/processutils.py:468}}
Jun 11 05:52:07.005058 np0000002570 devstack@neutron-api.service[90069]: WSGI app 0 (mountpoint='') ready in 7 seconds on interpreter 0x75b4382a3668 pid: 90069 (default app)
Jun 11 05:52:07.270120 np0000002570 devstack@neutron-api.service[90068]: DEBUG neutron.plugins.ml2.drivers.ovn.mech_driver.ovsdb.ovsdb_monitor [-] Hash Ring: Node dbe20fb1dc6a58949f59ab3732b88d26 (host: np0000002570) handling event "update" for row 32a6a7c6-d340-4388-a2ae-ebf865a2a93f (table: Connection) {{(pid=90068) notify /opt/stack/neutron/neutron/plugins/ml2/drivers/ovn/mech_driver/ovsdb/ovsdb_monitor.py:1015}}
Jun 11 05:52:07.273109 np0000002570 devstack@neutron-api.service[90067]: DEBUG neutron.common.ovn.hash_ring_manager [-] Allow caching, nodes 3>=3 {{(pid=90067) _wait_startup_before_caching /opt/stack/neutron/neutron/common/ovn/hash_ring_manager.py:65}}
Jun 11 05:52:07.273384 np0000002570 devstack@neutron-api.service[90067]: DEBUG neutron.plugins.ml2.drivers.ovn.mech_driver.ovsdb.ovsdb_monitor [-] Hash Ring: Node da8f0dac112c545c9ccbb8785a75606d (host: np0000002570) handling event "update" for row 32a6a7c6-d340-4388-a2ae-ebf865a2a93f (table: Connection) {{(pid=90067) notify /opt/stack/neutron/neutron/plugins/ml2/drivers/ovn/mech_driver/ovsdb/ovsdb_monitor.py:1015}}
Jun 11 05:52:09.770645 np0000002570 devstack@neutron-api.service[90067]: DEBUG neutron.plugins.ml2.drivers.ovn.mech_driver.ovsdb.ovsdb_monitor [-] Hash Ring: Node da8f0dac112c545c9ccbb8785a75606d (host: np0000002570) handling event "update" for row 32a6a7c6-d340-4388-a2ae-ebf865a2a93f (table: Connection) {{(pid=90067) notify /opt/stack/neutron/neutron/plugins/ml2/drivers/ovn/mech_driver/ovsdb/ovsdb_monitor.py:1015}}
Jun 11 05:52:09.770983 np0000002570 devstack@neutron-api.service[90068]: DEBUG neutron.plugins.ml2.drivers.ovn.mech_driver.ovsdb.ovsdb_monitor [-] Hash Ring: Node dbe20fb1dc6a58949f59ab3732b88d26 (host: np0000002570) handling event "update" for row 32a6a7c6-d340-4388-a2ae-ebf865a2a93f (table: Connection) {{(pid=90068) notify /opt/stack/neutron/neutron/plugins/ml2/drivers/ovn/mech_driver/ovsdb/ovsdb_monitor.py:1015}}
Jun 11 05:52:10.864801 np0000002570 devstack@neutron-api.service[90067]: DEBUG neutron.api.wsgi [None req-46301a75-a06d-411a-b81f-2b56950f7fe5 admin admin] Missing Content-Type {{(pid=90067) get_content_type /opt/stack/neutron/neutron/api/wsgi.py:80}}
Jun 11 05:52:10.865256 np0000002570 devstack@neutron-api.service[90067]: DEBUG neutron.api.wsgi [None req-46301a75-a06d-411a-b81f-2b56950f7fe5 admin admin] https://10.4.3.213/networking/v2.0/extensions returned with HTTP 200 {{(pid=90067) __call__ /opt/stack/neutron/neutron/api/wsgi.py:540}}
Jun 11 05:52:10.865599 np0000002570 devstack@neutron-api.service[90067]: [pid: 90067|app: 0|req: 2/2] 10.4.3.213 () {64 vars in 1292 bytes} [Thu Jun 11 05:52:10 2026] GET /networking/v2.0/extensions => generated 15873 bytes in 587 msecs (HTTP/1.1 200) 4 headers in 159 bytes (1 switches on core 0)
Jun 11 05:52:11.249813 np0000002570 devstack@neutron-api.service[90068]: DEBUG neutron.api.v2.base [None req-e0fa1983-14f8-47c6-ae9f-2507cdaf9ef5 admin admin] Request body: {'subnetpool': {'shared': True, 'is_default': True, 'default_prefixlen': 26, 'name': 'shared-default-subnetpool-v4', 'prefixes': ['10.1.0.0/20']}} {{(pid=90068) prepare_request_body /opt/stack/neutron/neutron/api/v2/base.py:727}}
Jun 11 05:52:11.438240 np0000002570 devstack@neutron-api.service[90068]: DEBUG neutron.policy [None req-e0fa1983-14f8-47c6-ae9f-2507cdaf9ef5 admin admin] Loaded default policies from ['neutron'] under neutron.policies entry points {{(pid=90068) register_rules /opt/stack/neutron/neutron/policy.py:65}}
Jun 11 05:52:11.568500 np0000002570 devstack@neutron-api.service[90068]: DEBUG neutron_lib.callbacks.manager [None req-e0fa1983-14f8-47c6-ae9f-2507cdaf9ef5 admin admin] Publish callbacks ['neutron.objects.securitygroup.RbacNeutronDbObjectMixin.validate_rbac_policy_change-3231523530197', 'neutron.objects.address_group.RbacNeutronDbObjectMixin.validate_rbac_policy_change-3231523298618', 'neutron.objects.network.RbacNeutronDbObjectMixin.validate_rbac_policy_change-3231523433251', 'neutron.objects.qos.policy.RbacNeutronDbObjectMixin.validate_rbac_policy_change-3231523434524', 'neutron.objects.subnetpool.RbacNeutronDbObjectMixin.validate_rbac_policy_change-3231523463421', 'neutron.objects.address_scope.RbacNeutronDbObjectMixin.validate_rbac_policy_change-3231523465745', 'neutron.plugins.ml2.plugin.External_net_db_mixin._process_ext_policy_create-144824', 'neutron.plugins.ml2.plugin.NeutronDbPluginV2.validate_network_rbac_policy_change-132524'] for rbac-policy (None), before_create {{(pid=90068) _notify_loop /opt/stack/data/venv/lib/python3.12/site-packages/neutron_lib/callbacks/manager.py:184}}
Jun 11 05:52:11.613647 np0000002570 devstack@neutron-api.service[90068]: DEBUG neutron_lib.callbacks.manager [None req-e0fa1983-14f8-47c6-ae9f-2507cdaf9ef5 admin admin] Publish callbacks [] for subnetpool (None), before_response {{(pid=90068) _notify_loop /opt/stack/data/venv/lib/python3.12/site-packages/neutron_lib/callbacks/manager.py:184}}
Jun 11 05:52:11.614165 np0000002570 devstack@neutron-api.service[90068]: [pid: 90068|app: 0|req: 1/3] 10.4.3.213 () {68 vars in 1336 bytes} [Thu Jun 11 05:52:11 2026] POST /networking/v2.0/subnetpools => generated 533 bytes in 450 msecs (HTTP/1.1 201) 4 headers in 162 bytes (1 switches on core 0)
Jun 11 05:52:11.934896 np0000002570 devstack@neutron-api.service[90069]: DEBUG neutron.api.v2.base [None req-b75db80a-695b-42fd-be04-bd71702ef86e admin admin] Request body: {'subnetpool': {'shared': True, 'is_default': True, 'default_prefixlen': 64, 'name': 'shared-default-subnetpool-v6', 'prefixes': ['fd0b:779e:9310::/56']}} {{(pid=90069) prepare_request_body /opt/stack/neutron/neutron/api/v2/base.py:727}}
Jun 11 05:52:12.102987 np0000002570 devstack@neutron-api.service[90069]: DEBUG neutron.policy [None req-b75db80a-695b-42fd-be04-bd71702ef86e admin admin] Loaded default policies from ['neutron'] under neutron.policies entry points {{(pid=90069) register_rules /opt/stack/neutron/neutron/policy.py:65}}
Jun 11 05:52:12.230552 np0000002570 devstack@neutron-api.service[90069]: DEBUG neutron_lib.callbacks.manager [None req-b75db80a-695b-42fd-be04-bd71702ef86e admin admin] Publish callbacks ['neutron.objects.securitygroup.RbacNeutronDbObjectMixin.validate_rbac_policy_change-3231523480714', 'neutron.objects.address_group.RbacNeutronDbObjectMixin.validate_rbac_policy_change-3231523508150', 'neutron.objects.network.RbacNeutronDbObjectMixin.validate_rbac_policy_change-3231523427895', 'neutron.objects.qos.policy.RbacNeutronDbObjectMixin.validate_rbac_policy_change-3231523423538', 'neutron.objects.subnetpool.RbacNeutronDbObjectMixin.validate_rbac_policy_change-3231523414029', 'neutron.objects.address_scope.RbacNeutronDbObjectMixin.validate_rbac_policy_change-3231523463010', 'neutron.plugins.ml2.plugin.External_net_db_mixin._process_ext_policy_create-958262', 'neutron.plugins.ml2.plugin.NeutronDbPluginV2.validate_network_rbac_policy_change-963600'] for rbac-policy (None), before_create {{(pid=90069) _notify_loop /opt/stack/data/venv/lib/python3.12/site-packages/neutron_lib/callbacks/manager.py:184}}
Jun 11 05:52:12.265483 np0000002570 devstack@neutron-api.service[90069]: DEBUG neutron_lib.callbacks.manager [None req-b75db80a-695b-42fd-be04-bd71702ef86e admin admin] Publish callbacks [] for subnetpool (None), before_response {{(pid=90069) _notify_loop /opt/stack/data/venv/lib/python3.12/site-packages/neutron_lib/callbacks/manager.py:184}}
Jun 11 05:52:12.265986 np0000002570 devstack@neutron-api.service[90069]: [pid: 90069|app: 0|req: 1/4] 10.4.3.213 () {68 vars in 1336 bytes} [Thu Jun 11 05:52:11 2026] POST /networking/v2.0/subnetpools => generated 543 bytes in 422 msecs (HTTP/1.1 201) 4 headers in 162 bytes (1 switches on core 0)
Jun 11 05:52:12.488295 np0000002570 devstack@neutron-api.service[90067]: DEBUG neutron.api.v2.base [None req-179cbd4e-cbaa-4436-a017-1baf8a8fb736 admin admin] Request body: {'network': {'admin_state_up': True, 'name': 'private'}} {{(pid=90067) prepare_request_body /opt/stack/neutron/neutron/api/v2/base.py:727}}
Jun 11 05:52:12.513989 np0000002570 devstack@neutron-api.service[90067]: DEBUG neutron.pecan_wsgi.hooks.quota_enforcement [None req-179cbd4e-cbaa-4436-a017-1baf8a8fb736 admin admin] Made reservation on behalf of 6814383b4e1a4aeeab024fc395e30a26 for: {'network': 1} {{(pid=90067) before /opt/stack/neutron/neutron/pecan_wsgi/hooks/quota_enforcement.py:66}}
Jun 11 05:52:12.670774 np0000002570 devstack@neutron-api.service[90067]: DEBUG neutron.policy [None req-179cbd4e-cbaa-4436-a017-1baf8a8fb736 admin admin] Loaded default policies from ['neutron'] under neutron.policies entry points {{(pid=90067) register_rules /opt/stack/neutron/neutron/policy.py:65}}
Jun 11 05:52:12.754557 np0000002570 devstack@neutron-api.service[90067]: DEBUG neutron_lib.callbacks.manager [None req-179cbd4e-cbaa-4436-a017-1baf8a8fb736 admin admin] Publish callbacks ['neutron.plugins.ml2.plugin.SecurityGroupDbMixin._ensure_default_security_group_handler-1031922'] for network (None), before_create {{(pid=90067) _notify_loop /opt/stack/data/venv/lib/python3.12/site-packages/neutron_lib/callbacks/manager.py:184}}
Jun 11 05:52:12.774005 np0000002570 devstack@neutron-api.service[90067]: DEBUG neutron_lib.callbacks.manager [None req-179cbd4e-cbaa-4436-a017-1baf8a8fb736 admin admin] Publish callbacks [] for security_group (None), before_create {{(pid=90067) _notify_loop /opt/stack/data/venv/lib/python3.12/site-packages/neutron_lib/callbacks/manager.py:184}}
Jun 11 05:52:12.866355 np0000002570 devstack@neutron-api.service[90067]: DEBUG neutron_lib.callbacks.manager [None req-179cbd4e-cbaa-4436-a017-1baf8a8fb736 admin admin] Publish callbacks ['neutron.plugins.ml2.drivers.ovn.mech_driver.mech_driver.OVNMechanismDriver._create_security_group_precommit-221452'] for security_group (1753ebc4-e7be-4ad5-b9d5-1cd3f3de0587), precommit_create {{(pid=90067) _notify_loop /opt/stack/data/venv/lib/python3.12/site-packages/neutron_lib/callbacks/manager.py:184}}
Jun 11 05:52:12.866585 np0000002570 devstack@neutron-api.service[90067]: DEBUG neutron.db.ovn_revision_numbers_db [None req-179cbd4e-cbaa-4436-a017-1baf8a8fb736 admin admin] create_initial_revision uuid=1753ebc4-e7be-4ad5-b9d5-1cd3f3de0587, type=security_groups, rev=-1 {{(pid=90067) create_initial_revision /opt/stack/neutron/neutron/db/ovn_revision_numbers_db.py:98}}
Jun 11 05:52:12.868694 np0000002570 devstack@neutron-api.service[90067]: DEBUG neutron.db.ovn_revision_numbers_db [None req-179cbd4e-cbaa-4436-a017-1baf8a8fb736 admin admin] create_initial_revision uuid=34fe9907-26d7-4a3c-aacc-539e0723c63d, type=security_group_rules, rev=-1 {{(pid=90067) create_initial_revision /opt/stack/neutron/neutron/db/ovn_revision_numbers_db.py:98}}
Jun 11 05:52:12.869615 np0000002570 devstack@neutron-api.service[90067]: DEBUG neutron.db.ovn_revision_numbers_db [None req-179cbd4e-cbaa-4436-a017-1baf8a8fb736 admin admin] create_initial_revision uuid=7e6c965c-9b2c-494b-98b9-a802affa2e26, type=security_group_rules, rev=-1 {{(pid=90067) create_initial_revision /opt/stack/neutron/neutron/db/ovn_revision_numbers_db.py:98}}
Jun 11 05:52:12.870481 np0000002570 devstack@neutron-api.service[90067]: DEBUG neutron.db.ovn_revision_numbers_db [None req-179cbd4e-cbaa-4436-a017-1baf8a8fb736 admin admin] create_initial_revision uuid=8e76a773-1a70-4099-a27d-a880b4715b8f, type=security_group_rules, rev=-1 {{(pid=90067) create_initial_revision /opt/stack/neutron/neutron/db/ovn_revision_numbers_db.py:98}}
Jun 11 05:52:12.871382 np0000002570 devstack@neutron-api.service[90067]: DEBUG neutron.db.ovn_revision_numbers_db [None req-179cbd4e-cbaa-4436-a017-1baf8a8fb736 admin admin] create_initial_revision uuid=c522983c-d578-428c-a973-5ca30080dea2, type=security_group_rules, rev=-1 {{(pid=90067) create_initial_revision /opt/stack/neutron/neutron/db/ovn_revision_numbers_db.py:98}}
Jun 11 05:52:12.875485 np0000002570 devstack@neutron-api.service[90067]: DEBUG neutron_lib.callbacks.manager [None req-179cbd4e-cbaa-4436-a017-1baf8a8fb736 admin admin] Publish callbacks ['neutron.plugins.ml2.drivers.ovn.mech_driver.mech_driver.OVNMechanismDriver._create_security_group-221558', 'neutron.plugins.ml2.ovo_rpc._ObjectChangeHandler.handle_event-32196684'] for security_group (1753ebc4-e7be-4ad5-b9d5-1cd3f3de0587), after_create {{(pid=90067) _notify_loop /opt/stack/data/venv/lib/python3.12/site-packages/neutron_lib/callbacks/manager.py:184}}
Jun 11 05:52:12.876083 np0000002570 devstack@neutron-api.service[90067]: DEBUG ovsdbapp.backend.ovs_idl.transaction [-] Running txn n=1 command(idx=0): PgAddCommand(_result=None, name=pg_1753ebc4_e7be_4ad5_b9d5_1cd3f3de0587, may_exist=False, columns={'acls': [], 'external_ids': {'neutron:security_group_id': '1753ebc4-e7be-4ad5-b9d5-1cd3f3de0587'}}) {{(pid=90067) do_commit /opt/stack/data/venv/lib/python3.12/site-packages/ovsdbapp/backend/ovs_idl/transaction.py:89}}
Jun 11 05:52:12.876871 np0000002570 devstack@neutron-api.service[90067]: DEBUG ovsdbapp.backend.ovs_idl.transaction [-] Running txn n=1 command(idx=1): PgAclAddCommand(_result=None, entity=pg_1753ebc4_e7be_4ad5_b9d5_1cd3f3de0587, direction=from-lport, priority=1002, match=inport == @pg_1753ebc4_e7be_4ad5_b9d5_1cd3f3de0587 && ip4, action=allow-related, log=False, may_exist=True, severity=[], name=[], meter=[], external_ids={'neutron:security_group_rule_id': '34fe9907-26d7-4a3c-aacc-539e0723c63d'}) {{(pid=90067) do_commit /opt/stack/data/venv/lib/python3.12/site-packages/ovsdbapp/backend/ovs_idl/transaction.py:89}}
Jun 11 05:52:12.877149 np0000002570 devstack@neutron-api.service[90067]: DEBUG ovsdbapp.backend.ovs_idl.transaction [-] Running txn n=1 command(idx=2): PgAclAddCommand(_result=None, entity=pg_1753ebc4_e7be_4ad5_b9d5_1cd3f3de0587, direction=to-lport, priority=1002, match=outport == @pg_1753ebc4_e7be_4ad5_b9d5_1cd3f3de0587 && ip4 && ip4.src == $pg_1753ebc4_e7be_4ad5_b9d5_1cd3f3de0587_ip4, action=allow-related, log=False, may_exist=True, severity=[], name=[], meter=[], external_ids={'neutron:security_group_rule_id': '7e6c965c-9b2c-494b-98b9-a802affa2e26'}) {{(pid=90067) do_commit /opt/stack/data/venv/lib/python3.12/site-packages/ovsdbapp/backend/ovs_idl/transaction.py:89}}
Jun 11 05:52:12.877340 np0000002570 devstack@neutron-api.service[90067]: DEBUG ovsdbapp.backend.ovs_idl.transaction [-] Running txn n=1 command(idx=3): PgAclAddCommand(_result=None, entity=pg_1753ebc4_e7be_4ad5_b9d5_1cd3f3de0587, direction=from-lport, priority=1002, match=inport == @pg_1753ebc4_e7be_4ad5_b9d5_1cd3f3de0587 && ip6, action=allow-related, log=False, may_exist=True, severity=[], name=[], meter=[], external_ids={'neutron:security_group_rule_id': '8e76a773-1a70-4099-a27d-a880b4715b8f'}) {{(pid=90067) do_commit /opt/stack/data/venv/lib/python3.12/site-packages/ovsdbapp/backend/ovs_idl/transaction.py:89}}
Jun 11 05:52:12.877533 np0000002570 devstack@neutron-api.service[90067]: DEBUG ovsdbapp.backend.ovs_idl.transaction [-] Running txn n=1 command(idx=4): PgAclAddCommand(_result=None, entity=pg_1753ebc4_e7be_4ad5_b9d5_1cd3f3de0587, direction=to-lport, priority=1002, match=outport == @pg_1753ebc4_e7be_4ad5_b9d5_1cd3f3de0587 && ip6 && ip6.src == $pg_1753ebc4_e7be_4ad5_b9d5_1cd3f3de0587_ip6, action=allow-related, log=False, may_exist=True, severity=[], name=[], meter=[], external_ids={'neutron:security_group_rule_id': 'c522983c-d578-428c-a973-5ca30080dea2'}) {{(pid=90067) do_commit /opt/stack/data/venv/lib/python3.12/site-packages/ovsdbapp/backend/ovs_idl/transaction.py:89}}
Jun 11 05:52:12.880970 np0000002570 devstack@neutron-api.service[90067]: DEBUG neutron.plugins.ml2.drivers.ovn.mech_driver.ovsdb.ovsdb_monitor [-] Hash Ring: Node da8f0dac112c545c9ccbb8785a75606d (host: np0000002570) handling event "create" for row 0043d359-1927-4537-b648-8674ad3e7086 (table: ACL) {{(pid=90067) notify /opt/stack/neutron/neutron/plugins/ml2/drivers/ovn/mech_driver/ovsdb/ovsdb_monitor.py:1015}}
Jun 11 05:52:12.881328 np0000002570 devstack@neutron-api.service[90067]: DEBUG neutron.plugins.ml2.drivers.ovn.mech_driver.ovsdb.ovsdb_monitor [-] Hash Ring: Node da8f0dac112c545c9ccbb8785a75606d (host: np0000002570) handling event "create" for row 017a66b4-b9c0-4211-800d-ca606c86a4fb (table: ACL) {{(pid=90067) notify /opt/stack/neutron/neutron/plugins/ml2/drivers/ovn/mech_driver/ovsdb/ovsdb_monitor.py:1015}}
Jun 11 05:52:12.881328 np0000002570 devstack@neutron-api.service[90067]: DEBUG neutron.plugins.ml2.drivers.ovn.mech_driver.ovsdb.ovsdb_monitor [-] Hash Ring: Node da8f0dac112c545c9ccbb8785a75606d (host: np0000002570) handling event "create" for row 604e8038-8095-42ba-b048-63518933edbb (table: ACL) {{(pid=90067) notify /opt/stack/neutron/neutron/plugins/ml2/drivers/ovn/mech_driver/ovsdb/ovsdb_monitor.py:1015}}
Jun 11 05:52:12.881448 np0000002570 devstack@neutron-api.service[90067]: DEBUG neutron.plugins.ml2.drivers.ovn.mech_driver.ovsdb.ovsdb_monitor [-] Hash Ring: Node da8f0dac112c545c9ccbb8785a75606d (host: np0000002570) handling event "create" for row ff2cd8e8-185e-4c79-b1cf-81c993a9b469 (table: ACL) {{(pid=90067) notify /opt/stack/neutron/neutron/plugins/ml2/drivers/ovn/mech_driver/ovsdb/ovsdb_monitor.py:1015}}
Jun 11 05:52:12.881570 np0000002570 devstack@neutron-api.service[90067]: DEBUG neutron.plugins.ml2.drivers.ovn.mech_driver.ovsdb.ovsdb_monitor [-] Hash Ring: Node da8f0dac112c545c9ccbb8785a75606d (host: np0000002570) handling event "create" for row 4519f673-a546-439a-b310-5e7195e9dfb2 (table: Port_Group) {{(pid=90067) notify /opt/stack/neutron/neutron/plugins/ml2/drivers/ovn/mech_driver/ovsdb/ovsdb_monitor.py:1015}}
Jun 11 05:52:12.881888 np0000002570 devstack@neutron-api.service[90068]: DEBUG neutron.plugins.ml2.drivers.ovn.mech_driver.ovsdb.ovsdb_monitor [-] Hash Ring: Node dbe20fb1dc6a58949f59ab3732b88d26 (host: np0000002570) handling event "create" for row 0043d359-1927-4537-b648-8674ad3e7086 (table: ACL) {{(pid=90068) notify /opt/stack/neutron/neutron/plugins/ml2/drivers/ovn/mech_driver/ovsdb/ovsdb_monitor.py:1015}}
Jun 11 05:52:12.882299 np0000002570 devstack@neutron-api.service[90069]: DEBUG neutron.plugins.ml2.drivers.ovn.mech_driver.ovsdb.ovsdb_monitor [-] Hash Ring: Node 1dc633c400dd50238f168b5f6de33a30 (host: np0000002570) handling event "create" for row 0043d359-1927-4537-b648-8674ad3e7086 (table: ACL) {{(pid=90069) notify /opt/stack/neutron/neutron/plugins/ml2/drivers/ovn/mech_driver/ovsdb/ovsdb_monitor.py:1015}}
Jun 11 05:52:12.882356 np0000002570 devstack@neutron-api.service[90068]: DEBUG neutron.plugins.ml2.drivers.ovn.mech_driver.ovsdb.ovsdb_monitor [-] Hash Ring: Node dbe20fb1dc6a58949f59ab3732b88d26 (host: np0000002570) handling event "create" for row 604e8038-8095-42ba-b048-63518933edbb (table: ACL) {{(pid=90068) notify /opt/stack/neutron/neutron/plugins/ml2/drivers/ovn/mech_driver/ovsdb/ovsdb_monitor.py:1015}}
Jun 11 05:52:12.882406 np0000002570 devstack@neutron-api.service[90069]: DEBUG neutron.plugins.ml2.drivers.ovn.mech_driver.ovsdb.ovsdb_monitor [-] Hash Ring: Node 1dc633c400dd50238f168b5f6de33a30 (host: np0000002570) handling event "create" for row 017a66b4-b9c0-4211-800d-ca606c86a4fb (table: ACL) {{(pid=90069) notify /opt/stack/neutron/neutron/plugins/ml2/drivers/ovn/mech_driver/ovsdb/ovsdb_monitor.py:1015}}
Jun 11 05:52:12.882406 np0000002570 devstack@neutron-api.service[90069]: DEBUG neutron.plugins.ml2.drivers.ovn.mech_driver.ovsdb.ovsdb_monitor [-] Hash Ring: Node 1dc633c400dd50238f168b5f6de33a30 (host: np0000002570) handling event "create" for row ff2cd8e8-185e-4c79-b1cf-81c993a9b469 (table: ACL) {{(pid=90069) notify /opt/stack/neutron/neutron/plugins/ml2/drivers/ovn/mech_driver/ovsdb/ovsdb_monitor.py:1015}}
Jun 11 05:52:12.901664 np0000002570 devstack@neutron-api.service[90067]: INFO neutron.db.ovn_revision_numbers_db [None req-179cbd4e-cbaa-4436-a017-1baf8a8fb736 admin admin] Successfully bumped revision number for resource 1753ebc4-e7be-4ad5-b9d5-1cd3f3de0587 (type: security_groups) to 1
Jun 11 05:52:12.915435 np0000002570 devstack@neutron-api.service[90067]: INFO neutron.db.ovn_revision_numbers_db [None req-179cbd4e-cbaa-4436-a017-1baf8a8fb736 admin admin] Successfully bumped revision number for resource 34fe9907-26d7-4a3c-aacc-539e0723c63d (type: security_group_rules) to 0
Jun 11 05:52:12.925171 np0000002570 devstack@neutron-api.service[90067]: INFO neutron.db.ovn_revision_numbers_db [None req-179cbd4e-cbaa-4436-a017-1baf8a8fb736 admin admin] Successfully bumped revision number for resource 7e6c965c-9b2c-494b-98b9-a802affa2e26 (type: security_group_rules) to 0
Jun 11 05:52:12.933372 np0000002570 devstack@neutron-api.service[90067]: INFO neutron.db.ovn_revision_numbers_db [None req-179cbd4e-cbaa-4436-a017-1baf8a8fb736 admin admin] Successfully bumped revision number for resource 8e76a773-1a70-4099-a27d-a880b4715b8f (type: security_group_rules) to 0
Jun 11 05:52:12.941251 np0000002570 devstack@neutron-api.service[90067]: INFO neutron.db.ovn_revision_numbers_db [None req-179cbd4e-cbaa-4436-a017-1baf8a8fb736 admin admin] Successfully bumped revision number for resource c522983c-d578-428c-a973-5ca30080dea2 (type: security_group_rules) to 0
Jun 11 05:52:12.958881 np0000002570 devstack@neutron-api.service[90067]: DEBUG neutron.api.rpc.handlers.resources_rpc [None req-179cbd4e-cbaa-4436-a017-1baf8a8fb736 admin admin] Pushing event updated for resources: {'SecurityGroup': ['ID=1753ebc4-e7be-4ad5-b9d5-1cd3f3de0587,revision_number=1']} {{(pid=90067) push /opt/stack/neutron/neutron/api/rpc/handlers/resources_rpc.py:237}}
Jun 11 05:52:12.965335 np0000002570 devstack@neutron-api.service[90067]: DEBUG ovsdbapp.backend.ovs_idl.transaction [-] Running txn n=1 command(idx=0): CheckLivenessCommand(_result=None) {{(pid=90067) do_commit /opt/stack/data/venv/lib/python3.12/site-packages/ovsdbapp/backend/ovs_idl/transaction.py:89}}
Jun 11 05:52:12.966707 np0000002570 devstack@neutron-api.service[90067]: DEBUG neutron.plugins.ml2.drivers.ovn.mech_driver.ovsdb.ovsdb_monitor [-] Hash Ring: Node da8f0dac112c545c9ccbb8785a75606d (host: np0000002570) handling event "update" for row 3683cbb2-cb8a-4c85-81d2-0c2710548b0f (table: NB_Global) {{(pid=90067) notify /opt/stack/neutron/neutron/plugins/ml2/drivers/ovn/mech_driver/ovsdb/ovsdb_monitor.py:1015}}
Jun 11 05:52:12.967505 np0000002570 devstack@neutron-api.service[90068]: DEBUG neutron.plugins.ml2.drivers.ovn.mech_driver.ovsdb.ovsdb_monitor [-] Hash Ring: Node dbe20fb1dc6a58949f59ab3732b88d26 (host: np0000002570) handling event "update" for row 3683cbb2-cb8a-4c85-81d2-0c2710548b0f (table: NB_Global) {{(pid=90068) notify /opt/stack/neutron/neutron/plugins/ml2/drivers/ovn/mech_driver/ovsdb/ovsdb_monitor.py:1015}}
Jun 11 05:52:12.969772 np0000002570 devstack@neutron-api.service[90067]: DEBUG neutron.api.rpc.callbacks.version_manager [None req-179cbd4e-cbaa-4436-a017-1baf8a8fb736 admin admin] Tracked resource versions report:
Jun 11 05:52:12.969772 np0000002570 devstack@neutron-api.service[90067]: pushed versions:
Jun 11 05:52:12.969772 np0000002570 devstack@neutron-api.service[90067]: { 'AddressGroup': {'1.2'},
Jun 11 05:52:12.969772 np0000002570 devstack@neutron-api.service[90067]: 'Agent': {'1.1'},
Jun 11 05:52:12.969772 np0000002570 devstack@neutron-api.service[90067]: 'ConntrackHelper': {'1.0'},
Jun 11 05:52:12.969772 np0000002570 devstack@neutron-api.service[90067]: 'LocalIPAssociation': {'1.0'},
Jun 11 05:52:12.969772 np0000002570 devstack@neutron-api.service[90067]: 'Log': {'1.0'},
Jun 11 05:52:12.969772 np0000002570 devstack@neutron-api.service[90067]: 'NDPProxy': {'1.0'},
Jun 11 05:52:12.969772 np0000002570 devstack@neutron-api.service[90067]: 'Network': {'1.3'},
Jun 11 05:52:12.969772 np0000002570 devstack@neutron-api.service[90067]: 'Port': {'1.11'},
Jun 11 05:52:12.969772 np0000002570 devstack@neutron-api.service[90067]: 'PortForwarding': {'1.3'},
Jun 11 05:52:12.969772 np0000002570 devstack@neutron-api.service[90067]: 'QosPolicy': {'1.10'},
Jun 11 05:52:12.969772 np0000002570 devstack@neutron-api.service[90067]: 'SecurityGroup': {'1.6'},
Jun 11 05:52:12.969772 np0000002570 devstack@neutron-api.service[90067]: 'SecurityGroupRule': {'1.3'},
Jun 11 05:52:12.969772 np0000002570 devstack@neutron-api.service[90067]: 'SubPort': {'1.0'},
Jun 11 05:52:12.969772 np0000002570 devstack@neutron-api.service[90067]: 'Subnet': {'1.2'},
Jun 11 05:52:12.969772 np0000002570 devstack@neutron-api.service[90067]: 'Trunk': {'1.1'}}
Jun 11 05:52:12.969772 np0000002570 devstack@neutron-api.service[90067]: consumer versions:
Jun 11 05:52:12.969772 np0000002570 devstack@neutron-api.service[90067]: {}
Jun 11 05:52:12.969772 np0000002570 devstack@neutron-api.service[90067]: {{(pid=90067) report /opt/stack/neutron/neutron/api/rpc/callbacks/version_manager.py:183}}
Jun 11 05:52:12.970480 np0000002570 devstack@neutron-api.service[90068]: DEBUG neutron.plugins.ml2.drivers.ovn.mech_driver.ovsdb.ovsdb_monitor [-] ChassisAgentWriteEvent : Matched Chassis_Private, update, None None {{(pid=90068) matches /opt/stack/neutron/neutron/plugins/ml2/drivers/ovn/mech_driver/ovsdb/ovsdb_monitor.py:64}}
Jun 11 05:52:12.970480 np0000002570 devstack@neutron-api.service[90068]: DEBUG neutron.plugins.ml2.drivers.ovn.mech_driver.ovsdb.ovsdb_monitor [-] Hash Ring: Node dbe20fb1dc6a58949f59ab3732b88d26 (host: np0000002570) handling event "update" for row 3683cbb2-cb8a-4c85-81d2-0c2710548b0f (table: NB_Global) {{(pid=90068) notify /opt/stack/neutron/neutron/plugins/ml2/drivers/ovn/mech_driver/ovsdb/ovsdb_monitor.py:1015}}
Jun 11 05:52:12.970598 np0000002570 devstack@neutron-api.service[90069]: DEBUG neutron.plugins.ml2.drivers.ovn.mech_driver.ovsdb.ovsdb_monitor [-] ChassisAgentWriteEvent : Matched Chassis_Private, update, None None {{(pid=90069) matches /opt/stack/neutron/neutron/plugins/ml2/drivers/ovn/mech_driver/ovsdb/ovsdb_monitor.py:64}}
Jun 11 05:52:12.970867 np0000002570 devstack@neutron-api.service[90069]: DEBUG neutron.plugins.ml2.drivers.ovn.mech_driver.ovsdb.ovsdb_monitor [-] Hash Ring: Node 1dc633c400dd50238f168b5f6de33a30 (host: np0000002570) handling event "update" for row 94e088d4-c633-4b75-b6d5-97d05f678848 (table: Chassis_Private) {{(pid=90069) notify /opt/stack/neutron/neutron/plugins/ml2/drivers/ovn/mech_driver/ovsdb/ovsdb_monitor.py:1015}}
Jun 11 05:52:12.971689 np0000002570 devstack@neutron-api.service[90068]: DEBUG neutron.plugins.ml2.drivers.ovn.mech_driver.ovsdb.ovsdb_monitor [-] Hash Ring: Node dbe20fb1dc6a58949f59ab3732b88d26 (host: np0000002570) handling event "update" for row 3683cbb2-cb8a-4c85-81d2-0c2710548b0f (table: NB_Global) {{(pid=90068) notify /opt/stack/neutron/neutron/plugins/ml2/drivers/ovn/mech_driver/ovsdb/ovsdb_monitor.py:1015}}
Jun 11 05:52:12.972192 np0000002570 devstack@neutron-api.service[90068]: DEBUG neutron.plugins.ml2.drivers.ovn.mech_driver.ovsdb.ovsdb_monitor [-] Hash Ring: Node dbe20fb1dc6a58949f59ab3732b88d26 (host: np0000002570) handling event "update" for row 3683cbb2-cb8a-4c85-81d2-0c2710548b0f (table: NB_Global) {{(pid=90068) notify /opt/stack/neutron/neutron/plugins/ml2/drivers/ovn/mech_driver/ovsdb/ovsdb_monitor.py:1015}}
Jun 11 05:52:12.973124 np0000002570 devstack@neutron-api.service[90067]: DEBUG neutron.plugins.ml2.drivers.ovn.mech_driver.ovsdb.ovsdb_monitor [-] ChassisAgentWriteEvent : Matched Chassis_Private, update, None None {{(pid=90067) matches /opt/stack/neutron/neutron/plugins/ml2/drivers/ovn/mech_driver/ovsdb/ovsdb_monitor.py:64}}
Jun 11 05:52:12.973528 np0000002570 devstack@neutron-api.service[90069]: DEBUG neutron.plugins.ml2.drivers.ovn.mech_driver.ovsdb.ovsdb_monitor [-] ChassisOVNAgentWriteEvent : Matched Chassis_Private, update, None None {{(pid=90069) matches /opt/stack/neutron/neutron/plugins/ml2/drivers/ovn/mech_driver/ovsdb/ovsdb_monitor.py:64}}
Jun 11 05:52:12.973636 np0000002570 devstack@neutron-api.service[90068]: DEBUG neutron.plugins.ml2.drivers.ovn.mech_driver.ovsdb.ovsdb_monitor [-] ChassisOVNAgentWriteEvent : Matched Chassis_Private, update, None None {{(pid=90068) matches /opt/stack/neutron/neutron/plugins/ml2/drivers/ovn/mech_driver/ovsdb/ovsdb_monitor.py:64}}
Jun 11 05:52:12.973748 np0000002570 devstack@neutron-api.service[90069]: DEBUG neutron.plugins.ml2.drivers.ovn.mech_driver.ovsdb.ovsdb_monitor [-] Hash Ring: Node 1dc633c400dd50238f168b5f6de33a30 (host: np0000002570) handling event "update" for row 94e088d4-c633-4b75-b6d5-97d05f678848 (table: Chassis_Private) {{(pid=90069) notify /opt/stack/neutron/neutron/plugins/ml2/drivers/ovn/mech_driver/ovsdb/ovsdb_monitor.py:1015}}
Jun 11 05:52:12.974379 np0000002570 devstack@neutron-api.service[90067]: DEBUG neutron.plugins.ml2.drivers.ovn.mech_driver.ovsdb.ovsdb_monitor [-] Hash Ring: Node da8f0dac112c545c9ccbb8785a75606d (host: np0000002570) handling event "update" for row 3683cbb2-cb8a-4c85-81d2-0c2710548b0f (table: NB_Global) {{(pid=90067) notify /opt/stack/neutron/neutron/plugins/ml2/drivers/ovn/mech_driver/ovsdb/ovsdb_monitor.py:1015}}
Jun 11 05:52:12.975564 np0000002570 devstack@neutron-api.service[90067]: DEBUG neutron.plugins.ml2.drivers.ovn.mech_driver.ovsdb.ovsdb_monitor [-] Hash Ring: Node da8f0dac112c545c9ccbb8785a75606d (host: np0000002570) handling event "update" for row 3683cbb2-cb8a-4c85-81d2-0c2710548b0f (table: NB_Global) {{(pid=90067) notify /opt/stack/neutron/neutron/plugins/ml2/drivers/ovn/mech_driver/ovsdb/ovsdb_monitor.py:1015}}
Jun 11 05:52:12.977479 np0000002570 devstack@neutron-api.service[90067]: DEBUG neutron.plugins.ml2.drivers.ovn.mech_driver.ovsdb.ovsdb_monitor [-] Hash Ring: Node da8f0dac112c545c9ccbb8785a75606d (host: np0000002570) handling event "update" for row 3683cbb2-cb8a-4c85-81d2-0c2710548b0f (table: NB_Global) {{(pid=90067) notify /opt/stack/neutron/neutron/plugins/ml2/drivers/ovn/mech_driver/ovsdb/ovsdb_monitor.py:1015}}
Jun 11 05:52:12.980975 np0000002570 devstack@neutron-api.service[90067]: DEBUG neutron.common.ovn.hash_ring_manager [-] Allow caching, nodes 3>=3 {{(pid=90067) _wait_startup_before_caching /opt/stack/neutron/neutron/common/ovn/hash_ring_manager.py:65}}
Jun 11 05:52:12.981115 np0000002570 devstack@neutron-api.service[90067]: DEBUG neutron.plugins.ml2.drivers.ovn.mech_driver.ovsdb.ovsdb_monitor [-] Hash Ring: Node da8f0dac112c545c9ccbb8785a75606d (host: np0000002570) handling event "update" for row 94e088d4-c633-4b75-b6d5-97d05f678848 (table: Chassis_Private) {{(pid=90067) notify /opt/stack/neutron/neutron/plugins/ml2/drivers/ovn/mech_driver/ovsdb/ovsdb_monitor.py:1015}}
Jun 11 05:52:12.982643 np0000002570 devstack@neutron-api.service[90067]: DEBUG neutron.plugins.ml2.drivers.ovn.mech_driver.ovsdb.ovsdb_monitor [-] ChassisOVNAgentWriteEvent : Matched Chassis_Private, update, None None {{(pid=90067) matches /opt/stack/neutron/neutron/plugins/ml2/drivers/ovn/mech_driver/ovsdb/ovsdb_monitor.py:64}}
Jun 11 05:52:12.982765 np0000002570 devstack@neutron-api.service[90067]: DEBUG neutron.plugins.ml2.drivers.ovn.mech_driver.ovsdb.ovsdb_monitor [-] Hash Ring: Node da8f0dac112c545c9ccbb8785a75606d (host: np0000002570) handling event "update" for row 94e088d4-c633-4b75-b6d5-97d05f678848 (table: Chassis_Private) {{(pid=90067) notify /opt/stack/neutron/neutron/plugins/ml2/drivers/ovn/mech_driver/ovsdb/ovsdb_monitor.py:1015}}
Jun 11 05:52:13.021471 np0000002570 devstack@neutron-api.service[90067]: DEBUG neutron.plugins.ml2.drivers.helpers [None req-179cbd4e-cbaa-4436-a017-1baf8a8fb736 admin admin] geneve segment allocate from pool success with {'geneve_vni': 45651} {{(pid=90067) allocate_partially_specified_segment /opt/stack/neutron/neutron/plugins/ml2/drivers/helpers.py:142}}
Jun 11 05:52:13.033250 np0000002570 devstack@neutron-api.service[90067]: DEBUG neutron_lib.callbacks.manager [None req-179cbd4e-cbaa-4436-a017-1baf8a8fb736 admin admin] Publish callbacks ['neutron.services.segments.db._add_segment_host_mapping_for_segment-8088548996960', 'neutron.plugins.ml2.plugin.Ml2Plugin._handle_segment_change-291350'] for segment (6ecfc640-7e75-4471-bea2-701c205ba866), precommit_create {{(pid=90067) _notify_loop /opt/stack/data/venv/lib/python3.12/site-packages/neutron_lib/callbacks/manager.py:184}}
Jun 11 05:52:13.033438 np0000002570 devstack@neutron-api.service[90067]: INFO neutron.db.segments_db [None req-179cbd4e-cbaa-4436-a017-1baf8a8fb736 admin admin] Added segment 6ecfc640-7e75-4471-bea2-701c205ba866 of type geneve for network a5bc1c9d-7fec-4ebe-a4b9-cc5724318975
Jun 11 05:52:13.082663 np0000002570 devstack@neutron-api.service[90067]: DEBUG neutron_lib.callbacks.manager [None req-179cbd4e-cbaa-4436-a017-1baf8a8fb736 admin admin] Publish callbacks ['neutron.services.auto_allocate.db._ensure_external_network_default_value_callback-8088547273842'] for network (a5bc1c9d-7fec-4ebe-a4b9-cc5724318975), precommit_create {{(pid=90067) _notify_loop /opt/stack/data/venv/lib/python3.12/site-packages/neutron_lib/callbacks/manager.py:184}}
Jun 11 05:52:13.103914 np0000002570 devstack@neutron-api.service[90067]: DEBUG neutron.plugins.ml2.drivers.ovn.mech_driver.mech_driver [None req-179cbd4e-cbaa-4436-a017-1baf8a8fb736 admin admin] Validating network segment with type geneve, segmentation ID 45651, physical network None {{(pid=90067) _validate_network_segments /opt/stack/neutron/neutron/plugins/ml2/drivers/ovn/mech_driver/mech_driver.py:643}}
Jun 11 05:52:13.104065 np0000002570 devstack@neutron-api.service[90067]: DEBUG neutron.db.ovn_revision_numbers_db [None req-179cbd4e-cbaa-4436-a017-1baf8a8fb736 admin admin] create_initial_revision uuid=a5bc1c9d-7fec-4ebe-a4b9-cc5724318975, type=networks, rev=-1 {{(pid=90067) create_initial_revision /opt/stack/neutron/neutron/db/ovn_revision_numbers_db.py:98}}
Jun 11 05:52:13.120092 np0000002570 devstack@neutron-api.service[90067]: DEBUG neutron_lib.callbacks.manager [None req-179cbd4e-cbaa-4436-a017-1baf8a8fb736 admin admin] Publish callbacks ['neutron.plugins.ml2.ovo_rpc._ObjectChangeHandler.handle_event-32196673'] for network (a5bc1c9d-7fec-4ebe-a4b9-cc5724318975), after_create {{(pid=90067) _notify_loop /opt/stack/data/venv/lib/python3.12/site-packages/neutron_lib/callbacks/manager.py:184}}
Jun 11 05:52:13.167233 np0000002570 devstack@neutron-api.service[90067]: DEBUG neutron.api.rpc.handlers.resources_rpc [None req-179cbd4e-cbaa-4436-a017-1baf8a8fb736 admin admin] Pushing event updated for resources: {'Network': ['ID=a5bc1c9d-7fec-4ebe-a4b9-cc5724318975,revision_number=1']} {{(pid=90067) push /opt/stack/neutron/neutron/api/rpc/handlers/resources_rpc.py:237}}
Jun 11 05:52:13.174451 np0000002570 devstack@neutron-api.service[90067]: DEBUG ovsdbapp.backend.ovs_idl.transaction [-] Running txn n=1 command(idx=0): AddNetworkCommand(_result=None, network_uuid=a5bc1c9d-7fec-4ebe-a4b9-cc5724318975, may_exist=True, columns={'external_ids': {'neutron:network_name': 'private', 'neutron:mtu': '1372', 'neutron:revision_number': '1', 'neutron:availability_zone_hints': '', 'neutron:provnet-network-type': 'geneve'}, 'other_config': {'mcast_snoop': 'false', 'mcast_flood_unregistered': 'false', 'vlan-passthru': 'false'}}) {{(pid=90067) do_commit /opt/stack/data/venv/lib/python3.12/site-packages/ovsdbapp/backend/ovs_idl/transaction.py:89}}
Jun 11 05:52:13.174652 np0000002570 devstack@neutron-api.service[90067]: DEBUG neutron.common.ovn.utils [-] OVS persist_uuid supported=True {{(pid=90067) ovs_persist_uuid_supported /opt/stack/neutron/neutron/common/ovn/utils.py:1544}}
Jun 11 05:52:13.176425 np0000002570 devstack@neutron-api.service[90067]: DEBUG neutron.plugins.ml2.drivers.ovn.mech_driver.ovsdb.ovsdb_monitor [-] Hash Ring: Node da8f0dac112c545c9ccbb8785a75606d (host: np0000002570) handling event "create" for row a5bc1c9d-7fec-4ebe-a4b9-cc5724318975 (table: Logical_Switch) {{(pid=90067) notify /opt/stack/neutron/neutron/plugins/ml2/drivers/ovn/mech_driver/ovsdb/ovsdb_monitor.py:1015}}
Jun 11 05:52:13.176843 np0000002570 devstack@neutron-api.service[90068]: DEBUG neutron.plugins.ml2.drivers.ovn.mech_driver.ovsdb.ovsdb_monitor [-] Hash Ring: Node dbe20fb1dc6a58949f59ab3732b88d26 (host: np0000002570) handling event "create" for row a5bc1c9d-7fec-4ebe-a4b9-cc5724318975 (table: Logical_Switch) {{(pid=90068) notify /opt/stack/neutron/neutron/plugins/ml2/drivers/ovn/mech_driver/ovsdb/ovsdb_monitor.py:1015}}
Jun 11 05:52:13.180744 np0000002570 devstack@neutron-api.service[90069]: DEBUG neutron.plugins.ml2.drivers.ovn.mech_driver.ovsdb.ovsdb_monitor [-] Hash Ring: Node 1dc633c400dd50238f168b5f6de33a30 (host: np0000002570) handling event "create" for row 668a20bb-33aa-4f21-9d5c-9cb4203b773f (table: Datapath_Binding) {{(pid=90069) notify /opt/stack/neutron/neutron/plugins/ml2/drivers/ovn/mech_driver/ovsdb/ovsdb_monitor.py:1015}}
Jun 11 05:52:13.190011 np0000002570 devstack@neutron-api.service[90067]: DEBUG neutron.plugins.ml2.drivers.ovn.mech_driver.ovsdb.ovsdb_monitor [-] Hash Ring: Node da8f0dac112c545c9ccbb8785a75606d (host: np0000002570) handling event "create" for row 668a20bb-33aa-4f21-9d5c-9cb4203b773f (table: Datapath_Binding) {{(pid=90067) notify /opt/stack/neutron/neutron/plugins/ml2/drivers/ovn/mech_driver/ovsdb/ovsdb_monitor.py:1015}}
Jun 11 05:52:13.209791 np0000002570 devstack@neutron-api.service[90067]: INFO neutron.db.ovn_revision_numbers_db [None req-179cbd4e-cbaa-4436-a017-1baf8a8fb736 admin admin] Successfully bumped revision number for resource a5bc1c9d-7fec-4ebe-a4b9-cc5724318975 (type: networks) to 1
Jun 11 05:52:13.265772 np0000002570 devstack@neutron-api.service[90067]: DEBUG neutron_lib.callbacks.manager [None req-179cbd4e-cbaa-4436-a017-1baf8a8fb736 admin admin] Publish callbacks ['neutron.plugins.ml2.plugin.SecurityGroupDbMixin._ensure_default_security_group_handler-1031922'] for port (None), before_create {{(pid=90067) _notify_loop /opt/stack/data/venv/lib/python3.12/site-packages/neutron_lib/callbacks/manager.py:184}}
Jun 11 05:52:13.361068 np0000002570 devstack@neutron-api.service[90067]: DEBUG neutron_lib.callbacks.manager [None req-179cbd4e-cbaa-4436-a017-1baf8a8fb736 admin admin] Publish callbacks ['neutron.plugins.ml2.drivers.ovn.mech_driver.mech_driver.OVNMechanismDriver._validate_allowed_address_pairs-221828'] for allowed_address_pair (98ef57de-fd71-4e7b-a1af-51e3d51c6acd), before_create {{(pid=90067) _notify_loop /opt/stack/data/venv/lib/python3.12/site-packages/neutron_lib/callbacks/manager.py:184}}
Jun 11 05:52:13.361541 np0000002570 devstack@neutron-api.service[90067]: DEBUG neutron_lib.callbacks.manager [None req-179cbd4e-cbaa-4436-a017-1baf8a8fb736 admin admin] Publish callbacks [] for port (98ef57de-fd71-4e7b-a1af-51e3d51c6acd), precommit_create {{(pid=90067) _notify_loop /opt/stack/data/venv/lib/python3.12/site-packages/neutron_lib/callbacks/manager.py:184}}
Jun 11 05:52:13.361729 np0000002570 devstack@neutron-api.service[90067]: DEBUG neutron.plugins.ml2.drivers.ovn.mech_driver.mech_driver [None req-179cbd4e-cbaa-4436-a017-1baf8a8fb736 admin admin] No provisioning block for port 98ef57de-fd71-4e7b-a1af-51e3d51c6acd since it does not have a host {{(pid=90067) _is_port_provisioning_required /opt/stack/neutron/neutron/plugins/ml2/drivers/ovn/mech_driver/mech_driver.py:896}}
Jun 11 05:52:13.361844 np0000002570 devstack@neutron-api.service[90067]: DEBUG neutron.db.ovn_revision_numbers_db [None req-179cbd4e-cbaa-4436-a017-1baf8a8fb736 admin admin] create_initial_revision uuid=98ef57de-fd71-4e7b-a1af-51e3d51c6acd, type=ports, rev=-1 {{(pid=90067) create_initial_revision /opt/stack/neutron/neutron/db/ovn_revision_numbers_db.py:98}}
Jun 11 05:52:13.422464 np0000002570 devstack@neutron-api.service[90067]: DEBUG neutron_lib.callbacks.manager [None req-179cbd4e-cbaa-4436-a017-1baf8a8fb736 admin admin] Publish callbacks ['neutron.plugins.ml2.ovo_rpc._ObjectChangeHandler.handle_event-32196793'] for port (98ef57de-fd71-4e7b-a1af-51e3d51c6acd), after_create {{(pid=90067) _notify_loop /opt/stack/data/venv/lib/python3.12/site-packages/neutron_lib/callbacks/manager.py:184}}
Jun 11 05:52:13.478340 np0000002570 devstack@neutron-api.service[90067]: DEBUG neutron.api.rpc.handlers.resources_rpc [None req-179cbd4e-cbaa-4436-a017-1baf8a8fb736 admin admin] Pushing event updated for resources: {'Port': ['ID=98ef57de-fd71-4e7b-a1af-51e3d51c6acd,revision_number=1']} {{(pid=90067) push /opt/stack/neutron/neutron/api/rpc/handlers/resources_rpc.py:237}}
Jun 11 05:52:13.511996 np0000002570 devstack@neutron-api.service[90067]: DEBUG neutron.plugins.ml2.drivers.ovn.mech_driver.ovsdb.commands [None req-179cbd4e-cbaa-4436-a017-1baf8a8fb736 admin admin] Converting tag [] to a tag_request {{(pid=90067) _tag_column_to_tag_request /opt/stack/neutron/neutron/plugins/ml2/drivers/ovn/mech_driver/ovsdb/commands.py:205}}
