Jun 12 22:29:06.341387 np0000002753 devstack@g-api.service[102091]: DEBUG glance_store.location [-] Registering scheme file with {'store': , 'location_class': , 'store_entry': 'file'} {{(pid=102091) register_scheme_map /opt/stack/data/venv/lib/python3.12/site-packages/glance_store/location.py:146}}
Jun 12 22:29:06.341466 np0000002753 devstack@g-api.service[102091]: DEBUG glance_store.location [-] Registering scheme filesystem with {'store': , 'location_class': , 'store_entry': 'file'} {{(pid=102091) register_scheme_map /opt/stack/data/venv/lib/python3.12/site-packages/glance_store/location.py:146}}
Jun 12 22:29:06.341519 np0000002753 devstack@g-api.service[102091]: DEBUG glance_store.backend [-] Attempting to import store swift {{(pid=102091) _load_store /opt/stack/data/venv/lib/python3.12/site-packages/glance_store/backend.py:215}}
Jun 12 22:29:06.341691 np0000002753 devstack@g-api.service[102091]: WARNING oslo_config.cfg [-] Deprecated: Option "default_store" from group "glance_store" is deprecated for removal (
Jun 12 22:29:06.341691 np0000002753 devstack@g-api.service[102091]: This option is deprecated against new config option
Jun 12 22:29:06.341691 np0000002753 devstack@g-api.service[102091]: ``default_backend`` which acts similar to ``default_store`` config
Jun 12 22:29:06.341691 np0000002753 devstack@g-api.service[102091]: option.
Jun 12 22:29:06.341691 np0000002753 devstack@g-api.service[102091]: This option is scheduled for removal in the U development
Jun 12 22:29:06.341691 np0000002753 devstack@g-api.service[102091]: cycle.
Jun 12 22:29:06.341691 np0000002753 devstack@g-api.service[102091]: ). Its value may be silently ignored in the future.
Jun 12 22:29:06.343235 np0000002753 devstack@g-api.service[102091]: DEBUG glance_store.capabilities [-] Store glance_store._drivers.swift.store.SingleTenantStore doesn't support updating dynamic storage capabilities. Please overwrite 'update_capabilities' method of the store to implement updating logics if needed. {{(pid=102091) update_capabilities /opt/stack/data/venv/lib/python3.12/site-packages/glance_store/capabilities.py:91}}
Jun 12 22:29:06.343302 np0000002753 devstack@g-api.service[102091]: DEBUG glance_store.backend [-] Registering store swift with schemes ('swift+https', 'swift', 'swift+http', 'swift+config') {{(pid=102091) create_stores /opt/stack/data/venv/lib/python3.12/site-packages/glance_store/backend.py:261}}
Jun 12 22:29:06.343423 np0000002753 devstack@g-api.service[102091]: DEBUG glance_store.driver [-] Late loading location class glance_store._drivers.swift.store.StoreLocation {{(pid=102091) get_store_location_class /opt/stack/data/venv/lib/python3.12/site-packages/glance_store/driver.py:134}}
Jun 12 22:29:06.343525 np0000002753 devstack@g-api.service[102091]: DEBUG glance_store.location [-] Registering scheme swift+https with {'store': , 'location_class': , 'store_entry': 'swift'} {{(pid=102091) register_scheme_map /opt/stack/data/venv/lib/python3.12/site-packages/glance_store/location.py:146}}
Jun 12 22:29:06.343611 np0000002753 devstack@g-api.service[102091]: DEBUG glance_store.location [-] Registering scheme swift with {'store': , 'location_class': , 'store_entry': 'swift'} {{(pid=102091) register_scheme_map /opt/stack/data/venv/lib/python3.12/site-packages/glance_store/location.py:146}}
Jun 12 22:29:06.343698 np0000002753 devstack@g-api.service[102091]: DEBUG glance_store.location [-] Registering scheme swift+http with {'store': , 'location_class': , 'store_entry': 'swift'} {{(pid=102091) register_scheme_map /opt/stack/data/venv/lib/python3.12/site-packages/glance_store/location.py:146}}
Jun 12 22:29:06.343780 np0000002753 devstack@g-api.service[102091]: DEBUG glance_store.location [-] Registering scheme swift+config with {'store': , 'location_class': , 'store_entry': 'swift'} {{(pid=102091) register_scheme_map /opt/stack/data/venv/lib/python3.12/site-packages/glance_store/location.py:146}}
Jun 12 22:29:06.343944 np0000002753 devstack@g-api.service[102091]: DEBUG glance_store.backend [-] Attempting to import store swift {{(pid=102091) _load_store /opt/stack/data/venv/lib/python3.12/site-packages/glance_store/backend.py:215}}
Jun 12 22:29:06.345643 np0000002753 devstack@g-api.service[102091]: DEBUG glance_store.capabilities [-] Store glance_store._drivers.swift.store.SingleTenantStore doesn't support updating dynamic storage capabilities. Please overwrite 'update_capabilities' method of the store to implement updating logics if needed. {{(pid=102091) update_capabilities /opt/stack/data/venv/lib/python3.12/site-packages/glance_store/capabilities.py:91}}
Jun 12 22:29:06.345710 np0000002753 devstack@g-api.service[102091]: DEBUG glance_store.driver [-] Late loading location class glance_store._drivers.swift.store.StoreLocation {{(pid=102091) get_store_location_class /opt/stack/data/venv/lib/python3.12/site-packages/glance_store/driver.py:134}}
Jun 12 22:29:06.345828 np0000002753 devstack@g-api.service[102091]: DEBUG glance_store.location [-] Registering scheme swift+https with {'store': , 'location_class': , 'store_entry': 'swift'} {{(pid=102091) register_scheme_map /opt/stack/data/venv/lib/python3.12/site-packages/glance_store/location.py:146}}
Jun 12 22:29:06.345904 np0000002753 devstack@g-api.service[102091]: DEBUG glance_store.location [-] Registering scheme swift+https with {'store': , 'location_class': , 'store_entry': 'swift'} {{(pid=102091) register_scheme_map /opt/stack/data/venv/lib/python3.12/site-packages/glance_store/location.py:146}}
Jun 12 22:29:06.346009 np0000002753 devstack@g-api.service[102091]: DEBUG glance_store.location [-] Registering scheme swift with {'store': , 'location_class': , 'store_entry': 'swift'} {{(pid=102091) register_scheme_map /opt/stack/data/venv/lib/python3.12/site-packages/glance_store/location.py:146}}
Jun 12 22:29:06.346090 np0000002753 devstack@g-api.service[102091]: DEBUG glance_store.location [-] Registering scheme swift+https with {'store': , 'location_class': , 'store_entry': 'swift'} {{(pid=102091) register_scheme_map /opt/stack/data/venv/lib/python3.12/site-packages/glance_store/location.py:146}}
Jun 12 22:29:06.346176 np0000002753 devstack@g-api.service[102091]: DEBUG glance_store.location [-] Registering scheme swift with {'store': , 'location_class': , 'store_entry': 'swift'} {{(pid=102091) register_scheme_map /opt/stack/data/venv/lib/python3.12/site-packages/glance_store/location.py:146}}
Jun 12 22:29:06.346258 np0000002753 devstack@g-api.service[102091]: DEBUG glance_store.location [-] Registering scheme swift+http with {'store': , 'location_class': , 'store_entry': 'swift'} {{(pid=102091) register_scheme_map /opt/stack/data/venv/lib/python3.12/site-packages/glance_store/location.py:146}}
Jun 12 22:29:06.346348 np0000002753 devstack@g-api.service[102091]: DEBUG glance_store.location [-] Registering scheme swift+https with {'store': , 'location_class': , 'store_entry': 'swift'} {{(pid=102091) register_scheme_map /opt/stack/data/venv/lib/python3.12/site-packages/glance_store/location.py:146}}
Jun 12 22:29:06.346462 np0000002753 devstack@g-api.service[102091]: DEBUG glance_store.location [-] Registering scheme swift with {'store': , 'location_class': , 'store_entry': 'swift'} {{(pid=102091) register_scheme_map /opt/stack/data/venv/lib/python3.12/site-packages/glance_store/location.py:146}}
Jun 12 22:29:06.346546 np0000002753 devstack@g-api.service[102091]: DEBUG glance_store.location [-] Registering scheme swift+http with {'store': , 'location_class': , 'store_entry': 'swift'} {{(pid=102091) register_scheme_map /opt/stack/data/venv/lib/python3.12/site-packages/glance_store/location.py:146}}
Jun 12 22:29:06.346633 np0000002753 devstack@g-api.service[102091]: DEBUG glance_store.location [-] Registering scheme swift+config with {'store': , 'location_class': , 'store_entry': 'swift'} {{(pid=102091) register_scheme_map /opt/stack/data/venv/lib/python3.12/site-packages/glance_store/location.py:146}}
Jun 12 22:29:06.347007 np0000002753 devstack@g-api.service[102091]: DEBUG glance.sqlite_migration [-] SQLite caching database not located, skipping migration {{(pid=102091) get_db_path /opt/stack/glance/glance/sqlite_migration.py:68}}
Jun 12 22:29:06.347271 np0000002753 devstack@g-api.service[102091]: WARNING glance.common.wsgi_app [-] Import methods are enabled but staging directory /tmp/staging/ does not exist; Imports will fail!
Jun 12 22:29:06.549391 np0000002753 devstack@g-api.service[102090]: DEBUG glance.common.config [None req-bdfd96a6-12a5-4554-8a8c-0034aa903d13 None None] Loading glance-api-keystone+cachemanagement from /etc/glance/glance-api-paste.ini {{(pid=102090) load_paste_app /opt/stack/glance/glance/common/config.py:758}}
Jun 12 22:29:06.576006 np0000002753 devstack@g-api.service[102092]: DEBUG glance.common.config [None req-7b14b05d-21f0-4297-a547-9fb7a2d8a6ca None None] Loading glance-api-keystone+cachemanagement from /etc/glance/glance-api-paste.ini {{(pid=102092) load_paste_app /opt/stack/glance/glance/common/config.py:758}}
Jun 12 22:29:06.594158 np0000002753 devstack@g-api.service[102091]: DEBUG glance.common.config [None req-05f15622-deb7-4d31-b81e-6923203692de None None] Loading glance-api-keystone+cachemanagement from /etc/glance/glance-api-paste.ini {{(pid=102091) load_paste_app /opt/stack/glance/glance/common/config.py:758}}
Jun 12 22:29:07.107811 np0000002753 devstack@g-api.service[102092]: INFO glance.image_cache [None req-7b14b05d-21f0-4297-a547-9fb7a2d8a6ca None None] Image cache loaded driver 'centralized_db'.
Jun 12 22:29:07.110993 np0000002753 devstack@g-api.service[102091]: INFO glance.image_cache [None req-05f15622-deb7-4d31-b81e-6923203692de None None] Image cache loaded driver 'centralized_db'.
Jun 12 22:29:07.111627 np0000002753 devstack@g-api.service[102090]: INFO glance.image_cache [None req-bdfd96a6-12a5-4554-8a8c-0034aa903d13 None None] Image cache loaded driver 'centralized_db'.
Jun 12 22:29:07.149740 np0000002753 devstack@g-api.service[102092]: INFO dbcounter [None req-7b14b05d-21f0-4297-a547-9fb7a2d8a6ca None None] Registered counter for database glance
Jun 12 22:29:07.152579 np0000002753 devstack@g-api.service[102090]: INFO dbcounter [None req-bdfd96a6-12a5-4554-8a8c-0034aa903d13 None None] Registered counter for database glance
Jun 12 22:29:07.153551 np0000002753 devstack@g-api.service[102091]: INFO dbcounter [None req-05f15622-deb7-4d31-b81e-6923203692de None None] Registered counter for database glance
Jun 12 22:29:07.195382 np0000002753 devstack@g-api.service[102090]: DEBUG oslo_db.sqlalchemy.engines [None req-bdfd96a6-12a5-4554-8a8c-0034aa903d13 None None] MySQL server mode set to STRICT_TRANS_TABLES,STRICT_ALL_TABLES,NO_ZERO_IN_DATE,NO_ZERO_DATE,ERROR_FOR_DIVISION_BY_ZERO,TRADITIONAL,NO_ENGINE_SUBSTITUTION {{(pid=102090) _check_effective_sql_mode /opt/stack/data/venv/lib/python3.12/site-packages/oslo_db/sqlalchemy/engines.py:325}}
Jun 12 22:29:07.197865 np0000002753 devstack@g-api.service[102091]: DEBUG oslo_db.sqlalchemy.engines [None req-05f15622-deb7-4d31-b81e-6923203692de None None] MySQL server mode set to STRICT_TRANS_TABLES,STRICT_ALL_TABLES,NO_ZERO_IN_DATE,NO_ZERO_DATE,ERROR_FOR_DIVISION_BY_ZERO,TRADITIONAL,NO_ENGINE_SUBSTITUTION {{(pid=102091) _check_effective_sql_mode /opt/stack/data/venv/lib/python3.12/site-packages/oslo_db/sqlalchemy/engines.py:325}}
Jun 12 22:29:07.200577 np0000002753 devstack@g-api.service[102092]: DEBUG oslo_db.sqlalchemy.engines [None req-7b14b05d-21f0-4297-a547-9fb7a2d8a6ca None None] MySQL server mode set to STRICT_TRANS_TABLES,STRICT_ALL_TABLES,NO_ZERO_IN_DATE,NO_ZERO_DATE,ERROR_FOR_DIVISION_BY_ZERO,TRADITIONAL,NO_ENGINE_SUBSTITUTION {{(pid=102092) _check_effective_sql_mode /opt/stack/data/venv/lib/python3.12/site-packages/oslo_db/sqlalchemy/engines.py:325}}
Jun 12 22:29:07.214786 np0000002753 devstack@g-api.service[102090]: DEBUG dbcounter [-] [102090] Writer thread running {{(pid=102090) stat_writer /opt/stack/data/venv/lib/python3.12/site-packages/dbcounter.py:102}}
Jun 12 22:29:07.217629 np0000002753 devstack@g-api.service[102091]: DEBUG dbcounter [-] [102091] Writer thread running {{(pid=102091) stat_writer /opt/stack/data/venv/lib/python3.12/site-packages/dbcounter.py:102}}
Jun 12 22:29:07.219988 np0000002753 devstack@g-api.service[102092]: DEBUG dbcounter [-] [102092] Writer thread running {{(pid=102092) stat_writer /opt/stack/data/venv/lib/python3.12/site-packages/dbcounter.py:102}}
Jun 12 22:29:07.221142 np0000002753 devstack@g-api.service[102091]: DEBUG glance.image_cache.drivers.centralized_db [None req-05f15622-deb7-4d31-b81e-6923203692de None None] Node reference is already recorded, ignoring it {{(pid=102091) configure /opt/stack/glance/glance/image_cache/drivers/centralized_db.py:71}}
Jun 12 22:29:07.223089 np0000002753 devstack@g-api.service[102092]: DEBUG glance.image_cache.drivers.centralized_db [None req-7b14b05d-21f0-4297-a547-9fb7a2d8a6ca None None] Node reference is already recorded, ignoring it {{(pid=102092) configure /opt/stack/glance/glance/image_cache/drivers/centralized_db.py:71}}
Jun 12 22:29:07.225169 np0000002753 devstack@g-api.service[102090]: INFO glance.image_cache [None req-bdfd96a6-12a5-4554-8a8c-0034aa903d13 None None] Image cache loaded driver 'centralized_db'.
Jun 12 22:29:07.226392 np0000002753 devstack@g-api.service[102091]: INFO glance.image_cache [None req-05f15622-deb7-4d31-b81e-6923203692de None None] Image cache loaded driver 'centralized_db'.
Jun 12 22:29:07.227814 np0000002753 devstack@g-api.service[102092]: INFO glance.image_cache [None req-7b14b05d-21f0-4297-a547-9fb7a2d8a6ca None None] Image cache loaded driver 'centralized_db'.
Jun 12 22:29:07.231256 np0000002753 devstack@g-api.service[102090]: DEBUG glance.image_cache.drivers.centralized_db [None req-bdfd96a6-12a5-4554-8a8c-0034aa903d13 None None] Node reference is already recorded, ignoring it {{(pid=102090) configure /opt/stack/glance/glance/image_cache/drivers/centralized_db.py:71}}
Jun 12 22:29:07.232515 np0000002753 devstack@g-api.service[102091]: DEBUG glance.image_cache.drivers.centralized_db [None req-05f15622-deb7-4d31-b81e-6923203692de None None] Node reference is already recorded, ignoring it {{(pid=102091) configure /opt/stack/glance/glance/image_cache/drivers/centralized_db.py:71}}
Jun 12 22:29:07.234164 np0000002753 devstack@g-api.service[102092]: DEBUG glance.image_cache.drivers.centralized_db [None req-7b14b05d-21f0-4297-a547-9fb7a2d8a6ca None None] Node reference is already recorded, ignoring it {{(pid=102092) configure /opt/stack/glance/glance/image_cache/drivers/centralized_db.py:71}}
Jun 12 22:29:07.235321 np0000002753 devstack@g-api.service[102090]: DEBUG glance.api.v2.cached_images [None req-bdfd96a6-12a5-4554-8a8c-0034aa903d13 None None] Started cache worker thread {{(pid=102090) __init__ /opt/stack/glance/glance/api/v2/cached_images.py:69}}
Jun 12 22:29:07.236023 np0000002753 devstack@g-api.service[102090]: INFO glance.image_cache [None req-bdfd96a6-12a5-4554-8a8c-0034aa903d13 None None] Image cache loaded driver 'centralized_db'.
Jun 12 22:29:07.237727 np0000002753 devstack@g-api.service[102091]: DEBUG glance.api.v2.cached_images [None req-05f15622-deb7-4d31-b81e-6923203692de None None] Started cache worker thread {{(pid=102091) __init__ /opt/stack/glance/glance/api/v2/cached_images.py:69}}
Jun 12 22:29:07.238283 np0000002753 devstack@g-api.service[102091]: INFO glance.image_cache [None req-05f15622-deb7-4d31-b81e-6923203692de None None] Image cache loaded driver 'centralized_db'.
Jun 12 22:29:07.239658 np0000002753 devstack@g-api.service[102092]: DEBUG glance.api.v2.cached_images [None req-7b14b05d-21f0-4297-a547-9fb7a2d8a6ca None None] Started cache worker thread {{(pid=102092) __init__ /opt/stack/glance/glance/api/v2/cached_images.py:69}}
Jun 12 22:29:07.240181 np0000002753 devstack@g-api.service[102092]: INFO glance.image_cache [None req-7b14b05d-21f0-4297-a547-9fb7a2d8a6ca None None] Image cache loaded driver 'centralized_db'.
Jun 12 22:29:07.241530 np0000002753 devstack@g-api.service[102090]: DEBUG glance.image_cache.drivers.centralized_db [None req-bdfd96a6-12a5-4554-8a8c-0034aa903d13 None None] Node reference is already recorded, ignoring it {{(pid=102090) configure /opt/stack/glance/glance/image_cache/drivers/centralized_db.py:71}}
Jun 12 22:29:07.246495 np0000002753 devstack@g-api.service[102091]: DEBUG glance.image_cache.drivers.centralized_db [None req-05f15622-deb7-4d31-b81e-6923203692de None None] Node reference is already recorded, ignoring it {{(pid=102091) configure /opt/stack/glance/glance/image_cache/drivers/centralized_db.py:71}}
Jun 12 22:29:07.333987 np0000002753 devstack@g-api.service[102090]: INFO glance.api.middleware.cache_manage [None req-bdfd96a6-12a5-4554-8a8c-0034aa903d13 None None] Initialized image cache management middleware
Jun 12 22:29:07.334189 np0000002753 devstack@g-api.service[102090]: INFO glance.image_cache [None req-bdfd96a6-12a5-4554-8a8c-0034aa903d13 None None] Image cache loaded driver 'centralized_db'.
Jun 12 22:29:07.340738 np0000002753 devstack@g-api.service[102090]: DEBUG glance.image_cache.drivers.centralized_db [None req-bdfd96a6-12a5-4554-8a8c-0034aa903d13 None None] Node reference is already recorded, ignoring it {{(pid=102090) configure /opt/stack/glance/glance/image_cache/drivers/centralized_db.py:71}}
Jun 12 22:29:07.343036 np0000002753 devstack@g-api.service[102092]: DEBUG glance.image_cache.drivers.centralized_db [None req-7b14b05d-21f0-4297-a547-9fb7a2d8a6ca None None] Node reference is already recorded, ignoring it {{(pid=102092) configure /opt/stack/glance/glance/image_cache/drivers/centralized_db.py:71}}
Jun 12 22:29:07.343420 np0000002753 devstack@g-api.service[102091]: INFO glance.api.middleware.cache_manage [None req-05f15622-deb7-4d31-b81e-6923203692de None None] Initialized image cache management middleware
Jun 12 22:29:07.343576 np0000002753 devstack@g-api.service[102091]: INFO glance.image_cache [None req-05f15622-deb7-4d31-b81e-6923203692de None None] Image cache loaded driver 'centralized_db'.
Jun 12 22:29:07.344006 np0000002753 devstack@g-api.service[102090]: INFO glance.api.middleware.cache [None req-bdfd96a6-12a5-4554-8a8c-0034aa903d13 None None] Initialized image cache middleware
Jun 12 22:29:07.349742 np0000002753 devstack@g-api.service[102091]: DEBUG glance.image_cache.drivers.centralized_db [None req-05f15622-deb7-4d31-b81e-6923203692de None None] Node reference is already recorded, ignoring it {{(pid=102091) configure /opt/stack/glance/glance/image_cache/drivers/centralized_db.py:71}}
Jun 12 22:29:07.350382 np0000002753 devstack@g-api.service[102092]: INFO glance.api.middleware.cache_manage [None req-7b14b05d-21f0-4297-a547-9fb7a2d8a6ca None None] Initialized image cache management middleware
Jun 12 22:29:07.350601 np0000002753 devstack@g-api.service[102092]: INFO glance.image_cache [None req-7b14b05d-21f0-4297-a547-9fb7a2d8a6ca None None] Image cache loaded driver 'centralized_db'.
Jun 12 22:29:07.353572 np0000002753 devstack@g-api.service[102091]: INFO glance.api.middleware.cache [None req-05f15622-deb7-4d31-b81e-6923203692de None None] Initialized image cache middleware
Jun 12 22:29:07.354430 np0000002753 devstack@g-api.service[102090]: DEBUG glance.common.config [None req-bdfd96a6-12a5-4554-8a8c-0034aa903d13 None None] ******************************************************************************** {{(pid=102090) log_opt_values /opt/stack/data/venv/lib/python3.12/site-packages/oslo_config/cfg.py:3226}}
Jun 12 22:29:07.354510 np0000002753 devstack@g-api.service[102090]: DEBUG glance.common.config [None req-bdfd96a6-12a5-4554-8a8c-0034aa903d13 None None] Configuration options gathered from: {{(pid=102090) log_opt_values /opt/stack/data/venv/lib/python3.12/site-packages/oslo_config/cfg.py:3227}}
Jun 12 22:29:07.354829 np0000002753 devstack@g-api.service[102090]: DEBUG glance.common.config [None req-bdfd96a6-12a5-4554-8a8c-0034aa903d13 None None] command line args: [] {{(pid=102090) log_opt_values /opt/stack/data/venv/lib/python3.12/site-packages/oslo_config/cfg.py:3228}}
Jun 12 22:29:07.354999 np0000002753 devstack@g-api.service[102090]: DEBUG glance.common.config [None req-bdfd96a6-12a5-4554-8a8c-0034aa903d13 None None] config files: ['/etc/glance/glance-image-import.conf', '/etc/glance/glance-api.conf'] {{(pid=102090) log_opt_values /opt/stack/data/venv/lib/python3.12/site-packages/oslo_config/cfg.py:3229}}
Jun 12 22:29:07.355098 np0000002753 devstack@g-api.service[102090]: DEBUG glance.common.config [None req-bdfd96a6-12a5-4554-8a8c-0034aa903d13 None None] ================================================================================ {{(pid=102090) log_opt_values /opt/stack/data/venv/lib/python3.12/site-packages/oslo_config/cfg.py:3234}}
Jun 12 22:29:07.355323 np0000002753 devstack@g-api.service[102090]: DEBUG glance.common.config [None req-bdfd96a6-12a5-4554-8a8c-0034aa903d13 None None] allow_anonymous_access = False {{(pid=102090) log_opt_values /opt/stack/data/venv/lib/python3.12/site-packages/oslo_config/cfg.py:3242}}
Jun 12 22:29:07.355481 np0000002753 devstack@g-api.service[102090]: DEBUG glance.common.config [None req-bdfd96a6-12a5-4554-8a8c-0034aa903d13 None None] api_limit_max = 1000 {{(pid=102090) log_opt_values /opt/stack/data/venv/lib/python3.12/site-packages/oslo_config/cfg.py:3242}}
Jun 12 22:29:07.355595 np0000002753 devstack@g-api.service[102090]: DEBUG glance.common.config [None req-bdfd96a6-12a5-4554-8a8c-0034aa903d13 None None] backlog = 4096 {{(pid=102090) log_opt_values /opt/stack/data/venv/lib/python3.12/site-packages/oslo_config/cfg.py:3242}}
Jun 12 22:29:07.355714 np0000002753 devstack@g-api.service[102090]: DEBUG glance.common.config [None req-bdfd96a6-12a5-4554-8a8c-0034aa903d13 None None] bind_host = 0.0.0.0 {{(pid=102090) log_opt_values /opt/stack/data/venv/lib/python3.12/site-packages/oslo_config/cfg.py:3242}}
Jun 12 22:29:07.355817 np0000002753 devstack@g-api.service[102090]: DEBUG glance.common.config [None req-bdfd96a6-12a5-4554-8a8c-0034aa903d13 None None] bind_port = 19292 {{(pid=102090) log_opt_values /opt/stack/data/venv/lib/python3.12/site-packages/oslo_config/cfg.py:3242}}
Jun 12 22:29:07.355917 np0000002753 devstack@g-api.service[102090]: DEBUG glance.common.config [None req-bdfd96a6-12a5-4554-8a8c-0034aa903d13 None None] client_socket_timeout = 900 {{(pid=102090) log_opt_values /opt/stack/data/venv/lib/python3.12/site-packages/oslo_config/cfg.py:3242}}
Jun 12 22:29:07.356016 np0000002753 devstack@g-api.service[102090]: DEBUG glance.common.config [None req-bdfd96a6-12a5-4554-8a8c-0034aa903d13 None None] config_dir = [] {{(pid=102090) log_opt_values /opt/stack/data/venv/lib/python3.12/site-packages/oslo_config/cfg.py:3242}}
Jun 12 22:29:07.356086 np0000002753 devstack@g-api.service[102090]: DEBUG glance.common.config [None req-bdfd96a6-12a5-4554-8a8c-0034aa903d13 None None] config_file = ['/etc/glance/glance-image-import.conf', '/etc/glance/glance-api.conf'] {{(pid=102090) log_opt_values /opt/stack/data/venv/lib/python3.12/site-packages/oslo_config/cfg.py:3242}}
Jun 12 22:29:07.356173 np0000002753 devstack@g-api.service[102090]: DEBUG glance.common.config [None req-bdfd96a6-12a5-4554-8a8c-0034aa903d13 None None] config_source = [] {{(pid=102090) log_opt_values /opt/stack/data/venv/lib/python3.12/site-packages/oslo_config/cfg.py:3242}}
Jun 12 22:29:07.356268 np0000002753 devstack@g-api.service[102090]: DEBUG glance.common.config [None req-bdfd96a6-12a5-4554-8a8c-0034aa903d13 None None] control_exchange = glance {{(pid=102090) log_opt_values /opt/stack/data/venv/lib/python3.12/site-packages/oslo_config/cfg.py:3242}}
Jun 12 22:29:07.356334 np0000002753 devstack@g-api.service[102090]: DEBUG glance.common.config [None req-bdfd96a6-12a5-4554-8a8c-0034aa903d13 None None] debug = True {{(pid=102090) log_opt_values /opt/stack/data/venv/lib/python3.12/site-packages/oslo_config/cfg.py:3242}}
Jun 12 22:29:07.356532 np0000002753 devstack@g-api.service[102090]: DEBUG glance.common.config [None req-bdfd96a6-12a5-4554-8a8c-0034aa903d13 None None] default_log_levels = ['amqp=WARN', 'boto=WARN', 'sqlalchemy=WARN', 'suds=INFO', 'oslo.messaging=INFO', 'oslo_messaging=INFO', 'iso8601=WARN', 'requests.packages.urllib3.connectionpool=WARN', 'urllib3.connectionpool=WARN', 'websocket=WARN', 'requests.packages.urllib3.util.retry=WARN', 'urllib3.util.retry=WARN', 'keystonemiddleware=WARN', 'routes.middleware=WARN', 'stevedore=WARN', 'taskflow=WARN', 'keystoneauth=WARN', 'oslo.cache=INFO', 'oslo_policy=INFO', 'dogpile.core.dogpile=INFO'] {{(pid=102090) log_opt_values /opt/stack/data/venv/lib/python3.12/site-packages/oslo_config/cfg.py:3242}}
Jun 12 22:29:07.356637 np0000002753 devstack@g-api.service[102090]: DEBUG glance.common.config [None req-bdfd96a6-12a5-4554-8a8c-0034aa903d13 None None] default_publisher_id = image.localhost {{(pid=102090) log_opt_values /opt/stack/data/venv/lib/python3.12/site-packages/oslo_config/cfg.py:3242}}
Jun 12 22:29:07.356727 np0000002753 devstack@g-api.service[102090]: DEBUG glance.common.config [None req-bdfd96a6-12a5-4554-8a8c-0034aa903d13 None None] delayed_delete = False {{(pid=102090) log_opt_values /opt/stack/data/venv/lib/python3.12/site-packages/oslo_config/cfg.py:3242}}
Jun 12 22:29:07.356916 np0000002753 devstack@g-api.service[102090]: DEBUG glance.common.config [None req-bdfd96a6-12a5-4554-8a8c-0034aa903d13 None None] digest_algorithm = sha256 {{(pid=102090) log_opt_values /opt/stack/data/venv/lib/python3.12/site-packages/oslo_config/cfg.py:3242}}
Jun 12 22:29:07.357003 np0000002753 devstack@g-api.service[102090]: DEBUG glance.common.config [None req-bdfd96a6-12a5-4554-8a8c-0034aa903d13 None None] disabled_notifications = [] {{(pid=102090) log_opt_values /opt/stack/data/venv/lib/python3.12/site-packages/oslo_config/cfg.py:3242}}
Jun 12 22:29:07.357088 np0000002753 devstack@g-api.service[102090]: DEBUG glance.common.config [None req-bdfd96a6-12a5-4554-8a8c-0034aa903d13 None None] do_secure_hash = True {{(pid=102090) log_opt_values /opt/stack/data/venv/lib/python3.12/site-packages/oslo_config/cfg.py:3242}}
Jun 12 22:29:07.357173 np0000002753 devstack@g-api.service[102090]: DEBUG glance.common.config [None req-bdfd96a6-12a5-4554-8a8c-0034aa903d13 None None] enabled_backends = None {{(pid=102090) log_opt_values /opt/stack/data/venv/lib/python3.12/site-packages/oslo_config/cfg.py:3242}}
Jun 12 22:29:07.357306 np0000002753 devstack@g-api.service[102090]: DEBUG glance.common.config [None req-bdfd96a6-12a5-4554-8a8c-0034aa903d13 None None] enabled_import_methods = ['glance-direct', 'web-download', 'copy-image'] {{(pid=102090) log_opt_values /opt/stack/data/venv/lib/python3.12/site-packages/oslo_config/cfg.py:3242}}
Jun 12 22:29:07.357445 np0000002753 devstack@g-api.service[102090]: DEBUG glance.common.config [None req-bdfd96a6-12a5-4554-8a8c-0034aa903d13 None None] fatal_deprecations = False {{(pid=102090) log_opt_values /opt/stack/data/venv/lib/python3.12/site-packages/oslo_config/cfg.py:3242}}
Jun 12 22:29:07.357568 np0000002753 devstack@g-api.service[102090]: DEBUG glance.common.config [None req-bdfd96a6-12a5-4554-8a8c-0034aa903d13 None None] hashing_algorithm = sha512 {{(pid=102090) log_opt_values /opt/stack/data/venv/lib/python3.12/site-packages/oslo_config/cfg.py:3242}}
Jun 12 22:29:07.357681 np0000002753 devstack@g-api.service[102090]: DEBUG glance.common.config [None req-bdfd96a6-12a5-4554-8a8c-0034aa903d13 None None] http_keepalive = True {{(pid=102090) log_opt_values /opt/stack/data/venv/lib/python3.12/site-packages/oslo_config/cfg.py:3242}}
Jun 12 22:29:07.357780 np0000002753 devstack@g-api.service[102090]: DEBUG glance.common.config [None req-bdfd96a6-12a5-4554-8a8c-0034aa903d13 None None] http_retries = 3 {{(pid=102090) log_opt_values /opt/stack/data/venv/lib/python3.12/site-packages/oslo_config/cfg.py:3242}}
Jun 12 22:29:07.357871 np0000002753 devstack@g-api.service[102090]: DEBUG glance.common.config [None req-bdfd96a6-12a5-4554-8a8c-0034aa903d13 None None] image_cache_dir = /opt/stack/data/glance/cache/ {{(pid=102090) log_opt_values /opt/stack/data/venv/lib/python3.12/site-packages/oslo_config/cfg.py:3242}}
Jun 12 22:29:07.357972 np0000002753 devstack@g-api.service[102090]: DEBUG glance.common.config [None req-bdfd96a6-12a5-4554-8a8c-0034aa903d13 None None] image_cache_driver = centralized_db {{(pid=102090) log_opt_values /opt/stack/data/venv/lib/python3.12/site-packages/oslo_config/cfg.py:3242}}
Jun 12 22:29:07.358058 np0000002753 devstack@g-api.service[102090]: DEBUG glance.common.config [None req-bdfd96a6-12a5-4554-8a8c-0034aa903d13 None None] image_cache_max_size = 10737418240 {{(pid=102090) log_opt_values /opt/stack/data/venv/lib/python3.12/site-packages/oslo_config/cfg.py:3242}}
Jun 12 22:29:07.358150 np0000002753 devstack@g-api.service[102090]: DEBUG glance.common.config [None req-bdfd96a6-12a5-4554-8a8c-0034aa903d13 None None] image_cache_sqlite_db = cache.db {{(pid=102090) log_opt_values /opt/stack/data/venv/lib/python3.12/site-packages/oslo_config/cfg.py:3242}}
Jun 12 22:29:07.358238 np0000002753 devstack@g-api.service[102090]: DEBUG glance.common.config [None req-bdfd96a6-12a5-4554-8a8c-0034aa903d13 None None] image_cache_stall_time = 86400 {{(pid=102090) log_opt_values /opt/stack/data/venv/lib/python3.12/site-packages/oslo_config/cfg.py:3242}}
Jun 12 22:29:07.358322 np0000002753 devstack@g-api.service[102090]: DEBUG glance.common.config [None req-bdfd96a6-12a5-4554-8a8c-0034aa903d13 None None] image_location_quota = 10 {{(pid=102090) log_opt_values /opt/stack/data/venv/lib/python3.12/site-packages/oslo_config/cfg.py:3242}}
Jun 12 22:29:07.358449 np0000002753 devstack@g-api.service[102090]: DEBUG glance.common.config [None req-bdfd96a6-12a5-4554-8a8c-0034aa903d13 None None] image_member_quota = 128 {{(pid=102090) log_opt_values /opt/stack/data/venv/lib/python3.12/site-packages/oslo_config/cfg.py:3242}}
Jun 12 22:29:07.358536 np0000002753 devstack@g-api.service[102090]: DEBUG glance.common.config [None req-bdfd96a6-12a5-4554-8a8c-0034aa903d13 None None] image_property_quota = 128 {{(pid=102090) log_opt_values /opt/stack/data/venv/lib/python3.12/site-packages/oslo_config/cfg.py:3242}}
Jun 12 22:29:07.358622 np0000002753 devstack@g-api.service[102090]: DEBUG glance.common.config [None req-bdfd96a6-12a5-4554-8a8c-0034aa903d13 None None] image_size_cap = 1099511627776 {{(pid=102090) log_opt_values /opt/stack/data/venv/lib/python3.12/site-packages/oslo_config/cfg.py:3242}}
Jun 12 22:29:07.358704 np0000002753 devstack@g-api.service[102090]: DEBUG glance.common.config [None req-bdfd96a6-12a5-4554-8a8c-0034aa903d13 None None] image_tag_quota = 128 {{(pid=102090) log_opt_values /opt/stack/data/venv/lib/python3.12/site-packages/oslo_config/cfg.py:3242}}
Jun 12 22:29:07.358839 np0000002753 devstack@g-api.service[102090]: DEBUG glance.common.config [None req-bdfd96a6-12a5-4554-8a8c-0034aa903d13 None None] instance_format = [instance: %(uuid)s] {{(pid=102090) log_opt_values /opt/stack/data/venv/lib/python3.12/site-packages/oslo_config/cfg.py:3242}}
Jun 12 22:29:07.358976 np0000002753 devstack@g-api.service[102090]: DEBUG glance.common.config [None req-bdfd96a6-12a5-4554-8a8c-0034aa903d13 None None] instance_uuid_format = [instance: %(uuid)s] {{(pid=102090) log_opt_values /opt/stack/data/venv/lib/python3.12/site-packages/oslo_config/cfg.py:3242}}
Jun 12 22:29:07.359089 np0000002753 devstack@g-api.service[102090]: DEBUG glance.common.config [None req-bdfd96a6-12a5-4554-8a8c-0034aa903d13 None None] limit_param_default = 25 {{(pid=102090) log_opt_values /opt/stack/data/venv/lib/python3.12/site-packages/oslo_config/cfg.py:3242}}
Jun 12 22:29:07.359212 np0000002753 devstack@g-api.service[102090]: DEBUG glance.common.config [None req-bdfd96a6-12a5-4554-8a8c-0034aa903d13 None None] log_color = False {{(pid=102090) log_opt_values /opt/stack/data/venv/lib/python3.12/site-packages/oslo_config/cfg.py:3242}}
Jun 12 22:29:07.359305 np0000002753 devstack@g-api.service[102090]: DEBUG glance.common.config [None req-bdfd96a6-12a5-4554-8a8c-0034aa903d13 None None] log_config_append = None {{(pid=102090) log_opt_values /opt/stack/data/venv/lib/python3.12/site-packages/oslo_config/cfg.py:3242}}
Jun 12 22:29:07.359417 np0000002753 devstack@g-api.service[102090]: DEBUG glance.common.config [None req-bdfd96a6-12a5-4554-8a8c-0034aa903d13 None None] log_date_format = %Y-%m-%d %H:%M:%S {{(pid=102090) log_opt_values /opt/stack/data/venv/lib/python3.12/site-packages/oslo_config/cfg.py:3242}}
Jun 12 22:29:07.359507 np0000002753 devstack@g-api.service[102090]: DEBUG glance.common.config [None req-bdfd96a6-12a5-4554-8a8c-0034aa903d13 None None] log_dir = None {{(pid=102090) log_opt_values /opt/stack/data/venv/lib/python3.12/site-packages/oslo_config/cfg.py:3242}}
Jun 12 22:29:07.359592 np0000002753 devstack@g-api.service[102090]: DEBUG glance.common.config [None req-bdfd96a6-12a5-4554-8a8c-0034aa903d13 None None] log_file = None {{(pid=102090) log_opt_values /opt/stack/data/venv/lib/python3.12/site-packages/oslo_config/cfg.py:3242}}
Jun 12 22:29:07.359677 np0000002753 devstack@g-api.service[102090]: DEBUG glance.common.config [None req-bdfd96a6-12a5-4554-8a8c-0034aa903d13 None None] log_rotate_interval = 1 {{(pid=102090) log_opt_values /opt/stack/data/venv/lib/python3.12/site-packages/oslo_config/cfg.py:3242}}
Jun 12 22:29:07.359767 np0000002753 devstack@g-api.service[102090]: DEBUG glance.common.config [None req-bdfd96a6-12a5-4554-8a8c-0034aa903d13 None None] log_rotate_interval_type = days {{(pid=102090) log_opt_values /opt/stack/data/venv/lib/python3.12/site-packages/oslo_config/cfg.py:3242}}
Jun 12 22:29:07.359857 np0000002753 devstack@g-api.service[102090]: DEBUG glance.common.config [None req-bdfd96a6-12a5-4554-8a8c-0034aa903d13 None None] log_rotation_type = none {{(pid=102090) log_opt_values /opt/stack/data/venv/lib/python3.12/site-packages/oslo_config/cfg.py:3242}}
Jun 12 22:29:07.359979 np0000002753 devstack@g-api.service[102090]: DEBUG glance.common.config [None req-bdfd96a6-12a5-4554-8a8c-0034aa903d13 None None] logging_context_format_string = %(color)s%(levelname)s %(name)s [%(global_request_id)s %(request_id)s %(project_name)s %(user_name)s%(color)s] %(instance)s%(color)s%(message)s {{(pid=102090) log_opt_values /opt/stack/data/venv/lib/python3.12/site-packages/oslo_config/cfg.py:3242}}
Jun 12 22:29:07.360037 np0000002753 devstack@g-api.service[102090]: DEBUG glance.common.config [None req-bdfd96a6-12a5-4554-8a8c-0034aa903d13 None None] logging_debug_format_suffix = {{(pid=%(process)d) %(funcName)s %(pathname)s:%(lineno)d}} {{(pid=102090) log_opt_values /opt/stack/data/venv/lib/python3.12/site-packages/oslo_config/cfg.py:3242}}
Jun 12 22:29:07.360082 np0000002753 devstack@g-api.service[102090]: DEBUG glance.common.config [None req-bdfd96a6-12a5-4554-8a8c-0034aa903d13 None None] logging_default_format_string = %(color)s%(levelname)s %(name)s [-%(color)s] %(instance)s%(color)s%(message)s {{(pid=102090) log_opt_values /opt/stack/data/venv/lib/python3.12/site-packages/oslo_config/cfg.py:3242}}
Jun 12 22:29:07.360176 np0000002753 devstack@g-api.service[102090]: DEBUG glance.common.config [None req-bdfd96a6-12a5-4554-8a8c-0034aa903d13 None None] logging_exception_prefix = ERROR %(name)s %(instance)s {{(pid=102090) log_opt_values /opt/stack/data/venv/lib/python3.12/site-packages/oslo_config/cfg.py:3242}}
Jun 12 22:29:07.360237 np0000002753 devstack@g-api.service[102090]: DEBUG glance.common.config [None req-bdfd96a6-12a5-4554-8a8c-0034aa903d13 None None] logging_user_identity_format = %(user)s %(project)s %(domain)s %(system_scope)s %(user_domain)s %(project_domain)s {{(pid=102090) log_opt_values /opt/stack/data/venv/lib/python3.12/site-packages/oslo_config/cfg.py:3242}}
Jun 12 22:29:07.360277 np0000002753 devstack@g-api.service[102092]: DEBUG glance.image_cache.drivers.centralized_db [None req-7b14b05d-21f0-4297-a547-9fb7a2d8a6ca None None] Node reference is already recorded, ignoring it {{(pid=102092) configure /opt/stack/glance/glance/image_cache/drivers/centralized_db.py:71}}
Jun 12 22:29:07.360333 np0000002753 devstack@g-api.service[102090]: DEBUG glance.common.config [None req-bdfd96a6-12a5-4554-8a8c-0034aa903d13 None None] max_header_line = 16384 {{(pid=102090) log_opt_values /opt/stack/data/venv/lib/python3.12/site-packages/oslo_config/cfg.py:3242}}
Jun 12 22:29:07.360452 np0000002753 devstack@g-api.service[102090]: DEBUG glance.common.config [None req-bdfd96a6-12a5-4554-8a8c-0034aa903d13 None None] max_logfile_count = 30 {{(pid=102090) log_opt_values /opt/stack/data/venv/lib/python3.12/site-packages/oslo_config/cfg.py:3242}}
Jun 12 22:29:07.360566 np0000002753 devstack@g-api.service[102090]: DEBUG glance.common.config [None req-bdfd96a6-12a5-4554-8a8c-0034aa903d13 None None] max_logfile_size_mb = 200 {{(pid=102090) log_opt_values /opt/stack/data/venv/lib/python3.12/site-packages/oslo_config/cfg.py:3242}}
Jun 12 22:29:07.360696 np0000002753 devstack@g-api.service[102090]: DEBUG glance.common.config [None req-bdfd96a6-12a5-4554-8a8c-0034aa903d13 None None] max_request_id_length = 64 {{(pid=102090) log_opt_values /opt/stack/data/venv/lib/python3.12/site-packages/oslo_config/cfg.py:3242}}
Jun 12 22:29:07.360817 np0000002753 devstack@g-api.service[102090]: DEBUG glance.common.config [None req-bdfd96a6-12a5-4554-8a8c-0034aa903d13 None None] metadata_encryption_key = **** {{(pid=102090) log_opt_values /opt/stack/data/venv/lib/python3.12/site-packages/oslo_config/cfg.py:3242}}
Jun 12 22:29:07.360973 np0000002753 devstack@g-api.service[102090]: DEBUG glance.common.config [None req-bdfd96a6-12a5-4554-8a8c-0034aa903d13 None None] node_staging_uri = file:///tmp/staging/ {{(pid=102090) log_opt_values /opt/stack/data/venv/lib/python3.12/site-packages/oslo_config/cfg.py:3242}}
Jun 12 22:29:07.361111 np0000002753 devstack@g-api.service[102090]: DEBUG glance.common.config [None req-bdfd96a6-12a5-4554-8a8c-0034aa903d13 None None] property_protection_file = None {{(pid=102090) log_opt_values /opt/stack/data/venv/lib/python3.12/site-packages/oslo_config/cfg.py:3242}}
Jun 12 22:29:07.361242 np0000002753 devstack@g-api.service[102090]: DEBUG glance.common.config [None req-bdfd96a6-12a5-4554-8a8c-0034aa903d13 None None] property_protection_rule_format = roles {{(pid=102090) log_opt_values /opt/stack/data/venv/lib/python3.12/site-packages/oslo_config/cfg.py:3242}}
Jun 12 22:29:07.361398 np0000002753 devstack@g-api.service[102090]: DEBUG glance.common.config [None req-bdfd96a6-12a5-4554-8a8c-0034aa903d13 None None] public_endpoint = https://10.4.3.176/image {{(pid=102090) log_opt_values /opt/stack/data/venv/lib/python3.12/site-packages/oslo_config/cfg.py:3242}}
Jun 12 22:29:07.361543 np0000002753 devstack@g-api.service[102090]: DEBUG glance.common.config [None req-bdfd96a6-12a5-4554-8a8c-0034aa903d13 None None] publish_errors = False {{(pid=102090) log_opt_values /opt/stack/data/venv/lib/python3.12/site-packages/oslo_config/cfg.py:3242}}
Jun 12 22:29:07.361679 np0000002753 devstack@g-api.service[102090]: DEBUG glance.common.config [None req-bdfd96a6-12a5-4554-8a8c-0034aa903d13 None None] pydev_worker_debug_host = None {{(pid=102090) log_opt_values /opt/stack/data/venv/lib/python3.12/site-packages/oslo_config/cfg.py:3242}}
Jun 12 22:29:07.361816 np0000002753 devstack@g-api.service[102090]: DEBUG glance.common.config [None req-bdfd96a6-12a5-4554-8a8c-0034aa903d13 None None] pydev_worker_debug_port = 5678 {{(pid=102090) log_opt_values /opt/stack/data/venv/lib/python3.12/site-packages/oslo_config/cfg.py:3242}}
Jun 12 22:29:07.361957 np0000002753 devstack@g-api.service[102090]: DEBUG glance.common.config [None req-bdfd96a6-12a5-4554-8a8c-0034aa903d13 None None] rate_limit_burst = 0 {{(pid=102090) log_opt_values /opt/stack/data/venv/lib/python3.12/site-packages/oslo_config/cfg.py:3242}}
Jun 12 22:29:07.362102 np0000002753 devstack@g-api.service[102090]: DEBUG glance.common.config [None req-bdfd96a6-12a5-4554-8a8c-0034aa903d13 None None] rate_limit_except_level = CRITICAL {{(pid=102090) log_opt_values /opt/stack/data/venv/lib/python3.12/site-packages/oslo_config/cfg.py:3242}}
Jun 12 22:29:07.362234 np0000002753 devstack@g-api.service[102090]: DEBUG glance.common.config [None req-bdfd96a6-12a5-4554-8a8c-0034aa903d13 None None] rate_limit_interval = 0 {{(pid=102090) log_opt_values /opt/stack/data/venv/lib/python3.12/site-packages/oslo_config/cfg.py:3242}}
Jun 12 22:29:07.362385 np0000002753 devstack@g-api.service[102090]: DEBUG glance.common.config [None req-bdfd96a6-12a5-4554-8a8c-0034aa903d13 None None] scrub_pool_size = 1 {{(pid=102090) log_opt_values /opt/stack/data/venv/lib/python3.12/site-packages/oslo_config/cfg.py:3242}}
Jun 12 22:29:07.362521 np0000002753 devstack@g-api.service[102090]: DEBUG glance.common.config [None req-bdfd96a6-12a5-4554-8a8c-0034aa903d13 None None] scrub_time = 0 {{(pid=102090) log_opt_values /opt/stack/data/venv/lib/python3.12/site-packages/oslo_config/cfg.py:3242}}
Jun 12 22:29:07.362646 np0000002753 devstack@g-api.service[102090]: DEBUG glance.common.config [None req-bdfd96a6-12a5-4554-8a8c-0034aa903d13 None None] shell_completion = None {{(pid=102090) log_opt_values /opt/stack/data/venv/lib/python3.12/site-packages/oslo_config/cfg.py:3242}}
Jun 12 22:29:07.362783 np0000002753 devstack@g-api.service[102090]: DEBUG glance.common.config [None req-bdfd96a6-12a5-4554-8a8c-0034aa903d13 None None] show_image_direct_url = False {{(pid=102090) log_opt_values /opt/stack/data/venv/lib/python3.12/site-packages/oslo_config/cfg.py:3242}}
Jun 12 22:29:07.363076 np0000002753 devstack@g-api.service[102090]: WARNING oslo_config.cfg [None req-bdfd96a6-12a5-4554-8a8c-0034aa903d13 None None] Deprecated: Option "show_multiple_locations" from group "DEFAULT" is deprecated for removal (Use of this option, deprecated since Newton, is a security risk and will be removed once we figure out a way to satisfy those use cases that currently require it. An earlier announcement that the same functionality can be achieved with greater granularity by using policies is incorrect. You cannot work around this option via policy configuration at the present time, though that is the direction we believe the fix will take. Please keep an eye on the Glance release notes to stay up to date on progress in addressing this issue.). Its value may be silently ignored in the future.
Jun 12 22:29:07.363240 np0000002753 devstack@g-api.service[102090]: DEBUG glance.common.config [None req-bdfd96a6-12a5-4554-8a8c-0034aa903d13 None None] show_multiple_locations = False {{(pid=102090) log_opt_values /opt/stack/data/venv/lib/python3.12/site-packages/oslo_config/cfg.py:3242}}
Jun 12 22:29:07.363415 np0000002753 devstack@g-api.service[102090]: DEBUG glance.common.config [None req-bdfd96a6-12a5-4554-8a8c-0034aa903d13 None None] syslog_log_facility = LOG_USER {{(pid=102090) log_opt_values /opt/stack/data/venv/lib/python3.12/site-packages/oslo_config/cfg.py:3242}}
Jun 12 22:29:07.363563 np0000002753 devstack@g-api.service[102090]: DEBUG glance.common.config [None req-bdfd96a6-12a5-4554-8a8c-0034aa903d13 None None] tcp_keepidle = 600 {{(pid=102090) log_opt_values /opt/stack/data/venv/lib/python3.12/site-packages/oslo_config/cfg.py:3242}}
Jun 12 22:29:07.363712 np0000002753 devstack@g-api.service[102090]: DEBUG glance.common.config [None req-bdfd96a6-12a5-4554-8a8c-0034aa903d13 None None] transport_url = **** {{(pid=102090) log_opt_values /opt/stack/data/venv/lib/python3.12/site-packages/oslo_config/cfg.py:3242}}
Jun 12 22:29:07.363860 np0000002753 devstack@g-api.service[102090]: DEBUG glance.common.config [None req-bdfd96a6-12a5-4554-8a8c-0034aa903d13 None None] use_journal = False {{(pid=102090) log_opt_values /opt/stack/data/venv/lib/python3.12/site-packages/oslo_config/cfg.py:3242}}
Jun 12 22:29:07.363947 np0000002753 devstack@g-api.service[102092]: INFO glance.api.middleware.cache [None req-7b14b05d-21f0-4297-a547-9fb7a2d8a6ca None None] Initialized image cache middleware
Jun 12 22:29:07.364001 np0000002753 devstack@g-api.service[102090]: DEBUG glance.common.config [None req-bdfd96a6-12a5-4554-8a8c-0034aa903d13 None None] use_json = False {{(pid=102090) log_opt_values /opt/stack/data/venv/lib/python3.12/site-packages/oslo_config/cfg.py:3242}}
Jun 12 22:29:07.364103 np0000002753 devstack@g-api.service[102090]: DEBUG glance.common.config [None req-bdfd96a6-12a5-4554-8a8c-0034aa903d13 None None] use_keystone_limits = True {{(pid=102090) log_opt_values /opt/stack/data/venv/lib/python3.12/site-packages/oslo_config/cfg.py:3242}}
Jun 12 22:29:07.364194 np0000002753 devstack@g-api.service[102090]: DEBUG glance.common.config [None req-bdfd96a6-12a5-4554-8a8c-0034aa903d13 None None] use_stderr = False {{(pid=102090) log_opt_values /opt/stack/data/venv/lib/python3.12/site-packages/oslo_config/cfg.py:3242}}
Jun 12 22:29:07.364286 np0000002753 devstack@g-api.service[102090]: DEBUG glance.common.config [None req-bdfd96a6-12a5-4554-8a8c-0034aa903d13 None None] use_syslog = False {{(pid=102090) log_opt_values /opt/stack/data/venv/lib/python3.12/site-packages/oslo_config/cfg.py:3242}}
Jun 12 22:29:07.364395 np0000002753 devstack@g-api.service[102090]: DEBUG glance.common.config [None req-bdfd96a6-12a5-4554-8a8c-0034aa903d13 None None] user_storage_quota = 0 {{(pid=102090) log_opt_values /opt/stack/data/venv/lib/python3.12/site-packages/oslo_config/cfg.py:3242}}
Jun 12 22:29:07.364486 np0000002753 devstack@g-api.service[102090]: DEBUG glance.common.config [None req-bdfd96a6-12a5-4554-8a8c-0034aa903d13 None None] worker_self_reference_url = http://127.0.0.1:60999 {{(pid=102090) log_opt_values /opt/stack/data/venv/lib/python3.12/site-packages/oslo_config/cfg.py:3242}}
Jun 12 22:29:07.364572 np0000002753 devstack@g-api.service[102090]: DEBUG glance.common.config [None req-bdfd96a6-12a5-4554-8a8c-0034aa903d13 None None] workers = None {{(pid=102090) log_opt_values /opt/stack/data/venv/lib/python3.12/site-packages/oslo_config/cfg.py:3242}}
Jun 12 22:29:07.364675 np0000002753 devstack@g-api.service[102090]: DEBUG glance.common.config [None req-bdfd96a6-12a5-4554-8a8c-0034aa903d13 None None] oslo_concurrency.disable_process_locking = False {{(pid=102090) log_opt_values /opt/stack/data/venv/lib/python3.12/site-packages/oslo_config/cfg.py:3253}}
Jun 12 22:29:07.364772 np0000002753 devstack@g-api.service[102090]: DEBUG glance.common.config [None req-bdfd96a6-12a5-4554-8a8c-0034aa903d13 None None] oslo_concurrency.lock_path = /opt/stack/data/glance/locks {{(pid=102090) log_opt_values /opt/stack/data/venv/lib/python3.12/site-packages/oslo_config/cfg.py:3253}}
Jun 12 22:29:07.364867 np0000002753 devstack@g-api.service[102090]: DEBUG glance.common.config [None req-bdfd96a6-12a5-4554-8a8c-0034aa903d13 None None] oslo_middleware.enable_proxy_headers_parsing = False {{(pid=102090) log_opt_values /opt/stack/data/venv/lib/python3.12/site-packages/oslo_config/cfg.py:3253}}
Jun 12 22:29:07.364975 np0000002753 devstack@g-api.service[102090]: DEBUG glance.common.config [None req-bdfd96a6-12a5-4554-8a8c-0034aa903d13 None None] oslo_middleware.http_basic_auth_user_file = /etc/htpasswd {{(pid=102090) log_opt_values /opt/stack/data/venv/lib/python3.12/site-packages/oslo_config/cfg.py:3253}}
Jun 12 22:29:07.365067 np0000002753 devstack@g-api.service[102090]: DEBUG glance.common.config [None req-bdfd96a6-12a5-4554-8a8c-0034aa903d13 None None] paste_deploy.config_file = None {{(pid=102090) log_opt_values /opt/stack/data/venv/lib/python3.12/site-packages/oslo_config/cfg.py:3253}}
Jun 12 22:29:07.365159 np0000002753 devstack@g-api.service[102090]: DEBUG glance.common.config [None req-bdfd96a6-12a5-4554-8a8c-0034aa903d13 None None] paste_deploy.flavor = keystone+cachemanagement {{(pid=102090) log_opt_values /opt/stack/data/venv/lib/python3.12/site-packages/oslo_config/cfg.py:3253}}
Jun 12 22:29:07.365281 np0000002753 devstack@g-api.service[102090]: DEBUG glance.common.config [None req-bdfd96a6-12a5-4554-8a8c-0034aa903d13 None None] image_format.container_formats = ['ami', 'ari', 'aki', 'bare', 'ovf', 'ova', 'docker', 'compressed'] {{(pid=102090) log_opt_values /opt/stack/data/venv/lib/python3.12/site-packages/oslo_config/cfg.py:3253}}
Jun 12 22:29:07.365423 np0000002753 devstack@g-api.service[102090]: DEBUG glance.common.config [None req-bdfd96a6-12a5-4554-8a8c-0034aa903d13 None None] image_format.disk_formats = ['ami', 'ari', 'aki', 'vhd', 'vhdx', 'vmdk', 'raw', 'qcow2', 'vdi', 'iso', 'ploop'] {{(pid=102090) log_opt_values /opt/stack/data/venv/lib/python3.12/site-packages/oslo_config/cfg.py:3253}}
Jun 12 22:29:07.365512 np0000002753 devstack@g-api.service[102090]: DEBUG glance.common.config [None req-bdfd96a6-12a5-4554-8a8c-0034aa903d13 None None] image_format.gpt_safety_checks_nonfatal = [] {{(pid=102090) log_opt_values /opt/stack/data/venv/lib/python3.12/site-packages/oslo_config/cfg.py:3253}}
Jun 12 22:29:07.365605 np0000002753 devstack@g-api.service[102090]: DEBUG glance.common.config [None req-bdfd96a6-12a5-4554-8a8c-0034aa903d13 None None] image_format.require_image_format_match = True {{(pid=102090) log_opt_values /opt/stack/data/venv/lib/python3.12/site-packages/oslo_config/cfg.py:3253}}
Jun 12 22:29:07.365702 np0000002753 devstack@g-api.service[102090]: DEBUG glance.common.config [None req-bdfd96a6-12a5-4554-8a8c-0034aa903d13 None None] image_format.vmdk_allowed_types = ['streamOptimized', 'monolithicSparse'] {{(pid=102090) log_opt_values /opt/stack/data/venv/lib/python3.12/site-packages/oslo_config/cfg.py:3253}}
Jun 12 22:29:07.365800 np0000002753 devstack@g-api.service[102090]: DEBUG glance.common.config [None req-bdfd96a6-12a5-4554-8a8c-0034aa903d13 None None] task.task_executor = taskflow {{(pid=102090) log_opt_values /opt/stack/data/venv/lib/python3.12/site-packages/oslo_config/cfg.py:3253}}
