Jul 03 11:22:36.961464 np0000004409 devstack@g-api.service[99518]: DEBUG swiftclient [None req-ce058f8d-c423-4441-8205-f1b85a5423fe tempest-VolumeImageDependencyTests-849415201 tempest-VolumeImageDependencyTests-849415201-project-member] RESP STATUS: 200 OK {{(pid=99518) http_log /opt/stack/data/venv/lib/python3.12/site-packages/swiftclient/client.py:161}}
Jul 03 11:22:36.961694 np0000004409 devstack@g-api.service[99518]: DEBUG swiftclient [None req-ce058f8d-c423-4441-8205-f1b85a5423fe tempest-VolumeImageDependencyTests-849415201 tempest-VolumeImageDependencyTests-849415201-project-member] RESP HEADERS: {'Date': 'Fri, 03 Jul 2026 11:22:36 GMT', 'Server': 'Apache/2.4.58 (Ubuntu)', 'Content-Type': 'application/octet-stream', 'Content-Length': '1024', 'Etag': '83f79d7c0b9981bebd33680a0323912c', 'Last-Modified': 'Fri, 03 Jul 2026 11:22:25 GMT', 'X-Timestamp': '1783077744.96341', 'Accept-Ranges': 'bytes', 'X-Trans-Id': 'txa29e01172afc49a6ade42-006a479b7c', 'X-Openstack-Request-Id': 'txa29e01172afc49a6ade42-006a479b7c', 'Connection': 'close'} {{(pid=99518) http_log /opt/stack/data/venv/lib/python3.12/site-packages/swiftclient/client.py:162}}
Jul 03 11:22:36.984212 np0000004409 devstack@g-api.service[99520]: DEBUG glance.api.middleware.version_negotiation [None req-4a3447a6-b24b-45df-8412-ee3553a20f9d tempest-ServerStableDeviceRescueTest-1267026595 tempest-ServerStableDeviceRescueTest-1267026595-project-member] Determining version of request: GET /v2/schemas/image Accept: */* {{(pid=99520) process_request /opt/stack/glance/glance/api/middleware/version_negotiation.py:44}}
Jul 03 11:22:36.984428 np0000004409 devstack@g-api.service[99520]: DEBUG glance.api.middleware.version_negotiation [None req-4a3447a6-b24b-45df-8412-ee3553a20f9d tempest-ServerStableDeviceRescueTest-1267026595 tempest-ServerStableDeviceRescueTest-1267026595-project-member] Using url versioning {{(pid=99520) process_request /opt/stack/glance/glance/api/middleware/version_negotiation.py:57}}
Jul 03 11:22:36.984649 np0000004409 devstack@g-api.service[99520]: DEBUG glance.api.middleware.version_negotiation [None req-4a3447a6-b24b-45df-8412-ee3553a20f9d tempest-ServerStableDeviceRescueTest-1267026595 tempest-ServerStableDeviceRescueTest-1267026595-project-member] Matched version: v2 {{(pid=99520) process_request /opt/stack/glance/glance/api/middleware/version_negotiation.py:69}}
Jul 03 11:22:36.984801 np0000004409 devstack@g-api.service[99520]: DEBUG glance.api.middleware.version_negotiation [None req-4a3447a6-b24b-45df-8412-ee3553a20f9d tempest-ServerStableDeviceRescueTest-1267026595 tempest-ServerStableDeviceRescueTest-1267026595-project-member] new path /v2/schemas/image {{(pid=99520) process_request /opt/stack/glance/glance/api/middleware/version_negotiation.py:70}}
Jul 03 11:22:36.987918 np0000004409 devstack@g-api.service[99520]: [pid: 99520|app: 0|req: 80/227] 127.0.0.1 () {44 vars in 1051 bytes} [Fri Jul 3 11:22:36 2026] GET /v2/schemas/image => generated 6083 bytes in 4 msecs (HTTP/1.1 200) 4 headers in 158 bytes (1 switches on core 0)
Jul 03 11:22:37.008154 np0000004409 devstack@g-api.service[99518]: DEBUG swiftclient [None req-ce058f8d-c423-4441-8205-f1b85a5423fe tempest-VolumeImageDependencyTests-849415201 tempest-VolumeImageDependencyTests-849415201-project-member] REQ: curl -i https://10.4.3.22:8080/v1/AUTH_6824c7e52c7d4a4fa123b7997af4bc3f/glance/abd7211a-a9a0-4425-b67b-5ab5f59d956f DELETE -H "X-Auth-Token: gAAAAABqR5t8Gk_P..." {{(pid=99518) http_log /opt/stack/data/venv/lib/python3.12/site-packages/swiftclient/client.py:160}}
Jul 03 11:22:37.008327 np0000004409 devstack@g-api.service[99518]: DEBUG swiftclient [None req-ce058f8d-c423-4441-8205-f1b85a5423fe tempest-VolumeImageDependencyTests-849415201 tempest-VolumeImageDependencyTests-849415201-project-member] RESP STATUS: 204 No Content {{(pid=99518) http_log /opt/stack/data/venv/lib/python3.12/site-packages/swiftclient/client.py:161}}
Jul 03 11:22:37.008568 np0000004409 devstack@g-api.service[99518]: DEBUG swiftclient [None req-ce058f8d-c423-4441-8205-f1b85a5423fe tempest-VolumeImageDependencyTests-849415201 tempest-VolumeImageDependencyTests-849415201-project-member] RESP HEADERS: {'Date': 'Fri, 03 Jul 2026 11:22:37 GMT', 'Server': 'Apache/2.4.58 (Ubuntu)', 'Content-Type': 'text/html; charset=UTF-8', 'X-Trans-Id': 'tx3694d37d7ff44e429bb8e-006a479b7c', 'X-Openstack-Request-Id': 'tx3694d37d7ff44e429bb8e-006a479b7c', 'Connection': 'close'} {{(pid=99518) http_log /opt/stack/data/venv/lib/python3.12/site-packages/swiftclient/client.py:162}}
Jul 03 11:22:37.027183 np0000004409 devstack@g-api.service[99519]: DEBUG glance.api.middleware.version_negotiation [None req-4a3447a6-b24b-45df-8412-ee3553a20f9d tempest-ServerStableDeviceRescueTest-1267026595 tempest-ServerStableDeviceRescueTest-1267026595-project-member] Determining version of request: PATCH /v2/images/1a4546d2-84d5-41b1-b2fd-7620ec1b45e8 Accept: */* {{(pid=99519) process_request /opt/stack/glance/glance/api/middleware/version_negotiation.py:44}}
Jul 03 11:22:37.027341 np0000004409 devstack@g-api.service[99519]: DEBUG glance.api.middleware.version_negotiation [None req-4a3447a6-b24b-45df-8412-ee3553a20f9d tempest-ServerStableDeviceRescueTest-1267026595 tempest-ServerStableDeviceRescueTest-1267026595-project-member] Using url versioning {{(pid=99519) process_request /opt/stack/glance/glance/api/middleware/version_negotiation.py:57}}
Jul 03 11:22:37.027454 np0000004409 devstack@g-api.service[99519]: DEBUG glance.api.middleware.version_negotiation [None req-4a3447a6-b24b-45df-8412-ee3553a20f9d tempest-ServerStableDeviceRescueTest-1267026595 tempest-ServerStableDeviceRescueTest-1267026595-project-member] Matched version: v2 {{(pid=99519) process_request /opt/stack/glance/glance/api/middleware/version_negotiation.py:69}}
Jul 03 11:22:37.027932 np0000004409 devstack@g-api.service[99519]: DEBUG glance.api.middleware.version_negotiation [None req-4a3447a6-b24b-45df-8412-ee3553a20f9d tempest-ServerStableDeviceRescueTest-1267026595 tempest-ServerStableDeviceRescueTest-1267026595-project-member] new path /v2/images/1a4546d2-84d5-41b1-b2fd-7620ec1b45e8 {{(pid=99519) process_request /opt/stack/glance/glance/api/middleware/version_negotiation.py:70}}
Jul 03 11:22:37.050978 np0000004409 devstack@g-api.service[99518]: DEBUG glance.api.middleware.cache [None req-ce058f8d-c423-4441-8205-f1b85a5423fe tempest-VolumeImageDependencyTests-849415201 tempest-VolumeImageDependencyTests-849415201-project-member] Removing image abd7211a-a9a0-4425-b67b-5ab5f59d956f from cache {{(pid=99518) _process_DELETE_response /opt/stack/glance/glance/api/middleware/cache.py:264}}
Jul 03 11:22:37.051521 np0000004409 devstack@g-api.service[99518]: DEBUG glance.image_cache.drivers.centralized_db [None req-ce058f8d-c423-4441-8205-f1b85a5423fe tempest-VolumeImageDependencyTests-849415201 tempest-VolumeImageDependencyTests-849415201-project-member] Deleting image cache file '/opt/stack/data/glance/cache/abd7211a-a9a0-4425-b67b-5ab5f59d956f' {{(pid=99518) delete_cached_file /opt/stack/glance/glance/image_cache/drivers/centralized_db.py:400}}
Jul 03 11:22:37.058389 np0000004409 devstack@g-api.service[99518]: [pid: 99518|app: 0|req: 70/228] 127.0.0.1 () {40 vars in 837 bytes} [Fri Jul 3 11:22:36 2026] DELETE /v2/images/abd7211a-a9a0-4425-b67b-5ab5f59d956f => generated 0 bytes in 506 msecs (HTTP/1.1 204) 4 headers in 171 bytes (1 switches on core 0)
Jul 03 11:22:37.070925 np0000004409 devstack@g-api.service[99520]: DEBUG glance.api.middleware.version_negotiation [None req-4a3447a6-b24b-45df-8412-ee3553a20f9d tempest-ServerStableDeviceRescueTest-1267026595 tempest-ServerStableDeviceRescueTest-1267026595-project-member] Determining version of request: GET /v2/images/abd7211a-a9a0-4425-b67b-5ab5f59d956f Accept: application/json {{(pid=99520) process_request /opt/stack/glance/glance/api/middleware/version_negotiation.py:44}}
Jul 03 11:22:37.070925 np0000004409 devstack@g-api.service[99520]: DEBUG glance.api.middleware.version_negotiation [None req-4a3447a6-b24b-45df-8412-ee3553a20f9d tempest-ServerStableDeviceRescueTest-1267026595 tempest-ServerStableDeviceRescueTest-1267026595-project-member] Using url versioning {{(pid=99520) process_request /opt/stack/glance/glance/api/middleware/version_negotiation.py:57}}
Jul 03 11:22:37.070925 np0000004409 devstack@g-api.service[99520]: DEBUG glance.api.middleware.version_negotiation [None req-4a3447a6-b24b-45df-8412-ee3553a20f9d tempest-ServerStableDeviceRescueTest-1267026595 tempest-ServerStableDeviceRescueTest-1267026595-project-member] Matched version: v2 {{(pid=99520) process_request /opt/stack/glance/glance/api/middleware/version_negotiation.py:69}}
Jul 03 11:22:37.070925 np0000004409 devstack@g-api.service[99520]: DEBUG glance.api.middleware.version_negotiation [None req-4a3447a6-b24b-45df-8412-ee3553a20f9d tempest-ServerStableDeviceRescueTest-1267026595 tempest-ServerStableDeviceRescueTest-1267026595-project-member] new path /v2/images/abd7211a-a9a0-4425-b67b-5ab5f59d956f {{(pid=99520) process_request /opt/stack/glance/glance/api/middleware/version_negotiation.py:70}}
Jul 03 11:22:37.081577 np0000004409 devstack@g-api.service[99520]: DEBUG glance.db.sqlalchemy.api [None req-eea572ac-ea4f-49f2-b146-5d543f270bfb tempest-VolumeImageDependencyTests-849415201 tempest-VolumeImageDependencyTests-849415201-project-member] No image found with ID abd7211a-a9a0-4425-b67b-5ab5f59d956f {{(pid=99520) _image_get /opt/stack/glance/glance/db/sqlalchemy/api.py:303}}
Jul 03 11:22:37.083939 np0000004409 devstack@g-api.service[99520]: [pid: 99520|app: 0|req: 81/229] 127.0.0.1 () {40 vars in 834 bytes} [Fri Jul 3 11:22:37 2026] GET /v2/images/abd7211a-a9a0-4425-b67b-5ab5f59d956f => generated 139 bytes in 14 msecs (HTTP/1.1 404) 4 headers in 164 bytes (1 switches on core 0)
Jul 03 11:22:37.154719 np0000004409 devstack@g-api.service[99518]: DEBUG glance.api.middleware.version_negotiation [None req-ce058f8d-c423-4441-8205-f1b85a5423fe tempest-VolumeImageDependencyTests-849415201 tempest-VolumeImageDependencyTests-849415201-project-member] Determining version of request: GET /v2/images/1a4546d2-84d5-41b1-b2fd-7620ec1b45e8 Accept: */* {{(pid=99518) process_request /opt/stack/glance/glance/api/middleware/version_negotiation.py:44}}
Jul 03 11:22:37.155155 np0000004409 devstack@g-api.service[99518]: DEBUG glance.api.middleware.version_negotiation [None req-ce058f8d-c423-4441-8205-f1b85a5423fe tempest-VolumeImageDependencyTests-849415201 tempest-VolumeImageDependencyTests-849415201-project-member] Using url versioning {{(pid=99518) process_request /opt/stack/glance/glance/api/middleware/version_negotiation.py:57}}
Jul 03 11:22:37.155208 np0000004409 devstack@g-api.service[99518]: DEBUG glance.api.middleware.version_negotiation [None req-ce058f8d-c423-4441-8205-f1b85a5423fe tempest-VolumeImageDependencyTests-849415201 tempest-VolumeImageDependencyTests-849415201-project-member] Matched version: v2 {{(pid=99518) process_request /opt/stack/glance/glance/api/middleware/version_negotiation.py:69}}
Jul 03 11:22:37.155357 np0000004409 devstack@g-api.service[99518]: DEBUG glance.api.middleware.version_negotiation [None req-ce058f8d-c423-4441-8205-f1b85a5423fe tempest-VolumeImageDependencyTests-849415201 tempest-VolumeImageDependencyTests-849415201-project-member] new path /v2/images/1a4546d2-84d5-41b1-b2fd-7620ec1b45e8 {{(pid=99518) process_request /opt/stack/glance/glance/api/middleware/version_negotiation.py:70}}
Jul 03 11:22:37.167900 np0000004409 devstack@g-api.service[99518]: [pid: 99518|app: 0|req: 71/230] 127.0.0.1 () {44 vars in 1111 bytes} [Fri Jul 3 11:22:37 2026] GET /v2/images/1a4546d2-84d5-41b1-b2fd-7620ec1b45e8 => generated 1336 bytes in 13 msecs (HTTP/1.1 200) 4 headers in 158 bytes (1 switches on core 0)
Jul 03 11:22:37.197964 np0000004409 devstack@g-api.service[99519]: [pid: 99519|app: 0|req: 79/231] 127.0.0.1 () {46 vars in 1154 bytes} [Fri Jul 3 11:22:37 2026] PATCH /v2/images/1a4546d2-84d5-41b1-b2fd-7620ec1b45e8 => generated 1447 bytes in 171 msecs (HTTP/1.1 200) 4 headers in 158 bytes (1 switches on core 0)
Jul 03 11:22:37.209206 np0000004409 devstack@g-api.service[99520]: DEBUG glance.api.middleware.version_negotiation [None req-eea572ac-ea4f-49f2-b146-5d543f270bfb tempest-VolumeImageDependencyTests-849415201 tempest-VolumeImageDependencyTests-849415201-project-member] Determining version of request: GET /v2/schemas/image Accept: */* {{(pid=99520) process_request /opt/stack/glance/glance/api/middleware/version_negotiation.py:44}}
Jul 03 11:22:37.209392 np0000004409 devstack@g-api.service[99520]: DEBUG glance.api.middleware.version_negotiation [None req-eea572ac-ea4f-49f2-b146-5d543f270bfb tempest-VolumeImageDependencyTests-849415201 tempest-VolumeImageDependencyTests-849415201-project-member] Using url versioning {{(pid=99520) process_request /opt/stack/glance/glance/api/middleware/version_negotiation.py:57}}
Jul 03 11:22:37.209593 np0000004409 devstack@g-api.service[99520]: DEBUG glance.api.middleware.version_negotiation [None req-eea572ac-ea4f-49f2-b146-5d543f270bfb tempest-VolumeImageDependencyTests-849415201 tempest-VolumeImageDependencyTests-849415201-project-member] Matched version: v2 {{(pid=99520) process_request /opt/stack/glance/glance/api/middleware/version_negotiation.py:69}}
Jul 03 11:22:37.209737 np0000004409 devstack@g-api.service[99520]: DEBUG glance.api.middleware.version_negotiation [None req-eea572ac-ea4f-49f2-b146-5d543f270bfb tempest-VolumeImageDependencyTests-849415201 tempest-VolumeImageDependencyTests-849415201-project-member] new path /v2/schemas/image {{(pid=99520) process_request /opt/stack/glance/glance/api/middleware/version_negotiation.py:70}}
Jul 03 11:22:37.213353 np0000004409 devstack@g-api.service[99520]: [pid: 99520|app: 0|req: 82/232] 127.0.0.1 () {44 vars in 1051 bytes} [Fri Jul 3 11:22:37 2026] GET /v2/schemas/image => generated 6083 bytes in 4 msecs (HTTP/1.1 200) 4 headers in 158 bytes (1 switches on core 0)
Jul 03 11:22:37.237682 np0000004409 devstack@g-api.service[99518]: DEBUG glance.api.middleware.version_negotiation [None req-78c2b764-2cdc-4c7b-81a9-8a7fdf791a96 tempest-ServerStableDeviceRescueTest-1267026595 tempest-ServerStableDeviceRescueTest-1267026595-project-member] Determining version of request: GET /v2/images/1a4546d2-84d5-41b1-b2fd-7620ec1b45e8 Accept: */* {{(pid=99518) process_request /opt/stack/glance/glance/api/middleware/version_negotiation.py:44}}
Jul 03 11:22:37.238147 np0000004409 devstack@g-api.service[99518]: DEBUG glance.api.middleware.version_negotiation [None req-78c2b764-2cdc-4c7b-81a9-8a7fdf791a96 tempest-ServerStableDeviceRescueTest-1267026595 tempest-ServerStableDeviceRescueTest-1267026595-project-member] Using url versioning {{(pid=99518) process_request /opt/stack/glance/glance/api/middleware/version_negotiation.py:57}}
Jul 03 11:22:37.238147 np0000004409 devstack@g-api.service[99518]: DEBUG glance.api.middleware.version_negotiation [None req-78c2b764-2cdc-4c7b-81a9-8a7fdf791a96 tempest-ServerStableDeviceRescueTest-1267026595 tempest-ServerStableDeviceRescueTest-1267026595-project-member] Matched version: v2 {{(pid=99518) process_request /opt/stack/glance/glance/api/middleware/version_negotiation.py:69}}
Jul 03 11:22:37.238147 np0000004409 devstack@g-api.service[99518]: DEBUG glance.api.middleware.version_negotiation [None req-78c2b764-2cdc-4c7b-81a9-8a7fdf791a96 tempest-ServerStableDeviceRescueTest-1267026595 tempest-ServerStableDeviceRescueTest-1267026595-project-member] new path /v2/images/1a4546d2-84d5-41b1-b2fd-7620ec1b45e8 {{(pid=99518) process_request /opt/stack/glance/glance/api/middleware/version_negotiation.py:70}}
Jul 03 11:22:37.249663 np0000004409 devstack@g-api.service[99518]: [pid: 99518|app: 0|req: 72/233] 127.0.0.1 () {44 vars in 1111 bytes} [Fri Jul 3 11:22:37 2026] GET /v2/images/1a4546d2-84d5-41b1-b2fd-7620ec1b45e8 => generated 1447 bytes in 12 msecs (HTTP/1.1 200) 4 headers in 158 bytes (1 switches on core 0)
Jul 03 11:22:37.293410 np0000004409 devstack@g-api.service[99519]: DEBUG glance.api.middleware.version_negotiation [None req-4a3447a6-b24b-45df-8412-ee3553a20f9d tempest-ServerStableDeviceRescueTest-1267026595 tempest-ServerStableDeviceRescueTest-1267026595-project-member] Determining version of request: PUT /v2/images/1a4546d2-84d5-41b1-b2fd-7620ec1b45e8/file Accept: */* {{(pid=99519) process_request /opt/stack/glance/glance/api/middleware/version_negotiation.py:44}}
Jul 03 11:22:37.293611 np0000004409 devstack@g-api.service[99519]: DEBUG glance.api.middleware.version_negotiation [None req-4a3447a6-b24b-45df-8412-ee3553a20f9d tempest-ServerStableDeviceRescueTest-1267026595 tempest-ServerStableDeviceRescueTest-1267026595-project-member] Using url versioning {{(pid=99519) process_request /opt/stack/glance/glance/api/middleware/version_negotiation.py:57}}
Jul 03 11:22:37.293773 np0000004409 devstack@g-api.service[99519]: DEBUG glance.api.middleware.version_negotiation [None req-4a3447a6-b24b-45df-8412-ee3553a20f9d tempest-ServerStableDeviceRescueTest-1267026595 tempest-ServerStableDeviceRescueTest-1267026595-project-member] Matched version: v2 {{(pid=99519) process_request /opt/stack/glance/glance/api/middleware/version_negotiation.py:69}}
Jul 03 11:22:37.293923 np0000004409 devstack@g-api.service[99519]: DEBUG glance.api.middleware.version_negotiation [None req-4a3447a6-b24b-45df-8412-ee3553a20f9d tempest-ServerStableDeviceRescueTest-1267026595 tempest-ServerStableDeviceRescueTest-1267026595-project-member] new path /v2/images/1a4546d2-84d5-41b1-b2fd-7620ec1b45e8/file {{(pid=99519) process_request /opt/stack/glance/glance/api/middleware/version_negotiation.py:70}}
Jul 03 11:22:37.928347 np0000004409 devstack@g-api.service[99519]: INFO glance.api.v2.image_data [None req-4a3447a6-b24b-45df-8412-ee3553a20f9d tempest-ServerStableDeviceRescueTest-1267026595 tempest-ServerStableDeviceRescueTest-1267026595-project-member] Unable to create trust: no such option collect_timing in group [keystone_authtoken] Use the existing user token.
Jul 03 11:22:38.320568 np0000004409 devstack@g-api.service[99520]: DEBUG glance.api.middleware.version_negotiation [None req-78c2b764-2cdc-4c7b-81a9-8a7fdf791a96 tempest-ServerStableDeviceRescueTest-1267026595 tempest-ServerStableDeviceRescueTest-1267026595-project-member] Determining version of request: DELETE /v2/images/abd7211a-a9a0-4425-b67b-5ab5f59d956f Accept: application/json {{(pid=99520) process_request /opt/stack/glance/glance/api/middleware/version_negotiation.py:44}}
Jul 03 11:22:38.322104 np0000004409 devstack@g-api.service[99520]: DEBUG glance.api.middleware.version_negotiation [None req-78c2b764-2cdc-4c7b-81a9-8a7fdf791a96 tempest-ServerStableDeviceRescueTest-1267026595 tempest-ServerStableDeviceRescueTest-1267026595-project-member] Using url versioning {{(pid=99520) process_request /opt/stack/glance/glance/api/middleware/version_negotiation.py:57}}
Jul 03 11:22:38.322104 np0000004409 devstack@g-api.service[99520]: DEBUG glance.api.middleware.version_negotiation [None req-78c2b764-2cdc-4c7b-81a9-8a7fdf791a96 tempest-ServerStableDeviceRescueTest-1267026595 tempest-ServerStableDeviceRescueTest-1267026595-project-member] Matched version: v2 {{(pid=99520) process_request /opt/stack/glance/glance/api/middleware/version_negotiation.py:69}}
Jul 03 11:22:38.322104 np0000004409 devstack@g-api.service[99520]: DEBUG glance.api.middleware.version_negotiation [None req-78c2b764-2cdc-4c7b-81a9-8a7fdf791a96 tempest-ServerStableDeviceRescueTest-1267026595 tempest-ServerStableDeviceRescueTest-1267026595-project-member] new path /v2/images/abd7211a-a9a0-4425-b67b-5ab5f59d956f {{(pid=99520) process_request /opt/stack/glance/glance/api/middleware/version_negotiation.py:70}}
Jul 03 11:22:38.329657 np0000004409 devstack@g-api.service[99520]: DEBUG glance.db.sqlalchemy.api [None req-85cb01a2-2f33-40f5-b806-e66703dc252b tempest-VolumeImageDependencyTests-849415201 tempest-VolumeImageDependencyTests-849415201-project-member] No image found with ID abd7211a-a9a0-4425-b67b-5ab5f59d956f {{(pid=99520) _image_get /opt/stack/glance/glance/db/sqlalchemy/api.py:303}}
Jul 03 11:22:38.335223 np0000004409 devstack@g-api.service[99520]: WARNING glance.api.v2.images [None req-85cb01a2-2f33-40f5-b806-e66703dc252b tempest-VolumeImageDependencyTests-849415201 tempest-VolumeImageDependencyTests-849415201-project-member] Failed to find image abd7211a-a9a0-4425-b67b-5ab5f59d956f to delete: glance.common.exception.ImageNotFound: No image found with ID abd7211a-a9a0-4425-b67b-5ab5f59d956f
Jul 03 11:22:38.337498 np0000004409 devstack@g-api.service[99520]: [pid: 99520|app: 0|req: 83/234] 127.0.0.1 () {40 vars in 837 bytes} [Fri Jul 3 11:22:38 2026] DELETE /v2/images/abd7211a-a9a0-4425-b67b-5ab5f59d956f => generated 147 bytes in 16 msecs (HTTP/1.1 404) 4 headers in 164 bytes (1 switches on core 0)
Jul 03 11:22:38.346382 np0000004409 devstack@g-api.service[99518]: DEBUG glance.api.middleware.version_negotiation [None req-4a3447a6-b24b-45df-8412-ee3553a20f9d tempest-ServerStableDeviceRescueTest-1267026595 tempest-ServerStableDeviceRescueTest-1267026595-project-member] Determining version of request: GET /v2/images/abd7211a-a9a0-4425-b67b-5ab5f59d956f Accept: application/json {{(pid=99518) process_request /opt/stack/glance/glance/api/middleware/version_negotiation.py:44}}
Jul 03 11:22:38.346382 np0000004409 devstack@g-api.service[99518]: DEBUG glance.api.middleware.version_negotiation [None req-4a3447a6-b24b-45df-8412-ee3553a20f9d tempest-ServerStableDeviceRescueTest-1267026595 tempest-ServerStableDeviceRescueTest-1267026595-project-member] Using url versioning {{(pid=99518) process_request /opt/stack/glance/glance/api/middleware/version_negotiation.py:57}}
Jul 03 11:22:38.346382 np0000004409 devstack@g-api.service[99518]: DEBUG glance.api.middleware.version_negotiation [None req-4a3447a6-b24b-45df-8412-ee3553a20f9d tempest-ServerStableDeviceRescueTest-1267026595 tempest-ServerStableDeviceRescueTest-1267026595-project-member] Matched version: v2 {{(pid=99518) process_request /opt/stack/glance/glance/api/middleware/version_negotiation.py:69}}
Jul 03 11:22:38.346900 np0000004409 devstack@g-api.service[99518]: DEBUG glance.api.middleware.version_negotiation [None req-4a3447a6-b24b-45df-8412-ee3553a20f9d tempest-ServerStableDeviceRescueTest-1267026595 tempest-ServerStableDeviceRescueTest-1267026595-project-member] new path /v2/images/abd7211a-a9a0-4425-b67b-5ab5f59d956f {{(pid=99518) process_request /opt/stack/glance/glance/api/middleware/version_negotiation.py:70}}
Jul 03 11:22:38.353470 np0000004409 devstack@g-api.service[99518]: DEBUG glance.db.sqlalchemy.api [None req-920de083-d380-41b2-b29a-a983c8a4b304 tempest-VolumeImageDependencyTests-849415201 tempest-VolumeImageDependencyTests-849415201-project-member] No image found with ID abd7211a-a9a0-4425-b67b-5ab5f59d956f {{(pid=99518) _image_get /opt/stack/glance/glance/db/sqlalchemy/api.py:303}}
Jul 03 11:22:38.355203 np0000004409 devstack@g-api.service[99518]: [pid: 99518|app: 0|req: 73/235] 127.0.0.1 () {40 vars in 834 bytes} [Fri Jul 3 11:22:38 2026] GET /v2/images/abd7211a-a9a0-4425-b67b-5ab5f59d956f => generated 139 bytes in 9 msecs (HTTP/1.1 404) 4 headers in 164 bytes (1 switches on core 0)
Jul 03 11:22:38.395501 np0000004409 devstack@g-api.service[99520]: DEBUG glance.api.middleware.version_negotiation [None req-85cb01a2-2f33-40f5-b806-e66703dc252b tempest-VolumeImageDependencyTests-849415201 tempest-VolumeImageDependencyTests-849415201-project-member] Determining version of request: GET /v2/images/1a4546d2-84d5-41b1-b2fd-7620ec1b45e8 Accept: */* {{(pid=99520) process_request /opt/stack/glance/glance/api/middleware/version_negotiation.py:44}}
Jul 03 11:22:38.395501 np0000004409 devstack@g-api.service[99520]: DEBUG glance.api.middleware.version_negotiation [None req-85cb01a2-2f33-40f5-b806-e66703dc252b tempest-VolumeImageDependencyTests-849415201 tempest-VolumeImageDependencyTests-849415201-project-member] Using url versioning {{(pid=99520) process_request /opt/stack/glance/glance/api/middleware/version_negotiation.py:57}}
Jul 03 11:22:38.395501 np0000004409 devstack@g-api.service[99520]: DEBUG glance.api.middleware.version_negotiation [None req-85cb01a2-2f33-40f5-b806-e66703dc252b tempest-VolumeImageDependencyTests-849415201 tempest-VolumeImageDependencyTests-849415201-project-member] Matched version: v2 {{(pid=99520) process_request /opt/stack/glance/glance/api/middleware/version_negotiation.py:69}}
Jul 03 11:22:38.395501 np0000004409 devstack@g-api.service[99520]: DEBUG glance.api.middleware.version_negotiation [None req-85cb01a2-2f33-40f5-b806-e66703dc252b tempest-VolumeImageDependencyTests-849415201 tempest-VolumeImageDependencyTests-849415201-project-member] new path /v2/images/1a4546d2-84d5-41b1-b2fd-7620ec1b45e8 {{(pid=99520) process_request /opt/stack/glance/glance/api/middleware/version_negotiation.py:70}}
Jul 03 11:22:38.411599 np0000004409 devstack@g-api.service[99520]: [pid: 99520|app: 0|req: 84/236] 127.0.0.1 () {44 vars in 1111 bytes} [Fri Jul 3 11:22:38 2026] GET /v2/images/1a4546d2-84d5-41b1-b2fd-7620ec1b45e8 => generated 1447 bytes in 17 msecs (HTTP/1.1 200) 4 headers in 158 bytes (1 switches on core 0)
Jul 03 11:22:38.450981 np0000004409 devstack@g-api.service[99518]: DEBUG glance.api.middleware.version_negotiation [None req-920de083-d380-41b2-b29a-a983c8a4b304 tempest-VolumeImageDependencyTests-849415201 tempest-VolumeImageDependencyTests-849415201-project-member] Determining version of request: GET /v2/schemas/image Accept: */* {{(pid=99518) process_request /opt/stack/glance/glance/api/middleware/version_negotiation.py:44}}
Jul 03 11:22:38.451138 np0000004409 devstack@g-api.service[99518]: DEBUG glance.api.middleware.version_negotiation [None req-920de083-d380-41b2-b29a-a983c8a4b304 tempest-VolumeImageDependencyTests-849415201 tempest-VolumeImageDependencyTests-849415201-project-member] Using url versioning {{(pid=99518) process_request /opt/stack/glance/glance/api/middleware/version_negotiation.py:57}}
Jul 03 11:22:38.451296 np0000004409 devstack@g-api.service[99518]: DEBUG glance.api.middleware.version_negotiation [None req-920de083-d380-41b2-b29a-a983c8a4b304 tempest-VolumeImageDependencyTests-849415201 tempest-VolumeImageDependencyTests-849415201-project-member] Matched version: v2 {{(pid=99518) process_request /opt/stack/glance/glance/api/middleware/version_negotiation.py:69}}
Jul 03 11:22:38.451419 np0000004409 devstack@g-api.service[99518]: DEBUG glance.api.middleware.version_negotiation [None req-920de083-d380-41b2-b29a-a983c8a4b304 tempest-VolumeImageDependencyTests-849415201 tempest-VolumeImageDependencyTests-849415201-project-member] new path /v2/schemas/image {{(pid=99518) process_request /opt/stack/glance/glance/api/middleware/version_negotiation.py:70}}
Jul 03 11:22:38.462602 np0000004409 devstack@g-api.service[99518]: [pid: 99518|app: 0|req: 74/237] 127.0.0.1 () {44 vars in 1051 bytes} [Fri Jul 3 11:22:38 2026] GET /v2/schemas/image => generated 6083 bytes in 11 msecs (HTTP/1.1 200) 4 headers in 158 bytes (1 switches on core 0)
Jul 03 11:22:38.699555 np0000004409 devstack@g-api.service[99519]: DEBUG glance.location [None req-4a3447a6-b24b-45df-8412-ee3553a20f9d tempest-ServerStableDeviceRescueTest-1267026595 tempest-ServerStableDeviceRescueTest-1267026595-project-member] Enabling in-flight format inspection for qcow2 {{(pid=99519) set_data /opt/stack/glance/glance/location.py:596}}
Jul 03 11:22:38.699957 np0000004409 devstack@g-api.service[99519]: DEBUG glance_store.backend [None req-4a3447a6-b24b-45df-8412-ee3553a20f9d tempest-ServerStableDeviceRescueTest-1267026595 tempest-ServerStableDeviceRescueTest-1267026595-project-member] Attempting to import store swift {{(pid=99519) _load_store /opt/stack/data/venv/lib/python3.12/site-packages/glance_store/backend.py:215}}
Jul 03 11:22:38.702599 np0000004409 devstack@g-api.service[99519]: DEBUG glance_store.capabilities [None req-4a3447a6-b24b-45df-8412-ee3553a20f9d tempest-ServerStableDeviceRescueTest-1267026595 tempest-ServerStableDeviceRescueTest-1267026595-project-member] Store glance_store._drivers.swift.store.SingleTenantStore doesn't support updating dynamic storage capabilities. Please overwrite 'update_capabilities' method of the store to implement updating logics if needed. {{(pid=99519) update_capabilities /opt/stack/data/venv/lib/python3.12/site-packages/glance_store/capabilities.py:91}}
Jul 03 11:22:38.702754 np0000004409 devstack@g-api.service[99519]: DEBUG glance_store.driver [None req-4a3447a6-b24b-45df-8412-ee3553a20f9d tempest-ServerStableDeviceRescueTest-1267026595 tempest-ServerStableDeviceRescueTest-1267026595-project-member] Late loading location class glance_store._drivers.swift.store.StoreLocation {{(pid=99519) get_store_location_class /opt/stack/data/venv/lib/python3.12/site-packages/glance_store/driver.py:134}}
Jul 03 11:22:38.702910 np0000004409 devstack@g-api.service[99519]: DEBUG glance_store.location [None req-4a3447a6-b24b-45df-8412-ee3553a20f9d tempest-ServerStableDeviceRescueTest-1267026595 tempest-ServerStableDeviceRescueTest-1267026595-project-member] Registering scheme swift+https with {'store': , 'location_class': , 'store_entry': 'swift'} {{(pid=99519) register_scheme_map /opt/stack/data/venv/lib/python3.12/site-packages/glance_store/location.py:146}}
Jul 03 11:22:38.703028 np0000004409 devstack@g-api.service[99519]: DEBUG glance_store.location [None req-4a3447a6-b24b-45df-8412-ee3553a20f9d tempest-ServerStableDeviceRescueTest-1267026595 tempest-ServerStableDeviceRescueTest-1267026595-project-member] Registering scheme swift+https with {'store': , 'location_class': , 'store_entry': 'swift'} {{(pid=99519) register_scheme_map /opt/stack/data/venv/lib/python3.12/site-packages/glance_store/location.py:146}}
Jul 03 11:22:38.703143 np0000004409 devstack@g-api.service[99519]: DEBUG glance_store.location [None req-4a3447a6-b24b-45df-8412-ee3553a20f9d tempest-ServerStableDeviceRescueTest-1267026595 tempest-ServerStableDeviceRescueTest-1267026595-project-member] Registering scheme swift with {'store': , 'location_class': , 'store_entry': 'swift'} {{(pid=99519) register_scheme_map /opt/stack/data/venv/lib/python3.12/site-packages/glance_store/location.py:146}}
Jul 03 11:22:38.703257 np0000004409 devstack@g-api.service[99519]: DEBUG glance_store.location [None req-4a3447a6-b24b-45df-8412-ee3553a20f9d tempest-ServerStableDeviceRescueTest-1267026595 tempest-ServerStableDeviceRescueTest-1267026595-project-member] Registering scheme swift+https with {'store': , 'location_class': , 'store_entry': 'swift'} {{(pid=99519) register_scheme_map /opt/stack/data/venv/lib/python3.12/site-packages/glance_store/location.py:146}}
Jul 03 11:22:38.703375 np0000004409 devstack@g-api.service[99519]: DEBUG glance_store.location [None req-4a3447a6-b24b-45df-8412-ee3553a20f9d tempest-ServerStableDeviceRescueTest-1267026595 tempest-ServerStableDeviceRescueTest-1267026595-project-member] Registering scheme swift with {'store': , 'location_class': , 'store_entry': 'swift'} {{(pid=99519) register_scheme_map /opt/stack/data/venv/lib/python3.12/site-packages/glance_store/location.py:146}}
Jul 03 11:22:38.703479 np0000004409 devstack@g-api.service[99519]: DEBUG glance_store.location [None req-4a3447a6-b24b-45df-8412-ee3553a20f9d tempest-ServerStableDeviceRescueTest-1267026595 tempest-ServerStableDeviceRescueTest-1267026595-project-member] Registering scheme swift+http with {'store': , 'location_class': , 'store_entry': 'swift'} {{(pid=99519) register_scheme_map /opt/stack/data/venv/lib/python3.12/site-packages/glance_store/location.py:146}}
Jul 03 11:22:38.703654 np0000004409 devstack@g-api.service[99519]: DEBUG glance_store.location [None req-4a3447a6-b24b-45df-8412-ee3553a20f9d tempest-ServerStableDeviceRescueTest-1267026595 tempest-ServerStableDeviceRescueTest-1267026595-project-member] Registering scheme swift+https with {'store': , 'location_class': , 'store_entry': 'swift'} {{(pid=99519) register_scheme_map /opt/stack/data/venv/lib/python3.12/site-packages/glance_store/location.py:146}}
Jul 03 11:22:38.703803 np0000004409 devstack@g-api.service[99519]: DEBUG glance_store.location [None req-4a3447a6-b24b-45df-8412-ee3553a20f9d tempest-ServerStableDeviceRescueTest-1267026595 tempest-ServerStableDeviceRescueTest-1267026595-project-member] Registering scheme swift with {'store': , 'location_class': , 'store_entry': 'swift'} {{(pid=99519) register_scheme_map /opt/stack/data/venv/lib/python3.12/site-packages/glance_store/location.py:146}}
Jul 03 11:22:38.703912 np0000004409 devstack@g-api.service[99519]: DEBUG glance_store.location [None req-4a3447a6-b24b-45df-8412-ee3553a20f9d tempest-ServerStableDeviceRescueTest-1267026595 tempest-ServerStableDeviceRescueTest-1267026595-project-member] Registering scheme swift+http with {'store': , 'location_class': , 'store_entry': 'swift'} {{(pid=99519) register_scheme_map /opt/stack/data/venv/lib/python3.12/site-packages/glance_store/location.py:146}}
Jul 03 11:22:38.704037 np0000004409 devstack@g-api.service[99519]: DEBUG glance_store.location [None req-4a3447a6-b24b-45df-8412-ee3553a20f9d tempest-ServerStableDeviceRescueTest-1267026595 tempest-ServerStableDeviceRescueTest-1267026595-project-member] Registering scheme swift+config with {'store': , 'location_class': , 'store_entry': 'swift'} {{(pid=99519) register_scheme_map /opt/stack/data/venv/lib/python3.12/site-packages/glance_store/location.py:146}}
Jul 03 11:22:39.060985 np0000004409 devstack@g-api.service[99519]: DEBUG swiftclient [None req-4a3447a6-b24b-45df-8412-ee3553a20f9d tempest-ServerStableDeviceRescueTest-1267026595 tempest-ServerStableDeviceRescueTest-1267026595-project-member] REQ: curl -i https://10.4.3.22:8080/v1/AUTH_6824c7e52c7d4a4fa123b7997af4bc3f/glance -I -H "X-Auth-Token: gAAAAABqR5t-McAD..." {{(pid=99519) http_log /opt/stack/data/venv/lib/python3.12/site-packages/swiftclient/client.py:160}}
Jul 03 11:22:39.061093 np0000004409 devstack@g-api.service[99519]: DEBUG swiftclient [None req-4a3447a6-b24b-45df-8412-ee3553a20f9d tempest-ServerStableDeviceRescueTest-1267026595 tempest-ServerStableDeviceRescueTest-1267026595-project-member] RESP STATUS: 204 No Content {{(pid=99519) http_log /opt/stack/data/venv/lib/python3.12/site-packages/swiftclient/client.py:161}}
Jul 03 11:22:39.061278 np0000004409 devstack@g-api.service[99519]: DEBUG swiftclient [None req-4a3447a6-b24b-45df-8412-ee3553a20f9d tempest-ServerStableDeviceRescueTest-1267026595 tempest-ServerStableDeviceRescueTest-1267026595-project-member] RESP HEADERS: {'Date': 'Fri, 03 Jul 2026 11:22:39 GMT', 'Server': 'Apache/2.4.58 (Ubuntu)', 'Content-Type': 'text/plain; charset=utf-8', 'X-Container-Object-Count': '3', 'X-Container-Bytes-Used': '64356352', 'X-Timestamp': '1783077521.23130', 'Last-Modified': 'Fri, 03 Jul 2026 11:18:42 GMT', 'Accept-Ranges': 'bytes', 'X-Storage-Policy': 'Policy-0', 'X-Container-Sharding': 'False', 'Vary': 'Accept', 'X-Trans-Id': 'tx0574079716e3400cbfae8-006a479b7e', 'X-Openstack-Request-Id': 'tx0574079716e3400cbfae8-006a479b7e', 'Connection': 'close'} {{(pid=99519) http_log /opt/stack/data/venv/lib/python3.12/site-packages/swiftclient/client.py:162}}
Jul 03 11:22:39.061455 np0000004409 devstack@g-api.service[99519]: DEBUG glance_store._drivers.swift.store [None req-4a3447a6-b24b-45df-8412-ee3553a20f9d tempest-ServerStableDeviceRescueTest-1267026595 tempest-ServerStableDeviceRescueTest-1267026595-project-member] Adding image object '1a4546d2-84d5-41b1-b2fd-7620ec1b45e8' to Swift {{(pid=99519) add /opt/stack/data/venv/lib/python3.12/site-packages/glance_store/_drivers/swift/store.py:970}}
Jul 03 11:22:39.061564 np0000004409 devstack@g-api.service[99519]: DEBUG glance_store._drivers.swift.store [None req-4a3447a6-b24b-45df-8412-ee3553a20f9d tempest-ServerStableDeviceRescueTest-1267026595 tempest-ServerStableDeviceRescueTest-1267026595-project-member] Cannot determine image size because it is either not provided in the request or chunked-transfer encoding is used. Adding image as a segmented object to Swift. {{(pid=99519) add /opt/stack/data/venv/lib/python3.12/site-packages/glance_store/_drivers/swift/store.py:994}}
Jul 03 11:22:39.071247 np0000004409 devstack@g-api.service[99519]: DEBUG oslo_utils.imageutils.format_inspector [None req-4a3447a6-b24b-45df-8412-ee3553a20f9d tempest-ServerStableDeviceRescueTest-1267026595 tempest-ServerStableDeviceRescueTest-1267026595-project-member] Format inspector for vmdk does not match, excluding from consideration (Signature KDMV not found: b'QFI\xfb') {{(pid=99519) _process_chunk /opt/stack/data/venv/lib/python3.12/site-packages/oslo_utils/imageutils/format_inspector.py:1758}}
Jul 03 11:22:39.074107 np0000004409 devstack@g-api.service[99519]: DEBUG oslo_utils.imageutils.format_inspector [None req-4a3447a6-b24b-45df-8412-ee3553a20f9d tempest-ServerStableDeviceRescueTest-1267026595 tempest-ServerStableDeviceRescueTest-1267026595-project-member] Format inspector for vhdx does not match, excluding from consideration (Region signature not found at 30000) {{(pid=99519) _process_chunk /opt/stack/data/venv/lib/python3.12/site-packages/oslo_utils/imageutils/format_inspector.py:1758}}
Jul 03 11:22:39.548175 np0000004409 devstack@g-api.service[99520]: DEBUG glance.api.middleware.version_negotiation [None req-777e9864-0854-4d06-83de-83821b5aaa69 tempest-ServerStableDeviceRescueTest-1267026595 tempest-ServerStableDeviceRescueTest-1267026595-project-member] Determining version of request: DELETE /v2/images/725841f2-9f29-4a75-a3ca-153861e7ef53 Accept: application/json {{(pid=99520) process_request /opt/stack/glance/glance/api/middleware/version_negotiation.py:44}}
Jul 03 11:22:39.548604 np0000004409 devstack@g-api.service[99520]: DEBUG glance.api.middleware.version_negotiation [None req-777e9864-0854-4d06-83de-83821b5aaa69 tempest-ServerStableDeviceRescueTest-1267026595 tempest-ServerStableDeviceRescueTest-1267026595-project-member] Using url versioning {{(pid=99520) process_request /opt/stack/glance/glance/api/middleware/version_negotiation.py:57}}
Jul 03 11:22:39.548604 np0000004409 devstack@g-api.service[99520]: DEBUG glance.api.middleware.version_negotiation [None req-777e9864-0854-4d06-83de-83821b5aaa69 tempest-ServerStableDeviceRescueTest-1267026595 tempest-ServerStableDeviceRescueTest-1267026595-project-member] Matched version: v2 {{(pid=99520) process_request /opt/stack/glance/glance/api/middleware/version_negotiation.py:69}}
Jul 03 11:22:39.548604 np0000004409 devstack@g-api.service[99520]: DEBUG glance.api.middleware.version_negotiation [None req-777e9864-0854-4d06-83de-83821b5aaa69 tempest-ServerStableDeviceRescueTest-1267026595 tempest-ServerStableDeviceRescueTest-1267026595-project-member] new path /v2/images/725841f2-9f29-4a75-a3ca-153861e7ef53 {{(pid=99520) process_request /opt/stack/glance/glance/api/middleware/version_negotiation.py:70}}
Jul 03 11:22:39.554046 np0000004409 devstack@g-api.service[99520]: DEBUG glance.db.sqlalchemy.api [None req-7c65e6f3-9791-4db7-a0f9-719188d3533d tempest-VolumeImageDependencyTests-849415201 tempest-VolumeImageDependencyTests-849415201-project-member] No image found with ID 725841f2-9f29-4a75-a3ca-153861e7ef53 {{(pid=99520) _image_get /opt/stack/glance/glance/db/sqlalchemy/api.py:303}}
Jul 03 11:22:39.555151 np0000004409 devstack@g-api.service[99520]: WARNING glance.api.v2.images [None req-7c65e6f3-9791-4db7-a0f9-719188d3533d tempest-VolumeImageDependencyTests-849415201 tempest-VolumeImageDependencyTests-849415201-project-member] Failed to find image 725841f2-9f29-4a75-a3ca-153861e7ef53 to delete: glance.common.exception.ImageNotFound: No image found with ID 725841f2-9f29-4a75-a3ca-153861e7ef53
Jul 03 11:22:39.555882 np0000004409 devstack@g-api.service[99518]: DEBUG glance.api.middleware.version_negotiation [None req-777e9864-0854-4d06-83de-83821b5aaa69 tempest-ServerStableDeviceRescueTest-1267026595 tempest-ServerStableDeviceRescueTest-1267026595-project-member] Determining version of request: GET /v2/images/1a4546d2-84d5-41b1-b2fd-7620ec1b45e8 Accept: */* {{(pid=99518) process_request /opt/stack/glance/glance/api/middleware/version_negotiation.py:44}}
Jul 03 11:22:39.556258 np0000004409 devstack@g-api.service[99520]: [pid: 99520|app: 0|req: 85/238] 127.0.0.1 () {40 vars in 837 bytes} [Fri Jul 3 11:22:39 2026] DELETE /v2/images/725841f2-9f29-4a75-a3ca-153861e7ef53 => generated 147 bytes in 8 msecs (HTTP/1.1 404) 4 headers in 164 bytes (1 switches on core 0)
Jul 03 11:22:39.556305 np0000004409 devstack@g-api.service[99518]: DEBUG glance.api.middleware.version_negotiation [None req-777e9864-0854-4d06-83de-83821b5aaa69 tempest-ServerStableDeviceRescueTest-1267026595 tempest-ServerStableDeviceRescueTest-1267026595-project-member] Using url versioning {{(pid=99518) process_request /opt/stack/glance/glance/api/middleware/version_negotiation.py:57}}
Jul 03 11:22:39.556305 np0000004409 devstack@g-api.service[99518]: DEBUG glance.api.middleware.version_negotiation [None req-777e9864-0854-4d06-83de-83821b5aaa69 tempest-ServerStableDeviceRescueTest-1267026595 tempest-ServerStableDeviceRescueTest-1267026595-project-member] Matched version: v2 {{(pid=99518) process_request /opt/stack/glance/glance/api/middleware/version_negotiation.py:69}}
Jul 03 11:22:39.556305 np0000004409 devstack@g-api.service[99518]: DEBUG glance.api.middleware.version_negotiation [None req-777e9864-0854-4d06-83de-83821b5aaa69 tempest-ServerStableDeviceRescueTest-1267026595 tempest-ServerStableDeviceRescueTest-1267026595-project-member] new path /v2/images/1a4546d2-84d5-41b1-b2fd-7620ec1b45e8 {{(pid=99518) process_request /opt/stack/glance/glance/api/middleware/version_negotiation.py:70}}
Jul 03 11:22:39.562888 np0000004409 devstack@g-api.service[99520]: DEBUG glance.api.middleware.version_negotiation [None req-7c65e6f3-9791-4db7-a0f9-719188d3533d tempest-VolumeImageDependencyTests-849415201 tempest-VolumeImageDependencyTests-849415201-project-member] Determining version of request: GET /v2/images/725841f2-9f29-4a75-a3ca-153861e7ef53 Accept: application/json {{(pid=99520) process_request /opt/stack/glance/glance/api/middleware/version_negotiation.py:44}}
Jul 03 11:22:39.563147 np0000004409 devstack@g-api.service[99520]: DEBUG glance.api.middleware.version_negotiation [None req-7c65e6f3-9791-4db7-a0f9-719188d3533d tempest-VolumeImageDependencyTests-849415201 tempest-VolumeImageDependencyTests-849415201-project-member] Using url versioning {{(pid=99520) process_request /opt/stack/glance/glance/api/middleware/version_negotiation.py:57}}
Jul 03 11:22:39.563303 np0000004409 devstack@g-api.service[99520]: DEBUG glance.api.middleware.version_negotiation [None req-7c65e6f3-9791-4db7-a0f9-719188d3533d tempest-VolumeImageDependencyTests-849415201 tempest-VolumeImageDependencyTests-849415201-project-member] Matched version: v2 {{(pid=99520) process_request /opt/stack/glance/glance/api/middleware/version_negotiation.py:69}}
Jul 03 11:22:39.563448 np0000004409 devstack@g-api.service[99520]: DEBUG glance.api.middleware.version_negotiation [None req-7c65e6f3-9791-4db7-a0f9-719188d3533d tempest-VolumeImageDependencyTests-849415201 tempest-VolumeImageDependencyTests-849415201-project-member] new path /v2/images/725841f2-9f29-4a75-a3ca-153861e7ef53 {{(pid=99520) process_request /opt/stack/glance/glance/api/middleware/version_negotiation.py:70}}
Jul 03 11:22:39.569965 np0000004409 devstack@g-api.service[99520]: DEBUG glance.db.sqlalchemy.api [None req-934b150e-4557-4886-ba84-acc86c7dcabd tempest-VolumeImageDependencyTests-849415201 tempest-VolumeImageDependencyTests-849415201-project-member] No image found with ID 725841f2-9f29-4a75-a3ca-153861e7ef53 {{(pid=99520) _image_get /opt/stack/glance/glance/db/sqlalchemy/api.py:303}}
Jul 03 11:22:39.571210 np0000004409 devstack@g-api.service[99520]: [pid: 99520|app: 0|req: 86/239] 127.0.0.1 () {40 vars in 834 bytes} [Fri Jul 3 11:22:39 2026] GET /v2/images/725841f2-9f29-4a75-a3ca-153861e7ef53 => generated 139 bytes in 8 msecs (HTTP/1.1 404) 4 headers in 164 bytes (1 switches on core 0)
Jul 03 11:22:39.571298 np0000004409 devstack@g-api.service[99518]: [pid: 99518|app: 0|req: 75/240] 127.0.0.1 () {44 vars in 1111 bytes} [Fri Jul 3 11:22:39 2026] GET /v2/images/1a4546d2-84d5-41b1-b2fd-7620ec1b45e8 => generated 1447 bytes in 15 msecs (HTTP/1.1 200) 4 headers in 158 bytes (1 switches on core 0)
Jul 03 11:22:39.628156 np0000004409 devstack@g-api.service[99520]: DEBUG glance.api.middleware.version_negotiation [None req-934b150e-4557-4886-ba84-acc86c7dcabd tempest-VolumeImageDependencyTests-849415201 tempest-VolumeImageDependencyTests-849415201-project-member] Determining version of request: GET /v2/schemas/image Accept: */* {{(pid=99520) process_request /opt/stack/glance/glance/api/middleware/version_negotiation.py:44}}
Jul 03 11:22:39.628324 np0000004409 devstack@g-api.service[99520]: DEBUG glance.api.middleware.version_negotiation [None req-934b150e-4557-4886-ba84-acc86c7dcabd tempest-VolumeImageDependencyTests-849415201 tempest-VolumeImageDependencyTests-849415201-project-member] Using url versioning {{(pid=99520) process_request /opt/stack/glance/glance/api/middleware/version_negotiation.py:57}}
Jul 03 11:22:39.628568 np0000004409 devstack@g-api.service[99520]: DEBUG glance.api.middleware.version_negotiation [None req-934b150e-4557-4886-ba84-acc86c7dcabd tempest-VolumeImageDependencyTests-849415201 tempest-VolumeImageDependencyTests-849415201-project-member] Matched version: v2 {{(pid=99520) process_request /opt/stack/glance/glance/api/middleware/version_negotiation.py:69}}
Jul 03 11:22:39.629213 np0000004409 devstack@g-api.service[99520]: DEBUG glance.api.middleware.version_negotiation [None req-934b150e-4557-4886-ba84-acc86c7dcabd tempest-VolumeImageDependencyTests-849415201 tempest-VolumeImageDependencyTests-849415201-project-member] new path /v2/schemas/image {{(pid=99520) process_request /opt/stack/glance/glance/api/middleware/version_negotiation.py:70}}
Jul 03 11:22:39.630938 np0000004409 devstack@g-api.service[99518]: DEBUG glance.api.middleware.version_negotiation [None req-c5f66142-f9a8-4f21-ac34-05b01e154f3b tempest-ServerStableDeviceRescueTest-1267026595 tempest-ServerStableDeviceRescueTest-1267026595-project-member] Determining version of request: DELETE /v2/images/d6a8f477-6ca8-4f47-a4f3-954b4fff9acd Accept: application/json {{(pid=99518) process_request /opt/stack/glance/glance/api/middleware/version_negotiation.py:44}}
Jul 03 11:22:39.631063 np0000004409 devstack@g-api.service[99518]: DEBUG glance.api.middleware.version_negotiation [None req-c5f66142-f9a8-4f21-ac34-05b01e154f3b tempest-ServerStableDeviceRescueTest-1267026595 tempest-ServerStableDeviceRescueTest-1267026595-project-member] Using url versioning {{(pid=99518) process_request /opt/stack/glance/glance/api/middleware/version_negotiation.py:57}}
Jul 03 11:22:39.631171 np0000004409 devstack@g-api.service[99518]: DEBUG glance.api.middleware.version_negotiation [None req-c5f66142-f9a8-4f21-ac34-05b01e154f3b tempest-ServerStableDeviceRescueTest-1267026595 tempest-ServerStableDeviceRescueTest-1267026595-project-member] Matched version: v2 {{(pid=99518) process_request /opt/stack/glance/glance/api/middleware/version_negotiation.py:69}}
Jul 03 11:22:39.631256 np0000004409 devstack@g-api.service[99518]: DEBUG glance.api.middleware.version_negotiation [None req-c5f66142-f9a8-4f21-ac34-05b01e154f3b tempest-ServerStableDeviceRescueTest-1267026595 tempest-ServerStableDeviceRescueTest-1267026595-project-member] new path /v2/images/d6a8f477-6ca8-4f47-a4f3-954b4fff9acd {{(pid=99518) process_request /opt/stack/glance/glance/api/middleware/version_negotiation.py:70}}
Jul 03 11:22:39.632183 np0000004409 devstack@g-api.service[99520]: [pid: 99520|app: 0|req: 87/241] 127.0.0.1 () {44 vars in 1051 bytes} [Fri Jul 3 11:22:39 2026] GET /v2/schemas/image => generated 6083 bytes in 4 msecs (HTTP/1.1 200) 4 headers in 158 bytes (1 switches on core 0)
Jul 03 11:22:39.638153 np0000004409 devstack@g-api.service[99518]: DEBUG glance.db.sqlalchemy.api [None req-765c266e-bb8f-4b44-91f4-3e040a324f85 tempest-VolumeImageDependencyTests-849415201 tempest-VolumeImageDependencyTests-849415201-project-member] No image found with ID d6a8f477-6ca8-4f47-a4f3-954b4fff9acd {{(pid=99518) _image_get /opt/stack/glance/glance/db/sqlalchemy/api.py:303}}
Jul 03 11:22:39.643964 np0000004409 devstack@g-api.service[99518]: WARNING glance.api.v2.images [None req-765c266e-bb8f-4b44-91f4-3e040a324f85 tempest-VolumeImageDependencyTests-849415201 tempest-VolumeImageDependencyTests-849415201-project-member] Failed to find image d6a8f477-6ca8-4f47-a4f3-954b4fff9acd to delete: glance.common.exception.ImageNotFound: No image found with ID d6a8f477-6ca8-4f47-a4f3-954b4fff9acd
Jul 03 11:22:39.645137 np0000004409 devstack@g-api.service[99518]: [pid: 99518|app: 0|req: 76/242] 127.0.0.1 () {40 vars in 837 bytes} [Fri Jul 3 11:22:39 2026] DELETE /v2/images/d6a8f477-6ca8-4f47-a4f3-954b4fff9acd => generated 147 bytes in 14 msecs (HTTP/1.1 404) 4 headers in 164 bytes (1 switches on core 0)
Jul 03 11:22:39.654571 np0000004409 devstack@g-api.service[99520]: DEBUG glance.api.middleware.version_negotiation [None req-c5f66142-f9a8-4f21-ac34-05b01e154f3b tempest-ServerStableDeviceRescueTest-1267026595 tempest-ServerStableDeviceRescueTest-1267026595-project-member] Determining version of request: GET /v2/images/d6a8f477-6ca8-4f47-a4f3-954b4fff9acd Accept: application/json {{(pid=99520) process_request /opt/stack/glance/glance/api/middleware/version_negotiation.py:44}}
Jul 03 11:22:39.654872 np0000004409 devstack@g-api.service[99520]: DEBUG glance.api.middleware.version_negotiation [None req-c5f66142-f9a8-4f21-ac34-05b01e154f3b tempest-ServerStableDeviceRescueTest-1267026595 tempest-ServerStableDeviceRescueTest-1267026595-project-member] Using url versioning {{(pid=99520) process_request /opt/stack/glance/glance/api/middleware/version_negotiation.py:57}}
