Jun 04 14:28:53.774055 np0000002153 devstack@g-api.service[98855]: DEBUG glance_store.location [None req-794fa899-0ada-4968-9215-dd12693b847e tempest-VolumesNegativeTest-134025077 tempest-VolumesNegativeTest-134025077-project-member] Registering scheme swift+https with {'store': , 'location_class': , 'store_entry': 'swift'} {{(pid=98855) register_scheme_map /opt/stack/data/venv/lib/python3.12/site-packages/glance_store/location.py:146}}
Jun 04 14:28:53.774055 np0000002153 devstack@g-api.service[98855]: DEBUG glance_store.location [None req-794fa899-0ada-4968-9215-dd12693b847e tempest-VolumesNegativeTest-134025077 tempest-VolumesNegativeTest-134025077-project-member] Registering scheme swift with {'store': , 'location_class': , 'store_entry': 'swift'} {{(pid=98855) register_scheme_map /opt/stack/data/venv/lib/python3.12/site-packages/glance_store/location.py:146}}
Jun 04 14:28:53.774055 np0000002153 devstack@g-api.service[98855]: DEBUG glance_store.location [None req-794fa899-0ada-4968-9215-dd12693b847e tempest-VolumesNegativeTest-134025077 tempest-VolumesNegativeTest-134025077-project-member] Registering scheme swift+http with {'store': , 'location_class': , 'store_entry': 'swift'} {{(pid=98855) register_scheme_map /opt/stack/data/venv/lib/python3.12/site-packages/glance_store/location.py:146}}
Jun 04 14:28:53.774055 np0000002153 devstack@g-api.service[98855]: DEBUG glance_store.location [None req-794fa899-0ada-4968-9215-dd12693b847e tempest-VolumesNegativeTest-134025077 tempest-VolumesNegativeTest-134025077-project-member] Registering scheme swift+config with {'store': , 'location_class': , 'store_entry': 'swift'} {{(pid=98855) register_scheme_map /opt/stack/data/venv/lib/python3.12/site-packages/glance_store/location.py:146}}
Jun 04 14:28:53.774605 np0000002153 devstack@g-api.service[98855]: DEBUG keystoneclient.auth.identity.v3.base [None req-794fa899-0ada-4968-9215-dd12693b847e tempest-VolumesNegativeTest-134025077 tempest-VolumesNegativeTest-134025077-project-member] Making authentication request to https://10.4.3.123/identity/v3/auth/tokens {{(pid=98855) get_auth_ref /opt/stack/data/venv/lib/python3.12/site-packages/keystoneclient/auth/identity/v3/base.py:185}}
Jun 04 14:28:53.825628 np0000002153 devstack@g-api.service[98855]: DEBUG keystoneclient.auth.identity.v3.base [None req-794fa899-0ada-4968-9215-dd12693b847e tempest-VolumesNegativeTest-134025077 tempest-VolumesNegativeTest-134025077-project-member] {"token": {"methods": ["password"], "user": {"domain": {"id": "default", "name": "Default"}, "id": "d8fbc796209c41e0a23c8e0dc53036d3", "name": "glance-swift", "password_expires_at": null}, "audit_ids": ["bPTQHxdDQ9iYbyTJIzWFRA"], "expires_at": "2026-06-04T15:28:53.000000Z", "issued_at": "2026-06-04T14:28:53.000000Z", "project": {"domain": {"id": "default", "name": "Default"}, "id": "ffbd89759ba04bd5a1a7b333d676615b", "name": "service"}, "is_domain": false, "roles": [{"id": "e6f914bc6608465fa6f236738893162a", "name": "service"}, {"id": "227f1224a9224aa0839f2d1759b4edd6", "name": "ResellerAdmin"}], "catalog": [{"endpoints": [{"id": "93177070ed5e42388fa79eb7da30d7e3", "interface": "public", "region_id": "RegionOne", "url": "https://10.4.3.123/compute/v2.1", "region": "RegionOne"}], "id": "0094cda0d2164c71ae1e200db55f661f", "type": "compute", "name": "nova"}, {"endpoints": [{"id": "f5a0496984df43f9a4851da40d6ea3a5", "interface": "public", "region_id": "RegionOne", "url": "https://10.4.3.123/image", "region": "RegionOne"}], "id": "016b47e7252e47d7b06bc27469f4d931", "type": "image", "name": "glance"}, {"endpoints": [{"id": "58ebcabb40674e42a8d2d103b7b2b88d", "interface": "public", "region_id": "RegionOne", "url": "https://10.4.3.123/networking", "region": "RegionOne"}], "id": "1de859153bb449e288d12a97e5079709", "type": "network", "name": "neutron"}, {"endpoints": [{"id": "551c154a17ab49e49161fa8c2342d699", "interface": "public", "region_id": "RegionOne", "url": "https://10.4.3.123/volume/v3", "region": "RegionOne"}], "id": "27d7e77f2a814d4d98214d6825ee8373", "type": "block-storage", "name": "cinder"}, {"endpoints": [{"id": "a80473d58e5847a6a99a919e097d0003", "interface": "public", "region_id": "RegionOne", "url": "https://10.4.3.123/compute/v2/ffbd89759ba04bd5a1a7b333d676615b", "region": "RegionOne"}], "id": "2f30e8dad5b04a12a369a7b8dd22d3a8", "type": "compute_legacy", "name": "nova_legacy"}, {"endpoints": [{"id": "d0e0c20dbb87478186599dc98f38b7a5", "interface": "public", "region_id": "RegionOne", "url": "https://10.4.3.123/placement", "region": "RegionOne"}], "id": "337003228c6b4f7a81102261bb1fb8d6", "type": "placement", "name": "placement"}, {"endpoints": [{"id": "eccf03b1122b45cb978592b6409922e3", "interface": "public", "region_id": "RegionOne", "url": "https://10.4.3.123/identity", "region": "RegionOne"}], "id": "7ff7f98c773f49838c14ebf2540504fb", "type": "identity", "name": "keystone"}, {"endpoints": [{"id": "c4024fff183c468d96985013be69ee92", "interface": "public", "region_id": "RegionOne", "url": "https://10.4.3.123:8080/v1/AUTH_ffbd89759ba04bd5a1a7b333d676615b", "region": "RegionOne"}, {"id": "dea638e9191f4b79bd06beea1938c42c", "interface": "admin", "region_id": "RegionOne", "url": "https://10.4.3.123:8080", "region": "RegionOne"}], "id": "823493e63f5148e5a9c64e10fee43712", "type": "object-store", "name": "swift"}]}} {{(pid=98855) get_auth_ref /opt/stack/data/venv/lib/python3.12/site-packages/keystoneclient/auth/identity/v3/base.py:190}}
Jun 04 14:28:53.826073 np0000002153 devstack@g-api.service[98855]: DEBUG keystoneclient.httpclient [None req-794fa899-0ada-4968-9215-dd12693b847e tempest-VolumesNegativeTest-134025077 tempest-VolumesNegativeTest-134025077-project-member] Failed to find endpoint for management url admin endpoint for identity service not found {{(pid=98855) _process_management_url /opt/stack/data/venv/lib/python3.12/site-packages/keystoneclient/httpclient.py:670}}
Jun 04 14:28:53.874153 np0000002153 devstack@g-api.service[98855]: DEBUG swiftclient [None req-794fa899-0ada-4968-9215-dd12693b847e tempest-VolumesNegativeTest-134025077 tempest-VolumesNegativeTest-134025077-project-member] REQ: curl -i https://10.4.3.123:8080/v1/AUTH_ffbd89759ba04bd5a1a7b333d676615b/glance/4ef19f96-a683-4fe2-98b7-196b60be023e -I -H "X-Auth-Token: gAAAAABqIYul7aDg..." {{(pid=98855) http_log /opt/stack/data/venv/lib/python3.12/site-packages/swiftclient/client.py:160}}
Jun 04 14:28:53.874317 np0000002153 devstack@g-api.service[98855]: DEBUG swiftclient [None req-794fa899-0ada-4968-9215-dd12693b847e tempest-VolumesNegativeTest-134025077 tempest-VolumesNegativeTest-134025077-project-member] RESP STATUS: 200 OK {{(pid=98855) http_log /opt/stack/data/venv/lib/python3.12/site-packages/swiftclient/client.py:161}}
Jun 04 14:28:53.874501 np0000002153 devstack@g-api.service[98855]: DEBUG swiftclient [None req-794fa899-0ada-4968-9215-dd12693b847e tempest-VolumesNegativeTest-134025077 tempest-VolumesNegativeTest-134025077-project-member] RESP HEADERS: {'Date': 'Thu, 04 Jun 2026 14:28:53 GMT', 'Server': 'Apache/2.4.58 (Ubuntu)', 'Content-Type': 'application/octet-stream', 'Content-Length': '1024', 'Etag': '26dcd522d3ca34dd3d36c4b0d2bdb1bf', 'Last-Modified': 'Thu, 04 Jun 2026 14:28:54 GMT', 'X-Timestamp': '1780583333.49508', 'Accept-Ranges': 'bytes', 'X-Trans-Id': 'tx01a23b1da92c4d01a67d8-006a218ba5', 'X-Openstack-Request-Id': 'tx01a23b1da92c4d01a67d8-006a218ba5', 'Connection': 'close'} {{(pid=98855) http_log /opt/stack/data/venv/lib/python3.12/site-packages/swiftclient/client.py:162}}
Jun 04 14:28:53.899460 np0000002153 devstack@g-api.service[98855]: DEBUG swiftclient [None req-794fa899-0ada-4968-9215-dd12693b847e tempest-VolumesNegativeTest-134025077 tempest-VolumesNegativeTest-134025077-project-member] REQ: curl -i https://10.4.3.123:8080/v1/AUTH_ffbd89759ba04bd5a1a7b333d676615b/glance/4ef19f96-a683-4fe2-98b7-196b60be023e DELETE -H "X-Auth-Token: gAAAAABqIYul7aDg..." {{(pid=98855) http_log /opt/stack/data/venv/lib/python3.12/site-packages/swiftclient/client.py:160}}
Jun 04 14:28:53.899628 np0000002153 devstack@g-api.service[98855]: DEBUG swiftclient [None req-794fa899-0ada-4968-9215-dd12693b847e tempest-VolumesNegativeTest-134025077 tempest-VolumesNegativeTest-134025077-project-member] RESP STATUS: 204 No Content {{(pid=98855) http_log /opt/stack/data/venv/lib/python3.12/site-packages/swiftclient/client.py:161}}
Jun 04 14:28:53.899792 np0000002153 devstack@g-api.service[98855]: DEBUG swiftclient [None req-794fa899-0ada-4968-9215-dd12693b847e tempest-VolumesNegativeTest-134025077 tempest-VolumesNegativeTest-134025077-project-member] RESP HEADERS: {'Date': 'Thu, 04 Jun 2026 14:28:53 GMT', 'Server': 'Apache/2.4.58 (Ubuntu)', 'Content-Type': 'text/html; charset=UTF-8', 'X-Trans-Id': 'txf8079bd9456249eeb6251-006a218ba5', 'X-Openstack-Request-Id': 'txf8079bd9456249eeb6251-006a218ba5', 'Connection': 'close'} {{(pid=98855) http_log /opt/stack/data/venv/lib/python3.12/site-packages/swiftclient/client.py:162}}
Jun 04 14:28:53.924479 np0000002153 devstack@g-api.service[98854]: DEBUG glance.api.middleware.version_negotiation [None req-e75564cd-1cc9-41a7-b3bd-0356dee676f4 tempest-VolumesNegativeTest-134025077 tempest-VolumesNegativeTest-134025077-project-member] Determining version of request: GET /v2/images/a1ce5769-6217-4c9a-a715-64c7d8007a2b Accept: */* {{(pid=98854) process_request /opt/stack/glance/glance/api/middleware/version_negotiation.py:44}}
Jun 04 14:28:53.924760 np0000002153 devstack@g-api.service[98854]: DEBUG glance.api.middleware.version_negotiation [None req-e75564cd-1cc9-41a7-b3bd-0356dee676f4 tempest-VolumesNegativeTest-134025077 tempest-VolumesNegativeTest-134025077-project-member] Using url versioning {{(pid=98854) process_request /opt/stack/glance/glance/api/middleware/version_negotiation.py:57}}
Jun 04 14:28:53.924979 np0000002153 devstack@g-api.service[98854]: DEBUG glance.api.middleware.version_negotiation [None req-e75564cd-1cc9-41a7-b3bd-0356dee676f4 tempest-VolumesNegativeTest-134025077 tempest-VolumesNegativeTest-134025077-project-member] Matched version: v2 {{(pid=98854) process_request /opt/stack/glance/glance/api/middleware/version_negotiation.py:69}}
Jun 04 14:28:53.925242 np0000002153 devstack@g-api.service[98854]: DEBUG glance.api.middleware.version_negotiation [None req-e75564cd-1cc9-41a7-b3bd-0356dee676f4 tempest-VolumesNegativeTest-134025077 tempest-VolumesNegativeTest-134025077-project-member] new path /v2/images/a1ce5769-6217-4c9a-a715-64c7d8007a2b {{(pid=98854) process_request /opt/stack/glance/glance/api/middleware/version_negotiation.py:70}}
Jun 04 14:28:53.945059 np0000002153 devstack@g-api.service[98855]: [pid: 98855|app: 0|req: 108/206] 127.0.0.1 () {40 vars in 841 bytes} [Thu Jun 4 14:28:53 2026] DELETE /v2/images/4ef19f96-a683-4fe2-98b7-196b60be023e => generated 0 bytes in 191 msecs (HTTP/1.1 204) 4 headers in 171 bytes (1 switches on core 0)
Jun 04 14:28:53.957084 np0000002153 devstack@g-api.service[98854]: [pid: 98854|app: 0|req: 99/207] 127.0.0.1 () {44 vars in 1115 bytes} [Thu Jun 4 14:28:53 2026] GET /v2/images/a1ce5769-6217-4c9a-a715-64c7d8007a2b => generated 1336 bytes in 37 msecs (HTTP/1.1 200) 4 headers in 158 bytes (1 switches on core 0)
Jun 04 14:28:53.996048 np0000002153 devstack@g-api.service[98855]: DEBUG glance.api.middleware.version_negotiation [None req-794fa899-0ada-4968-9215-dd12693b847e tempest-VolumesNegativeTest-134025077 tempest-VolumesNegativeTest-134025077-project-member] Determining version of request: GET /v2/schemas/image Accept: */* {{(pid=98855) process_request /opt/stack/glance/glance/api/middleware/version_negotiation.py:44}}
Jun 04 14:28:53.996256 np0000002153 devstack@g-api.service[98855]: DEBUG glance.api.middleware.version_negotiation [None req-794fa899-0ada-4968-9215-dd12693b847e tempest-VolumesNegativeTest-134025077 tempest-VolumesNegativeTest-134025077-project-member] Using url versioning {{(pid=98855) process_request /opt/stack/glance/glance/api/middleware/version_negotiation.py:57}}
Jun 04 14:28:53.996490 np0000002153 devstack@g-api.service[98855]: DEBUG glance.api.middleware.version_negotiation [None req-794fa899-0ada-4968-9215-dd12693b847e tempest-VolumesNegativeTest-134025077 tempest-VolumesNegativeTest-134025077-project-member] Matched version: v2 {{(pid=98855) process_request /opt/stack/glance/glance/api/middleware/version_negotiation.py:69}}
Jun 04 14:28:53.996562 np0000002153 devstack@g-api.service[98855]: DEBUG glance.api.middleware.version_negotiation [None req-794fa899-0ada-4968-9215-dd12693b847e tempest-VolumesNegativeTest-134025077 tempest-VolumesNegativeTest-134025077-project-member] new path /v2/schemas/image {{(pid=98855) process_request /opt/stack/glance/glance/api/middleware/version_negotiation.py:70}}
Jun 04 14:28:53.998825 np0000002153 devstack@g-api.service[98855]: [pid: 98855|app: 0|req: 109/208] 127.0.0.1 () {44 vars in 1055 bytes} [Thu Jun 4 14:28:53 2026] GET /v2/schemas/image => generated 6083 bytes in 3 msecs (HTTP/1.1 200) 4 headers in 158 bytes (1 switches on core 0)
Jun 04 14:28:55.173590 np0000002153 devstack@g-api.service[98854]: DEBUG glance.api.middleware.version_negotiation [None req-07dc07a1-c568-4798-a96b-6014775a6537 tempest-ServerStableDeviceRescueTest-1095401243 tempest-ServerStableDeviceRescueTest-1095401243-project-member] Determining version of request: GET /v2/images/a1ce5769-6217-4c9a-a715-64c7d8007a2b Accept: */* {{(pid=98854) process_request /opt/stack/glance/glance/api/middleware/version_negotiation.py:44}}
Jun 04 14:28:55.173906 np0000002153 devstack@g-api.service[98854]: DEBUG glance.api.middleware.version_negotiation [None req-07dc07a1-c568-4798-a96b-6014775a6537 tempest-ServerStableDeviceRescueTest-1095401243 tempest-ServerStableDeviceRescueTest-1095401243-project-member] Using url versioning {{(pid=98854) process_request /opt/stack/glance/glance/api/middleware/version_negotiation.py:57}}
Jun 04 14:28:55.174114 np0000002153 devstack@g-api.service[98854]: DEBUG glance.api.middleware.version_negotiation [None req-07dc07a1-c568-4798-a96b-6014775a6537 tempest-ServerStableDeviceRescueTest-1095401243 tempest-ServerStableDeviceRescueTest-1095401243-project-member] Matched version: v2 {{(pid=98854) process_request /opt/stack/glance/glance/api/middleware/version_negotiation.py:69}}
Jun 04 14:28:55.174212 np0000002153 devstack@g-api.service[98854]: DEBUG glance.api.middleware.version_negotiation [None req-07dc07a1-c568-4798-a96b-6014775a6537 tempest-ServerStableDeviceRescueTest-1095401243 tempest-ServerStableDeviceRescueTest-1095401243-project-member] new path /v2/images/a1ce5769-6217-4c9a-a715-64c7d8007a2b {{(pid=98854) process_request /opt/stack/glance/glance/api/middleware/version_negotiation.py:70}}
Jun 04 14:28:55.186445 np0000002153 devstack@g-api.service[98854]: [pid: 98854|app: 0|req: 100/209] 127.0.0.1 () {44 vars in 1115 bytes} [Thu Jun 4 14:28:55 2026] GET /v2/images/a1ce5769-6217-4c9a-a715-64c7d8007a2b => generated 1336 bytes in 15 msecs (HTTP/1.1 200) 4 headers in 158 bytes (1 switches on core 0)
Jun 04 14:28:55.229534 np0000002153 devstack@g-api.service[98855]: DEBUG glance.api.middleware.version_negotiation [None req-07dc07a1-c568-4798-a96b-6014775a6537 tempest-ServerStableDeviceRescueTest-1095401243 tempest-ServerStableDeviceRescueTest-1095401243-project-member] Determining version of request: GET /v2/schemas/image Accept: */* {{(pid=98855) process_request /opt/stack/glance/glance/api/middleware/version_negotiation.py:44}}
Jun 04 14:28:55.230549 np0000002153 devstack@g-api.service[98855]: DEBUG glance.api.middleware.version_negotiation [None req-07dc07a1-c568-4798-a96b-6014775a6537 tempest-ServerStableDeviceRescueTest-1095401243 tempest-ServerStableDeviceRescueTest-1095401243-project-member] Using url versioning {{(pid=98855) process_request /opt/stack/glance/glance/api/middleware/version_negotiation.py:57}}
Jun 04 14:28:55.230549 np0000002153 devstack@g-api.service[98855]: DEBUG glance.api.middleware.version_negotiation [None req-07dc07a1-c568-4798-a96b-6014775a6537 tempest-ServerStableDeviceRescueTest-1095401243 tempest-ServerStableDeviceRescueTest-1095401243-project-member] Matched version: v2 {{(pid=98855) process_request /opt/stack/glance/glance/api/middleware/version_negotiation.py:69}}
Jun 04 14:28:55.230549 np0000002153 devstack@g-api.service[98855]: DEBUG glance.api.middleware.version_negotiation [None req-07dc07a1-c568-4798-a96b-6014775a6537 tempest-ServerStableDeviceRescueTest-1095401243 tempest-ServerStableDeviceRescueTest-1095401243-project-member] new path /v2/schemas/image {{(pid=98855) process_request /opt/stack/glance/glance/api/middleware/version_negotiation.py:70}}
Jun 04 14:28:55.232981 np0000002153 devstack@g-api.service[98855]: [pid: 98855|app: 0|req: 110/210] 127.0.0.1 () {44 vars in 1055 bytes} [Thu Jun 4 14:28:55 2026] GET /v2/schemas/image => generated 6083 bytes in 4 msecs (HTTP/1.1 200) 4 headers in 158 bytes (1 switches on core 0)
Jun 04 14:28:56.526024 np0000002153 devstack@g-api.service[98854]: DEBUG glance.api.middleware.version_negotiation [None req-e1661c5a-7473-46ee-bb23-544b4de43d44 tempest-ServerStableDeviceRescueTest-1095401243 tempest-ServerStableDeviceRescueTest-1095401243-project-member] Determining version of request: GET /v2/images/a1ce5769-6217-4c9a-a715-64c7d8007a2b Accept: */* {{(pid=98854) process_request /opt/stack/glance/glance/api/middleware/version_negotiation.py:44}}
Jun 04 14:28:56.526024 np0000002153 devstack@g-api.service[98854]: DEBUG glance.api.middleware.version_negotiation [None req-e1661c5a-7473-46ee-bb23-544b4de43d44 tempest-ServerStableDeviceRescueTest-1095401243 tempest-ServerStableDeviceRescueTest-1095401243-project-member] Using url versioning {{(pid=98854) process_request /opt/stack/glance/glance/api/middleware/version_negotiation.py:57}}
Jun 04 14:28:56.526024 np0000002153 devstack@g-api.service[98854]: DEBUG glance.api.middleware.version_negotiation [None req-e1661c5a-7473-46ee-bb23-544b4de43d44 tempest-ServerStableDeviceRescueTest-1095401243 tempest-ServerStableDeviceRescueTest-1095401243-project-member] Matched version: v2 {{(pid=98854) process_request /opt/stack/glance/glance/api/middleware/version_negotiation.py:69}}
Jun 04 14:28:56.526024 np0000002153 devstack@g-api.service[98854]: DEBUG glance.api.middleware.version_negotiation [None req-e1661c5a-7473-46ee-bb23-544b4de43d44 tempest-ServerStableDeviceRescueTest-1095401243 tempest-ServerStableDeviceRescueTest-1095401243-project-member] new path /v2/images/a1ce5769-6217-4c9a-a715-64c7d8007a2b {{(pid=98854) process_request /opt/stack/glance/glance/api/middleware/version_negotiation.py:70}}
Jun 04 14:28:56.544972 np0000002153 devstack@g-api.service[98854]: [pid: 98854|app: 0|req: 101/211] 127.0.0.1 () {44 vars in 1115 bytes} [Thu Jun 4 14:28:56 2026] GET /v2/images/a1ce5769-6217-4c9a-a715-64c7d8007a2b => generated 1336 bytes in 19 msecs (HTTP/1.1 200) 4 headers in 158 bytes (1 switches on core 0)
Jun 04 14:28:56.584771 np0000002153 devstack@g-api.service[98855]: DEBUG glance.api.middleware.version_negotiation [None req-e1661c5a-7473-46ee-bb23-544b4de43d44 tempest-ServerStableDeviceRescueTest-1095401243 tempest-ServerStableDeviceRescueTest-1095401243-project-member] Determining version of request: GET /v2/schemas/image Accept: */* {{(pid=98855) process_request /opt/stack/glance/glance/api/middleware/version_negotiation.py:44}}
Jun 04 14:28:56.585336 np0000002153 devstack@g-api.service[98855]: DEBUG glance.api.middleware.version_negotiation [None req-e1661c5a-7473-46ee-bb23-544b4de43d44 tempest-ServerStableDeviceRescueTest-1095401243 tempest-ServerStableDeviceRescueTest-1095401243-project-member] Using url versioning {{(pid=98855) process_request /opt/stack/glance/glance/api/middleware/version_negotiation.py:57}}
Jun 04 14:28:56.585336 np0000002153 devstack@g-api.service[98855]: DEBUG glance.api.middleware.version_negotiation [None req-e1661c5a-7473-46ee-bb23-544b4de43d44 tempest-ServerStableDeviceRescueTest-1095401243 tempest-ServerStableDeviceRescueTest-1095401243-project-member] Matched version: v2 {{(pid=98855) process_request /opt/stack/glance/glance/api/middleware/version_negotiation.py:69}}
Jun 04 14:28:56.586019 np0000002153 devstack@g-api.service[98855]: DEBUG glance.api.middleware.version_negotiation [None req-e1661c5a-7473-46ee-bb23-544b4de43d44 tempest-ServerStableDeviceRescueTest-1095401243 tempest-ServerStableDeviceRescueTest-1095401243-project-member] new path /v2/schemas/image {{(pid=98855) process_request /opt/stack/glance/glance/api/middleware/version_negotiation.py:70}}
Jun 04 14:28:56.588547 np0000002153 devstack@g-api.service[98855]: [pid: 98855|app: 0|req: 111/212] 127.0.0.1 () {44 vars in 1055 bytes} [Thu Jun 4 14:28:56 2026] GET /v2/schemas/image => generated 6083 bytes in 4 msecs (HTTP/1.1 200) 4 headers in 158 bytes (1 switches on core 0)
Jun 04 14:28:57.212938 np0000002153 devstack@g-api.service[98854]: DEBUG glance.api.middleware.version_negotiation [None req-82b8808c-a692-4d42-8988-ee1881b8e4cb tempest-ServerStableDeviceRescueTest-1095401243 tempest-ServerStableDeviceRescueTest-1095401243-project-member] Determining version of request: GET /v2/images/a1ce5769-6217-4c9a-a715-64c7d8007a2b Accept: */* {{(pid=98854) process_request /opt/stack/glance/glance/api/middleware/version_negotiation.py:44}}
Jun 04 14:28:57.213137 np0000002153 devstack@g-api.service[98854]: DEBUG glance.api.middleware.version_negotiation [None req-82b8808c-a692-4d42-8988-ee1881b8e4cb tempest-ServerStableDeviceRescueTest-1095401243 tempest-ServerStableDeviceRescueTest-1095401243-project-member] Using url versioning {{(pid=98854) process_request /opt/stack/glance/glance/api/middleware/version_negotiation.py:57}}
Jun 04 14:28:57.213194 np0000002153 devstack@g-api.service[98854]: DEBUG glance.api.middleware.version_negotiation [None req-82b8808c-a692-4d42-8988-ee1881b8e4cb tempest-ServerStableDeviceRescueTest-1095401243 tempest-ServerStableDeviceRescueTest-1095401243-project-member] Matched version: v2 {{(pid=98854) process_request /opt/stack/glance/glance/api/middleware/version_negotiation.py:69}}
Jun 04 14:28:57.213293 np0000002153 devstack@g-api.service[98854]: DEBUG glance.api.middleware.version_negotiation [None req-82b8808c-a692-4d42-8988-ee1881b8e4cb tempest-ServerStableDeviceRescueTest-1095401243 tempest-ServerStableDeviceRescueTest-1095401243-project-member] new path /v2/images/a1ce5769-6217-4c9a-a715-64c7d8007a2b {{(pid=98854) process_request /opt/stack/glance/glance/api/middleware/version_negotiation.py:70}}
Jun 04 14:28:57.229779 np0000002153 devstack@g-api.service[98854]: [pid: 98854|app: 0|req: 102/213] 127.0.0.1 () {44 vars in 1115 bytes} [Thu Jun 4 14:28:57 2026] GET /v2/images/a1ce5769-6217-4c9a-a715-64c7d8007a2b => generated 1336 bytes in 17 msecs (HTTP/1.1 200) 4 headers in 158 bytes (1 switches on core 0)
Jun 04 14:28:57.268421 np0000002153 devstack@g-api.service[98855]: DEBUG glance.api.middleware.version_negotiation [None req-82b8808c-a692-4d42-8988-ee1881b8e4cb tempest-ServerStableDeviceRescueTest-1095401243 tempest-ServerStableDeviceRescueTest-1095401243-project-member] Determining version of request: GET /v2/schemas/image Accept: */* {{(pid=98855) process_request /opt/stack/glance/glance/api/middleware/version_negotiation.py:44}}
Jun 04 14:28:57.268637 np0000002153 devstack@g-api.service[98855]: DEBUG glance.api.middleware.version_negotiation [None req-82b8808c-a692-4d42-8988-ee1881b8e4cb tempest-ServerStableDeviceRescueTest-1095401243 tempest-ServerStableDeviceRescueTest-1095401243-project-member] Using url versioning {{(pid=98855) process_request /opt/stack/glance/glance/api/middleware/version_negotiation.py:57}}
Jun 04 14:28:57.268771 np0000002153 devstack@g-api.service[98855]: DEBUG glance.api.middleware.version_negotiation [None req-82b8808c-a692-4d42-8988-ee1881b8e4cb tempest-ServerStableDeviceRescueTest-1095401243 tempest-ServerStableDeviceRescueTest-1095401243-project-member] Matched version: v2 {{(pid=98855) process_request /opt/stack/glance/glance/api/middleware/version_negotiation.py:69}}
Jun 04 14:28:57.269086 np0000002153 devstack@g-api.service[98855]: DEBUG glance.api.middleware.version_negotiation [None req-82b8808c-a692-4d42-8988-ee1881b8e4cb tempest-ServerStableDeviceRescueTest-1095401243 tempest-ServerStableDeviceRescueTest-1095401243-project-member] new path /v2/schemas/image {{(pid=98855) process_request /opt/stack/glance/glance/api/middleware/version_negotiation.py:70}}
Jun 04 14:28:57.273502 np0000002153 devstack@g-api.service[98855]: [pid: 98855|app: 0|req: 112/214] 127.0.0.1 () {44 vars in 1055 bytes} [Thu Jun 4 14:28:57 2026] GET /v2/schemas/image => generated 6083 bytes in 5 msecs (HTTP/1.1 200) 4 headers in 158 bytes (1 switches on core 0)
Jun 04 14:28:57.324315 np0000002153 devstack@g-api.service[98854]: DEBUG glance.api.middleware.version_negotiation [None req-c7b95da4-63b8-4ffd-a3f7-161ae4ff00e3 tempest-ServerStableDeviceRescueTest-1095401243 tempest-ServerStableDeviceRescueTest-1095401243-project-member] Determining version of request: GET /v2/schemas/image Accept: */* {{(pid=98854) process_request /opt/stack/glance/glance/api/middleware/version_negotiation.py:44}}
Jun 04 14:28:57.324486 np0000002153 devstack@g-api.service[98854]: DEBUG glance.api.middleware.version_negotiation [None req-c7b95da4-63b8-4ffd-a3f7-161ae4ff00e3 tempest-ServerStableDeviceRescueTest-1095401243 tempest-ServerStableDeviceRescueTest-1095401243-project-member] Using url versioning {{(pid=98854) process_request /opt/stack/glance/glance/api/middleware/version_negotiation.py:57}}
Jun 04 14:28:57.324622 np0000002153 devstack@g-api.service[98854]: DEBUG glance.api.middleware.version_negotiation [None req-c7b95da4-63b8-4ffd-a3f7-161ae4ff00e3 tempest-ServerStableDeviceRescueTest-1095401243 tempest-ServerStableDeviceRescueTest-1095401243-project-member] Matched version: v2 {{(pid=98854) process_request /opt/stack/glance/glance/api/middleware/version_negotiation.py:69}}
Jun 04 14:28:57.324670 np0000002153 devstack@g-api.service[98854]: DEBUG glance.api.middleware.version_negotiation [None req-c7b95da4-63b8-4ffd-a3f7-161ae4ff00e3 tempest-ServerStableDeviceRescueTest-1095401243 tempest-ServerStableDeviceRescueTest-1095401243-project-member] new path /v2/schemas/image {{(pid=98854) process_request /opt/stack/glance/glance/api/middleware/version_negotiation.py:70}}
Jun 04 14:28:57.330559 np0000002153 devstack@g-api.service[98854]: [pid: 98854|app: 0|req: 103/215] 127.0.0.1 () {44 vars in 1055 bytes} [Thu Jun 4 14:28:57 2026] GET /v2/schemas/image => generated 6083 bytes in 6 msecs (HTTP/1.1 200) 4 headers in 158 bytes (1 switches on core 0)
Jun 04 14:28:57.409974 np0000002153 devstack@g-api.service[98855]: DEBUG glance.api.middleware.version_negotiation [None req-c7b95da4-63b8-4ffd-a3f7-161ae4ff00e3 tempest-ServerStableDeviceRescueTest-1095401243 tempest-ServerStableDeviceRescueTest-1095401243-project-member] Determining version of request: PATCH /v2/images/a1ce5769-6217-4c9a-a715-64c7d8007a2b Accept: */* {{(pid=98855) process_request /opt/stack/glance/glance/api/middleware/version_negotiation.py:44}}
Jun 04 14:28:57.410164 np0000002153 devstack@g-api.service[98855]: DEBUG glance.api.middleware.version_negotiation [None req-c7b95da4-63b8-4ffd-a3f7-161ae4ff00e3 tempest-ServerStableDeviceRescueTest-1095401243 tempest-ServerStableDeviceRescueTest-1095401243-project-member] Using url versioning {{(pid=98855) process_request /opt/stack/glance/glance/api/middleware/version_negotiation.py:57}}
Jun 04 14:28:57.410430 np0000002153 devstack@g-api.service[98855]: DEBUG glance.api.middleware.version_negotiation [None req-c7b95da4-63b8-4ffd-a3f7-161ae4ff00e3 tempest-ServerStableDeviceRescueTest-1095401243 tempest-ServerStableDeviceRescueTest-1095401243-project-member] Matched version: v2 {{(pid=98855) process_request /opt/stack/glance/glance/api/middleware/version_negotiation.py:69}}
Jun 04 14:28:57.410599 np0000002153 devstack@g-api.service[98855]: DEBUG glance.api.middleware.version_negotiation [None req-c7b95da4-63b8-4ffd-a3f7-161ae4ff00e3 tempest-ServerStableDeviceRescueTest-1095401243 tempest-ServerStableDeviceRescueTest-1095401243-project-member] new path /v2/images/a1ce5769-6217-4c9a-a715-64c7d8007a2b {{(pid=98855) process_request /opt/stack/glance/glance/api/middleware/version_negotiation.py:70}}
Jun 04 14:28:57.559527 np0000002153 devstack@g-api.service[98855]: [pid: 98855|app: 0|req: 113/216] 127.0.0.1 () {46 vars in 1158 bytes} [Thu Jun 4 14:28:57 2026] PATCH /v2/images/a1ce5769-6217-4c9a-a715-64c7d8007a2b => generated 1447 bytes in 150 msecs (HTTP/1.1 200) 4 headers in 158 bytes (1 switches on core 0)
Jun 04 14:28:57.608245 np0000002153 devstack@g-api.service[98854]: DEBUG glance.api.middleware.version_negotiation [None req-c7b95da4-63b8-4ffd-a3f7-161ae4ff00e3 tempest-ServerStableDeviceRescueTest-1095401243 tempest-ServerStableDeviceRescueTest-1095401243-project-member] Determining version of request: GET /v2/images/a1ce5769-6217-4c9a-a715-64c7d8007a2b Accept: */* {{(pid=98854) process_request /opt/stack/glance/glance/api/middleware/version_negotiation.py:44}}
Jun 04 14:28:57.608775 np0000002153 devstack@g-api.service[98854]: DEBUG glance.api.middleware.version_negotiation [None req-c7b95da4-63b8-4ffd-a3f7-161ae4ff00e3 tempest-ServerStableDeviceRescueTest-1095401243 tempest-ServerStableDeviceRescueTest-1095401243-project-member] Using url versioning {{(pid=98854) process_request /opt/stack/glance/glance/api/middleware/version_negotiation.py:57}}
Jun 04 14:28:57.608775 np0000002153 devstack@g-api.service[98854]: DEBUG glance.api.middleware.version_negotiation [None req-c7b95da4-63b8-4ffd-a3f7-161ae4ff00e3 tempest-ServerStableDeviceRescueTest-1095401243 tempest-ServerStableDeviceRescueTest-1095401243-project-member] Matched version: v2 {{(pid=98854) process_request /opt/stack/glance/glance/api/middleware/version_negotiation.py:69}}
Jun 04 14:28:57.608775 np0000002153 devstack@g-api.service[98854]: DEBUG glance.api.middleware.version_negotiation [None req-c7b95da4-63b8-4ffd-a3f7-161ae4ff00e3 tempest-ServerStableDeviceRescueTest-1095401243 tempest-ServerStableDeviceRescueTest-1095401243-project-member] new path /v2/images/a1ce5769-6217-4c9a-a715-64c7d8007a2b {{(pid=98854) process_request /opt/stack/glance/glance/api/middleware/version_negotiation.py:70}}
Jun 04 14:28:57.629988 np0000002153 devstack@g-api.service[98854]: [pid: 98854|app: 0|req: 104/217] 127.0.0.1 () {44 vars in 1115 bytes} [Thu Jun 4 14:28:57 2026] GET /v2/images/a1ce5769-6217-4c9a-a715-64c7d8007a2b => generated 1447 bytes in 22 msecs (HTTP/1.1 200) 4 headers in 158 bytes (1 switches on core 0)
Jun 04 14:28:57.697537 np0000002153 devstack@g-api.service[98855]: DEBUG glance.api.middleware.version_negotiation [None req-c7b95da4-63b8-4ffd-a3f7-161ae4ff00e3 tempest-ServerStableDeviceRescueTest-1095401243 tempest-ServerStableDeviceRescueTest-1095401243-project-member] Determining version of request: PUT /v2/images/a1ce5769-6217-4c9a-a715-64c7d8007a2b/file Accept: */* {{(pid=98855) process_request /opt/stack/glance/glance/api/middleware/version_negotiation.py:44}}
Jun 04 14:28:57.697814 np0000002153 devstack@g-api.service[98855]: DEBUG glance.api.middleware.version_negotiation [None req-c7b95da4-63b8-4ffd-a3f7-161ae4ff00e3 tempest-ServerStableDeviceRescueTest-1095401243 tempest-ServerStableDeviceRescueTest-1095401243-project-member] Using url versioning {{(pid=98855) process_request /opt/stack/glance/glance/api/middleware/version_negotiation.py:57}}
Jun 04 14:28:57.697873 np0000002153 devstack@g-api.service[98855]: DEBUG glance.api.middleware.version_negotiation [None req-c7b95da4-63b8-4ffd-a3f7-161ae4ff00e3 tempest-ServerStableDeviceRescueTest-1095401243 tempest-ServerStableDeviceRescueTest-1095401243-project-member] Matched version: v2 {{(pid=98855) process_request /opt/stack/glance/glance/api/middleware/version_negotiation.py:69}}
Jun 04 14:28:57.698015 np0000002153 devstack@g-api.service[98855]: DEBUG glance.api.middleware.version_negotiation [None req-c7b95da4-63b8-4ffd-a3f7-161ae4ff00e3 tempest-ServerStableDeviceRescueTest-1095401243 tempest-ServerStableDeviceRescueTest-1095401243-project-member] new path /v2/images/a1ce5769-6217-4c9a-a715-64c7d8007a2b/file {{(pid=98855) process_request /opt/stack/glance/glance/api/middleware/version_negotiation.py:70}}
Jun 04 14:28:58.195167 np0000002153 devstack@g-api.service[98855]: INFO glance.api.v2.image_data [None req-c7b95da4-63b8-4ffd-a3f7-161ae4ff00e3 tempest-ServerStableDeviceRescueTest-1095401243 tempest-ServerStableDeviceRescueTest-1095401243-project-member] Unable to create trust: no such option collect_timing in group [keystone_authtoken] Use the existing user token.
Jun 04 14:28:58.608957 np0000002153 devstack@g-api.service[98854]: DEBUG glance.api.middleware.version_negotiation [None req-c7b95da4-63b8-4ffd-a3f7-161ae4ff00e3 tempest-ServerStableDeviceRescueTest-1095401243 tempest-ServerStableDeviceRescueTest-1095401243-project-member] Determining version of request: GET /v2/images/a1ce5769-6217-4c9a-a715-64c7d8007a2b Accept: */* {{(pid=98854) process_request /opt/stack/glance/glance/api/middleware/version_negotiation.py:44}}
Jun 04 14:28:58.608957 np0000002153 devstack@g-api.service[98854]: DEBUG glance.api.middleware.version_negotiation [None req-c7b95da4-63b8-4ffd-a3f7-161ae4ff00e3 tempest-ServerStableDeviceRescueTest-1095401243 tempest-ServerStableDeviceRescueTest-1095401243-project-member] Using url versioning {{(pid=98854) process_request /opt/stack/glance/glance/api/middleware/version_negotiation.py:57}}
Jun 04 14:28:58.608957 np0000002153 devstack@g-api.service[98854]: DEBUG glance.api.middleware.version_negotiation [None req-c7b95da4-63b8-4ffd-a3f7-161ae4ff00e3 tempest-ServerStableDeviceRescueTest-1095401243 tempest-ServerStableDeviceRescueTest-1095401243-project-member] Matched version: v2 {{(pid=98854) process_request /opt/stack/glance/glance/api/middleware/version_negotiation.py:69}}
Jun 04 14:28:58.608957 np0000002153 devstack@g-api.service[98854]: DEBUG glance.api.middleware.version_negotiation [None req-c7b95da4-63b8-4ffd-a3f7-161ae4ff00e3 tempest-ServerStableDeviceRescueTest-1095401243 tempest-ServerStableDeviceRescueTest-1095401243-project-member] new path /v2/images/a1ce5769-6217-4c9a-a715-64c7d8007a2b {{(pid=98854) process_request /opt/stack/glance/glance/api/middleware/version_negotiation.py:70}}
Jun 04 14:28:58.617996 np0000002153 devstack@g-api.service[98854]: [pid: 98854|app: 0|req: 105/218] 127.0.0.1 () {44 vars in 1115 bytes} [Thu Jun 4 14:28:58 2026] GET /v2/images/a1ce5769-6217-4c9a-a715-64c7d8007a2b => generated 1447 bytes in 9 msecs (HTTP/1.1 200) 4 headers in 158 bytes (1 switches on core 0)
Jun 04 14:28:58.650174 np0000002153 devstack@g-api.service[98854]: DEBUG glance.api.middleware.version_negotiation [None req-b778f5b9-2d3f-424f-abd3-6fd160c120c8 tempest-ServerStableDeviceRescueTest-1095401243 tempest-ServerStableDeviceRescueTest-1095401243-project-member] Determining version of request: GET /v2/schemas/image Accept: */* {{(pid=98854) process_request /opt/stack/glance/glance/api/middleware/version_negotiation.py:44}}
Jun 04 14:28:58.650334 np0000002153 devstack@g-api.service[98854]: DEBUG glance.api.middleware.version_negotiation [None req-b778f5b9-2d3f-424f-abd3-6fd160c120c8 tempest-ServerStableDeviceRescueTest-1095401243 tempest-ServerStableDeviceRescueTest-1095401243-project-member] Using url versioning {{(pid=98854) process_request /opt/stack/glance/glance/api/middleware/version_negotiation.py:57}}
Jun 04 14:28:58.650484 np0000002153 devstack@g-api.service[98854]: DEBUG glance.api.middleware.version_negotiation [None req-b778f5b9-2d3f-424f-abd3-6fd160c120c8 tempest-ServerStableDeviceRescueTest-1095401243 tempest-ServerStableDeviceRescueTest-1095401243-project-member] Matched version: v2 {{(pid=98854) process_request /opt/stack/glance/glance/api/middleware/version_negotiation.py:69}}
Jun 04 14:28:58.650536 np0000002153 devstack@g-api.service[98854]: DEBUG glance.api.middleware.version_negotiation [None req-b778f5b9-2d3f-424f-abd3-6fd160c120c8 tempest-ServerStableDeviceRescueTest-1095401243 tempest-ServerStableDeviceRescueTest-1095401243-project-member] new path /v2/schemas/image {{(pid=98854) process_request /opt/stack/glance/glance/api/middleware/version_negotiation.py:70}}
Jun 04 14:28:58.654303 np0000002153 devstack@g-api.service[98854]: [pid: 98854|app: 0|req: 106/219] 127.0.0.1 () {44 vars in 1055 bytes} [Thu Jun 4 14:28:58 2026] GET /v2/schemas/image => generated 6083 bytes in 4 msecs (HTTP/1.1 200) 4 headers in 158 bytes (1 switches on core 0)
Jun 04 14:28:58.661155 np0000002153 devstack@g-api.service[98855]: DEBUG glance.location [None req-c7b95da4-63b8-4ffd-a3f7-161ae4ff00e3 tempest-ServerStableDeviceRescueTest-1095401243 tempest-ServerStableDeviceRescueTest-1095401243-project-member] Enabling in-flight format inspection for qcow2 {{(pid=98855) set_data /opt/stack/glance/glance/location.py:616}}
Jun 04 14:28:58.661471 np0000002153 devstack@g-api.service[98855]: DEBUG glance_store.backend [None req-c7b95da4-63b8-4ffd-a3f7-161ae4ff00e3 tempest-ServerStableDeviceRescueTest-1095401243 tempest-ServerStableDeviceRescueTest-1095401243-project-member] Attempting to import store swift {{(pid=98855) _load_store /opt/stack/data/venv/lib/python3.12/site-packages/glance_store/backend.py:215}}
Jun 04 14:28:58.662681 np0000002153 devstack@g-api.service[98855]: DEBUG glance_store.capabilities [None req-c7b95da4-63b8-4ffd-a3f7-161ae4ff00e3 tempest-ServerStableDeviceRescueTest-1095401243 tempest-ServerStableDeviceRescueTest-1095401243-project-member] Store glance_store._drivers.swift.store.SingleTenantStore doesn't support updating dynamic storage capabilities. Please overwrite 'update_capabilities' method of the store to implement updating logics if needed. {{(pid=98855) update_capabilities /opt/stack/data/venv/lib/python3.12/site-packages/glance_store/capabilities.py:91}}
Jun 04 14:28:58.662775 np0000002153 devstack@g-api.service[98855]: DEBUG glance_store.driver [None req-c7b95da4-63b8-4ffd-a3f7-161ae4ff00e3 tempest-ServerStableDeviceRescueTest-1095401243 tempest-ServerStableDeviceRescueTest-1095401243-project-member] Late loading location class glance_store._drivers.swift.store.StoreLocation {{(pid=98855) get_store_location_class /opt/stack/data/venv/lib/python3.12/site-packages/glance_store/driver.py:134}}
Jun 04 14:28:58.662889 np0000002153 devstack@g-api.service[98855]: DEBUG glance_store.location [None req-c7b95da4-63b8-4ffd-a3f7-161ae4ff00e3 tempest-ServerStableDeviceRescueTest-1095401243 tempest-ServerStableDeviceRescueTest-1095401243-project-member] Registering scheme swift+https with {'store': , 'location_class': , 'store_entry': 'swift'} {{(pid=98855) register_scheme_map /opt/stack/data/venv/lib/python3.12/site-packages/glance_store/location.py:146}}
Jun 04 14:28:58.663007 np0000002153 devstack@g-api.service[98855]: DEBUG glance_store.location [None req-c7b95da4-63b8-4ffd-a3f7-161ae4ff00e3 tempest-ServerStableDeviceRescueTest-1095401243 tempest-ServerStableDeviceRescueTest-1095401243-project-member] Registering scheme swift+https with {'store': , 'location_class': , 'store_entry': 'swift'} {{(pid=98855) register_scheme_map /opt/stack/data/venv/lib/python3.12/site-packages/glance_store/location.py:146}}
Jun 04 14:28:58.663094 np0000002153 devstack@g-api.service[98855]: DEBUG glance_store.location [None req-c7b95da4-63b8-4ffd-a3f7-161ae4ff00e3 tempest-ServerStableDeviceRescueTest-1095401243 tempest-ServerStableDeviceRescueTest-1095401243-project-member] Registering scheme swift with {'store': , 'location_class': , 'store_entry': 'swift'} {{(pid=98855) register_scheme_map /opt/stack/data/venv/lib/python3.12/site-packages/glance_store/location.py:146}}
Jun 04 14:28:58.663153 np0000002153 devstack@g-api.service[98855]: DEBUG glance_store.location [None req-c7b95da4-63b8-4ffd-a3f7-161ae4ff00e3 tempest-ServerStableDeviceRescueTest-1095401243 tempest-ServerStableDeviceRescueTest-1095401243-project-member] Registering scheme swift+https with {'store': , 'location_class': , 'store_entry': 'swift'} {{(pid=98855) register_scheme_map /opt/stack/data/venv/lib/python3.12/site-packages/glance_store/location.py:146}}
Jun 04 14:28:58.663249 np0000002153 devstack@g-api.service[98855]: DEBUG glance_store.location [None req-c7b95da4-63b8-4ffd-a3f7-161ae4ff00e3 tempest-ServerStableDeviceRescueTest-1095401243 tempest-ServerStableDeviceRescueTest-1095401243-project-member] Registering scheme swift with {'store': , 'location_class': , 'store_entry': 'swift'} {{(pid=98855) register_scheme_map /opt/stack/data/venv/lib/python3.12/site-packages/glance_store/location.py:146}}
Jun 04 14:28:58.663301 np0000002153 devstack@g-api.service[98855]: DEBUG glance_store.location [None req-c7b95da4-63b8-4ffd-a3f7-161ae4ff00e3 tempest-ServerStableDeviceRescueTest-1095401243 tempest-ServerStableDeviceRescueTest-1095401243-project-member] Registering scheme swift+http with {'store': , 'location_class': , 'store_entry': 'swift'} {{(pid=98855) register_scheme_map /opt/stack/data/venv/lib/python3.12/site-packages/glance_store/location.py:146}}
Jun 04 14:28:58.663395 np0000002153 devstack@g-api.service[98855]: DEBUG glance_store.location [None req-c7b95da4-63b8-4ffd-a3f7-161ae4ff00e3 tempest-ServerStableDeviceRescueTest-1095401243 tempest-ServerStableDeviceRescueTest-1095401243-project-member] Registering scheme swift+https with {'store': , 'location_class': , 'store_entry': 'swift'} {{(pid=98855) register_scheme_map /opt/stack/data/venv/lib/python3.12/site-packages/glance_store/location.py:146}}
Jun 04 14:28:58.663467 np0000002153 devstack@g-api.service[98855]: DEBUG glance_store.location [None req-c7b95da4-63b8-4ffd-a3f7-161ae4ff00e3 tempest-ServerStableDeviceRescueTest-1095401243 tempest-ServerStableDeviceRescueTest-1095401243-project-member] Registering scheme swift with {'store': , 'location_class': , 'store_entry': 'swift'} {{(pid=98855) register_scheme_map /opt/stack/data/venv/lib/python3.12/site-packages/glance_store/location.py:146}}
Jun 04 14:28:58.663569 np0000002153 devstack@g-api.service[98855]: DEBUG glance_store.location [None req-c7b95da4-63b8-4ffd-a3f7-161ae4ff00e3 tempest-ServerStableDeviceRescueTest-1095401243 tempest-ServerStableDeviceRescueTest-1095401243-project-member] Registering scheme swift+http with {'store': , 'location_class': , 'store_entry': 'swift'} {{(pid=98855) register_scheme_map /opt/stack/data/venv/lib/python3.12/site-packages/glance_store/location.py:146}}
Jun 04 14:28:58.663657 np0000002153 devstack@g-api.service[98855]: DEBUG glance_store.location [None req-c7b95da4-63b8-4ffd-a3f7-161ae4ff00e3 tempest-ServerStableDeviceRescueTest-1095401243 tempest-ServerStableDeviceRescueTest-1095401243-project-member] Registering scheme swift+config with {'store': , 'location_class': , 'store_entry': 'swift'} {{(pid=98855) register_scheme_map /opt/stack/data/venv/lib/python3.12/site-packages/glance_store/location.py:146}}
Jun 04 14:28:58.713890 np0000002153 devstack@g-api.service[98854]: DEBUG glance.api.middleware.version_negotiation [None req-b778f5b9-2d3f-424f-abd3-6fd160c120c8 tempest-ServerStableDeviceRescueTest-1095401243 tempest-ServerStableDeviceRescueTest-1095401243-project-member] Determining version of request: GET /v2/images/e2e72d72-a281-4c25-87a4-d75893e68bfd Accept: */* {{(pid=98854) process_request /opt/stack/glance/glance/api/middleware/version_negotiation.py:44}}
Jun 04 14:28:58.715126 np0000002153 devstack@g-api.service[98854]: DEBUG glance.api.middleware.version_negotiation [None req-b778f5b9-2d3f-424f-abd3-6fd160c120c8 tempest-ServerStableDeviceRescueTest-1095401243 tempest-ServerStableDeviceRescueTest-1095401243-project-member] Using url versioning {{(pid=98854) process_request /opt/stack/glance/glance/api/middleware/version_negotiation.py:57}}
Jun 04 14:28:58.715261 np0000002153 devstack@g-api.service[98854]: DEBUG glance.api.middleware.version_negotiation [None req-b778f5b9-2d3f-424f-abd3-6fd160c120c8 tempest-ServerStableDeviceRescueTest-1095401243 tempest-ServerStableDeviceRescueTest-1095401243-project-member] Matched version: v2 {{(pid=98854) process_request /opt/stack/glance/glance/api/middleware/version_negotiation.py:69}}
Jun 04 14:28:58.715383 np0000002153 devstack@g-api.service[98854]: DEBUG glance.api.middleware.version_negotiation [None req-b778f5b9-2d3f-424f-abd3-6fd160c120c8 tempest-ServerStableDeviceRescueTest-1095401243 tempest-ServerStableDeviceRescueTest-1095401243-project-member] new path /v2/images/e2e72d72-a281-4c25-87a4-d75893e68bfd {{(pid=98854) process_request /opt/stack/glance/glance/api/middleware/version_negotiation.py:70}}
Jun 04 14:28:58.725458 np0000002153 devstack@g-api.service[98854]: [pid: 98854|app: 0|req: 107/220] 127.0.0.1 () {44 vars in 1115 bytes} [Thu Jun 4 14:28:58 2026] GET /v2/images/e2e72d72-a281-4c25-87a4-d75893e68bfd => generated 1044 bytes in 14 msecs (HTTP/1.1 200) 4 headers in 158 bytes (1 switches on core 0)
Jun 04 14:28:58.764339 np0000002153 devstack@g-api.service[98854]: DEBUG glance.api.middleware.version_negotiation [None req-d13408d0-0e07-44c2-9793-269062e4533e tempest-VolumesSnapshotTestJSON-1803325339 tempest-VolumesSnapshotTestJSON-1803325339-project-member] Determining version of request: GET /v2/schemas/image Accept: */* {{(pid=98854) process_request /opt/stack/glance/glance/api/middleware/version_negotiation.py:44}}
Jun 04 14:28:58.764498 np0000002153 devstack@g-api.service[98854]: DEBUG glance.api.middleware.version_negotiation [None req-d13408d0-0e07-44c2-9793-269062e4533e tempest-VolumesSnapshotTestJSON-1803325339 tempest-VolumesSnapshotTestJSON-1803325339-project-member] Using url versioning {{(pid=98854) process_request /opt/stack/glance/glance/api/middleware/version_negotiation.py:57}}
Jun 04 14:28:58.764653 np0000002153 devstack@g-api.service[98854]: DEBUG glance.api.middleware.version_negotiation [None req-d13408d0-0e07-44c2-9793-269062e4533e tempest-VolumesSnapshotTestJSON-1803325339 tempest-VolumesSnapshotTestJSON-1803325339-project-member] Matched version: v2 {{(pid=98854) process_request /opt/stack/glance/glance/api/middleware/version_negotiation.py:69}}
Jun 04 14:28:58.764760 np0000002153 devstack@g-api.service[98854]: DEBUG glance.api.middleware.version_negotiation [None req-d13408d0-0e07-44c2-9793-269062e4533e tempest-VolumesSnapshotTestJSON-1803325339 tempest-VolumesSnapshotTestJSON-1803325339-project-member] new path /v2/schemas/image {{(pid=98854) process_request /opt/stack/glance/glance/api/middleware/version_negotiation.py:70}}
Jun 04 14:28:58.766978 np0000002153 devstack@g-api.service[98854]: [pid: 98854|app: 0|req: 108/221] 127.0.0.1 () {44 vars in 1055 bytes} [Thu Jun 4 14:28:58 2026] GET /v2/schemas/image => generated 6083 bytes in 3 msecs (HTTP/1.1 200) 4 headers in 158 bytes (1 switches on core 0)
Jun 04 14:28:58.817112 np0000002153 devstack@g-api.service[98855]: DEBUG swiftclient [None req-c7b95da4-63b8-4ffd-a3f7-161ae4ff00e3 tempest-ServerStableDeviceRescueTest-1095401243 tempest-ServerStableDeviceRescueTest-1095401243-project-member] REQ: curl -i https://10.4.3.123:8080/v1/AUTH_ffbd89759ba04bd5a1a7b333d676615b/glance -I -H "X-Auth-Token: gAAAAABqIYuqPgnd..." {{(pid=98855) http_log /opt/stack/data/venv/lib/python3.12/site-packages/swiftclient/client.py:160}}
Jun 04 14:28:58.817369 np0000002153 devstack@g-api.service[98855]: DEBUG swiftclient [None req-c7b95da4-63b8-4ffd-a3f7-161ae4ff00e3 tempest-ServerStableDeviceRescueTest-1095401243 tempest-ServerStableDeviceRescueTest-1095401243-project-member] RESP STATUS: 204 No Content {{(pid=98855) http_log /opt/stack/data/venv/lib/python3.12/site-packages/swiftclient/client.py:161}}
Jun 04 14:28:58.817369 np0000002153 devstack@g-api.service[98855]: DEBUG swiftclient [None req-c7b95da4-63b8-4ffd-a3f7-161ae4ff00e3 tempest-ServerStableDeviceRescueTest-1095401243 tempest-ServerStableDeviceRescueTest-1095401243-project-member] RESP HEADERS: {'Date': 'Thu, 04 Jun 2026 14:28:58 GMT', 'Server': 'Apache/2.4.58 (Ubuntu)', 'Content-Type': 'text/plain; charset=utf-8', 'X-Container-Object-Count': '3', 'X-Container-Bytes-Used': '64356352', 'X-Timestamp': '1780583062.86835', 'Last-Modified': 'Thu, 04 Jun 2026 14:24:23 GMT', 'Accept-Ranges': 'bytes', 'X-Storage-Policy': 'Policy-0', 'X-Container-Sharding': 'False', 'Vary': 'Accept', 'X-Trans-Id': 'txbdece2377977421c9efc5-006a218baa', 'X-Openstack-Request-Id': 'txbdece2377977421c9efc5-006a218baa', 'Connection': 'close'} {{(pid=98855) http_log /opt/stack/data/venv/lib/python3.12/site-packages/swiftclient/client.py:162}}
Jun 04 14:28:58.817854 np0000002153 devstack@g-api.service[98855]: DEBUG glance_store._drivers.swift.store [None req-c7b95da4-63b8-4ffd-a3f7-161ae4ff00e3 tempest-ServerStableDeviceRescueTest-1095401243 tempest-ServerStableDeviceRescueTest-1095401243-project-member] Adding image object 'a1ce5769-6217-4c9a-a715-64c7d8007a2b' to Swift {{(pid=98855) add /opt/stack/data/venv/lib/python3.12/site-packages/glance_store/_drivers/swift/store.py:970}}
Jun 04 14:28:58.817854 np0000002153 devstack@g-api.service[98855]: DEBUG glance_store._drivers.swift.store [None req-c7b95da4-63b8-4ffd-a3f7-161ae4ff00e3 tempest-ServerStableDeviceRescueTest-1095401243 tempest-ServerStableDeviceRescueTest-1095401243-project-member] Cannot determine image size because it is either not provided in the request or chunked-transfer encoding is used. Adding image as a segmented object to Swift. {{(pid=98855) add /opt/stack/data/venv/lib/python3.12/site-packages/glance_store/_drivers/swift/store.py:994}}
