Jul 29 13:07:47.488635 np0000006077 devstack@g-api.service[103022]: [pid: 103022|app: 0|req: 77/306] 127.0.0.1 () {44 vars in 1115 bytes} [Wed Jul 29 13:07:47 2026] GET /v2/images/98907435-9f82-433b-ae8f-2ca62f99a1d1 => generated 1044 bytes in 22 msecs (HTTP/1.1 200) 4 headers in 158 bytes (1 switches on core 0)
Jul 29 13:07:47.499100 np0000006077 devstack@g-api.service[103023]: DEBUG glance.api.middleware.version_negotiation [None req-e8216c63-55a2-4206-9c49-0d88d5484ca8 tempest-VolumesSnapshotTestJSON-215545493 tempest-VolumesSnapshotTestJSON-215545493-project-member] Determining version of request: GET /v2/schemas/image Accept: */* {{(pid=103023) process_request /opt/stack/glance/glance/api/middleware/version_negotiation.py:44}}
Jul 29 13:07:47.499258 np0000006077 devstack@g-api.service[103023]: DEBUG glance.api.middleware.version_negotiation [None req-e8216c63-55a2-4206-9c49-0d88d5484ca8 tempest-VolumesSnapshotTestJSON-215545493 tempest-VolumesSnapshotTestJSON-215545493-project-member] Using url versioning {{(pid=103023) process_request /opt/stack/glance/glance/api/middleware/version_negotiation.py:57}}
Jul 29 13:07:47.499377 np0000006077 devstack@g-api.service[103023]: DEBUG glance.api.middleware.version_negotiation [None req-e8216c63-55a2-4206-9c49-0d88d5484ca8 tempest-VolumesSnapshotTestJSON-215545493 tempest-VolumesSnapshotTestJSON-215545493-project-member] Matched version: v2 {{(pid=103023) process_request /opt/stack/glance/glance/api/middleware/version_negotiation.py:69}}
Jul 29 13:07:47.499690 np0000006077 devstack@g-api.service[103023]: DEBUG glance.api.middleware.version_negotiation [None req-e8216c63-55a2-4206-9c49-0d88d5484ca8 tempest-VolumesSnapshotTestJSON-215545493 tempest-VolumesSnapshotTestJSON-215545493-project-member] new path /v2/schemas/image {{(pid=103023) process_request /opt/stack/glance/glance/api/middleware/version_negotiation.py:70}}
Jul 29 13:07:47.503972 np0000006077 devstack@g-api.service[103023]: [pid: 103023|app: 0|req: 79/307] 127.0.0.1 () {44 vars in 1055 bytes} [Wed Jul 29 13:07:47 2026] GET /v2/schemas/image => generated 6083 bytes in 5 msecs (HTTP/1.1 200) 4 headers in 158 bytes (1 switches on core 0)
Jul 29 13:07:47.515393 np0000006077 devstack@g-api.service[103025]: DEBUG glance.api.middleware.version_negotiation [None req-e8216c63-55a2-4206-9c49-0d88d5484ca8 tempest-VolumesSnapshotTestJSON-215545493 tempest-VolumesSnapshotTestJSON-215545493-project-member] Determining version of request: GET /v2/schemas/image Accept: */* {{(pid=103025) process_request /opt/stack/glance/glance/api/middleware/version_negotiation.py:44}}
Jul 29 13:07:47.515843 np0000006077 devstack@g-api.service[103025]: DEBUG glance.api.middleware.version_negotiation [None req-e8216c63-55a2-4206-9c49-0d88d5484ca8 tempest-VolumesSnapshotTestJSON-215545493 tempest-VolumesSnapshotTestJSON-215545493-project-member] Using url versioning {{(pid=103025) process_request /opt/stack/glance/glance/api/middleware/version_negotiation.py:57}}
Jul 29 13:07:47.515931 np0000006077 devstack@g-api.service[103025]: DEBUG glance.api.middleware.version_negotiation [None req-e8216c63-55a2-4206-9c49-0d88d5484ca8 tempest-VolumesSnapshotTestJSON-215545493 tempest-VolumesSnapshotTestJSON-215545493-project-member] Matched version: v2 {{(pid=103025) process_request /opt/stack/glance/glance/api/middleware/version_negotiation.py:69}}
Jul 29 13:07:47.516128 np0000006077 devstack@g-api.service[103025]: DEBUG glance.api.middleware.version_negotiation [None req-e8216c63-55a2-4206-9c49-0d88d5484ca8 tempest-VolumesSnapshotTestJSON-215545493 tempest-VolumesSnapshotTestJSON-215545493-project-member] new path /v2/schemas/image {{(pid=103025) process_request /opt/stack/glance/glance/api/middleware/version_negotiation.py:70}}
Jul 29 13:07:47.519545 np0000006077 devstack@g-api.service[103025]: [pid: 103025|app: 0|req: 81/308] 127.0.0.1 () {44 vars in 1055 bytes} [Wed Jul 29 13:07:47 2026] GET /v2/schemas/image => generated 6083 bytes in 4 msecs (HTTP/1.1 200) 4 headers in 158 bytes (1 switches on core 0)
Jul 29 13:07:47.543235 np0000006077 devstack@g-api.service[103022]: DEBUG glance.api.middleware.version_negotiation [None req-e8216c63-55a2-4206-9c49-0d88d5484ca8 tempest-VolumesSnapshotTestJSON-215545493 tempest-VolumesSnapshotTestJSON-215545493-project-member] Determining version of request: GET /v2/images/19e07836-fba0-4a14-9c21-d45c5f17a1ad Accept: application/json {{(pid=103022) process_request /opt/stack/glance/glance/api/middleware/version_negotiation.py:44}}
Jul 29 13:07:47.543634 np0000006077 devstack@g-api.service[103022]: DEBUG glance.api.middleware.version_negotiation [None req-e8216c63-55a2-4206-9c49-0d88d5484ca8 tempest-VolumesSnapshotTestJSON-215545493 tempest-VolumesSnapshotTestJSON-215545493-project-member] Using url versioning {{(pid=103022) process_request /opt/stack/glance/glance/api/middleware/version_negotiation.py:57}}
Jul 29 13:07:47.543697 np0000006077 devstack@g-api.service[103022]: DEBUG glance.api.middleware.version_negotiation [None req-e8216c63-55a2-4206-9c49-0d88d5484ca8 tempest-VolumesSnapshotTestJSON-215545493 tempest-VolumesSnapshotTestJSON-215545493-project-member] Matched version: v2 {{(pid=103022) process_request /opt/stack/glance/glance/api/middleware/version_negotiation.py:69}}
Jul 29 13:07:47.543791 np0000006077 devstack@g-api.service[103022]: DEBUG glance.api.middleware.version_negotiation [None req-e8216c63-55a2-4206-9c49-0d88d5484ca8 tempest-VolumesSnapshotTestJSON-215545493 tempest-VolumesSnapshotTestJSON-215545493-project-member] new path /v2/images/19e07836-fba0-4a14-9c21-d45c5f17a1ad {{(pid=103022) process_request /opt/stack/glance/glance/api/middleware/version_negotiation.py:70}}
Jul 29 13:07:47.556441 np0000006077 devstack@g-api.service[103023]: DEBUG glance.api.middleware.version_negotiation [None req-e8216c63-55a2-4206-9c49-0d88d5484ca8 tempest-VolumesSnapshotTestJSON-215545493 tempest-VolumesSnapshotTestJSON-215545493-project-member] Determining version of request: GET /v2/images/98907435-9f82-433b-ae8f-2ca62f99a1d1 Accept: */* {{(pid=103023) process_request /opt/stack/glance/glance/api/middleware/version_negotiation.py:44}}
Jul 29 13:07:47.556826 np0000006077 devstack@g-api.service[103023]: DEBUG glance.api.middleware.version_negotiation [None req-e8216c63-55a2-4206-9c49-0d88d5484ca8 tempest-VolumesSnapshotTestJSON-215545493 tempest-VolumesSnapshotTestJSON-215545493-project-member] Using url versioning {{(pid=103023) process_request /opt/stack/glance/glance/api/middleware/version_negotiation.py:57}}
Jul 29 13:07:47.556826 np0000006077 devstack@g-api.service[103023]: DEBUG glance.api.middleware.version_negotiation [None req-e8216c63-55a2-4206-9c49-0d88d5484ca8 tempest-VolumesSnapshotTestJSON-215545493 tempest-VolumesSnapshotTestJSON-215545493-project-member] Matched version: v2 {{(pid=103023) process_request /opt/stack/glance/glance/api/middleware/version_negotiation.py:69}}
Jul 29 13:07:47.556963 np0000006077 devstack@g-api.service[103023]: DEBUG glance.api.middleware.version_negotiation [None req-e8216c63-55a2-4206-9c49-0d88d5484ca8 tempest-VolumesSnapshotTestJSON-215545493 tempest-VolumesSnapshotTestJSON-215545493-project-member] new path /v2/images/98907435-9f82-433b-ae8f-2ca62f99a1d1 {{(pid=103023) process_request /opt/stack/glance/glance/api/middleware/version_negotiation.py:70}}
Jul 29 13:07:47.563835 np0000006077 devstack@g-api.service[103022]: [pid: 103022|app: 0|req: 78/309] 127.0.0.1 () {40 vars in 838 bytes} [Wed Jul 29 13:07:47 2026] GET /v2/images/19e07836-fba0-4a14-9c21-d45c5f17a1ad => generated 648 bytes in 21 msecs (HTTP/1.1 200) 4 headers in 157 bytes (1 switches on core 0)
Jul 29 13:07:47.570944 np0000006077 devstack@g-api.service[103023]: [pid: 103023|app: 0|req: 80/310] 127.0.0.1 () {44 vars in 1115 bytes} [Wed Jul 29 13:07:47 2026] GET /v2/images/98907435-9f82-433b-ae8f-2ca62f99a1d1 => generated 1044 bytes in 14 msecs (HTTP/1.1 200) 4 headers in 158 bytes (1 switches on core 0)
Jul 29 13:07:47.586707 np0000006077 devstack@g-api.service[103025]: DEBUG glance.api.middleware.version_negotiation [None req-e8216c63-55a2-4206-9c49-0d88d5484ca8 tempest-VolumesSnapshotTestJSON-215545493 tempest-VolumesSnapshotTestJSON-215545493-project-member] Determining version of request: GET /v2/schemas/image Accept: */* {{(pid=103025) process_request /opt/stack/glance/glance/api/middleware/version_negotiation.py:44}}
Jul 29 13:07:47.588131 np0000006077 devstack@g-api.service[103025]: DEBUG glance.api.middleware.version_negotiation [None req-e8216c63-55a2-4206-9c49-0d88d5484ca8 tempest-VolumesSnapshotTestJSON-215545493 tempest-VolumesSnapshotTestJSON-215545493-project-member] Using url versioning {{(pid=103025) process_request /opt/stack/glance/glance/api/middleware/version_negotiation.py:57}}
Jul 29 13:07:47.588131 np0000006077 devstack@g-api.service[103025]: DEBUG glance.api.middleware.version_negotiation [None req-e8216c63-55a2-4206-9c49-0d88d5484ca8 tempest-VolumesSnapshotTestJSON-215545493 tempest-VolumesSnapshotTestJSON-215545493-project-member] Matched version: v2 {{(pid=103025) process_request /opt/stack/glance/glance/api/middleware/version_negotiation.py:69}}
Jul 29 13:07:47.588131 np0000006077 devstack@g-api.service[103025]: DEBUG glance.api.middleware.version_negotiation [None req-e8216c63-55a2-4206-9c49-0d88d5484ca8 tempest-VolumesSnapshotTestJSON-215545493 tempest-VolumesSnapshotTestJSON-215545493-project-member] new path /v2/schemas/image {{(pid=103025) process_request /opt/stack/glance/glance/api/middleware/version_negotiation.py:70}}
Jul 29 13:07:47.595167 np0000006077 devstack@g-api.service[103025]: [pid: 103025|app: 0|req: 82/311] 127.0.0.1 () {44 vars in 1055 bytes} [Wed Jul 29 13:07:47 2026] GET /v2/schemas/image => generated 6083 bytes in 8 msecs (HTTP/1.1 200) 4 headers in 158 bytes (1 switches on core 0)
Jul 29 13:07:47.607016 np0000006077 devstack@g-api.service[103022]: DEBUG glance.api.middleware.version_negotiation [None req-469ee75b-5381-4fdd-8056-6667ba835913 tempest-VolumesActionsTest-1147737146 tempest-VolumesActionsTest-1147737146-project-member] Determining version of request: GET /v2/schemas/image Accept: */* {{(pid=103022) process_request /opt/stack/glance/glance/api/middleware/version_negotiation.py:44}}
Jul 29 13:07:47.607136 np0000006077 devstack@g-api.service[103022]: DEBUG glance.api.middleware.version_negotiation [None req-469ee75b-5381-4fdd-8056-6667ba835913 tempest-VolumesActionsTest-1147737146 tempest-VolumesActionsTest-1147737146-project-member] Using url versioning {{(pid=103022) process_request /opt/stack/glance/glance/api/middleware/version_negotiation.py:57}}
Jul 29 13:07:47.607634 np0000006077 devstack@g-api.service[103022]: DEBUG glance.api.middleware.version_negotiation [None req-469ee75b-5381-4fdd-8056-6667ba835913 tempest-VolumesActionsTest-1147737146 tempest-VolumesActionsTest-1147737146-project-member] Matched version: v2 {{(pid=103022) process_request /opt/stack/glance/glance/api/middleware/version_negotiation.py:69}}
Jul 29 13:07:47.607634 np0000006077 devstack@g-api.service[103022]: DEBUG glance.api.middleware.version_negotiation [None req-469ee75b-5381-4fdd-8056-6667ba835913 tempest-VolumesActionsTest-1147737146 tempest-VolumesActionsTest-1147737146-project-member] new path /v2/schemas/image {{(pid=103022) process_request /opt/stack/glance/glance/api/middleware/version_negotiation.py:70}}
Jul 29 13:07:47.609948 np0000006077 devstack@g-api.service[103022]: [pid: 103022|app: 0|req: 79/312] 127.0.0.1 () {44 vars in 1055 bytes} [Wed Jul 29 13:07:47 2026] GET /v2/schemas/image => generated 6083 bytes in 2 msecs (HTTP/1.1 200) 4 headers in 158 bytes (1 switches on core 0)
Jul 29 13:07:47.999266 np0000006077 devstack@g-api.service[103023]: DEBUG glance.api.middleware.version_negotiation [None req-e8216c63-55a2-4206-9c49-0d88d5484ca8 tempest-VolumesSnapshotTestJSON-215545493 tempest-VolumesSnapshotTestJSON-215545493-project-member] Determining version of request: GET /versions Accept: */* {{(pid=103023) process_request /opt/stack/glance/glance/api/middleware/version_negotiation.py:44}}
Jul 29 13:07:48.000131 np0000006077 devstack@g-api.service[103023]: [pid: 103023|app: 0|req: 81/313] 127.0.0.1 () {44 vars in 1039 bytes} [Wed Jul 29 13:07:47 2026] GET /versions => generated 1515 bytes in 1 msecs (HTTP/1.1 200) 3 headers in 92 bytes (1 switches on core 0)
Jul 29 13:07:48.013100 np0000006077 devstack@g-api.service[103025]: DEBUG glance.api.middleware.version_negotiation [None req-e8216c63-55a2-4206-9c49-0d88d5484ca8 tempest-VolumesSnapshotTestJSON-215545493 tempest-VolumesSnapshotTestJSON-215545493-project-member] Determining version of request: GET /v2/images/98907435-9f82-433b-ae8f-2ca62f99a1d1/locations Accept: */* {{(pid=103025) process_request /opt/stack/glance/glance/api/middleware/version_negotiation.py:44}}
Jul 29 13:07:48.013316 np0000006077 devstack@g-api.service[103025]: DEBUG glance.api.middleware.version_negotiation [None req-e8216c63-55a2-4206-9c49-0d88d5484ca8 tempest-VolumesSnapshotTestJSON-215545493 tempest-VolumesSnapshotTestJSON-215545493-project-member] Using url versioning {{(pid=103025) process_request /opt/stack/glance/glance/api/middleware/version_negotiation.py:57}}
Jul 29 13:07:48.013430 np0000006077 devstack@g-api.service[103025]: DEBUG glance.api.middleware.version_negotiation [None req-e8216c63-55a2-4206-9c49-0d88d5484ca8 tempest-VolumesSnapshotTestJSON-215545493 tempest-VolumesSnapshotTestJSON-215545493-project-member] Matched version: v2 {{(pid=103025) process_request /opt/stack/glance/glance/api/middleware/version_negotiation.py:69}}
Jul 29 13:07:48.013597 np0000006077 devstack@g-api.service[103025]: DEBUG glance.api.middleware.version_negotiation [None req-e8216c63-55a2-4206-9c49-0d88d5484ca8 tempest-VolumesSnapshotTestJSON-215545493 tempest-VolumesSnapshotTestJSON-215545493-project-member] new path /v2/images/98907435-9f82-433b-ae8f-2ca62f99a1d1/locations {{(pid=103025) process_request /opt/stack/glance/glance/api/middleware/version_negotiation.py:70}}
Jul 29 13:07:48.069233 np0000006077 devstack@g-api.service[103025]: [pid: 103025|app: 0|req: 83/314] 127.0.0.1 () {44 vars in 1135 bytes} [Wed Jul 29 13:07:48 2026] GET /v2/images/98907435-9f82-433b-ae8f-2ca62f99a1d1/locations => generated 92 bytes in 56 msecs (HTTP/1.1 200) 4 headers in 156 bytes (1 switches on core 0)
Jul 29 13:07:48.079559 np0000006077 devstack@g-api.service[103022]: DEBUG glance.api.middleware.version_negotiation [None req-e8216c63-55a2-4206-9c49-0d88d5484ca8 tempest-VolumesSnapshotTestJSON-215545493 tempest-VolumesSnapshotTestJSON-215545493-project-member] Determining version of request: GET /v2/images/98907435-9f82-433b-ae8f-2ca62f99a1d1 Accept: */* {{(pid=103022) process_request /opt/stack/glance/glance/api/middleware/version_negotiation.py:44}}
Jul 29 13:07:48.079559 np0000006077 devstack@g-api.service[103022]: DEBUG glance.api.middleware.version_negotiation [None req-e8216c63-55a2-4206-9c49-0d88d5484ca8 tempest-VolumesSnapshotTestJSON-215545493 tempest-VolumesSnapshotTestJSON-215545493-project-member] Using url versioning {{(pid=103022) process_request /opt/stack/glance/glance/api/middleware/version_negotiation.py:57}}
Jul 29 13:07:48.079559 np0000006077 devstack@g-api.service[103022]: DEBUG glance.api.middleware.version_negotiation [None req-e8216c63-55a2-4206-9c49-0d88d5484ca8 tempest-VolumesSnapshotTestJSON-215545493 tempest-VolumesSnapshotTestJSON-215545493-project-member] Matched version: v2 {{(pid=103022) process_request /opt/stack/glance/glance/api/middleware/version_negotiation.py:69}}
Jul 29 13:07:48.081291 np0000006077 devstack@g-api.service[103022]: DEBUG glance.api.middleware.version_negotiation [None req-e8216c63-55a2-4206-9c49-0d88d5484ca8 tempest-VolumesSnapshotTestJSON-215545493 tempest-VolumesSnapshotTestJSON-215545493-project-member] new path /v2/images/98907435-9f82-433b-ae8f-2ca62f99a1d1 {{(pid=103022) process_request /opt/stack/glance/glance/api/middleware/version_negotiation.py:70}}
Jul 29 13:07:48.097728 np0000006077 devstack@g-api.service[103022]: [pid: 103022|app: 0|req: 80/315] 127.0.0.1 () {44 vars in 1115 bytes} [Wed Jul 29 13:07:48 2026] GET /v2/images/98907435-9f82-433b-ae8f-2ca62f99a1d1 => generated 1044 bytes in 19 msecs (HTTP/1.1 200) 4 headers in 158 bytes (1 switches on core 0)
Jul 29 13:07:48.108469 np0000006077 devstack@g-api.service[103023]: DEBUG glance.api.middleware.version_negotiation [None req-e8216c63-55a2-4206-9c49-0d88d5484ca8 tempest-VolumesSnapshotTestJSON-215545493 tempest-VolumesSnapshotTestJSON-215545493-project-member] Determining version of request: GET /v2/schemas/image Accept: */* {{(pid=103023) process_request /opt/stack/glance/glance/api/middleware/version_negotiation.py:44}}
Jul 29 13:07:48.108662 np0000006077 devstack@g-api.service[103023]: DEBUG glance.api.middleware.version_negotiation [None req-e8216c63-55a2-4206-9c49-0d88d5484ca8 tempest-VolumesSnapshotTestJSON-215545493 tempest-VolumesSnapshotTestJSON-215545493-project-member] Using url versioning {{(pid=103023) process_request /opt/stack/glance/glance/api/middleware/version_negotiation.py:57}}
Jul 29 13:07:48.108786 np0000006077 devstack@g-api.service[103023]: DEBUG glance.api.middleware.version_negotiation [None req-e8216c63-55a2-4206-9c49-0d88d5484ca8 tempest-VolumesSnapshotTestJSON-215545493 tempest-VolumesSnapshotTestJSON-215545493-project-member] Matched version: v2 {{(pid=103023) process_request /opt/stack/glance/glance/api/middleware/version_negotiation.py:69}}
Jul 29 13:07:48.108908 np0000006077 devstack@g-api.service[103023]: DEBUG glance.api.middleware.version_negotiation [None req-e8216c63-55a2-4206-9c49-0d88d5484ca8 tempest-VolumesSnapshotTestJSON-215545493 tempest-VolumesSnapshotTestJSON-215545493-project-member] new path /v2/schemas/image {{(pid=103023) process_request /opt/stack/glance/glance/api/middleware/version_negotiation.py:70}}
Jul 29 13:07:48.111247 np0000006077 devstack@g-api.service[103023]: [pid: 103023|app: 0|req: 82/316] 127.0.0.1 () {44 vars in 1055 bytes} [Wed Jul 29 13:07:48 2026] GET /v2/schemas/image => generated 6083 bytes in 3 msecs (HTTP/1.1 200) 4 headers in 158 bytes (1 switches on core 0)
Jul 29 13:07:48.121310 np0000006077 devstack@g-api.service[103025]: DEBUG glance.api.middleware.version_negotiation [None req-e8216c63-55a2-4206-9c49-0d88d5484ca8 service glance] Determining version of request: GET /v2/schemas/image Accept: */* {{(pid=103025) process_request /opt/stack/glance/glance/api/middleware/version_negotiation.py:44}}
Jul 29 13:07:48.121567 np0000006077 devstack@g-api.service[103025]: DEBUG glance.api.middleware.version_negotiation [None req-e8216c63-55a2-4206-9c49-0d88d5484ca8 service glance] Using url versioning {{(pid=103025) process_request /opt/stack/glance/glance/api/middleware/version_negotiation.py:57}}
Jul 29 13:07:48.121785 np0000006077 devstack@g-api.service[103025]: DEBUG glance.api.middleware.version_negotiation [None req-e8216c63-55a2-4206-9c49-0d88d5484ca8 service glance] Matched version: v2 {{(pid=103025) process_request /opt/stack/glance/glance/api/middleware/version_negotiation.py:69}}
Jul 29 13:07:48.121943 np0000006077 devstack@g-api.service[103025]: DEBUG glance.api.middleware.version_negotiation [None req-e8216c63-55a2-4206-9c49-0d88d5484ca8 service glance] new path /v2/schemas/image {{(pid=103025) process_request /opt/stack/glance/glance/api/middleware/version_negotiation.py:70}}
Jul 29 13:07:48.125640 np0000006077 devstack@g-api.service[103025]: [pid: 103025|app: 0|req: 84/317] 127.0.0.1 () {44 vars in 1055 bytes} [Wed Jul 29 13:07:48 2026] GET /v2/schemas/image => generated 6083 bytes in 4 msecs (HTTP/1.1 200) 4 headers in 158 bytes (1 switches on core 0)
Jul 29 13:07:48.572926 np0000006077 devstack@g-api.service[103022]: DEBUG glance.api.middleware.version_negotiation [None req-e8216c63-55a2-4206-9c49-0d88d5484ca8 tempest-VolumesSnapshotTestJSON-215545493 tempest-VolumesSnapshotTestJSON-215545493-project-member] Determining version of request: GET /v2/images/19e07836-fba0-4a14-9c21-d45c5f17a1ad Accept: application/json {{(pid=103022) process_request /opt/stack/glance/glance/api/middleware/version_negotiation.py:44}}
Jul 29 13:07:48.573322 np0000006077 devstack@g-api.service[103022]: DEBUG glance.api.middleware.version_negotiation [None req-e8216c63-55a2-4206-9c49-0d88d5484ca8 tempest-VolumesSnapshotTestJSON-215545493 tempest-VolumesSnapshotTestJSON-215545493-project-member] Using url versioning {{(pid=103022) process_request /opt/stack/glance/glance/api/middleware/version_negotiation.py:57}}
Jul 29 13:07:48.573322 np0000006077 devstack@g-api.service[103022]: DEBUG glance.api.middleware.version_negotiation [None req-e8216c63-55a2-4206-9c49-0d88d5484ca8 tempest-VolumesSnapshotTestJSON-215545493 tempest-VolumesSnapshotTestJSON-215545493-project-member] Matched version: v2 {{(pid=103022) process_request /opt/stack/glance/glance/api/middleware/version_negotiation.py:69}}
Jul 29 13:07:48.573395 np0000006077 devstack@g-api.service[103022]: DEBUG glance.api.middleware.version_negotiation [None req-e8216c63-55a2-4206-9c49-0d88d5484ca8 tempest-VolumesSnapshotTestJSON-215545493 tempest-VolumesSnapshotTestJSON-215545493-project-member] new path /v2/images/19e07836-fba0-4a14-9c21-d45c5f17a1ad {{(pid=103022) process_request /opt/stack/glance/glance/api/middleware/version_negotiation.py:70}}
Jul 29 13:07:48.582372 np0000006077 devstack@g-api.service[103022]: [pid: 103022|app: 0|req: 81/318] 127.0.0.1 () {40 vars in 838 bytes} [Wed Jul 29 13:07:48 2026] GET /v2/images/19e07836-fba0-4a14-9c21-d45c5f17a1ad => generated 648 bytes in 10 msecs (HTTP/1.1 200) 4 headers in 157 bytes (1 switches on core 0)
Jul 29 13:07:49.224691 np0000006077 devstack@g-api.service[103024]: DEBUG swiftclient [None req-695e88be-c535-4741-81f8-1e89eaaf94da tempest-VolumesActionsTest-1147737146 tempest-VolumesActionsTest-1147737146-project-member] REQ: curl -i https://10.4.3.137:8080/v1/AUTH_d0cca2b9370843a2b600db9f9b139105/glance/19e07836-fba0-4a14-9c21-d45c5f17a1ad-00004 -X PUT -H "X-Auth-Token: gAAAAABqafsdGH3e..." {{(pid=103024) http_log /opt/stack/data/venv/lib/python3.12/site-packages/swiftclient/client.py:160}}
Jul 29 13:07:49.224997 np0000006077 devstack@g-api.service[103024]: DEBUG swiftclient [None req-695e88be-c535-4741-81f8-1e89eaaf94da tempest-VolumesActionsTest-1147737146 tempest-VolumesActionsTest-1147737146-project-member] RESP STATUS: 201 Created {{(pid=103024) http_log /opt/stack/data/venv/lib/python3.12/site-packages/swiftclient/client.py:161}}
Jul 29 13:07:49.224997 np0000006077 devstack@g-api.service[103024]: DEBUG swiftclient [None req-695e88be-c535-4741-81f8-1e89eaaf94da tempest-VolumesActionsTest-1147737146 tempest-VolumesActionsTest-1147737146-project-member] RESP HEADERS: {'Date': 'Wed, 29 Jul 2026 13:07:49 GMT', 'Server': 'Apache/2.4.58 (Ubuntu)', 'Content-Type': 'text/html; charset=UTF-8', 'Content-Length': '0', 'Etag': 'eda9a9889837ac4bc81d6387d92c1bec', 'Last-Modified': 'Wed, 29 Jul 2026 13:07:48 GMT', 'X-Trans-Id': 'txf1be0acc6bbe4b899def6-006a69fb23', 'X-Openstack-Request-Id': 'txf1be0acc6bbe4b899def6-006a69fb23', 'Connection': 'close'} {{(pid=103024) http_log /opt/stack/data/venv/lib/python3.12/site-packages/swiftclient/client.py:162}}
Jul 29 13:07:49.225881 np0000006077 devstack@g-api.service[103024]: DEBUG glance_store._drivers.swift.store [None req-695e88be-c535-4741-81f8-1e89eaaf94da tempest-VolumesActionsTest-1147737146 tempest-VolumesActionsTest-1147737146-project-member] Wrote chunk 19e07836-fba0-4a14-9c21-d45c5f17a1ad-00004 (4/?) of length 204800000 to Swift returning MD5 of content: eda9a9889837ac4bc81d6387d92c1bec {{(pid=103024) add /opt/stack/data/venv/lib/python3.12/site-packages/glance_store/_drivers/swift/store.py:1059}}
Jul 29 13:07:49.593103 np0000006077 devstack@g-api.service[103023]: DEBUG glance.api.middleware.version_negotiation [None req-e8216c63-55a2-4206-9c49-0d88d5484ca8 tempest-VolumesSnapshotTestJSON-215545493 tempest-VolumesSnapshotTestJSON-215545493-project-member] Determining version of request: GET /v2/images/19e07836-fba0-4a14-9c21-d45c5f17a1ad Accept: application/json {{(pid=103023) process_request /opt/stack/glance/glance/api/middleware/version_negotiation.py:44}}
Jul 29 13:07:49.595229 np0000006077 devstack@g-api.service[103023]: DEBUG glance.api.middleware.version_negotiation [None req-e8216c63-55a2-4206-9c49-0d88d5484ca8 tempest-VolumesSnapshotTestJSON-215545493 tempest-VolumesSnapshotTestJSON-215545493-project-member] Using url versioning {{(pid=103023) process_request /opt/stack/glance/glance/api/middleware/version_negotiation.py:57}}
Jul 29 13:07:49.595229 np0000006077 devstack@g-api.service[103023]: DEBUG glance.api.middleware.version_negotiation [None req-e8216c63-55a2-4206-9c49-0d88d5484ca8 tempest-VolumesSnapshotTestJSON-215545493 tempest-VolumesSnapshotTestJSON-215545493-project-member] Matched version: v2 {{(pid=103023) process_request /opt/stack/glance/glance/api/middleware/version_negotiation.py:69}}
Jul 29 13:07:49.595229 np0000006077 devstack@g-api.service[103023]: DEBUG glance.api.middleware.version_negotiation [None req-e8216c63-55a2-4206-9c49-0d88d5484ca8 tempest-VolumesSnapshotTestJSON-215545493 tempest-VolumesSnapshotTestJSON-215545493-project-member] new path /v2/images/19e07836-fba0-4a14-9c21-d45c5f17a1ad {{(pid=103023) process_request /opt/stack/glance/glance/api/middleware/version_negotiation.py:70}}
Jul 29 13:07:49.606967 np0000006077 devstack@g-api.service[103023]: [pid: 103023|app: 0|req: 83/319] 127.0.0.1 () {40 vars in 838 bytes} [Wed Jul 29 13:07:49 2026] GET /v2/images/19e07836-fba0-4a14-9c21-d45c5f17a1ad => generated 648 bytes in 14 msecs (HTTP/1.1 200) 4 headers in 157 bytes (1 switches on core 0)
Jul 29 13:07:50.483163 np0000006077 devstack@g-api.service[103025]: DEBUG glance.api.middleware.version_negotiation [None req-e8216c63-55a2-4206-9c49-0d88d5484ca8 tempest-VolumesSnapshotTestJSON-215545493 tempest-VolumesSnapshotTestJSON-215545493-project-member] Determining version of request: GET /v2/images/98907435-9f82-433b-ae8f-2ca62f99a1d1 Accept: */* {{(pid=103025) process_request /opt/stack/glance/glance/api/middleware/version_negotiation.py:44}}
Jul 29 13:07:50.485046 np0000006077 devstack@g-api.service[103025]: DEBUG glance.api.middleware.version_negotiation [None req-e8216c63-55a2-4206-9c49-0d88d5484ca8 tempest-VolumesSnapshotTestJSON-215545493 tempest-VolumesSnapshotTestJSON-215545493-project-member] Using url versioning {{(pid=103025) process_request /opt/stack/glance/glance/api/middleware/version_negotiation.py:57}}
Jul 29 13:07:50.485046 np0000006077 devstack@g-api.service[103025]: DEBUG glance.api.middleware.version_negotiation [None req-e8216c63-55a2-4206-9c49-0d88d5484ca8 tempest-VolumesSnapshotTestJSON-215545493 tempest-VolumesSnapshotTestJSON-215545493-project-member] Matched version: v2 {{(pid=103025) process_request /opt/stack/glance/glance/api/middleware/version_negotiation.py:69}}
Jul 29 13:07:50.485046 np0000006077 devstack@g-api.service[103025]: DEBUG glance.api.middleware.version_negotiation [None req-e8216c63-55a2-4206-9c49-0d88d5484ca8 tempest-VolumesSnapshotTestJSON-215545493 tempest-VolumesSnapshotTestJSON-215545493-project-member] new path /v2/images/98907435-9f82-433b-ae8f-2ca62f99a1d1 {{(pid=103025) process_request /opt/stack/glance/glance/api/middleware/version_negotiation.py:70}}
Jul 29 13:07:50.501149 np0000006077 devstack@g-api.service[103025]: [pid: 103025|app: 0|req: 85/320] 127.0.0.1 () {44 vars in 1115 bytes} [Wed Jul 29 13:07:50 2026] GET /v2/images/98907435-9f82-433b-ae8f-2ca62f99a1d1 => generated 1044 bytes in 18 msecs (HTTP/1.1 200) 4 headers in 158 bytes (1 switches on core 0)
Jul 29 13:07:50.542218 np0000006077 devstack@g-api.service[103022]: DEBUG glance.api.middleware.version_negotiation [None req-9e50d155-d6ff-4e6f-a7a1-d7b1575e4d41 tempest-VolumesActionsTest-1147737146 tempest-VolumesActionsTest-1147737146-project-member] Determining version of request: GET /v2/schemas/image Accept: */* {{(pid=103022) process_request /opt/stack/glance/glance/api/middleware/version_negotiation.py:44}}
Jul 29 13:07:50.543104 np0000006077 devstack@g-api.service[103022]: DEBUG glance.api.middleware.version_negotiation [None req-9e50d155-d6ff-4e6f-a7a1-d7b1575e4d41 tempest-VolumesActionsTest-1147737146 tempest-VolumesActionsTest-1147737146-project-member] Using url versioning {{(pid=103022) process_request /opt/stack/glance/glance/api/middleware/version_negotiation.py:57}}
Jul 29 13:07:50.543104 np0000006077 devstack@g-api.service[103022]: DEBUG glance.api.middleware.version_negotiation [None req-9e50d155-d6ff-4e6f-a7a1-d7b1575e4d41 tempest-VolumesActionsTest-1147737146 tempest-VolumesActionsTest-1147737146-project-member] Matched version: v2 {{(pid=103022) process_request /opt/stack/glance/glance/api/middleware/version_negotiation.py:69}}
Jul 29 13:07:50.543104 np0000006077 devstack@g-api.service[103022]: DEBUG glance.api.middleware.version_negotiation [None req-9e50d155-d6ff-4e6f-a7a1-d7b1575e4d41 tempest-VolumesActionsTest-1147737146 tempest-VolumesActionsTest-1147737146-project-member] new path /v2/schemas/image {{(pid=103022) process_request /opt/stack/glance/glance/api/middleware/version_negotiation.py:70}}
Jul 29 13:07:50.544899 np0000006077 devstack@g-api.service[103022]: [pid: 103022|app: 0|req: 82/321] 127.0.0.1 () {44 vars in 1055 bytes} [Wed Jul 29 13:07:50 2026] GET /v2/schemas/image => generated 6083 bytes in 3 msecs (HTTP/1.1 200) 4 headers in 158 bytes (1 switches on core 0)
Jul 29 13:07:50.616011 np0000006077 devstack@g-api.service[103023]: DEBUG glance.api.middleware.version_negotiation [None req-3534779a-8fb0-4b37-84fa-cdc45c885b0b tempest-VolumesActionsTest-1147737146 tempest-VolumesActionsTest-1147737146-project-member] Determining version of request: GET /v2/images/19e07836-fba0-4a14-9c21-d45c5f17a1ad Accept: application/json {{(pid=103023) process_request /opt/stack/glance/glance/api/middleware/version_negotiation.py:44}}
Jul 29 13:07:50.616339 np0000006077 devstack@g-api.service[103023]: DEBUG glance.api.middleware.version_negotiation [None req-3534779a-8fb0-4b37-84fa-cdc45c885b0b tempest-VolumesActionsTest-1147737146 tempest-VolumesActionsTest-1147737146-project-member] Using url versioning {{(pid=103023) process_request /opt/stack/glance/glance/api/middleware/version_negotiation.py:57}}
Jul 29 13:07:50.616339 np0000006077 devstack@g-api.service[103023]: DEBUG glance.api.middleware.version_negotiation [None req-3534779a-8fb0-4b37-84fa-cdc45c885b0b tempest-VolumesActionsTest-1147737146 tempest-VolumesActionsTest-1147737146-project-member] Matched version: v2 {{(pid=103023) process_request /opt/stack/glance/glance/api/middleware/version_negotiation.py:69}}
Jul 29 13:07:50.616446 np0000006077 devstack@g-api.service[103023]: DEBUG glance.api.middleware.version_negotiation [None req-3534779a-8fb0-4b37-84fa-cdc45c885b0b tempest-VolumesActionsTest-1147737146 tempest-VolumesActionsTest-1147737146-project-member] new path /v2/images/19e07836-fba0-4a14-9c21-d45c5f17a1ad {{(pid=103023) process_request /opt/stack/glance/glance/api/middleware/version_negotiation.py:70}}
Jul 29 13:07:50.628576 np0000006077 devstack@g-api.service[103023]: [pid: 103023|app: 0|req: 84/322] 127.0.0.1 () {40 vars in 838 bytes} [Wed Jul 29 13:07:50 2026] GET /v2/images/19e07836-fba0-4a14-9c21-d45c5f17a1ad => generated 648 bytes in 13 msecs (HTTP/1.1 200) 4 headers in 157 bytes (1 switches on core 0)
Jul 29 13:07:51.170392 np0000006077 devstack@g-api.service[103024]: DEBUG swiftclient [None req-695e88be-c535-4741-81f8-1e89eaaf94da tempest-VolumesActionsTest-1147737146 tempest-VolumesActionsTest-1147737146-project-member] REQ: curl -i https://10.4.3.137:8080/v1/AUTH_d0cca2b9370843a2b600db9f9b139105/glance/19e07836-fba0-4a14-9c21-d45c5f17a1ad-00005 -X PUT -H "X-Auth-Token: gAAAAABqafsdGH3e..." {{(pid=103024) http_log /opt/stack/data/venv/lib/python3.12/site-packages/swiftclient/client.py:160}}
Jul 29 13:07:51.170685 np0000006077 devstack@g-api.service[103024]: DEBUG swiftclient [None req-695e88be-c535-4741-81f8-1e89eaaf94da tempest-VolumesActionsTest-1147737146 tempest-VolumesActionsTest-1147737146-project-member] RESP STATUS: 201 Created {{(pid=103024) http_log /opt/stack/data/venv/lib/python3.12/site-packages/swiftclient/client.py:161}}
Jul 29 13:07:51.170685 np0000006077 devstack@g-api.service[103024]: DEBUG swiftclient [None req-695e88be-c535-4741-81f8-1e89eaaf94da tempest-VolumesActionsTest-1147737146 tempest-VolumesActionsTest-1147737146-project-member] RESP HEADERS: {'Date': 'Wed, 29 Jul 2026 13:07:51 GMT', 'Server': 'Apache/2.4.58 (Ubuntu)', 'Content-Type': 'text/html; charset=UTF-8', 'Content-Length': '0', 'Etag': 'eda9a9889837ac4bc81d6387d92c1bec', 'Last-Modified': 'Wed, 29 Jul 2026 13:07:50 GMT', 'X-Trans-Id': 'tx7f8d7cc89b444afcadd64-006a69fb25', 'X-Openstack-Request-Id': 'tx7f8d7cc89b444afcadd64-006a69fb25', 'Connection': 'close'} {{(pid=103024) http_log /opt/stack/data/venv/lib/python3.12/site-packages/swiftclient/client.py:162}}
Jul 29 13:07:51.170811 np0000006077 devstack@g-api.service[103024]: DEBUG glance_store._drivers.swift.store [None req-695e88be-c535-4741-81f8-1e89eaaf94da tempest-VolumesActionsTest-1147737146 tempest-VolumesActionsTest-1147737146-project-member] Wrote chunk 19e07836-fba0-4a14-9c21-d45c5f17a1ad-00005 (5/?) of length 204800000 to Swift returning MD5 of content: eda9a9889837ac4bc81d6387d92c1bec {{(pid=103024) add /opt/stack/data/venv/lib/python3.12/site-packages/glance_store/_drivers/swift/store.py:1059}}
Jul 29 13:07:51.459949 np0000006077 devstack@g-api.service[103024]: DEBUG dbcounter [-] [103024] Writing DB stats glance:SELECT=12,glance:UPDATE=1 {{(pid=103024) stat_writer /opt/stack/data/venv/lib/python3.12/site-packages/dbcounter.py:115}}
Jul 29 13:07:51.637383 np0000006077 devstack@g-api.service[103025]: DEBUG glance.api.middleware.version_negotiation [None req-5db89ae0-509e-45c7-bfe8-5532d788ecd9 tempest-VolumesSnapshotTestJSON-215545493 tempest-VolumesSnapshotTestJSON-215545493-project-member] Determining version of request: GET /v2/images/19e07836-fba0-4a14-9c21-d45c5f17a1ad Accept: application/json {{(pid=103025) process_request /opt/stack/glance/glance/api/middleware/version_negotiation.py:44}}
Jul 29 13:07:51.637800 np0000006077 devstack@g-api.service[103025]: DEBUG glance.api.middleware.version_negotiation [None req-5db89ae0-509e-45c7-bfe8-5532d788ecd9 tempest-VolumesSnapshotTestJSON-215545493 tempest-VolumesSnapshotTestJSON-215545493-project-member] Using url versioning {{(pid=103025) process_request /opt/stack/glance/glance/api/middleware/version_negotiation.py:57}}
Jul 29 13:07:51.637800 np0000006077 devstack@g-api.service[103025]: DEBUG glance.api.middleware.version_negotiation [None req-5db89ae0-509e-45c7-bfe8-5532d788ecd9 tempest-VolumesSnapshotTestJSON-215545493 tempest-VolumesSnapshotTestJSON-215545493-project-member] Matched version: v2 {{(pid=103025) process_request /opt/stack/glance/glance/api/middleware/version_negotiation.py:69}}
Jul 29 13:07:51.637877 np0000006077 devstack@g-api.service[103025]: DEBUG glance.api.middleware.version_negotiation [None req-5db89ae0-509e-45c7-bfe8-5532d788ecd9 tempest-VolumesSnapshotTestJSON-215545493 tempest-VolumesSnapshotTestJSON-215545493-project-member] new path /v2/images/19e07836-fba0-4a14-9c21-d45c5f17a1ad {{(pid=103025) process_request /opt/stack/glance/glance/api/middleware/version_negotiation.py:70}}
Jul 29 13:07:51.650388 np0000006077 devstack@g-api.service[103025]: [pid: 103025|app: 0|req: 86/323] 127.0.0.1 () {40 vars in 838 bytes} [Wed Jul 29 13:07:51 2026] GET /v2/images/19e07836-fba0-4a14-9c21-d45c5f17a1ad => generated 648 bytes in 13 msecs (HTTP/1.1 200) 4 headers in 157 bytes (1 switches on core 0)
Jul 29 13:07:51.668752 np0000006077 devstack@g-api.service[103024]: DEBUG swiftclient [None req-695e88be-c535-4741-81f8-1e89eaaf94da tempest-VolumesActionsTest-1147737146 tempest-VolumesActionsTest-1147737146-project-member] REQ: curl -i https://10.4.3.137:8080/v1/AUTH_d0cca2b9370843a2b600db9f9b139105/glance/19e07836-fba0-4a14-9c21-d45c5f17a1ad-00006 -X PUT -H "X-Auth-Token: gAAAAABqafsdGH3e..." {{(pid=103024) http_log /opt/stack/data/venv/lib/python3.12/site-packages/swiftclient/client.py:160}}
Jul 29 13:07:51.668903 np0000006077 devstack@g-api.service[103024]: DEBUG swiftclient [None req-695e88be-c535-4741-81f8-1e89eaaf94da tempest-VolumesActionsTest-1147737146 tempest-VolumesActionsTest-1147737146-project-member] RESP STATUS: 201 Created {{(pid=103024) http_log /opt/stack/data/venv/lib/python3.12/site-packages/swiftclient/client.py:161}}
Jul 29 13:07:51.669103 np0000006077 devstack@g-api.service[103024]: DEBUG swiftclient [None req-695e88be-c535-4741-81f8-1e89eaaf94da tempest-VolumesActionsTest-1147737146 tempest-VolumesActionsTest-1147737146-project-member] RESP HEADERS: {'Date': 'Wed, 29 Jul 2026 13:07:51 GMT', 'Server': 'Apache/2.4.58 (Ubuntu)', 'Content-Type': 'text/html; charset=UTF-8', 'Content-Length': '0', 'Etag': '708761f3b8777ec77058e63da08eeeb6', 'Last-Modified': 'Wed, 29 Jul 2026 13:07:52 GMT', 'X-Trans-Id': 'txe107bcd75ee546afba9f4-006a69fb27', 'X-Openstack-Request-Id': 'txe107bcd75ee546afba9f4-006a69fb27', 'Connection': 'close'} {{(pid=103024) http_log /opt/stack/data/venv/lib/python3.12/site-packages/swiftclient/client.py:162}}
Jul 29 13:07:51.669247 np0000006077 devstack@g-api.service[103024]: DEBUG glance_store._drivers.swift.store [None req-695e88be-c535-4741-81f8-1e89eaaf94da tempest-VolumesActionsTest-1147737146 tempest-VolumesActionsTest-1147737146-project-member] Wrote chunk 19e07836-fba0-4a14-9c21-d45c5f17a1ad-00006 (6/?) of length 49741824 to Swift returning MD5 of content: 708761f3b8777ec77058e63da08eeeb6 {{(pid=103024) add /opt/stack/data/venv/lib/python3.12/site-packages/glance_store/_drivers/swift/store.py:1059}}
Jul 29 13:07:51.669585 np0000006077 devstack@g-api.service[103024]: DEBUG glance_store._drivers.swift.store [None req-695e88be-c535-4741-81f8-1e89eaaf94da tempest-VolumesActionsTest-1147737146 tempest-VolumesActionsTest-1147737146-project-member] Not writing zero-length chunk. {{(pid=103024) add /opt/stack/data/venv/lib/python3.12/site-packages/glance_store/_drivers/swift/store.py:1028}}
Jul 29 13:07:51.691397 np0000006077 devstack@g-api.service[103024]: DEBUG swiftclient [None req-695e88be-c535-4741-81f8-1e89eaaf94da tempest-VolumesActionsTest-1147737146 tempest-VolumesActionsTest-1147737146-project-member] REQ: curl -i https://10.4.3.137:8080/v1/AUTH_d0cca2b9370843a2b600db9f9b139105/glance/19e07836-fba0-4a14-9c21-d45c5f17a1ad -X PUT -H "X-Object-Manifest: glance/19e07836-fba0-4a14-9c21-d45c5f17a1ad-" -H "X-Auth-Token: gAAAAABqafsdGH3e..." -H "Content-Length: 0" {{(pid=103024) http_log /opt/stack/data/venv/lib/python3.12/site-packages/swiftclient/client.py:160}}
Jul 29 13:07:51.691521 np0000006077 devstack@g-api.service[103024]: DEBUG swiftclient [None req-695e88be-c535-4741-81f8-1e89eaaf94da tempest-VolumesActionsTest-1147737146 tempest-VolumesActionsTest-1147737146-project-member] RESP STATUS: 201 Created {{(pid=103024) http_log /opt/stack/data/venv/lib/python3.12/site-packages/swiftclient/client.py:161}}
Jul 29 13:07:51.691688 np0000006077 devstack@g-api.service[103024]: DEBUG swiftclient [None req-695e88be-c535-4741-81f8-1e89eaaf94da tempest-VolumesActionsTest-1147737146 tempest-VolumesActionsTest-1147737146-project-member] RESP HEADERS: {'Date': 'Wed, 29 Jul 2026 13:07:51 GMT', 'Server': 'Apache/2.4.58 (Ubuntu)', 'Content-Type': 'text/html; charset=UTF-8', 'Content-Length': '0', 'Etag': 'd41d8cd98f00b204e9800998ecf8427e', 'Last-Modified': 'Wed, 29 Jul 2026 13:07:52 GMT', 'X-Trans-Id': 'tx5421064cda2e445293c9b-006a69fb27', 'X-Openstack-Request-Id': 'tx5421064cda2e445293c9b-006a69fb27', 'Connection': 'close'} {{(pid=103024) http_log /opt/stack/data/venv/lib/python3.12/site-packages/swiftclient/client.py:162}}
Jul 29 13:07:51.692090 np0000006077 devstack@g-api.service[103024]: INFO glance.location [None req-695e88be-c535-4741-81f8-1e89eaaf94da tempest-VolumesActionsTest-1147737146 tempest-VolumesActionsTest-1147737146-project-member] Image format matched and virtual size computed: 1073741824
Jul 29 13:07:51.715142 np0000006077 devstack@g-api.service[103024]: DEBUG glance_store.backend [None req-695e88be-c535-4741-81f8-1e89eaaf94da tempest-VolumesActionsTest-1147737146 tempest-VolumesActionsTest-1147737146-project-member] Attempting to import store swift {{(pid=103024) _load_store /opt/stack/data/venv/lib/python3.12/site-packages/glance_store/backend.py:215}}
Jul 29 13:07:51.716350 np0000006077 devstack@g-api.service[103024]: DEBUG glance_store.capabilities [None req-695e88be-c535-4741-81f8-1e89eaaf94da tempest-VolumesActionsTest-1147737146 tempest-VolumesActionsTest-1147737146-project-member] Store glance_store._drivers.swift.store.SingleTenantStore doesn't support updating dynamic storage capabilities. Please overwrite 'update_capabilities' method of the store to implement updating logics if needed. {{(pid=103024) update_capabilities /opt/stack/data/venv/lib/python3.12/site-packages/glance_store/capabilities.py:91}}
Jul 29 13:07:51.716459 np0000006077 devstack@g-api.service[103024]: DEBUG glance_store.driver [None req-695e88be-c535-4741-81f8-1e89eaaf94da tempest-VolumesActionsTest-1147737146 tempest-VolumesActionsTest-1147737146-project-member] Late loading location class glance_store._drivers.swift.store.StoreLocation {{(pid=103024) get_store_location_class /opt/stack/data/venv/lib/python3.12/site-packages/glance_store/driver.py:134}}
Jul 29 13:07:51.716583 np0000006077 devstack@g-api.service[103024]: DEBUG glance_store.location [None req-695e88be-c535-4741-81f8-1e89eaaf94da tempest-VolumesActionsTest-1147737146 tempest-VolumesActionsTest-1147737146-project-member] Registering scheme swift+https with {'store': , 'location_class': , 'store_entry': 'swift'} {{(pid=103024) register_scheme_map /opt/stack/data/venv/lib/python3.12/site-packages/glance_store/location.py:146}}
Jul 29 13:07:51.716651 np0000006077 devstack@g-api.service[103024]: DEBUG glance_store.location [None req-695e88be-c535-4741-81f8-1e89eaaf94da tempest-VolumesActionsTest-1147737146 tempest-VolumesActionsTest-1147737146-project-member] Registering scheme swift+https with {'store': , 'location_class': , 'store_entry': 'swift'} {{(pid=103024) register_scheme_map /opt/stack/data/venv/lib/python3.12/site-packages/glance_store/location.py:146}}
Jul 29 13:07:51.716731 np0000006077 devstack@g-api.service[103024]: DEBUG glance_store.location [None req-695e88be-c535-4741-81f8-1e89eaaf94da tempest-VolumesActionsTest-1147737146 tempest-VolumesActionsTest-1147737146-project-member] Registering scheme swift with {'store': , 'location_class': , 'store_entry': 'swift'} {{(pid=103024) register_scheme_map /opt/stack/data/venv/lib/python3.12/site-packages/glance_store/location.py:146}}
Jul 29 13:07:51.716795 np0000006077 devstack@g-api.service[103024]: DEBUG glance_store.location [None req-695e88be-c535-4741-81f8-1e89eaaf94da tempest-VolumesActionsTest-1147737146 tempest-VolumesActionsTest-1147737146-project-member] Registering scheme swift+https with {'store': , 'location_class': , 'store_entry': 'swift'} {{(pid=103024) register_scheme_map /opt/stack/data/venv/lib/python3.12/site-packages/glance_store/location.py:146}}
Jul 29 13:07:51.716857 np0000006077 devstack@g-api.service[103024]: DEBUG glance_store.location [None req-695e88be-c535-4741-81f8-1e89eaaf94da tempest-VolumesActionsTest-1147737146 tempest-VolumesActionsTest-1147737146-project-member] Registering scheme swift with {'store': , 'location_class': , 'store_entry': 'swift'} {{(pid=103024) register_scheme_map /opt/stack/data/venv/lib/python3.12/site-packages/glance_store/location.py:146}}
Jul 29 13:07:51.716921 np0000006077 devstack@g-api.service[103024]: DEBUG glance_store.location [None req-695e88be-c535-4741-81f8-1e89eaaf94da tempest-VolumesActionsTest-1147737146 tempest-VolumesActionsTest-1147737146-project-member] Registering scheme swift+http with {'store': , 'location_class': , 'store_entry': 'swift'} {{(pid=103024) register_scheme_map /opt/stack/data/venv/lib/python3.12/site-packages/glance_store/location.py:146}}
Jul 29 13:07:51.716988 np0000006077 devstack@g-api.service[103024]: DEBUG glance_store.location [None req-695e88be-c535-4741-81f8-1e89eaaf94da tempest-VolumesActionsTest-1147737146 tempest-VolumesActionsTest-1147737146-project-member] Registering scheme swift+https with {'store': , 'location_class': , 'store_entry': 'swift'} {{(pid=103024) register_scheme_map /opt/stack/data/venv/lib/python3.12/site-packages/glance_store/location.py:146}}
Jul 29 13:07:51.717088 np0000006077 devstack@g-api.service[103024]: DEBUG glance_store.location [None req-695e88be-c535-4741-81f8-1e89eaaf94da tempest-VolumesActionsTest-1147737146 tempest-VolumesActionsTest-1147737146-project-member] Registering scheme swift with {'store': , 'location_class': , 'store_entry': 'swift'} {{(pid=103024) register_scheme_map /opt/stack/data/venv/lib/python3.12/site-packages/glance_store/location.py:146}}
Jul 29 13:07:51.717166 np0000006077 devstack@g-api.service[103024]: DEBUG glance_store.location [None req-695e88be-c535-4741-81f8-1e89eaaf94da tempest-VolumesActionsTest-1147737146 tempest-VolumesActionsTest-1147737146-project-member] Registering scheme swift+http with {'store': , 'location_class': , 'store_entry': 'swift'} {{(pid=103024) register_scheme_map /opt/stack/data/venv/lib/python3.12/site-packages/glance_store/location.py:146}}
Jul 29 13:07:51.717227 np0000006077 devstack@g-api.service[103024]: DEBUG glance_store.location [None req-695e88be-c535-4741-81f8-1e89eaaf94da tempest-VolumesActionsTest-1147737146 tempest-VolumesActionsTest-1147737146-project-member] Registering scheme swift+config with {'store': , 'location_class': , 'store_entry': 'swift'} {{(pid=103024) register_scheme_map /opt/stack/data/venv/lib/python3.12/site-packages/glance_store/location.py:146}}
Jul 29 13:07:51.717330 np0000006077 devstack@g-api.service[103024]: DEBUG glance_store.backend [None req-695e88be-c535-4741-81f8-1e89eaaf94da tempest-VolumesActionsTest-1147737146 tempest-VolumesActionsTest-1147737146-project-member] Skipping store.set_acls... not implemented. {{(pid=103024) set_acls /opt/stack/data/venv/lib/python3.12/site-packages/glance_store/backend.py:507}}
Jul 29 13:07:51.719502 np0000006077 devstack@g-api.service[103024]: [pid: 103024|app: 0|req: 72/324] 127.0.0.1 () {46 vars in 1158 bytes} [Wed Jul 29 13:07:40 2026] PUT /v2/images/19e07836-fba0-4a14-9c21-d45c5f17a1ad/file => generated 0 bytes in 11057 msecs (HTTP/1.1 204) 4 headers in 171 bytes (1 switches on core 0)
Jul 29 13:07:51.729655 np0000006077 devstack@g-api.service[103022]: DEBUG glance.api.middleware.version_negotiation [None req-5db89ae0-509e-45c7-bfe8-5532d788ecd9 tempest-VolumesSnapshotTestJSON-215545493 tempest-VolumesSnapshotTestJSON-215545493-project-member] Determining version of request: GET /v2/images/19e07836-fba0-4a14-9c21-d45c5f17a1ad Accept: */* {{(pid=103022) process_request /opt/stack/glance/glance/api/middleware/version_negotiation.py:44}}
Jul 29 13:07:51.729923 np0000006077 devstack@g-api.service[103022]: DEBUG glance.api.middleware.version_negotiation [None req-5db89ae0-509e-45c7-bfe8-5532d788ecd9 tempest-VolumesSnapshotTestJSON-215545493 tempest-VolumesSnapshotTestJSON-215545493-project-member] Using url versioning {{(pid=103022) process_request /opt/stack/glance/glance/api/middleware/version_negotiation.py:57}}
Jul 29 13:07:51.729923 np0000006077 devstack@g-api.service[103022]: DEBUG glance.api.middleware.version_negotiation [None req-5db89ae0-509e-45c7-bfe8-5532d788ecd9 tempest-VolumesSnapshotTestJSON-215545493 tempest-VolumesSnapshotTestJSON-215545493-project-member] Matched version: v2 {{(pid=103022) process_request /opt/stack/glance/glance/api/middleware/version_negotiation.py:69}}
Jul 29 13:07:51.729970 np0000006077 devstack@g-api.service[103022]: DEBUG glance.api.middleware.version_negotiation [None req-5db89ae0-509e-45c7-bfe8-5532d788ecd9 tempest-VolumesSnapshotTestJSON-215545493 tempest-VolumesSnapshotTestJSON-215545493-project-member] new path /v2/images/19e07836-fba0-4a14-9c21-d45c5f17a1ad {{(pid=103022) process_request /opt/stack/glance/glance/api/middleware/version_negotiation.py:70}}
Jul 29 13:07:51.738972 np0000006077 devstack@g-api.service[103022]: [pid: 103022|app: 0|req: 83/325] 127.0.0.1 () {44 vars in 1115 bytes} [Wed Jul 29 13:07:51 2026] GET /v2/images/19e07836-fba0-4a14-9c21-d45c5f17a1ad => generated 820 bytes in 9 msecs (HTTP/1.1 200) 4 headers in 157 bytes (1 switches on core 0)
Jul 29 13:07:51.747879 np0000006077 devstack@g-api.service[103023]: DEBUG glance.api.middleware.version_negotiation [None req-849a2f81-3e28-4b28-a250-2087ae3d25b8 tempest-VolumesActionsTest-1147737146 tempest-VolumesActionsTest-1147737146-project-member] Determining version of request: GET /v2/schemas/image Accept: */* {{(pid=103023) process_request /opt/stack/glance/glance/api/middleware/version_negotiation.py:44}}
Jul 29 13:07:51.748177 np0000006077 devstack@g-api.service[103023]: DEBUG glance.api.middleware.version_negotiation [None req-849a2f81-3e28-4b28-a250-2087ae3d25b8 tempest-VolumesActionsTest-1147737146 tempest-VolumesActionsTest-1147737146-project-member] Using url versioning {{(pid=103023) process_request /opt/stack/glance/glance/api/middleware/version_negotiation.py:57}}
Jul 29 13:07:51.748177 np0000006077 devstack@g-api.service[103023]: DEBUG glance.api.middleware.version_negotiation [None req-849a2f81-3e28-4b28-a250-2087ae3d25b8 tempest-VolumesActionsTest-1147737146 tempest-VolumesActionsTest-1147737146-project-member] Matched version: v2 {{(pid=103023) process_request /opt/stack/glance/glance/api/middleware/version_negotiation.py:69}}
