Jul 29 13:07:40.665502 np0000006077 devstack@g-api.service[103024]: DEBUG glance.api.middleware.version_negotiation [None req-1f15a9fe-40d7-433d-a23f-c0e1dc618cb1 tempest-TestVolumeBootPatternV346-1895018228 tempest-TestVolumeBootPatternV346-1895018228-project-member] new path /v2/images/19e07836-fba0-4a14-9c21-d45c5f17a1ad/file {{(pid=103024) process_request /opt/stack/glance/glance/api/middleware/version_negotiation.py:70}}
Jul 29 13:07:40.703070 np0000006077 devstack@g-api.service[103023]: DEBUG glance.api.middleware.version_negotiation [None req-1f15a9fe-40d7-433d-a23f-c0e1dc618cb1 tempest-TestVolumeBootPatternV346-1895018228 tempest-TestVolumeBootPatternV346-1895018228-project-member] Determining version of request: GET /versions Accept: */* {{(pid=103023) process_request /opt/stack/glance/glance/api/middleware/version_negotiation.py:44}}
Jul 29 13:07:40.705084 np0000006077 devstack@g-api.service[103023]: [pid: 103023|app: 0|req: 73/289] 127.0.0.1 () {44 vars in 1039 bytes} [Wed Jul 29 13:07:40 2026] GET /versions => generated 1515 bytes in 1 msecs (HTTP/1.1 200) 3 headers in 92 bytes (1 switches on core 0)
Jul 29 13:07:40.712268 np0000006077 devstack@g-api.service[103025]: DEBUG glance.api.middleware.version_negotiation [None req-1f15a9fe-40d7-433d-a23f-c0e1dc618cb1 tempest-TestVolumeBootPatternV346-1895018228 tempest-TestVolumeBootPatternV346-1895018228-project-member] Determining version of request: GET /v2/images/98907435-9f82-433b-ae8f-2ca62f99a1d1/locations Accept: */* {{(pid=103025) process_request /opt/stack/glance/glance/api/middleware/version_negotiation.py:44}}
Jul 29 13:07:40.712450 np0000006077 devstack@g-api.service[103025]: DEBUG glance.api.middleware.version_negotiation [None req-1f15a9fe-40d7-433d-a23f-c0e1dc618cb1 tempest-TestVolumeBootPatternV346-1895018228 tempest-TestVolumeBootPatternV346-1895018228-project-member] Using url versioning {{(pid=103025) process_request /opt/stack/glance/glance/api/middleware/version_negotiation.py:57}}
Jul 29 13:07:40.712607 np0000006077 devstack@g-api.service[103025]: DEBUG glance.api.middleware.version_negotiation [None req-1f15a9fe-40d7-433d-a23f-c0e1dc618cb1 tempest-TestVolumeBootPatternV346-1895018228 tempest-TestVolumeBootPatternV346-1895018228-project-member] Matched version: v2 {{(pid=103025) process_request /opt/stack/glance/glance/api/middleware/version_negotiation.py:69}}
Jul 29 13:07:40.716514 np0000006077 devstack@g-api.service[103025]: DEBUG glance.api.middleware.version_negotiation [None req-1f15a9fe-40d7-433d-a23f-c0e1dc618cb1 tempest-TestVolumeBootPatternV346-1895018228 tempest-TestVolumeBootPatternV346-1895018228-project-member] new path /v2/images/98907435-9f82-433b-ae8f-2ca62f99a1d1/locations {{(pid=103025) process_request /opt/stack/glance/glance/api/middleware/version_negotiation.py:70}}
Jul 29 13:07:40.747155 np0000006077 devstack@g-api.service[103025]: [pid: 103025|app: 0|req: 75/290] 127.0.0.1 () {44 vars in 1135 bytes} [Wed Jul 29 13:07:40 2026] GET /v2/images/98907435-9f82-433b-ae8f-2ca62f99a1d1/locations => generated 92 bytes in 35 msecs (HTTP/1.1 200) 4 headers in 156 bytes (1 switches on core 0)
Jul 29 13:07:40.754986 np0000006077 devstack@g-api.service[103022]: DEBUG glance.api.middleware.version_negotiation [None req-fbecb4a5-ab88-453f-96e6-fb11e43e31b7 tempest-VolumesActionsTest-1147737146 tempest-VolumesActionsTest-1147737146-project-member] Determining version of request: GET /v2/images/98907435-9f82-433b-ae8f-2ca62f99a1d1 Accept: */* {{(pid=103022) process_request /opt/stack/glance/glance/api/middleware/version_negotiation.py:44}}
Jul 29 13:07:40.755100 np0000006077 devstack@g-api.service[103022]: DEBUG glance.api.middleware.version_negotiation [None req-fbecb4a5-ab88-453f-96e6-fb11e43e31b7 tempest-VolumesActionsTest-1147737146 tempest-VolumesActionsTest-1147737146-project-member] Using url versioning {{(pid=103022) process_request /opt/stack/glance/glance/api/middleware/version_negotiation.py:57}}
Jul 29 13:07:40.755245 np0000006077 devstack@g-api.service[103022]: DEBUG glance.api.middleware.version_negotiation [None req-fbecb4a5-ab88-453f-96e6-fb11e43e31b7 tempest-VolumesActionsTest-1147737146 tempest-VolumesActionsTest-1147737146-project-member] Matched version: v2 {{(pid=103022) process_request /opt/stack/glance/glance/api/middleware/version_negotiation.py:69}}
Jul 29 13:07:40.755325 np0000006077 devstack@g-api.service[103022]: DEBUG glance.api.middleware.version_negotiation [None req-fbecb4a5-ab88-453f-96e6-fb11e43e31b7 tempest-VolumesActionsTest-1147737146 tempest-VolumesActionsTest-1147737146-project-member] new path /v2/images/98907435-9f82-433b-ae8f-2ca62f99a1d1 {{(pid=103022) process_request /opt/stack/glance/glance/api/middleware/version_negotiation.py:70}}
Jul 29 13:07:40.764187 np0000006077 devstack@g-api.service[103022]: [pid: 103022|app: 0|req: 72/291] 127.0.0.1 () {44 vars in 1115 bytes} [Wed Jul 29 13:07:40 2026] GET /v2/images/98907435-9f82-433b-ae8f-2ca62f99a1d1 => generated 1044 bytes in 9 msecs (HTTP/1.1 200) 4 headers in 158 bytes (1 switches on core 0)
Jul 29 13:07:40.771459 np0000006077 devstack@g-api.service[103023]: DEBUG glance.api.middleware.version_negotiation [None req-1f15a9fe-40d7-433d-a23f-c0e1dc618cb1 tempest-TestVolumeBootPatternV346-1895018228 tempest-TestVolumeBootPatternV346-1895018228-project-member] Determining version of request: GET /v2/schemas/image Accept: */* {{(pid=103023) process_request /opt/stack/glance/glance/api/middleware/version_negotiation.py:44}}
Jul 29 13:07:40.771860 np0000006077 devstack@g-api.service[103023]: DEBUG glance.api.middleware.version_negotiation [None req-1f15a9fe-40d7-433d-a23f-c0e1dc618cb1 tempest-TestVolumeBootPatternV346-1895018228 tempest-TestVolumeBootPatternV346-1895018228-project-member] Using url versioning {{(pid=103023) process_request /opt/stack/glance/glance/api/middleware/version_negotiation.py:57}}
Jul 29 13:07:40.771860 np0000006077 devstack@g-api.service[103023]: DEBUG glance.api.middleware.version_negotiation [None req-1f15a9fe-40d7-433d-a23f-c0e1dc618cb1 tempest-TestVolumeBootPatternV346-1895018228 tempest-TestVolumeBootPatternV346-1895018228-project-member] Matched version: v2 {{(pid=103023) process_request /opt/stack/glance/glance/api/middleware/version_negotiation.py:69}}
Jul 29 13:07:40.771860 np0000006077 devstack@g-api.service[103023]: DEBUG glance.api.middleware.version_negotiation [None req-1f15a9fe-40d7-433d-a23f-c0e1dc618cb1 tempest-TestVolumeBootPatternV346-1895018228 tempest-TestVolumeBootPatternV346-1895018228-project-member] new path /v2/schemas/image {{(pid=103023) process_request /opt/stack/glance/glance/api/middleware/version_negotiation.py:70}}
Jul 29 13:07:40.774494 np0000006077 devstack@g-api.service[103023]: [pid: 103023|app: 0|req: 74/292] 127.0.0.1 () {44 vars in 1055 bytes} [Wed Jul 29 13:07:40 2026] GET /v2/schemas/image => generated 6083 bytes in 3 msecs (HTTP/1.1 200) 4 headers in 158 bytes (1 switches on core 0)
Jul 29 13:07:40.783929 np0000006077 devstack@g-api.service[103025]: DEBUG glance.api.middleware.version_negotiation [None req-1f15a9fe-40d7-433d-a23f-c0e1dc618cb1 service glance] Determining version of request: GET /v2/schemas/image Accept: */* {{(pid=103025) process_request /opt/stack/glance/glance/api/middleware/version_negotiation.py:44}}
Jul 29 13:07:40.786866 np0000006077 devstack@g-api.service[103025]: DEBUG glance.api.middleware.version_negotiation [None req-1f15a9fe-40d7-433d-a23f-c0e1dc618cb1 service glance] Using url versioning {{(pid=103025) process_request /opt/stack/glance/glance/api/middleware/version_negotiation.py:57}}
Jul 29 13:07:40.786866 np0000006077 devstack@g-api.service[103025]: DEBUG glance.api.middleware.version_negotiation [None req-1f15a9fe-40d7-433d-a23f-c0e1dc618cb1 service glance] Matched version: v2 {{(pid=103025) process_request /opt/stack/glance/glance/api/middleware/version_negotiation.py:69}}
Jul 29 13:07:40.786866 np0000006077 devstack@g-api.service[103025]: DEBUG glance.api.middleware.version_negotiation [None req-1f15a9fe-40d7-433d-a23f-c0e1dc618cb1 service glance] new path /v2/schemas/image {{(pid=103025) process_request /opt/stack/glance/glance/api/middleware/version_negotiation.py:70}}
Jul 29 13:07:40.787583 np0000006077 devstack@g-api.service[103025]: [pid: 103025|app: 0|req: 76/293] 127.0.0.1 () {44 vars in 1055 bytes} [Wed Jul 29 13:07:40 2026] GET /v2/schemas/image => generated 6083 bytes in 4 msecs (HTTP/1.1 200) 4 headers in 158 bytes (1 switches on core 0)
Jul 29 13:07:41.085651 np0000006077 devstack@g-api.service[103024]: INFO glance.api.v2.image_data [None req-695e88be-c535-4741-81f8-1e89eaaf94da tempest-VolumesActionsTest-1147737146 tempest-VolumesActionsTest-1147737146-project-member] Unable to create trust: no such option collect_timing in group [keystone_authtoken] Use the existing user token.
Jul 29 13:07:41.376545 np0000006077 devstack@g-api.service[103022]: DEBUG glance.api.middleware.version_negotiation [None req-1f15a9fe-40d7-433d-a23f-c0e1dc618cb1 tempest-TestVolumeBootPatternV346-1895018228 tempest-TestVolumeBootPatternV346-1895018228-project-member] Determining version of request: GET /v2/images/19e07836-fba0-4a14-9c21-d45c5f17a1ad Accept: application/json {{(pid=103022) process_request /opt/stack/glance/glance/api/middleware/version_negotiation.py:44}}
Jul 29 13:07:41.376887 np0000006077 devstack@g-api.service[103022]: DEBUG glance.api.middleware.version_negotiation [None req-1f15a9fe-40d7-433d-a23f-c0e1dc618cb1 tempest-TestVolumeBootPatternV346-1895018228 tempest-TestVolumeBootPatternV346-1895018228-project-member] Using url versioning {{(pid=103022) process_request /opt/stack/glance/glance/api/middleware/version_negotiation.py:57}}
Jul 29 13:07:41.376887 np0000006077 devstack@g-api.service[103022]: DEBUG glance.api.middleware.version_negotiation [None req-1f15a9fe-40d7-433d-a23f-c0e1dc618cb1 tempest-TestVolumeBootPatternV346-1895018228 tempest-TestVolumeBootPatternV346-1895018228-project-member] Matched version: v2 {{(pid=103022) process_request /opt/stack/glance/glance/api/middleware/version_negotiation.py:69}}
Jul 29 13:07:41.376887 np0000006077 devstack@g-api.service[103022]: DEBUG glance.api.middleware.version_negotiation [None req-1f15a9fe-40d7-433d-a23f-c0e1dc618cb1 tempest-TestVolumeBootPatternV346-1895018228 tempest-TestVolumeBootPatternV346-1895018228-project-member] new path /v2/images/19e07836-fba0-4a14-9c21-d45c5f17a1ad {{(pid=103022) process_request /opt/stack/glance/glance/api/middleware/version_negotiation.py:70}}
Jul 29 13:07:41.384593 np0000006077 devstack@g-api.service[103022]: [pid: 103022|app: 0|req: 73/294] 127.0.0.1 () {40 vars in 838 bytes} [Wed Jul 29 13:07:41 2026] GET /v2/images/19e07836-fba0-4a14-9c21-d45c5f17a1ad => generated 648 bytes in 8 msecs (HTTP/1.1 200) 4 headers in 157 bytes (1 switches on core 0)
Jul 29 13:07:41.462252 np0000006077 devstack@g-api.service[103024]: DEBUG glance.location [None req-695e88be-c535-4741-81f8-1e89eaaf94da tempest-VolumesActionsTest-1147737146 tempest-VolumesActionsTest-1147737146-project-member] Enabling in-flight format inspection for raw {{(pid=103024) set_data /opt/stack/glance/glance/location.py:596}}
Jul 29 13:07:41.462637 np0000006077 devstack@g-api.service[103024]: DEBUG glance_store.backend [None req-695e88be-c535-4741-81f8-1e89eaaf94da tempest-VolumesActionsTest-1147737146 tempest-VolumesActionsTest-1147737146-project-member] Attempting to import store swift {{(pid=103024) _load_store /opt/stack/data/venv/lib/python3.12/site-packages/glance_store/backend.py:215}}
Jul 29 13:07:41.463887 np0000006077 devstack@g-api.service[103024]: DEBUG glance_store.capabilities [None req-695e88be-c535-4741-81f8-1e89eaaf94da tempest-VolumesActionsTest-1147737146 tempest-VolumesActionsTest-1147737146-project-member] Store glance_store._drivers.swift.store.SingleTenantStore doesn't support updating dynamic storage capabilities. Please overwrite 'update_capabilities' method of the store to implement updating logics if needed. {{(pid=103024) update_capabilities /opt/stack/data/venv/lib/python3.12/site-packages/glance_store/capabilities.py:91}}
Jul 29 13:07:41.463968 np0000006077 devstack@g-api.service[103024]: DEBUG glance_store.driver [None req-695e88be-c535-4741-81f8-1e89eaaf94da tempest-VolumesActionsTest-1147737146 tempest-VolumesActionsTest-1147737146-project-member] Late loading location class glance_store._drivers.swift.store.StoreLocation {{(pid=103024) get_store_location_class /opt/stack/data/venv/lib/python3.12/site-packages/glance_store/driver.py:134}}
Jul 29 13:07:41.464061 np0000006077 devstack@g-api.service[103024]: DEBUG glance_store.location [None req-695e88be-c535-4741-81f8-1e89eaaf94da tempest-VolumesActionsTest-1147737146 tempest-VolumesActionsTest-1147737146-project-member] Registering scheme swift+https with {'store': , 'location_class': , 'store_entry': 'swift'} {{(pid=103024) register_scheme_map /opt/stack/data/venv/lib/python3.12/site-packages/glance_store/location.py:146}}
Jul 29 13:07:41.464130 np0000006077 devstack@g-api.service[103024]: DEBUG glance_store.location [None req-695e88be-c535-4741-81f8-1e89eaaf94da tempest-VolumesActionsTest-1147737146 tempest-VolumesActionsTest-1147737146-project-member] Registering scheme swift+https with {'store': , 'location_class': , 'store_entry': 'swift'} {{(pid=103024) register_scheme_map /opt/stack/data/venv/lib/python3.12/site-packages/glance_store/location.py:146}}
Jul 29 13:07:41.464203 np0000006077 devstack@g-api.service[103024]: DEBUG glance_store.location [None req-695e88be-c535-4741-81f8-1e89eaaf94da tempest-VolumesActionsTest-1147737146 tempest-VolumesActionsTest-1147737146-project-member] Registering scheme swift with {'store': , 'location_class': , 'store_entry': 'swift'} {{(pid=103024) register_scheme_map /opt/stack/data/venv/lib/python3.12/site-packages/glance_store/location.py:146}}
Jul 29 13:07:41.464265 np0000006077 devstack@g-api.service[103024]: DEBUG glance_store.location [None req-695e88be-c535-4741-81f8-1e89eaaf94da tempest-VolumesActionsTest-1147737146 tempest-VolumesActionsTest-1147737146-project-member] Registering scheme swift+https with {'store': , 'location_class': , 'store_entry': 'swift'} {{(pid=103024) register_scheme_map /opt/stack/data/venv/lib/python3.12/site-packages/glance_store/location.py:146}}
Jul 29 13:07:41.464351 np0000006077 devstack@g-api.service[103024]: DEBUG glance_store.location [None req-695e88be-c535-4741-81f8-1e89eaaf94da tempest-VolumesActionsTest-1147737146 tempest-VolumesActionsTest-1147737146-project-member] Registering scheme swift with {'store': , 'location_class': , 'store_entry': 'swift'} {{(pid=103024) register_scheme_map /opt/stack/data/venv/lib/python3.12/site-packages/glance_store/location.py:146}}
Jul 29 13:07:41.464444 np0000006077 devstack@g-api.service[103024]: DEBUG glance_store.location [None req-695e88be-c535-4741-81f8-1e89eaaf94da tempest-VolumesActionsTest-1147737146 tempest-VolumesActionsTest-1147737146-project-member] Registering scheme swift+http with {'store': , 'location_class': , 'store_entry': 'swift'} {{(pid=103024) register_scheme_map /opt/stack/data/venv/lib/python3.12/site-packages/glance_store/location.py:146}}
Jul 29 13:07:41.464536 np0000006077 devstack@g-api.service[103024]: DEBUG glance_store.location [None req-695e88be-c535-4741-81f8-1e89eaaf94da tempest-VolumesActionsTest-1147737146 tempest-VolumesActionsTest-1147737146-project-member] Registering scheme swift+https with {'store': , 'location_class': , 'store_entry': 'swift'} {{(pid=103024) register_scheme_map /opt/stack/data/venv/lib/python3.12/site-packages/glance_store/location.py:146}}
Jul 29 13:07:41.464602 np0000006077 devstack@g-api.service[103024]: DEBUG glance_store.location [None req-695e88be-c535-4741-81f8-1e89eaaf94da tempest-VolumesActionsTest-1147737146 tempest-VolumesActionsTest-1147737146-project-member] Registering scheme swift with {'store': , 'location_class': , 'store_entry': 'swift'} {{(pid=103024) register_scheme_map /opt/stack/data/venv/lib/python3.12/site-packages/glance_store/location.py:146}}
Jul 29 13:07:41.464664 np0000006077 devstack@g-api.service[103024]: DEBUG glance_store.location [None req-695e88be-c535-4741-81f8-1e89eaaf94da tempest-VolumesActionsTest-1147737146 tempest-VolumesActionsTest-1147737146-project-member] Registering scheme swift+http with {'store': , 'location_class': , 'store_entry': 'swift'} {{(pid=103024) register_scheme_map /opt/stack/data/venv/lib/python3.12/site-packages/glance_store/location.py:146}}
Jul 29 13:07:41.464725 np0000006077 devstack@g-api.service[103024]: DEBUG glance_store.location [None req-695e88be-c535-4741-81f8-1e89eaaf94da tempest-VolumesActionsTest-1147737146 tempest-VolumesActionsTest-1147737146-project-member] Registering scheme swift+config with {'store': , 'location_class': , 'store_entry': 'swift'} {{(pid=103024) register_scheme_map /opt/stack/data/venv/lib/python3.12/site-packages/glance_store/location.py:146}}
Jul 29 13:07:41.646122 np0000006077 devstack@g-api.service[103024]: DEBUG swiftclient [None req-695e88be-c535-4741-81f8-1e89eaaf94da tempest-VolumesActionsTest-1147737146 tempest-VolumesActionsTest-1147737146-project-member] REQ: curl -i https://10.4.3.137:8080/v1/AUTH_d0cca2b9370843a2b600db9f9b139105/glance -I -H "X-Auth-Token: gAAAAABqafsdGH3e..." {{(pid=103024) http_log /opt/stack/data/venv/lib/python3.12/site-packages/swiftclient/client.py:160}}
Jul 29 13:07:41.646228 np0000006077 devstack@g-api.service[103024]: DEBUG swiftclient [None req-695e88be-c535-4741-81f8-1e89eaaf94da tempest-VolumesActionsTest-1147737146 tempest-VolumesActionsTest-1147737146-project-member] RESP STATUS: 204 No Content {{(pid=103024) http_log /opt/stack/data/venv/lib/python3.12/site-packages/swiftclient/client.py:161}}
Jul 29 13:07:41.646424 np0000006077 devstack@g-api.service[103024]: DEBUG swiftclient [None req-695e88be-c535-4741-81f8-1e89eaaf94da tempest-VolumesActionsTest-1147737146 tempest-VolumesActionsTest-1147737146-project-member] RESP HEADERS: {'Date': 'Wed, 29 Jul 2026 13:07:41 GMT', 'Server': 'Apache/2.4.58 (Ubuntu)', 'Content-Type': 'text/plain; charset=utf-8', 'X-Container-Object-Count': '5', 'X-Container-Bytes-Used': '86048768', 'X-Timestamp': '1785330124.86113', 'Last-Modified': 'Wed, 29 Jul 2026 13:02:05 GMT', 'Accept-Ranges': 'bytes', 'X-Storage-Policy': 'Policy-0', 'X-Container-Sharding': 'False', 'Vary': 'Accept', 'X-Trans-Id': 'txfd21ae1e8cc2449382f17-006a69fb1d', 'X-Openstack-Request-Id': 'txfd21ae1e8cc2449382f17-006a69fb1d', 'Connection': 'close'} {{(pid=103024) http_log /opt/stack/data/venv/lib/python3.12/site-packages/swiftclient/client.py:162}}
Jul 29 13:07:41.646637 np0000006077 devstack@g-api.service[103024]: DEBUG glance_store._drivers.swift.store [None req-695e88be-c535-4741-81f8-1e89eaaf94da tempest-VolumesActionsTest-1147737146 tempest-VolumesActionsTest-1147737146-project-member] Adding image object '19e07836-fba0-4a14-9c21-d45c5f17a1ad' to Swift {{(pid=103024) add /opt/stack/data/venv/lib/python3.12/site-packages/glance_store/_drivers/swift/store.py:970}}
Jul 29 13:07:41.646705 np0000006077 devstack@g-api.service[103024]: DEBUG glance_store._drivers.swift.store [None req-695e88be-c535-4741-81f8-1e89eaaf94da tempest-VolumesActionsTest-1147737146 tempest-VolumesActionsTest-1147737146-project-member] Cannot determine image size because it is either not provided in the request or chunked-transfer encoding is used. Adding image as a segmented object to Swift. {{(pid=103024) add /opt/stack/data/venv/lib/python3.12/site-packages/glance_store/_drivers/swift/store.py:994}}
Jul 29 13:07:41.654413 np0000006077 devstack@g-api.service[103024]: DEBUG oslo_utils.imageutils.format_inspector [None req-695e88be-c535-4741-81f8-1e89eaaf94da tempest-VolumesActionsTest-1147737146 tempest-VolumesActionsTest-1147737146-project-member] Format inspector for vmdk does not match, excluding from consideration (Signature KDMV not found: b'\x00\x00\x00\x00') {{(pid=103024) _process_chunk /opt/stack/data/venv/lib/python3.12/site-packages/oslo_utils/imageutils/format_inspector.py:1758}}
Jul 29 13:07:41.656722 np0000006077 devstack@g-api.service[103024]: DEBUG oslo_utils.imageutils.format_inspector [None req-695e88be-c535-4741-81f8-1e89eaaf94da tempest-VolumesActionsTest-1147737146 tempest-VolumesActionsTest-1147737146-project-member] Format inspector for vhdx does not match, excluding from consideration (Region signature not found at 30000) {{(pid=103024) _process_chunk /opt/stack/data/venv/lib/python3.12/site-packages/oslo_utils/imageutils/format_inspector.py:1758}}
Jul 29 13:07:42.394356 np0000006077 devstack@g-api.service[103023]: DEBUG glance.api.middleware.version_negotiation [None req-1f15a9fe-40d7-433d-a23f-c0e1dc618cb1 tempest-TestVolumeBootPatternV346-1895018228 tempest-TestVolumeBootPatternV346-1895018228-project-member] Determining version of request: GET /v2/images/19e07836-fba0-4a14-9c21-d45c5f17a1ad Accept: application/json {{(pid=103023) process_request /opt/stack/glance/glance/api/middleware/version_negotiation.py:44}}
Jul 29 13:07:42.394776 np0000006077 devstack@g-api.service[103023]: DEBUG glance.api.middleware.version_negotiation [None req-1f15a9fe-40d7-433d-a23f-c0e1dc618cb1 tempest-TestVolumeBootPatternV346-1895018228 tempest-TestVolumeBootPatternV346-1895018228-project-member] Using url versioning {{(pid=103023) process_request /opt/stack/glance/glance/api/middleware/version_negotiation.py:57}}
Jul 29 13:07:42.394776 np0000006077 devstack@g-api.service[103023]: DEBUG glance.api.middleware.version_negotiation [None req-1f15a9fe-40d7-433d-a23f-c0e1dc618cb1 tempest-TestVolumeBootPatternV346-1895018228 tempest-TestVolumeBootPatternV346-1895018228-project-member] Matched version: v2 {{(pid=103023) process_request /opt/stack/glance/glance/api/middleware/version_negotiation.py:69}}
Jul 29 13:07:42.394938 np0000006077 devstack@g-api.service[103023]: DEBUG glance.api.middleware.version_negotiation [None req-1f15a9fe-40d7-433d-a23f-c0e1dc618cb1 tempest-TestVolumeBootPatternV346-1895018228 tempest-TestVolumeBootPatternV346-1895018228-project-member] new path /v2/images/19e07836-fba0-4a14-9c21-d45c5f17a1ad {{(pid=103023) process_request /opt/stack/glance/glance/api/middleware/version_negotiation.py:70}}
Jul 29 13:07:42.418710 np0000006077 devstack@g-api.service[103023]: [pid: 103023|app: 0|req: 75/295] 127.0.0.1 () {40 vars in 838 bytes} [Wed Jul 29 13:07:42 2026] GET /v2/images/19e07836-fba0-4a14-9c21-d45c5f17a1ad => generated 648 bytes in 24 msecs (HTTP/1.1 200) 4 headers in 157 bytes (1 switches on core 0)
Jul 29 13:07:43.431193 np0000006077 devstack@g-api.service[103025]: DEBUG glance.api.middleware.version_negotiation [None req-1f15a9fe-40d7-433d-a23f-c0e1dc618cb1 tempest-TestVolumeBootPatternV346-1895018228 tempest-TestVolumeBootPatternV346-1895018228-project-member] Determining version of request: GET /v2/images/19e07836-fba0-4a14-9c21-d45c5f17a1ad Accept: application/json {{(pid=103025) process_request /opt/stack/glance/glance/api/middleware/version_negotiation.py:44}}
Jul 29 13:07:43.431663 np0000006077 devstack@g-api.service[103025]: DEBUG glance.api.middleware.version_negotiation [None req-1f15a9fe-40d7-433d-a23f-c0e1dc618cb1 tempest-TestVolumeBootPatternV346-1895018228 tempest-TestVolumeBootPatternV346-1895018228-project-member] Using url versioning {{(pid=103025) process_request /opt/stack/glance/glance/api/middleware/version_negotiation.py:57}}
Jul 29 13:07:43.431663 np0000006077 devstack@g-api.service[103025]: DEBUG glance.api.middleware.version_negotiation [None req-1f15a9fe-40d7-433d-a23f-c0e1dc618cb1 tempest-TestVolumeBootPatternV346-1895018228 tempest-TestVolumeBootPatternV346-1895018228-project-member] Matched version: v2 {{(pid=103025) process_request /opt/stack/glance/glance/api/middleware/version_negotiation.py:69}}
Jul 29 13:07:43.431796 np0000006077 devstack@g-api.service[103025]: DEBUG glance.api.middleware.version_negotiation [None req-1f15a9fe-40d7-433d-a23f-c0e1dc618cb1 tempest-TestVolumeBootPatternV346-1895018228 tempest-TestVolumeBootPatternV346-1895018228-project-member] new path /v2/images/19e07836-fba0-4a14-9c21-d45c5f17a1ad {{(pid=103025) process_request /opt/stack/glance/glance/api/middleware/version_negotiation.py:70}}
Jul 29 13:07:43.442724 np0000006077 devstack@g-api.service[103025]: [pid: 103025|app: 0|req: 77/296] 127.0.0.1 () {40 vars in 838 bytes} [Wed Jul 29 13:07:43 2026] GET /v2/images/19e07836-fba0-4a14-9c21-d45c5f17a1ad => generated 648 bytes in 12 msecs (HTTP/1.1 200) 4 headers in 157 bytes (1 switches on core 0)
Jul 29 13:07:43.530438 np0000006077 devstack@g-api.service[103024]: DEBUG swiftclient [None req-695e88be-c535-4741-81f8-1e89eaaf94da tempest-VolumesActionsTest-1147737146 tempest-VolumesActionsTest-1147737146-project-member] REQ: curl -i https://10.4.3.137:8080/v1/AUTH_d0cca2b9370843a2b600db9f9b139105/glance/19e07836-fba0-4a14-9c21-d45c5f17a1ad-00001 -X PUT -H "X-Auth-Token: gAAAAABqafsdGH3e..." {{(pid=103024) http_log /opt/stack/data/venv/lib/python3.12/site-packages/swiftclient/client.py:160}}
Jul 29 13:07:43.531064 np0000006077 devstack@g-api.service[103024]: DEBUG swiftclient [None req-695e88be-c535-4741-81f8-1e89eaaf94da tempest-VolumesActionsTest-1147737146 tempest-VolumesActionsTest-1147737146-project-member] RESP STATUS: 201 Created {{(pid=103024) http_log /opt/stack/data/venv/lib/python3.12/site-packages/swiftclient/client.py:161}}
Jul 29 13:07:43.531064 np0000006077 devstack@g-api.service[103024]: DEBUG swiftclient [None req-695e88be-c535-4741-81f8-1e89eaaf94da tempest-VolumesActionsTest-1147737146 tempest-VolumesActionsTest-1147737146-project-member] RESP HEADERS: {'Date': 'Wed, 29 Jul 2026 13:07:43 GMT', 'Server': 'Apache/2.4.58 (Ubuntu)', 'Content-Type': 'text/html; charset=UTF-8', 'Content-Length': '0', 'Etag': 'eda9a9889837ac4bc81d6387d92c1bec', 'Last-Modified': 'Wed, 29 Jul 2026 13:07:42 GMT', 'X-Trans-Id': 'tx3e9369ac0b7041e5bef18-006a69fb1d', 'X-Openstack-Request-Id': 'tx3e9369ac0b7041e5bef18-006a69fb1d', 'Connection': 'close'} {{(pid=103024) http_log /opt/stack/data/venv/lib/python3.12/site-packages/swiftclient/client.py:162}}
Jul 29 13:07:43.531064 np0000006077 devstack@g-api.service[103024]: DEBUG glance_store._drivers.swift.store [None req-695e88be-c535-4741-81f8-1e89eaaf94da tempest-VolumesActionsTest-1147737146 tempest-VolumesActionsTest-1147737146-project-member] Wrote chunk 19e07836-fba0-4a14-9c21-d45c5f17a1ad-00001 (1/?) of length 204800000 to Swift returning MD5 of content: eda9a9889837ac4bc81d6387d92c1bec {{(pid=103024) add /opt/stack/data/venv/lib/python3.12/site-packages/glance_store/_drivers/swift/store.py:1059}}
Jul 29 13:07:44.457955 np0000006077 devstack@g-api.service[103022]: DEBUG glance.api.middleware.version_negotiation [None req-656d0890-d88f-4a40-8b0f-4713bd38a112 tempest-VolumesActionsTest-1147737146 tempest-VolumesActionsTest-1147737146-project-member] Determining version of request: GET /v2/images/19e07836-fba0-4a14-9c21-d45c5f17a1ad Accept: application/json {{(pid=103022) process_request /opt/stack/glance/glance/api/middleware/version_negotiation.py:44}}
Jul 29 13:07:44.458281 np0000006077 devstack@g-api.service[103022]: DEBUG glance.api.middleware.version_negotiation [None req-656d0890-d88f-4a40-8b0f-4713bd38a112 tempest-VolumesActionsTest-1147737146 tempest-VolumesActionsTest-1147737146-project-member] Using url versioning {{(pid=103022) process_request /opt/stack/glance/glance/api/middleware/version_negotiation.py:57}}
Jul 29 13:07:44.458281 np0000006077 devstack@g-api.service[103022]: DEBUG glance.api.middleware.version_negotiation [None req-656d0890-d88f-4a40-8b0f-4713bd38a112 tempest-VolumesActionsTest-1147737146 tempest-VolumesActionsTest-1147737146-project-member] Matched version: v2 {{(pid=103022) process_request /opt/stack/glance/glance/api/middleware/version_negotiation.py:69}}
Jul 29 13:07:44.458334 np0000006077 devstack@g-api.service[103022]: DEBUG glance.api.middleware.version_negotiation [None req-656d0890-d88f-4a40-8b0f-4713bd38a112 tempest-VolumesActionsTest-1147737146 tempest-VolumesActionsTest-1147737146-project-member] new path /v2/images/19e07836-fba0-4a14-9c21-d45c5f17a1ad {{(pid=103022) process_request /opt/stack/glance/glance/api/middleware/version_negotiation.py:70}}
Jul 29 13:07:44.474370 np0000006077 devstack@g-api.service[103022]: [pid: 103022|app: 0|req: 74/297] 127.0.0.1 () {40 vars in 838 bytes} [Wed Jul 29 13:07:44 2026] GET /v2/images/19e07836-fba0-4a14-9c21-d45c5f17a1ad => generated 648 bytes in 17 msecs (HTTP/1.1 200) 4 headers in 157 bytes (1 switches on core 0)
Jul 29 13:07:45.439578 np0000006077 devstack@g-api.service[103024]: DEBUG swiftclient [None req-695e88be-c535-4741-81f8-1e89eaaf94da tempest-VolumesActionsTest-1147737146 tempest-VolumesActionsTest-1147737146-project-member] REQ: curl -i https://10.4.3.137:8080/v1/AUTH_d0cca2b9370843a2b600db9f9b139105/glance/19e07836-fba0-4a14-9c21-d45c5f17a1ad-00002 -X PUT -H "X-Auth-Token: gAAAAABqafsdGH3e..." {{(pid=103024) http_log /opt/stack/data/venv/lib/python3.12/site-packages/swiftclient/client.py:160}}
Jul 29 13:07:45.439814 np0000006077 devstack@g-api.service[103024]: DEBUG swiftclient [None req-695e88be-c535-4741-81f8-1e89eaaf94da tempest-VolumesActionsTest-1147737146 tempest-VolumesActionsTest-1147737146-project-member] RESP STATUS: 201 Created {{(pid=103024) http_log /opt/stack/data/venv/lib/python3.12/site-packages/swiftclient/client.py:161}}
Jul 29 13:07:45.439814 np0000006077 devstack@g-api.service[103024]: DEBUG swiftclient [None req-695e88be-c535-4741-81f8-1e89eaaf94da tempest-VolumesActionsTest-1147737146 tempest-VolumesActionsTest-1147737146-project-member] RESP HEADERS: {'Date': 'Wed, 29 Jul 2026 13:07:45 GMT', 'Server': 'Apache/2.4.58 (Ubuntu)', 'Content-Type': 'text/html; charset=UTF-8', 'Content-Length': '0', 'Etag': 'eda9a9889837ac4bc81d6387d92c1bec', 'Last-Modified': 'Wed, 29 Jul 2026 13:07:44 GMT', 'X-Trans-Id': 'tx38de60eaad314211b85e9-006a69fb1f', 'X-Openstack-Request-Id': 'tx38de60eaad314211b85e9-006a69fb1f', 'Connection': 'close'} {{(pid=103024) http_log /opt/stack/data/venv/lib/python3.12/site-packages/swiftclient/client.py:162}}
Jul 29 13:07:45.440240 np0000006077 devstack@g-api.service[103024]: DEBUG glance_store._drivers.swift.store [None req-695e88be-c535-4741-81f8-1e89eaaf94da tempest-VolumesActionsTest-1147737146 tempest-VolumesActionsTest-1147737146-project-member] Wrote chunk 19e07836-fba0-4a14-9c21-d45c5f17a1ad-00002 (2/?) of length 204800000 to Swift returning MD5 of content: eda9a9889837ac4bc81d6387d92c1bec {{(pid=103024) add /opt/stack/data/venv/lib/python3.12/site-packages/glance_store/_drivers/swift/store.py:1059}}
Jul 29 13:07:45.488015 np0000006077 devstack@g-api.service[103023]: DEBUG glance.api.middleware.version_negotiation [None req-54459142-cc14-4ba8-9c96-91fcbccce4e0 tempest-VolumesActionsTest-1147737146 tempest-VolumesActionsTest-1147737146-project-member] Determining version of request: GET /v2/images/19e07836-fba0-4a14-9c21-d45c5f17a1ad Accept: application/json {{(pid=103023) process_request /opt/stack/glance/glance/api/middleware/version_negotiation.py:44}}
Jul 29 13:07:45.488347 np0000006077 devstack@g-api.service[103023]: DEBUG glance.api.middleware.version_negotiation [None req-54459142-cc14-4ba8-9c96-91fcbccce4e0 tempest-VolumesActionsTest-1147737146 tempest-VolumesActionsTest-1147737146-project-member] Using url versioning {{(pid=103023) process_request /opt/stack/glance/glance/api/middleware/version_negotiation.py:57}}
Jul 29 13:07:45.488347 np0000006077 devstack@g-api.service[103023]: DEBUG glance.api.middleware.version_negotiation [None req-54459142-cc14-4ba8-9c96-91fcbccce4e0 tempest-VolumesActionsTest-1147737146 tempest-VolumesActionsTest-1147737146-project-member] Matched version: v2 {{(pid=103023) process_request /opt/stack/glance/glance/api/middleware/version_negotiation.py:69}}
Jul 29 13:07:45.488347 np0000006077 devstack@g-api.service[103023]: DEBUG glance.api.middleware.version_negotiation [None req-54459142-cc14-4ba8-9c96-91fcbccce4e0 tempest-VolumesActionsTest-1147737146 tempest-VolumesActionsTest-1147737146-project-member] new path /v2/images/19e07836-fba0-4a14-9c21-d45c5f17a1ad {{(pid=103023) process_request /opt/stack/glance/glance/api/middleware/version_negotiation.py:70}}
Jul 29 13:07:45.504159 np0000006077 devstack@g-api.service[103023]: [pid: 103023|app: 0|req: 76/298] 127.0.0.1 () {40 vars in 838 bytes} [Wed Jul 29 13:07:45 2026] GET /v2/images/19e07836-fba0-4a14-9c21-d45c5f17a1ad => generated 648 bytes in 16 msecs (HTTP/1.1 200) 4 headers in 157 bytes (1 switches on core 0)
Jul 29 13:07:45.743127 np0000006077 devstack@g-api.service[103025]: DEBUG glance.api.middleware.version_negotiation [None req-70c1c1a2-26d7-4f04-afa2-37485c2f4130 tempest-VolumesActionsTest-1147737146 tempest-VolumesActionsTest-1147737146-project-member] Determining version of request: GET /v2/images/98907435-9f82-433b-ae8f-2ca62f99a1d1 Accept: */* {{(pid=103025) process_request /opt/stack/glance/glance/api/middleware/version_negotiation.py:44}}
Jul 29 13:07:45.743556 np0000006077 devstack@g-api.service[103025]: DEBUG glance.api.middleware.version_negotiation [None req-70c1c1a2-26d7-4f04-afa2-37485c2f4130 tempest-VolumesActionsTest-1147737146 tempest-VolumesActionsTest-1147737146-project-member] Using url versioning {{(pid=103025) process_request /opt/stack/glance/glance/api/middleware/version_negotiation.py:57}}
Jul 29 13:07:45.743556 np0000006077 devstack@g-api.service[103025]: DEBUG glance.api.middleware.version_negotiation [None req-70c1c1a2-26d7-4f04-afa2-37485c2f4130 tempest-VolumesActionsTest-1147737146 tempest-VolumesActionsTest-1147737146-project-member] Matched version: v2 {{(pid=103025) process_request /opt/stack/glance/glance/api/middleware/version_negotiation.py:69}}
Jul 29 13:07:45.745747 np0000006077 devstack@g-api.service[103025]: DEBUG glance.api.middleware.version_negotiation [None req-70c1c1a2-26d7-4f04-afa2-37485c2f4130 tempest-VolumesActionsTest-1147737146 tempest-VolumesActionsTest-1147737146-project-member] new path /v2/images/98907435-9f82-433b-ae8f-2ca62f99a1d1 {{(pid=103025) process_request /opt/stack/glance/glance/api/middleware/version_negotiation.py:70}}
Jul 29 13:07:45.761188 np0000006077 devstack@g-api.service[103025]: [pid: 103025|app: 0|req: 78/299] 127.0.0.1 () {44 vars in 1115 bytes} [Wed Jul 29 13:07:45 2026] GET /v2/images/98907435-9f82-433b-ae8f-2ca62f99a1d1 => generated 1044 bytes in 18 msecs (HTTP/1.1 200) 4 headers in 158 bytes (1 switches on core 0)
Jul 29 13:07:45.821330 np0000006077 devstack@g-api.service[103022]: DEBUG glance.api.middleware.version_negotiation [None req-2208b11a-a51a-4cf0-ab43-0cf7c8be59eb tempest-VolumesActionsTest-1147737146 tempest-VolumesActionsTest-1147737146-project-member] Determining version of request: GET /v2/schemas/image Accept: */* {{(pid=103022) process_request /opt/stack/glance/glance/api/middleware/version_negotiation.py:44}}
Jul 29 13:07:45.821330 np0000006077 devstack@g-api.service[103022]: DEBUG glance.api.middleware.version_negotiation [None req-2208b11a-a51a-4cf0-ab43-0cf7c8be59eb tempest-VolumesActionsTest-1147737146 tempest-VolumesActionsTest-1147737146-project-member] Using url versioning {{(pid=103022) process_request /opt/stack/glance/glance/api/middleware/version_negotiation.py:57}}
Jul 29 13:07:45.821330 np0000006077 devstack@g-api.service[103022]: DEBUG glance.api.middleware.version_negotiation [None req-2208b11a-a51a-4cf0-ab43-0cf7c8be59eb tempest-VolumesActionsTest-1147737146 tempest-VolumesActionsTest-1147737146-project-member] Matched version: v2 {{(pid=103022) process_request /opt/stack/glance/glance/api/middleware/version_negotiation.py:69}}
Jul 29 13:07:45.821330 np0000006077 devstack@g-api.service[103022]: DEBUG glance.api.middleware.version_negotiation [None req-2208b11a-a51a-4cf0-ab43-0cf7c8be59eb tempest-VolumesActionsTest-1147737146 tempest-VolumesActionsTest-1147737146-project-member] new path /v2/schemas/image {{(pid=103022) process_request /opt/stack/glance/glance/api/middleware/version_negotiation.py:70}}
Jul 29 13:07:45.826231 np0000006077 devstack@g-api.service[103022]: [pid: 103022|app: 0|req: 75/300] 127.0.0.1 () {44 vars in 1055 bytes} [Wed Jul 29 13:07:45 2026] GET /v2/schemas/image => generated 6083 bytes in 6 msecs (HTTP/1.1 200) 4 headers in 158 bytes (1 switches on core 0)
Jul 29 13:07:46.517810 np0000006077 devstack@g-api.service[103023]: DEBUG glance.api.middleware.version_negotiation [None req-f1a7a547-3426-4238-82f1-e5d7a25f49ef tempest-VolumesActionsTest-1147737146 tempest-VolumesActionsTest-1147737146-project-member] Determining version of request: GET /v2/images/19e07836-fba0-4a14-9c21-d45c5f17a1ad Accept: application/json {{(pid=103023) process_request /opt/stack/glance/glance/api/middleware/version_negotiation.py:44}}
Jul 29 13:07:46.518173 np0000006077 devstack@g-api.service[103023]: DEBUG glance.api.middleware.version_negotiation [None req-f1a7a547-3426-4238-82f1-e5d7a25f49ef tempest-VolumesActionsTest-1147737146 tempest-VolumesActionsTest-1147737146-project-member] Using url versioning {{(pid=103023) process_request /opt/stack/glance/glance/api/middleware/version_negotiation.py:57}}
Jul 29 13:07:46.518358 np0000006077 devstack@g-api.service[103023]: DEBUG glance.api.middleware.version_negotiation [None req-f1a7a547-3426-4238-82f1-e5d7a25f49ef tempest-VolumesActionsTest-1147737146 tempest-VolumesActionsTest-1147737146-project-member] Matched version: v2 {{(pid=103023) process_request /opt/stack/glance/glance/api/middleware/version_negotiation.py:69}}
Jul 29 13:07:46.518358 np0000006077 devstack@g-api.service[103023]: DEBUG glance.api.middleware.version_negotiation [None req-f1a7a547-3426-4238-82f1-e5d7a25f49ef tempest-VolumesActionsTest-1147737146 tempest-VolumesActionsTest-1147737146-project-member] new path /v2/images/19e07836-fba0-4a14-9c21-d45c5f17a1ad {{(pid=103023) process_request /opt/stack/glance/glance/api/middleware/version_negotiation.py:70}}
Jul 29 13:07:46.530540 np0000006077 devstack@g-api.service[103023]: [pid: 103023|app: 0|req: 77/301] 127.0.0.1 () {40 vars in 838 bytes} [Wed Jul 29 13:07:46 2026] GET /v2/images/19e07836-fba0-4a14-9c21-d45c5f17a1ad => generated 648 bytes in 13 msecs (HTTP/1.1 200) 4 headers in 157 bytes (1 switches on core 0)
Jul 29 13:07:47.330049 np0000006077 devstack@g-api.service[103024]: DEBUG swiftclient [None req-695e88be-c535-4741-81f8-1e89eaaf94da tempest-VolumesActionsTest-1147737146 tempest-VolumesActionsTest-1147737146-project-member] REQ: curl -i https://10.4.3.137:8080/v1/AUTH_d0cca2b9370843a2b600db9f9b139105/glance/19e07836-fba0-4a14-9c21-d45c5f17a1ad-00003 -X PUT -H "X-Auth-Token: gAAAAABqafsdGH3e..." {{(pid=103024) http_log /opt/stack/data/venv/lib/python3.12/site-packages/swiftclient/client.py:160}}
Jul 29 13:07:47.330279 np0000006077 devstack@g-api.service[103024]: DEBUG swiftclient [None req-695e88be-c535-4741-81f8-1e89eaaf94da tempest-VolumesActionsTest-1147737146 tempest-VolumesActionsTest-1147737146-project-member] RESP STATUS: 201 Created {{(pid=103024) http_log /opt/stack/data/venv/lib/python3.12/site-packages/swiftclient/client.py:161}}
Jul 29 13:07:47.330279 np0000006077 devstack@g-api.service[103024]: DEBUG swiftclient [None req-695e88be-c535-4741-81f8-1e89eaaf94da tempest-VolumesActionsTest-1147737146 tempest-VolumesActionsTest-1147737146-project-member] RESP HEADERS: {'Date': 'Wed, 29 Jul 2026 13:07:47 GMT', 'Server': 'Apache/2.4.58 (Ubuntu)', 'Content-Type': 'text/html; charset=UTF-8', 'Content-Length': '0', 'Etag': 'eda9a9889837ac4bc81d6387d92c1bec', 'Last-Modified': 'Wed, 29 Jul 2026 13:07:46 GMT', 'X-Trans-Id': 'tx93e8bbbd7af74065b3fc7-006a69fb21', 'X-Openstack-Request-Id': 'tx93e8bbbd7af74065b3fc7-006a69fb21', 'Connection': 'close'} {{(pid=103024) http_log /opt/stack/data/venv/lib/python3.12/site-packages/swiftclient/client.py:162}}
Jul 29 13:07:47.330386 np0000006077 devstack@g-api.service[103024]: DEBUG glance_store._drivers.swift.store [None req-695e88be-c535-4741-81f8-1e89eaaf94da tempest-VolumesActionsTest-1147737146 tempest-VolumesActionsTest-1147737146-project-member] Wrote chunk 19e07836-fba0-4a14-9c21-d45c5f17a1ad-00003 (3/?) of length 204800000 to Swift returning MD5 of content: eda9a9889837ac4bc81d6387d92c1bec {{(pid=103024) add /opt/stack/data/venv/lib/python3.12/site-packages/glance_store/_drivers/swift/store.py:1059}}
Jul 29 13:07:47.378499 np0000006077 devstack@g-api.service[103025]: DEBUG glance.api.middleware.version_negotiation [None req-ece7bcf9-953e-45b4-a22e-03997207323b tempest-ServerRescueNegativeTestJSON-251337730 tempest-ServerRescueNegativeTestJSON-251337730-project-member] Determining version of request: GET /v2/images/98907435-9f82-433b-ae8f-2ca62f99a1d1 Accept: application/json {{(pid=103025) process_request /opt/stack/glance/glance/api/middleware/version_negotiation.py:44}}
Jul 29 13:07:47.378789 np0000006077 devstack@g-api.service[103025]: DEBUG glance.api.middleware.version_negotiation [None req-ece7bcf9-953e-45b4-a22e-03997207323b tempest-ServerRescueNegativeTestJSON-251337730 tempest-ServerRescueNegativeTestJSON-251337730-project-member] Using url versioning {{(pid=103025) process_request /opt/stack/glance/glance/api/middleware/version_negotiation.py:57}}
Jul 29 13:07:47.379130 np0000006077 devstack@g-api.service[103025]: DEBUG glance.api.middleware.version_negotiation [None req-ece7bcf9-953e-45b4-a22e-03997207323b tempest-ServerRescueNegativeTestJSON-251337730 tempest-ServerRescueNegativeTestJSON-251337730-project-member] Matched version: v2 {{(pid=103025) process_request /opt/stack/glance/glance/api/middleware/version_negotiation.py:69}}
Jul 29 13:07:47.379130 np0000006077 devstack@g-api.service[103025]: DEBUG glance.api.middleware.version_negotiation [None req-ece7bcf9-953e-45b4-a22e-03997207323b tempest-ServerRescueNegativeTestJSON-251337730 tempest-ServerRescueNegativeTestJSON-251337730-project-member] new path /v2/images/98907435-9f82-433b-ae8f-2ca62f99a1d1 {{(pid=103025) process_request /opt/stack/glance/glance/api/middleware/version_negotiation.py:70}}
Jul 29 13:07:47.392504 np0000006077 devstack@g-api.service[103025]: [pid: 103025|app: 0|req: 79/302] 127.0.0.1 () {40 vars in 838 bytes} [Wed Jul 29 13:07:47 2026] GET /v2/images/98907435-9f82-433b-ae8f-2ca62f99a1d1 => generated 1044 bytes in 14 msecs (HTTP/1.1 200) 4 headers in 158 bytes (1 switches on core 0)
Jul 29 13:07:47.415804 np0000006077 devstack@g-api.service[103022]: DEBUG glance.api.middleware.version_negotiation [None req-ece7bcf9-953e-45b4-a22e-03997207323b tempest-ServerRescueNegativeTestJSON-251337730 tempest-ServerRescueNegativeTestJSON-251337730-project-member] Determining version of request: GET /v2/images/98907435-9f82-433b-ae8f-2ca62f99a1d1 Accept: */* {{(pid=103022) process_request /opt/stack/glance/glance/api/middleware/version_negotiation.py:44}}
Jul 29 13:07:47.415804 np0000006077 devstack@g-api.service[103022]: DEBUG glance.api.middleware.version_negotiation [None req-ece7bcf9-953e-45b4-a22e-03997207323b tempest-ServerRescueNegativeTestJSON-251337730 tempest-ServerRescueNegativeTestJSON-251337730-project-member] Using url versioning {{(pid=103022) process_request /opt/stack/glance/glance/api/middleware/version_negotiation.py:57}}
Jul 29 13:07:47.415804 np0000006077 devstack@g-api.service[103022]: DEBUG glance.api.middleware.version_negotiation [None req-ece7bcf9-953e-45b4-a22e-03997207323b tempest-ServerRescueNegativeTestJSON-251337730 tempest-ServerRescueNegativeTestJSON-251337730-project-member] Matched version: v2 {{(pid=103022) process_request /opt/stack/glance/glance/api/middleware/version_negotiation.py:69}}
Jul 29 13:07:47.415804 np0000006077 devstack@g-api.service[103022]: DEBUG glance.api.middleware.version_negotiation [None req-ece7bcf9-953e-45b4-a22e-03997207323b tempest-ServerRescueNegativeTestJSON-251337730 tempest-ServerRescueNegativeTestJSON-251337730-project-member] new path /v2/images/98907435-9f82-433b-ae8f-2ca62f99a1d1 {{(pid=103022) process_request /opt/stack/glance/glance/api/middleware/version_negotiation.py:70}}
Jul 29 13:07:47.428355 np0000006077 devstack@g-api.service[103022]: [pid: 103022|app: 0|req: 76/303] 127.0.0.1 () {44 vars in 1115 bytes} [Wed Jul 29 13:07:47 2026] GET /v2/images/98907435-9f82-433b-ae8f-2ca62f99a1d1 => generated 1044 bytes in 15 msecs (HTTP/1.1 200) 4 headers in 158 bytes (1 switches on core 0)
Jul 29 13:07:47.439213 np0000006077 devstack@g-api.service[103023]: DEBUG glance.api.middleware.version_negotiation [None req-e071e318-dd10-4c19-b08c-9adb16b6e2cb tempest-VolumesActionsTest-1147737146 tempest-VolumesActionsTest-1147737146-project-member] Determining version of request: GET /v2/schemas/image Accept: */* {{(pid=103023) process_request /opt/stack/glance/glance/api/middleware/version_negotiation.py:44}}
Jul 29 13:07:47.439213 np0000006077 devstack@g-api.service[103023]: DEBUG glance.api.middleware.version_negotiation [None req-e071e318-dd10-4c19-b08c-9adb16b6e2cb tempest-VolumesActionsTest-1147737146 tempest-VolumesActionsTest-1147737146-project-member] Using url versioning {{(pid=103023) process_request /opt/stack/glance/glance/api/middleware/version_negotiation.py:57}}
Jul 29 13:07:47.439213 np0000006077 devstack@g-api.service[103023]: DEBUG glance.api.middleware.version_negotiation [None req-e071e318-dd10-4c19-b08c-9adb16b6e2cb tempest-VolumesActionsTest-1147737146 tempest-VolumesActionsTest-1147737146-project-member] Matched version: v2 {{(pid=103023) process_request /opt/stack/glance/glance/api/middleware/version_negotiation.py:69}}
Jul 29 13:07:47.439213 np0000006077 devstack@g-api.service[103023]: DEBUG glance.api.middleware.version_negotiation [None req-e071e318-dd10-4c19-b08c-9adb16b6e2cb tempest-VolumesActionsTest-1147737146 tempest-VolumesActionsTest-1147737146-project-member] new path /v2/schemas/image {{(pid=103023) process_request /opt/stack/glance/glance/api/middleware/version_negotiation.py:70}}
Jul 29 13:07:47.441941 np0000006077 devstack@g-api.service[103023]: [pid: 103023|app: 0|req: 78/304] 127.0.0.1 () {44 vars in 1055 bytes} [Wed Jul 29 13:07:47 2026] GET /v2/schemas/image => generated 6083 bytes in 4 msecs (HTTP/1.1 200) 4 headers in 158 bytes (1 switches on core 0)
Jul 29 13:07:47.450516 np0000006077 devstack@g-api.service[103025]: DEBUG glance.api.middleware.version_negotiation [None req-f7721e53-28e2-4882-a2b7-c88175eb5919 tempest-VolumesSnapshotTestJSON-215545493 tempest-VolumesSnapshotTestJSON-215545493-project-member] Determining version of request: GET /v2/schemas/image Accept: */* {{(pid=103025) process_request /opt/stack/glance/glance/api/middleware/version_negotiation.py:44}}
Jul 29 13:07:47.450732 np0000006077 devstack@g-api.service[103025]: DEBUG glance.api.middleware.version_negotiation [None req-f7721e53-28e2-4882-a2b7-c88175eb5919 tempest-VolumesSnapshotTestJSON-215545493 tempest-VolumesSnapshotTestJSON-215545493-project-member] Using url versioning {{(pid=103025) process_request /opt/stack/glance/glance/api/middleware/version_negotiation.py:57}}
Jul 29 13:07:47.450890 np0000006077 devstack@g-api.service[103025]: DEBUG glance.api.middleware.version_negotiation [None req-f7721e53-28e2-4882-a2b7-c88175eb5919 tempest-VolumesSnapshotTestJSON-215545493 tempest-VolumesSnapshotTestJSON-215545493-project-member] Matched version: v2 {{(pid=103025) process_request /opt/stack/glance/glance/api/middleware/version_negotiation.py:69}}
Jul 29 13:07:47.451008 np0000006077 devstack@g-api.service[103025]: DEBUG glance.api.middleware.version_negotiation [None req-f7721e53-28e2-4882-a2b7-c88175eb5919 tempest-VolumesSnapshotTestJSON-215545493 tempest-VolumesSnapshotTestJSON-215545493-project-member] new path /v2/schemas/image {{(pid=103025) process_request /opt/stack/glance/glance/api/middleware/version_negotiation.py:70}}
Jul 29 13:07:47.453785 np0000006077 devstack@g-api.service[103025]: [pid: 103025|app: 0|req: 80/305] 127.0.0.1 () {44 vars in 1055 bytes} [Wed Jul 29 13:07:47 2026] GET /v2/schemas/image => generated 6083 bytes in 3 msecs (HTTP/1.1 200) 4 headers in 158 bytes (1 switches on core 0)
Jul 29 13:07:47.466635 np0000006077 devstack@g-api.service[103022]: DEBUG glance.api.middleware.version_negotiation [None req-e8216c63-55a2-4206-9c49-0d88d5484ca8 tempest-VolumesSnapshotTestJSON-215545493 tempest-VolumesSnapshotTestJSON-215545493-project-member] Determining version of request: GET /v2/images/98907435-9f82-433b-ae8f-2ca62f99a1d1 Accept: */* {{(pid=103022) process_request /opt/stack/glance/glance/api/middleware/version_negotiation.py:44}}
Jul 29 13:07:47.466763 np0000006077 devstack@g-api.service[103022]: DEBUG glance.api.middleware.version_negotiation [None req-e8216c63-55a2-4206-9c49-0d88d5484ca8 tempest-VolumesSnapshotTestJSON-215545493 tempest-VolumesSnapshotTestJSON-215545493-project-member] Using url versioning {{(pid=103022) process_request /opt/stack/glance/glance/api/middleware/version_negotiation.py:57}}
Jul 29 13:07:47.467076 np0000006077 devstack@g-api.service[103022]: DEBUG glance.api.middleware.version_negotiation [None req-e8216c63-55a2-4206-9c49-0d88d5484ca8 tempest-VolumesSnapshotTestJSON-215545493 tempest-VolumesSnapshotTestJSON-215545493-project-member] Matched version: v2 {{(pid=103022) process_request /opt/stack/glance/glance/api/middleware/version_negotiation.py:69}}
Jul 29 13:07:47.467076 np0000006077 devstack@g-api.service[103022]: DEBUG glance.api.middleware.version_negotiation [None req-e8216c63-55a2-4206-9c49-0d88d5484ca8 tempest-VolumesSnapshotTestJSON-215545493 tempest-VolumesSnapshotTestJSON-215545493-project-member] new path /v2/images/98907435-9f82-433b-ae8f-2ca62f99a1d1 {{(pid=103022) process_request /opt/stack/glance/glance/api/middleware/version_negotiation.py:70}}
