Jul 29 13:03:56.622404 np0000006077 devstack@g-api.service[103022]: DEBUG glance.api.middleware.version_negotiation [None req-e4418f7f-b2ef-4815-89fc-4a128616b62d tempest-ServerActionsV293TestJSON-190259965 tempest-ServerActionsV293TestJSON-190259965-project-member] Using url versioning {{(pid=103022) process_request /opt/stack/glance/glance/api/middleware/version_negotiation.py:57}}
Jul 29 13:03:56.622404 np0000006077 devstack@g-api.service[103022]: DEBUG glance.api.middleware.version_negotiation [None req-e4418f7f-b2ef-4815-89fc-4a128616b62d tempest-ServerActionsV293TestJSON-190259965 tempest-ServerActionsV293TestJSON-190259965-project-member] Matched version: v2 {{(pid=103022) process_request /opt/stack/glance/glance/api/middleware/version_negotiation.py:69}}
Jul 29 13:03:56.622404 np0000006077 devstack@g-api.service[103022]: DEBUG glance.api.middleware.version_negotiation [None req-e4418f7f-b2ef-4815-89fc-4a128616b62d tempest-ServerActionsV293TestJSON-190259965 tempest-ServerActionsV293TestJSON-190259965-project-member] new path /v2/images/98907435-9f82-433b-ae8f-2ca62f99a1d1/file {{(pid=103022) process_request /opt/stack/glance/glance/api/middleware/version_negotiation.py:70}}
Jul 29 13:03:56.863895 np0000006077 devstack@g-api.service[103022]: DEBUG glance.api.middleware.cache [None req-dd2f3b71-cf01-4900-a1ba-e2440d90ce47 tempest-AttachSCSIVolumeTestJSON-624529086 tempest-AttachSCSIVolumeTestJSON-624529086-project-admin] Cache hit for image '98907435-9f82-433b-ae8f-2ca62f99a1d1' {{(pid=103022) process_request /opt/stack/glance/glance/api/middleware/cache.py:160}}
Jul 29 13:03:56.875955 np0000006077 devstack@g-api.service[103023]: DEBUG glance.api.middleware.version_negotiation [None req-e4418f7f-b2ef-4815-89fc-4a128616b62d tempest-ServerActionsV293TestJSON-190259965 tempest-ServerActionsV293TestJSON-190259965-project-member] Determining version of request: POST /v2/images Accept: application/json {{(pid=103023) process_request /opt/stack/glance/glance/api/middleware/version_negotiation.py:44}}
Jul 29 13:03:56.876250 np0000006077 devstack@g-api.service[103023]: DEBUG glance.api.middleware.version_negotiation [None req-e4418f7f-b2ef-4815-89fc-4a128616b62d tempest-ServerActionsV293TestJSON-190259965 tempest-ServerActionsV293TestJSON-190259965-project-member] Using url versioning {{(pid=103023) process_request /opt/stack/glance/glance/api/middleware/version_negotiation.py:57}}
Jul 29 13:03:56.876250 np0000006077 devstack@g-api.service[103023]: DEBUG glance.api.middleware.version_negotiation [None req-e4418f7f-b2ef-4815-89fc-4a128616b62d tempest-ServerActionsV293TestJSON-190259965 tempest-ServerActionsV293TestJSON-190259965-project-member] Matched version: v2 {{(pid=103023) process_request /opt/stack/glance/glance/api/middleware/version_negotiation.py:69}}
Jul 29 13:03:56.876299 np0000006077 devstack@g-api.service[103023]: DEBUG glance.api.middleware.version_negotiation [None req-e4418f7f-b2ef-4815-89fc-4a128616b62d tempest-ServerActionsV293TestJSON-190259965 tempest-ServerActionsV293TestJSON-190259965-project-member] new path /v2/images {{(pid=103023) process_request /opt/stack/glance/glance/api/middleware/version_negotiation.py:70}}
Jul 29 13:03:57.088071 np0000006077 devstack@g-api.service[103024]: DEBUG glance.api.middleware.version_negotiation [None req-e4418f7f-b2ef-4815-89fc-4a128616b62d tempest-ServerActionsV293TestJSON-190259965 tempest-ServerActionsV293TestJSON-190259965-project-member] Determining version of request: GET /v2/images/98907435-9f82-433b-ae8f-2ca62f99a1d1 Accept: */* {{(pid=103024) process_request /opt/stack/glance/glance/api/middleware/version_negotiation.py:44}}
Jul 29 13:03:57.088413 np0000006077 devstack@g-api.service[103024]: DEBUG glance.api.middleware.version_negotiation [None req-e4418f7f-b2ef-4815-89fc-4a128616b62d tempest-ServerActionsV293TestJSON-190259965 tempest-ServerActionsV293TestJSON-190259965-project-member] Using url versioning {{(pid=103024) process_request /opt/stack/glance/glance/api/middleware/version_negotiation.py:57}}
Jul 29 13:03:57.088413 np0000006077 devstack@g-api.service[103024]: DEBUG glance.api.middleware.version_negotiation [None req-e4418f7f-b2ef-4815-89fc-4a128616b62d tempest-ServerActionsV293TestJSON-190259965 tempest-ServerActionsV293TestJSON-190259965-project-member] Matched version: v2 {{(pid=103024) process_request /opt/stack/glance/glance/api/middleware/version_negotiation.py:69}}
Jul 29 13:03:57.088585 np0000006077 devstack@g-api.service[103024]: DEBUG glance.api.middleware.version_negotiation [None req-e4418f7f-b2ef-4815-89fc-4a128616b62d tempest-ServerActionsV293TestJSON-190259965 tempest-ServerActionsV293TestJSON-190259965-project-member] new path /v2/images/98907435-9f82-433b-ae8f-2ca62f99a1d1 {{(pid=103024) process_request /opt/stack/glance/glance/api/middleware/version_negotiation.py:70}}
Jul 29 13:03:57.105758 np0000006077 devstack@g-api.service[103024]: [pid: 103024|app: 0|req: 10/39] 127.0.0.1 () {44 vars in 1115 bytes} [Wed Jul 29 13:03:57 2026] GET /v2/images/98907435-9f82-433b-ae8f-2ca62f99a1d1 => generated 1044 bytes in 21 msecs (HTTP/1.1 200) 4 headers in 158 bytes (1 switches on core 0)
Jul 29 13:03:57.114684 np0000006077 devstack@g-api.service[103025]: DEBUG glance.api.middleware.version_negotiation [None req-652bfe32-446e-487c-ab15-5b80aba59b5e tempest-AttachSCSIVolumeTestJSON-118858772 tempest-AttachSCSIVolumeTestJSON-118858772-project-reader] Determining version of request: GET /v2/schemas/image Accept: */* {{(pid=103025) process_request /opt/stack/glance/glance/api/middleware/version_negotiation.py:44}}
Jul 29 13:03:57.114803 np0000006077 devstack@g-api.service[103025]: DEBUG glance.api.middleware.version_negotiation [None req-652bfe32-446e-487c-ab15-5b80aba59b5e tempest-AttachSCSIVolumeTestJSON-118858772 tempest-AttachSCSIVolumeTestJSON-118858772-project-reader] Using url versioning {{(pid=103025) process_request /opt/stack/glance/glance/api/middleware/version_negotiation.py:57}}
Jul 29 13:03:57.114895 np0000006077 devstack@g-api.service[103025]: DEBUG glance.api.middleware.version_negotiation [None req-652bfe32-446e-487c-ab15-5b80aba59b5e tempest-AttachSCSIVolumeTestJSON-118858772 tempest-AttachSCSIVolumeTestJSON-118858772-project-reader] Matched version: v2 {{(pid=103025) process_request /opt/stack/glance/glance/api/middleware/version_negotiation.py:69}}
Jul 29 13:03:57.114981 np0000006077 devstack@g-api.service[103025]: DEBUG glance.api.middleware.version_negotiation [None req-652bfe32-446e-487c-ab15-5b80aba59b5e tempest-AttachSCSIVolumeTestJSON-118858772 tempest-AttachSCSIVolumeTestJSON-118858772-project-reader] new path /v2/schemas/image {{(pid=103025) process_request /opt/stack/glance/glance/api/middleware/version_negotiation.py:70}}
Jul 29 13:03:57.117508 np0000006077 devstack@g-api.service[103025]: [pid: 103025|app: 0|req: 12/40] 127.0.0.1 () {44 vars in 1055 bytes} [Wed Jul 29 13:03:57 2026] GET /v2/schemas/image => generated 6083 bytes in 3 msecs (HTTP/1.1 200) 4 headers in 158 bytes (1 switches on core 0)
Jul 29 13:03:57.518061 np0000006077 devstack@g-api.service[103023]: [pid: 103023|app: 0|req: 10/41] 127.0.0.1 () {42 vars in 786 bytes} [Wed Jul 29 13:03:56 2026] POST /v2/images => generated 690 bytes in 642 msecs (HTTP/1.1 201) 6 headers in 315 bytes (1 switches on core 0)
Jul 29 13:03:57.524971 np0000006077 devstack@g-api.service[103024]: DEBUG glance.api.middleware.version_negotiation [None req-e4418f7f-b2ef-4815-89fc-4a128616b62d tempest-ServerActionsV293TestJSON-190259965 tempest-ServerActionsV293TestJSON-190259965-project-member] Determining version of request: PUT /v2/images/17d8c06b-44db-452a-adb0-78abf4157f50/file Accept: {{(pid=103024) process_request /opt/stack/glance/glance/api/middleware/version_negotiation.py:44}}
Jul 29 13:03:57.525137 np0000006077 devstack@g-api.service[103024]: DEBUG glance.api.middleware.version_negotiation [None req-e4418f7f-b2ef-4815-89fc-4a128616b62d tempest-ServerActionsV293TestJSON-190259965 tempest-ServerActionsV293TestJSON-190259965-project-member] Using url versioning {{(pid=103024) process_request /opt/stack/glance/glance/api/middleware/version_negotiation.py:57}}
Jul 29 13:03:57.525312 np0000006077 devstack@g-api.service[103024]: DEBUG glance.api.middleware.version_negotiation [None req-e4418f7f-b2ef-4815-89fc-4a128616b62d tempest-ServerActionsV293TestJSON-190259965 tempest-ServerActionsV293TestJSON-190259965-project-member] Matched version: v2 {{(pid=103024) process_request /opt/stack/glance/glance/api/middleware/version_negotiation.py:69}}
Jul 29 13:03:57.525472 np0000006077 devstack@g-api.service[103024]: DEBUG glance.api.middleware.version_negotiation [None req-e4418f7f-b2ef-4815-89fc-4a128616b62d tempest-ServerActionsV293TestJSON-190259965 tempest-ServerActionsV293TestJSON-190259965-project-member] new path /v2/images/17d8c06b-44db-452a-adb0-78abf4157f50/file {{(pid=103024) process_request /opt/stack/glance/glance/api/middleware/version_negotiation.py:70}}
Jul 29 13:03:57.588218 np0000006077 devstack@g-api.service[103022]: [pid: 103022|app: 0|req: 10/42] 127.0.0.1 () {40 vars in 848 bytes} [Wed Jul 29 13:03:56 2026] GET /v2/images/98907435-9f82-433b-ae8f-2ca62f99a1d1/file => generated 21692416 bytes in 965 msecs (HTTP/1.1 200) 5 headers in 217 bytes (339 switches on core 0)
Jul 29 13:03:57.821881 np0000006077 devstack@g-api.service[103025]: DEBUG glance.api.middleware.version_negotiation [None req-e4418f7f-b2ef-4815-89fc-4a128616b62d tempest-ServerActionsV293TestJSON-190259965 tempest-ServerActionsV293TestJSON-190259965-project-member] Determining version of request: GET / Accept: application/json {{(pid=103025) process_request /opt/stack/glance/glance/api/middleware/version_negotiation.py:44}}
Jul 29 13:03:57.821881 np0000006077 devstack@g-api.service[103025]: DEBUG glance.api.middleware.version_negotiation [None req-e4418f7f-b2ef-4815-89fc-4a128616b62d tempest-ServerActionsV293TestJSON-190259965 tempest-ServerActionsV293TestJSON-190259965-project-member] Using url versioning {{(pid=103025) process_request /opt/stack/glance/glance/api/middleware/version_negotiation.py:57}}
Jul 29 13:03:57.821881 np0000006077 devstack@g-api.service[103025]: DEBUG glance.api.middleware.version_negotiation [None req-e4418f7f-b2ef-4815-89fc-4a128616b62d tempest-ServerActionsV293TestJSON-190259965 tempest-ServerActionsV293TestJSON-190259965-project-member] Unknown version. Returning version choices. {{(pid=103025) process_request /opt/stack/glance/glance/api/middleware/version_negotiation.py:64}}
Jul 29 13:03:57.822550 np0000006077 devstack@g-api.service[103025]: [pid: 103025|app: 0|req: 13/43] 127.0.0.1 () {36 vars in 559 bytes} [Wed Jul 29 13:03:57 2026] GET / => generated 1515 bytes in 1 msecs (HTTP/1.1 300) 3 headers in 106 bytes (1 switches on core 0)
Jul 29 13:03:57.954651 np0000006077 devstack@g-api.service[103023]: DEBUG glance.api.middleware.version_negotiation [None req-151170f6-f185-4bd7-92f6-f9a784422880 tempest-AttachSCSIVolumeTestJSON-624529086 tempest-AttachSCSIVolumeTestJSON-624529086-project-admin] Determining version of request: GET /v2/images/98907435-9f82-433b-ae8f-2ca62f99a1d1 Accept: */* {{(pid=103023) process_request /opt/stack/glance/glance/api/middleware/version_negotiation.py:44}}
Jul 29 13:03:57.954651 np0000006077 devstack@g-api.service[103023]: DEBUG glance.api.middleware.version_negotiation [None req-151170f6-f185-4bd7-92f6-f9a784422880 tempest-AttachSCSIVolumeTestJSON-624529086 tempest-AttachSCSIVolumeTestJSON-624529086-project-admin] Using url versioning {{(pid=103023) process_request /opt/stack/glance/glance/api/middleware/version_negotiation.py:57}}
Jul 29 13:03:57.954651 np0000006077 devstack@g-api.service[103023]: DEBUG glance.api.middleware.version_negotiation [None req-151170f6-f185-4bd7-92f6-f9a784422880 tempest-AttachSCSIVolumeTestJSON-624529086 tempest-AttachSCSIVolumeTestJSON-624529086-project-admin] Matched version: v2 {{(pid=103023) process_request /opt/stack/glance/glance/api/middleware/version_negotiation.py:69}}
Jul 29 13:03:57.955077 np0000006077 devstack@g-api.service[103023]: DEBUG glance.api.middleware.version_negotiation [None req-151170f6-f185-4bd7-92f6-f9a784422880 tempest-AttachSCSIVolumeTestJSON-624529086 tempest-AttachSCSIVolumeTestJSON-624529086-project-admin] new path /v2/images/98907435-9f82-433b-ae8f-2ca62f99a1d1 {{(pid=103023) process_request /opt/stack/glance/glance/api/middleware/version_negotiation.py:70}}
Jul 29 13:03:57.966508 np0000006077 devstack@g-api.service[103023]: [pid: 103023|app: 0|req: 11/44] 127.0.0.1 () {44 vars in 1115 bytes} [Wed Jul 29 13:03:57 2026] GET /v2/images/98907435-9f82-433b-ae8f-2ca62f99a1d1 => generated 1044 bytes in 10 msecs (HTTP/1.1 200) 4 headers in 158 bytes (1 switches on core 0)
Jul 29 13:03:57.975281 np0000006077 devstack@g-api.service[103022]: DEBUG glance.api.middleware.version_negotiation [None req-dd2f3b71-cf01-4900-a1ba-e2440d90ce47 tempest-AttachSCSIVolumeTestJSON-624529086 tempest-AttachSCSIVolumeTestJSON-624529086-project-admin] Determining version of request: GET /v2/schemas/image Accept: */* {{(pid=103022) process_request /opt/stack/glance/glance/api/middleware/version_negotiation.py:44}}
Jul 29 13:03:57.977503 np0000006077 devstack@g-api.service[103022]: DEBUG glance.api.middleware.version_negotiation [None req-dd2f3b71-cf01-4900-a1ba-e2440d90ce47 tempest-AttachSCSIVolumeTestJSON-624529086 tempest-AttachSCSIVolumeTestJSON-624529086-project-admin] Using url versioning {{(pid=103022) process_request /opt/stack/glance/glance/api/middleware/version_negotiation.py:57}}
Jul 29 13:03:57.977853 np0000006077 devstack@g-api.service[103022]: DEBUG glance.api.middleware.version_negotiation [None req-dd2f3b71-cf01-4900-a1ba-e2440d90ce47 tempest-AttachSCSIVolumeTestJSON-624529086 tempest-AttachSCSIVolumeTestJSON-624529086-project-admin] Matched version: v2 {{(pid=103022) process_request /opt/stack/glance/glance/api/middleware/version_negotiation.py:69}}
Jul 29 13:03:57.978035 np0000006077 devstack@g-api.service[103022]: DEBUG glance.api.middleware.version_negotiation [None req-dd2f3b71-cf01-4900-a1ba-e2440d90ce47 tempest-AttachSCSIVolumeTestJSON-624529086 tempest-AttachSCSIVolumeTestJSON-624529086-project-admin] new path /v2/schemas/image {{(pid=103022) process_request /opt/stack/glance/glance/api/middleware/version_negotiation.py:70}}
Jul 29 13:03:57.982335 np0000006077 devstack@g-api.service[103022]: [pid: 103022|app: 0|req: 11/45] 127.0.0.1 () {44 vars in 1055 bytes} [Wed Jul 29 13:03:57 2026] GET /v2/schemas/image => generated 6083 bytes in 7 msecs (HTTP/1.1 200) 4 headers in 158 bytes (1 switches on core 0)
Jul 29 13:03:58.092472 np0000006077 devstack@g-api.service[103025]: DEBUG glance.api.middleware.version_negotiation [None req-e4418f7f-b2ef-4815-89fc-4a128616b62d tempest-ServerActionsV293TestJSON-190259965 tempest-ServerActionsV293TestJSON-190259965-project-member] Determining version of request: GET /v2/images/98907435-9f82-433b-ae8f-2ca62f99a1d1 Accept: */* {{(pid=103025) process_request /opt/stack/glance/glance/api/middleware/version_negotiation.py:44}}
Jul 29 13:03:58.092639 np0000006077 devstack@g-api.service[103025]: DEBUG glance.api.middleware.version_negotiation [None req-e4418f7f-b2ef-4815-89fc-4a128616b62d tempest-ServerActionsV293TestJSON-190259965 tempest-ServerActionsV293TestJSON-190259965-project-member] Using url versioning {{(pid=103025) process_request /opt/stack/glance/glance/api/middleware/version_negotiation.py:57}}
Jul 29 13:03:58.092768 np0000006077 devstack@g-api.service[103025]: DEBUG glance.api.middleware.version_negotiation [None req-e4418f7f-b2ef-4815-89fc-4a128616b62d tempest-ServerActionsV293TestJSON-190259965 tempest-ServerActionsV293TestJSON-190259965-project-member] Matched version: v2 {{(pid=103025) process_request /opt/stack/glance/glance/api/middleware/version_negotiation.py:69}}
Jul 29 13:03:58.092856 np0000006077 devstack@g-api.service[103025]: DEBUG glance.api.middleware.version_negotiation [None req-e4418f7f-b2ef-4815-89fc-4a128616b62d tempest-ServerActionsV293TestJSON-190259965 tempest-ServerActionsV293TestJSON-190259965-project-member] new path /v2/images/98907435-9f82-433b-ae8f-2ca62f99a1d1 {{(pid=103025) process_request /opt/stack/glance/glance/api/middleware/version_negotiation.py:70}}
Jul 29 13:03:58.142899 np0000006077 devstack@g-api.service[103024]: INFO glance.api.v2.image_data [None req-6f6d4f3d-d940-41f2-b49f-e3f4c40391ee tempest-AttachSCSIVolumeTestJSON-624529086 tempest-AttachSCSIVolumeTestJSON-624529086-project-admin] Unable to create trust: no such option collect_timing in group [keystone_authtoken] Use the existing user token.
Jul 29 13:03:58.391300 np0000006077 devstack@g-api.service[103025]: [pid: 103025|app: 0|req: 14/46] 127.0.0.1 () {44 vars in 1115 bytes} [Wed Jul 29 13:03:58 2026] GET /v2/images/98907435-9f82-433b-ae8f-2ca62f99a1d1 => generated 1044 bytes in 299 msecs (HTTP/1.1 200) 4 headers in 158 bytes (1 switches on core 0)
Jul 29 13:03:58.432837 np0000006077 devstack@g-api.service[103023]: DEBUG glance.api.middleware.version_negotiation [None req-e4418f7f-b2ef-4815-89fc-4a128616b62d tempest-ServerActionsV293TestJSON-190259965 tempest-ServerActionsV293TestJSON-190259965-project-member] Determining version of request: GET /v2/schemas/image Accept: */* {{(pid=103023) process_request /opt/stack/glance/glance/api/middleware/version_negotiation.py:44}}
Jul 29 13:03:58.433084 np0000006077 devstack@g-api.service[103023]: DEBUG glance.api.middleware.version_negotiation [None req-e4418f7f-b2ef-4815-89fc-4a128616b62d tempest-ServerActionsV293TestJSON-190259965 tempest-ServerActionsV293TestJSON-190259965-project-member] Using url versioning {{(pid=103023) process_request /opt/stack/glance/glance/api/middleware/version_negotiation.py:57}}
Jul 29 13:03:58.433239 np0000006077 devstack@g-api.service[103023]: DEBUG glance.api.middleware.version_negotiation [None req-e4418f7f-b2ef-4815-89fc-4a128616b62d tempest-ServerActionsV293TestJSON-190259965 tempest-ServerActionsV293TestJSON-190259965-project-member] Matched version: v2 {{(pid=103023) process_request /opt/stack/glance/glance/api/middleware/version_negotiation.py:69}}
Jul 29 13:03:58.433362 np0000006077 devstack@g-api.service[103023]: DEBUG glance.api.middleware.version_negotiation [None req-e4418f7f-b2ef-4815-89fc-4a128616b62d tempest-ServerActionsV293TestJSON-190259965 tempest-ServerActionsV293TestJSON-190259965-project-member] new path /v2/schemas/image {{(pid=103023) process_request /opt/stack/glance/glance/api/middleware/version_negotiation.py:70}}
Jul 29 13:03:58.440717 np0000006077 devstack@g-api.service[103023]: [pid: 103023|app: 0|req: 12/47] 127.0.0.1 () {44 vars in 1055 bytes} [Wed Jul 29 13:03:58 2026] GET /v2/schemas/image => generated 6083 bytes in 8 msecs (HTTP/1.1 200) 4 headers in 158 bytes (1 switches on core 0)
Jul 29 13:03:58.777094 np0000006077 devstack@g-api.service[103024]: DEBUG glance.location [None req-6f6d4f3d-d940-41f2-b49f-e3f4c40391ee tempest-AttachSCSIVolumeTestJSON-624529086 tempest-AttachSCSIVolumeTestJSON-624529086-project-admin] Enabling in-flight format inspection for qcow2 {{(pid=103024) set_data /opt/stack/glance/glance/location.py:596}}
Jul 29 13:03:58.777434 np0000006077 devstack@g-api.service[103024]: DEBUG glance_store.backend [None req-6f6d4f3d-d940-41f2-b49f-e3f4c40391ee tempest-AttachSCSIVolumeTestJSON-624529086 tempest-AttachSCSIVolumeTestJSON-624529086-project-admin] Attempting to import store swift {{(pid=103024) _load_store /opt/stack/data/venv/lib/python3.12/site-packages/glance_store/backend.py:215}}
Jul 29 13:03:58.779127 np0000006077 devstack@g-api.service[103024]: DEBUG glance_store.capabilities [None req-6f6d4f3d-d940-41f2-b49f-e3f4c40391ee tempest-AttachSCSIVolumeTestJSON-624529086 tempest-AttachSCSIVolumeTestJSON-624529086-project-admin] Store glance_store._drivers.swift.store.SingleTenantStore doesn't support updating dynamic storage capabilities. Please overwrite 'update_capabilities' method of the store to implement updating logics if needed. {{(pid=103024) update_capabilities /opt/stack/data/venv/lib/python3.12/site-packages/glance_store/capabilities.py:91}}
Jul 29 13:03:58.779248 np0000006077 devstack@g-api.service[103024]: DEBUG glance_store.driver [None req-6f6d4f3d-d940-41f2-b49f-e3f4c40391ee tempest-AttachSCSIVolumeTestJSON-624529086 tempest-AttachSCSIVolumeTestJSON-624529086-project-admin] Late loading location class glance_store._drivers.swift.store.StoreLocation {{(pid=103024) get_store_location_class /opt/stack/data/venv/lib/python3.12/site-packages/glance_store/driver.py:134}}
Jul 29 13:03:58.779407 np0000006077 devstack@g-api.service[103024]: DEBUG glance_store.location [None req-6f6d4f3d-d940-41f2-b49f-e3f4c40391ee tempest-AttachSCSIVolumeTestJSON-624529086 tempest-AttachSCSIVolumeTestJSON-624529086-project-admin] Registering scheme swift+https with {'store': , 'location_class': , 'store_entry': 'swift'} {{(pid=103024) register_scheme_map /opt/stack/data/venv/lib/python3.12/site-packages/glance_store/location.py:146}}
Jul 29 13:03:58.779528 np0000006077 devstack@g-api.service[103024]: DEBUG glance_store.location [None req-6f6d4f3d-d940-41f2-b49f-e3f4c40391ee tempest-AttachSCSIVolumeTestJSON-624529086 tempest-AttachSCSIVolumeTestJSON-624529086-project-admin] Registering scheme swift+https with {'store': , 'location_class': , 'store_entry': 'swift'} {{(pid=103024) register_scheme_map /opt/stack/data/venv/lib/python3.12/site-packages/glance_store/location.py:146}}
Jul 29 13:03:58.779644 np0000006077 devstack@g-api.service[103024]: DEBUG glance_store.location [None req-6f6d4f3d-d940-41f2-b49f-e3f4c40391ee tempest-AttachSCSIVolumeTestJSON-624529086 tempest-AttachSCSIVolumeTestJSON-624529086-project-admin] Registering scheme swift with {'store': , 'location_class': , 'store_entry': 'swift'} {{(pid=103024) register_scheme_map /opt/stack/data/venv/lib/python3.12/site-packages/glance_store/location.py:146}}
Jul 29 13:03:58.779743 np0000006077 devstack@g-api.service[103024]: DEBUG glance_store.location [None req-6f6d4f3d-d940-41f2-b49f-e3f4c40391ee tempest-AttachSCSIVolumeTestJSON-624529086 tempest-AttachSCSIVolumeTestJSON-624529086-project-admin] Registering scheme swift+https with {'store': , 'location_class': , 'store_entry': 'swift'} {{(pid=103024) register_scheme_map /opt/stack/data/venv/lib/python3.12/site-packages/glance_store/location.py:146}}
Jul 29 13:03:58.779854 np0000006077 devstack@g-api.service[103024]: DEBUG glance_store.location [None req-6f6d4f3d-d940-41f2-b49f-e3f4c40391ee tempest-AttachSCSIVolumeTestJSON-624529086 tempest-AttachSCSIVolumeTestJSON-624529086-project-admin] Registering scheme swift with {'store': , 'location_class': , 'store_entry': 'swift'} {{(pid=103024) register_scheme_map /opt/stack/data/venv/lib/python3.12/site-packages/glance_store/location.py:146}}
Jul 29 13:03:58.779965 np0000006077 devstack@g-api.service[103024]: DEBUG glance_store.location [None req-6f6d4f3d-d940-41f2-b49f-e3f4c40391ee tempest-AttachSCSIVolumeTestJSON-624529086 tempest-AttachSCSIVolumeTestJSON-624529086-project-admin] Registering scheme swift+http with {'store': , 'location_class': , 'store_entry': 'swift'} {{(pid=103024) register_scheme_map /opt/stack/data/venv/lib/python3.12/site-packages/glance_store/location.py:146}}
Jul 29 13:03:58.780066 np0000006077 devstack@g-api.service[103024]: DEBUG glance_store.location [None req-6f6d4f3d-d940-41f2-b49f-e3f4c40391ee tempest-AttachSCSIVolumeTestJSON-624529086 tempest-AttachSCSIVolumeTestJSON-624529086-project-admin] Registering scheme swift+https with {'store': , 'location_class': , 'store_entry': 'swift'} {{(pid=103024) register_scheme_map /opt/stack/data/venv/lib/python3.12/site-packages/glance_store/location.py:146}}
Jul 29 13:03:58.780192 np0000006077 devstack@g-api.service[103024]: DEBUG glance_store.location [None req-6f6d4f3d-d940-41f2-b49f-e3f4c40391ee tempest-AttachSCSIVolumeTestJSON-624529086 tempest-AttachSCSIVolumeTestJSON-624529086-project-admin] Registering scheme swift with {'store': , 'location_class': , 'store_entry': 'swift'} {{(pid=103024) register_scheme_map /opt/stack/data/venv/lib/python3.12/site-packages/glance_store/location.py:146}}
Jul 29 13:03:58.781910 np0000006077 devstack@g-api.service[103024]: DEBUG glance_store.location [None req-6f6d4f3d-d940-41f2-b49f-e3f4c40391ee tempest-AttachSCSIVolumeTestJSON-624529086 tempest-AttachSCSIVolumeTestJSON-624529086-project-admin] Registering scheme swift+http with {'store': , 'location_class': , 'store_entry': 'swift'} {{(pid=103024) register_scheme_map /opt/stack/data/venv/lib/python3.12/site-packages/glance_store/location.py:146}}
Jul 29 13:03:58.782000 np0000006077 devstack@g-api.service[103024]: DEBUG glance_store.location [None req-6f6d4f3d-d940-41f2-b49f-e3f4c40391ee tempest-AttachSCSIVolumeTestJSON-624529086 tempest-AttachSCSIVolumeTestJSON-624529086-project-admin] Registering scheme swift+config with {'store': , 'location_class': , 'store_entry': 'swift'} {{(pid=103024) register_scheme_map /opt/stack/data/venv/lib/python3.12/site-packages/glance_store/location.py:146}}
Jul 29 13:03:59.085829 np0000006077 devstack@g-api.service[103022]: DEBUG glance.api.middleware.version_negotiation [None req-e4418f7f-b2ef-4815-89fc-4a128616b62d tempest-ServerActionsV293TestJSON-190259965 tempest-ServerActionsV293TestJSON-190259965-project-member] Determining version of request: GET /v2/images/98907435-9f82-433b-ae8f-2ca62f99a1d1 Accept: */* {{(pid=103022) process_request /opt/stack/glance/glance/api/middleware/version_negotiation.py:44}}
Jul 29 13:03:59.085829 np0000006077 devstack@g-api.service[103022]: DEBUG glance.api.middleware.version_negotiation [None req-e4418f7f-b2ef-4815-89fc-4a128616b62d tempest-ServerActionsV293TestJSON-190259965 tempest-ServerActionsV293TestJSON-190259965-project-member] Using url versioning {{(pid=103022) process_request /opt/stack/glance/glance/api/middleware/version_negotiation.py:57}}
Jul 29 13:03:59.085829 np0000006077 devstack@g-api.service[103022]: DEBUG glance.api.middleware.version_negotiation [None req-e4418f7f-b2ef-4815-89fc-4a128616b62d tempest-ServerActionsV293TestJSON-190259965 tempest-ServerActionsV293TestJSON-190259965-project-member] Matched version: v2 {{(pid=103022) process_request /opt/stack/glance/glance/api/middleware/version_negotiation.py:69}}
Jul 29 13:03:59.085829 np0000006077 devstack@g-api.service[103022]: DEBUG glance.api.middleware.version_negotiation [None req-e4418f7f-b2ef-4815-89fc-4a128616b62d tempest-ServerActionsV293TestJSON-190259965 tempest-ServerActionsV293TestJSON-190259965-project-member] new path /v2/images/98907435-9f82-433b-ae8f-2ca62f99a1d1 {{(pid=103022) process_request /opt/stack/glance/glance/api/middleware/version_negotiation.py:70}}
Jul 29 13:03:59.215574 np0000006077 devstack@g-api.service[103024]: DEBUG swiftclient [None req-6f6d4f3d-d940-41f2-b49f-e3f4c40391ee tempest-AttachSCSIVolumeTestJSON-624529086 tempest-AttachSCSIVolumeTestJSON-624529086-project-admin] REQ: curl -i https://10.4.3.137:8080/v1/AUTH_d0cca2b9370843a2b600db9f9b139105/glance -I -H "X-Auth-Token: gAAAAABqafo-mu60..." {{(pid=103024) http_log /opt/stack/data/venv/lib/python3.12/site-packages/swiftclient/client.py:160}}
Jul 29 13:03:59.216958 np0000006077 devstack@g-api.service[103024]: DEBUG swiftclient [None req-6f6d4f3d-d940-41f2-b49f-e3f4c40391ee tempest-AttachSCSIVolumeTestJSON-624529086 tempest-AttachSCSIVolumeTestJSON-624529086-project-admin] RESP STATUS: 204 No Content {{(pid=103024) http_log /opt/stack/data/venv/lib/python3.12/site-packages/swiftclient/client.py:161}}
Jul 29 13:03:59.216958 np0000006077 devstack@g-api.service[103024]: DEBUG swiftclient [None req-6f6d4f3d-d940-41f2-b49f-e3f4c40391ee tempest-AttachSCSIVolumeTestJSON-624529086 tempest-AttachSCSIVolumeTestJSON-624529086-project-admin] RESP HEADERS: {'Date': 'Wed, 29 Jul 2026 13:03:59 GMT', 'Server': 'Apache/2.4.58 (Ubuntu)', 'Content-Type': 'text/plain; charset=utf-8', 'X-Container-Object-Count': '3', 'X-Container-Bytes-Used': '64356352', 'X-Timestamp': '1785330124.86113', 'Last-Modified': 'Wed, 29 Jul 2026 13:02:05 GMT', 'Accept-Ranges': 'bytes', 'X-Storage-Policy': 'Policy-0', 'X-Container-Sharding': 'False', 'Vary': 'Accept', 'X-Trans-Id': 'txec2d5b9ecc4e432ca900a-006a69fa3e', 'X-Openstack-Request-Id': 'txec2d5b9ecc4e432ca900a-006a69fa3e', 'Connection': 'close'} {{(pid=103024) http_log /opt/stack/data/venv/lib/python3.12/site-packages/swiftclient/client.py:162}}
Jul 29 13:03:59.216958 np0000006077 devstack@g-api.service[103024]: DEBUG glance_store._drivers.swift.store [None req-6f6d4f3d-d940-41f2-b49f-e3f4c40391ee tempest-AttachSCSIVolumeTestJSON-624529086 tempest-AttachSCSIVolumeTestJSON-624529086-project-admin] Adding image object '17d8c06b-44db-452a-adb0-78abf4157f50' to Swift {{(pid=103024) add /opt/stack/data/venv/lib/python3.12/site-packages/glance_store/_drivers/swift/store.py:970}}
Jul 29 13:03:59.217161 np0000006077 devstack@g-api.service[103024]: DEBUG glance_store._drivers.swift.store [None req-6f6d4f3d-d940-41f2-b49f-e3f4c40391ee tempest-AttachSCSIVolumeTestJSON-624529086 tempest-AttachSCSIVolumeTestJSON-624529086-project-admin] Cannot determine image size because it is either not provided in the request or chunked-transfer encoding is used. Adding image as a segmented object to Swift. {{(pid=103024) add /opt/stack/data/venv/lib/python3.12/site-packages/glance_store/_drivers/swift/store.py:994}}
Jul 29 13:03:59.222988 np0000006077 devstack@g-api.service[103024]: DEBUG oslo_utils.imageutils.format_inspector [None req-6f6d4f3d-d940-41f2-b49f-e3f4c40391ee tempest-AttachSCSIVolumeTestJSON-624529086 tempest-AttachSCSIVolumeTestJSON-624529086-project-admin] Format inspector for vmdk does not match, excluding from consideration (Signature KDMV not found: b'QFI\xfb') {{(pid=103024) _process_chunk /opt/stack/data/venv/lib/python3.12/site-packages/oslo_utils/imageutils/format_inspector.py:1758}}
Jul 29 13:03:59.226034 np0000006077 devstack@g-api.service[103024]: DEBUG oslo_utils.imageutils.format_inspector [None req-6f6d4f3d-d940-41f2-b49f-e3f4c40391ee tempest-AttachSCSIVolumeTestJSON-624529086 tempest-AttachSCSIVolumeTestJSON-624529086-project-admin] Format inspector for vhdx does not match, excluding from consideration (Region signature not found at 30000) {{(pid=103024) _process_chunk /opt/stack/data/venv/lib/python3.12/site-packages/oslo_utils/imageutils/format_inspector.py:1758}}
Jul 29 13:03:59.384445 np0000006077 devstack@g-api.service[103022]: [pid: 103022|app: 0|req: 12/48] 127.0.0.1 () {44 vars in 1115 bytes} [Wed Jul 29 13:03:59 2026] GET /v2/images/98907435-9f82-433b-ae8f-2ca62f99a1d1 => generated 1044 bytes in 299 msecs (HTTP/1.1 200) 4 headers in 158 bytes (1 switches on core 0)
Jul 29 13:03:59.424970 np0000006077 devstack@g-api.service[103025]: DEBUG glance.api.middleware.version_negotiation [None req-61ba89c0-ab46-44c1-876d-d487e11f54e3 tempest-ServerStableDeviceRescueTest-10370139 tempest-ServerStableDeviceRescueTest-10370139-project-member] Determining version of request: GET /v2/images/98907435-9f82-433b-ae8f-2ca62f99a1d1/file Accept: */* {{(pid=103025) process_request /opt/stack/glance/glance/api/middleware/version_negotiation.py:44}}
Jul 29 13:03:59.425322 np0000006077 devstack@g-api.service[103025]: DEBUG glance.api.middleware.version_negotiation [None req-61ba89c0-ab46-44c1-876d-d487e11f54e3 tempest-ServerStableDeviceRescueTest-10370139 tempest-ServerStableDeviceRescueTest-10370139-project-member] Using url versioning {{(pid=103025) process_request /opt/stack/glance/glance/api/middleware/version_negotiation.py:57}}
Jul 29 13:03:59.425322 np0000006077 devstack@g-api.service[103025]: DEBUG glance.api.middleware.version_negotiation [None req-61ba89c0-ab46-44c1-876d-d487e11f54e3 tempest-ServerStableDeviceRescueTest-10370139 tempest-ServerStableDeviceRescueTest-10370139-project-member] Matched version: v2 {{(pid=103025) process_request /opt/stack/glance/glance/api/middleware/version_negotiation.py:69}}
Jul 29 13:03:59.425396 np0000006077 devstack@g-api.service[103025]: DEBUG glance.api.middleware.version_negotiation [None req-61ba89c0-ab46-44c1-876d-d487e11f54e3 tempest-ServerStableDeviceRescueTest-10370139 tempest-ServerStableDeviceRescueTest-10370139-project-member] new path /v2/images/98907435-9f82-433b-ae8f-2ca62f99a1d1/file {{(pid=103025) process_request /opt/stack/glance/glance/api/middleware/version_negotiation.py:70}}
Jul 29 13:03:59.439393 np0000006077 devstack@g-api.service[103025]: DEBUG glance.api.middleware.cache [None req-a69cddcf-925d-418e-95db-c024d9866c80 tempest-ServersNegativeTestJSON-2107077354 tempest-ServersNegativeTestJSON-2107077354-project-member] Cache hit for image '98907435-9f82-433b-ae8f-2ca62f99a1d1' {{(pid=103025) process_request /opt/stack/glance/glance/api/middleware/cache.py:160}}
Jul 29 13:03:59.482733 np0000006077 devstack@g-api.service[103024]: DEBUG swiftclient [None req-6f6d4f3d-d940-41f2-b49f-e3f4c40391ee tempest-AttachSCSIVolumeTestJSON-624529086 tempest-AttachSCSIVolumeTestJSON-624529086-project-admin] REQ: curl -i https://10.4.3.137:8080/v1/AUTH_d0cca2b9370843a2b600db9f9b139105/glance/17d8c06b-44db-452a-adb0-78abf4157f50-00001 -X PUT -H "X-Auth-Token: gAAAAABqafo-mu60..." {{(pid=103024) http_log /opt/stack/data/venv/lib/python3.12/site-packages/swiftclient/client.py:160}}
Jul 29 13:03:59.482933 np0000006077 devstack@g-api.service[103024]: DEBUG swiftclient [None req-6f6d4f3d-d940-41f2-b49f-e3f4c40391ee tempest-AttachSCSIVolumeTestJSON-624529086 tempest-AttachSCSIVolumeTestJSON-624529086-project-admin] RESP STATUS: 201 Created {{(pid=103024) http_log /opt/stack/data/venv/lib/python3.12/site-packages/swiftclient/client.py:161}}
Jul 29 13:03:59.483173 np0000006077 devstack@g-api.service[103024]: DEBUG swiftclient [None req-6f6d4f3d-d940-41f2-b49f-e3f4c40391ee tempest-AttachSCSIVolumeTestJSON-624529086 tempest-AttachSCSIVolumeTestJSON-624529086-project-admin] RESP HEADERS: {'Date': 'Wed, 29 Jul 2026 13:03:59 GMT', 'Server': 'Apache/2.4.58 (Ubuntu)', 'Content-Type': 'text/html; charset=UTF-8', 'Content-Length': '0', 'Etag': '87617e24a5e30cb3b87fda8c0764838f', 'Last-Modified': 'Wed, 29 Jul 2026 13:04:00 GMT', 'X-Trans-Id': 'tx61208f0979444759ae217-006a69fa3f', 'X-Openstack-Request-Id': 'tx61208f0979444759ae217-006a69fa3f', 'Connection': 'close'} {{(pid=103024) http_log /opt/stack/data/venv/lib/python3.12/site-packages/swiftclient/client.py:162}}
Jul 29 13:03:59.483359 np0000006077 devstack@g-api.service[103024]: DEBUG glance_store._drivers.swift.store [None req-6f6d4f3d-d940-41f2-b49f-e3f4c40391ee tempest-AttachSCSIVolumeTestJSON-624529086 tempest-AttachSCSIVolumeTestJSON-624529086-project-admin] Wrote chunk 17d8c06b-44db-452a-adb0-78abf4157f50-00001 (1/?) of length 21692416 to Swift returning MD5 of content: 87617e24a5e30cb3b87fda8c0764838f {{(pid=103024) add /opt/stack/data/venv/lib/python3.12/site-packages/glance_store/_drivers/swift/store.py:1059}}
Jul 29 13:03:59.485167 np0000006077 devstack@g-api.service[103024]: DEBUG glance_store._drivers.swift.store [None req-6f6d4f3d-d940-41f2-b49f-e3f4c40391ee tempest-AttachSCSIVolumeTestJSON-624529086 tempest-AttachSCSIVolumeTestJSON-624529086-project-admin] Not writing zero-length chunk. {{(pid=103024) add /opt/stack/data/venv/lib/python3.12/site-packages/glance_store/_drivers/swift/store.py:1028}}
Jul 29 13:03:59.521507 np0000006077 devstack@g-api.service[103024]: DEBUG swiftclient [None req-6f6d4f3d-d940-41f2-b49f-e3f4c40391ee tempest-AttachSCSIVolumeTestJSON-624529086 tempest-AttachSCSIVolumeTestJSON-624529086-project-admin] REQ: curl -i https://10.4.3.137:8080/v1/AUTH_d0cca2b9370843a2b600db9f9b139105/glance/17d8c06b-44db-452a-adb0-78abf4157f50 -X PUT -H "X-Object-Manifest: glance/17d8c06b-44db-452a-adb0-78abf4157f50-" -H "X-Auth-Token: gAAAAABqafo-mu60..." -H "Content-Length: 0" {{(pid=103024) http_log /opt/stack/data/venv/lib/python3.12/site-packages/swiftclient/client.py:160}}
Jul 29 13:03:59.521667 np0000006077 devstack@g-api.service[103024]: DEBUG swiftclient [None req-6f6d4f3d-d940-41f2-b49f-e3f4c40391ee tempest-AttachSCSIVolumeTestJSON-624529086 tempest-AttachSCSIVolumeTestJSON-624529086-project-admin] RESP STATUS: 201 Created {{(pid=103024) http_log /opt/stack/data/venv/lib/python3.12/site-packages/swiftclient/client.py:161}}
Jul 29 13:03:59.521856 np0000006077 devstack@g-api.service[103024]: DEBUG swiftclient [None req-6f6d4f3d-d940-41f2-b49f-e3f4c40391ee tempest-AttachSCSIVolumeTestJSON-624529086 tempest-AttachSCSIVolumeTestJSON-624529086-project-admin] RESP HEADERS: {'Date': 'Wed, 29 Jul 2026 13:03:59 GMT', 'Server': 'Apache/2.4.58 (Ubuntu)', 'Content-Type': 'text/html; charset=UTF-8', 'Content-Length': '0', 'Etag': 'd41d8cd98f00b204e9800998ecf8427e', 'Last-Modified': 'Wed, 29 Jul 2026 13:04:00 GMT', 'X-Trans-Id': 'txdee78a47c4d34a658c5ef-006a69fa3f', 'X-Openstack-Request-Id': 'txdee78a47c4d34a658c5ef-006a69fa3f', 'Connection': 'close'} {{(pid=103024) http_log /opt/stack/data/venv/lib/python3.12/site-packages/swiftclient/client.py:162}}
Jul 29 13:03:59.522376 np0000006077 devstack@g-api.service[103024]: INFO glance.location [None req-6f6d4f3d-d940-41f2-b49f-e3f4c40391ee tempest-AttachSCSIVolumeTestJSON-624529086 tempest-AttachSCSIVolumeTestJSON-624529086-project-admin] Image format matched and virtual size computed: 117440512
Jul 29 13:03:59.535790 np0000006077 devstack@g-api.service[103025]: [pid: 103025|app: 0|req: 15/49] 127.0.0.1 () {44 vars in 1125 bytes} [Wed Jul 29 13:03:59 2026] GET /v2/images/98907435-9f82-433b-ae8f-2ca62f99a1d1/file => generated 21692416 bytes in 111 msecs (HTTP/1.1 200) 5 headers in 217 bytes (338 switches on core 0)
Jul 29 13:03:59.565326 np0000006077 devstack@g-api.service[103024]: DEBUG glance_store.backend [None req-6f6d4f3d-d940-41f2-b49f-e3f4c40391ee tempest-AttachSCSIVolumeTestJSON-624529086 tempest-AttachSCSIVolumeTestJSON-624529086-project-admin] Attempting to import store swift {{(pid=103024) _load_store /opt/stack/data/venv/lib/python3.12/site-packages/glance_store/backend.py:215}}
Jul 29 13:03:59.565964 np0000006077 devstack@g-api.service[103024]: DEBUG glance_store.capabilities [None req-6f6d4f3d-d940-41f2-b49f-e3f4c40391ee tempest-AttachSCSIVolumeTestJSON-624529086 tempest-AttachSCSIVolumeTestJSON-624529086-project-admin] Store glance_store._drivers.swift.store.SingleTenantStore doesn't support updating dynamic storage capabilities. Please overwrite 'update_capabilities' method of the store to implement updating logics if needed. {{(pid=103024) update_capabilities /opt/stack/data/venv/lib/python3.12/site-packages/glance_store/capabilities.py:91}}
Jul 29 13:03:59.566059 np0000006077 devstack@g-api.service[103024]: DEBUG glance_store.driver [None req-6f6d4f3d-d940-41f2-b49f-e3f4c40391ee tempest-AttachSCSIVolumeTestJSON-624529086 tempest-AttachSCSIVolumeTestJSON-624529086-project-admin] Late loading location class glance_store._drivers.swift.store.StoreLocation {{(pid=103024) get_store_location_class /opt/stack/data/venv/lib/python3.12/site-packages/glance_store/driver.py:134}}
Jul 29 13:03:59.566159 np0000006077 devstack@g-api.service[103024]: DEBUG glance_store.location [None req-6f6d4f3d-d940-41f2-b49f-e3f4c40391ee tempest-AttachSCSIVolumeTestJSON-624529086 tempest-AttachSCSIVolumeTestJSON-624529086-project-admin] Registering scheme swift+https with {'store': , 'location_class': , 'store_entry': 'swift'} {{(pid=103024) register_scheme_map /opt/stack/data/venv/lib/python3.12/site-packages/glance_store/location.py:146}}
Jul 29 13:03:59.566239 np0000006077 devstack@g-api.service[103024]: DEBUG glance_store.location [None req-6f6d4f3d-d940-41f2-b49f-e3f4c40391ee tempest-AttachSCSIVolumeTestJSON-624529086 tempest-AttachSCSIVolumeTestJSON-624529086-project-admin] Registering scheme swift+https with {'store': , 'location_class': , 'store_entry': 'swift'} {{(pid=103024) register_scheme_map /opt/stack/data/venv/lib/python3.12/site-packages/glance_store/location.py:146}}
Jul 29 13:03:59.566305 np0000006077 devstack@g-api.service[103024]: DEBUG glance_store.location [None req-6f6d4f3d-d940-41f2-b49f-e3f4c40391ee tempest-AttachSCSIVolumeTestJSON-624529086 tempest-AttachSCSIVolumeTestJSON-624529086-project-admin] Registering scheme swift with {'store': , 'location_class': , 'store_entry': 'swift'} {{(pid=103024) register_scheme_map /opt/stack/data/venv/lib/python3.12/site-packages/glance_store/location.py:146}}
Jul 29 13:03:59.566378 np0000006077 devstack@g-api.service[103024]: DEBUG glance_store.location [None req-6f6d4f3d-d940-41f2-b49f-e3f4c40391ee tempest-AttachSCSIVolumeTestJSON-624529086 tempest-AttachSCSIVolumeTestJSON-624529086-project-admin] Registering scheme swift+https with {'store': , 'location_class': , 'store_entry': 'swift'} {{(pid=103024) register_scheme_map /opt/stack/data/venv/lib/python3.12/site-packages/glance_store/location.py:146}}
Jul 29 13:03:59.566438 np0000006077 devstack@g-api.service[103024]: DEBUG glance_store.location [None req-6f6d4f3d-d940-41f2-b49f-e3f4c40391ee tempest-AttachSCSIVolumeTestJSON-624529086 tempest-AttachSCSIVolumeTestJSON-624529086-project-admin] Registering scheme swift with {'store': , 'location_class': , 'store_entry': 'swift'} {{(pid=103024) register_scheme_map /opt/stack/data/venv/lib/python3.12/site-packages/glance_store/location.py:146}}
Jul 29 13:03:59.566535 np0000006077 devstack@g-api.service[103024]: DEBUG glance_store.location [None req-6f6d4f3d-d940-41f2-b49f-e3f4c40391ee tempest-AttachSCSIVolumeTestJSON-624529086 tempest-AttachSCSIVolumeTestJSON-624529086-project-admin] Registering scheme swift+http with {'store': , 'location_class': , 'store_entry': 'swift'} {{(pid=103024) register_scheme_map /opt/stack/data/venv/lib/python3.12/site-packages/glance_store/location.py:146}}
Jul 29 13:03:59.566610 np0000006077 devstack@g-api.service[103024]: DEBUG glance_store.location [None req-6f6d4f3d-d940-41f2-b49f-e3f4c40391ee tempest-AttachSCSIVolumeTestJSON-624529086 tempest-AttachSCSIVolumeTestJSON-624529086-project-admin] Registering scheme swift+https with {'store': , 'location_class': , 'store_entry': 'swift'} {{(pid=103024) register_scheme_map /opt/stack/data/venv/lib/python3.12/site-packages/glance_store/location.py:146}}
Jul 29 13:03:59.566691 np0000006077 devstack@g-api.service[103024]: DEBUG glance_store.location [None req-6f6d4f3d-d940-41f2-b49f-e3f4c40391ee tempest-AttachSCSIVolumeTestJSON-624529086 tempest-AttachSCSIVolumeTestJSON-624529086-project-admin] Registering scheme swift with {'store': , 'location_class': , 'store_entry': 'swift'} {{(pid=103024) register_scheme_map /opt/stack/data/venv/lib/python3.12/site-packages/glance_store/location.py:146}}
Jul 29 13:03:59.566758 np0000006077 devstack@g-api.service[103024]: DEBUG glance_store.location [None req-6f6d4f3d-d940-41f2-b49f-e3f4c40391ee tempest-AttachSCSIVolumeTestJSON-624529086 tempest-AttachSCSIVolumeTestJSON-624529086-project-admin] Registering scheme swift+http with {'store': , 'location_class': , 'store_entry': 'swift'} {{(pid=103024) register_scheme_map /opt/stack/data/venv/lib/python3.12/site-packages/glance_store/location.py:146}}
Jul 29 13:03:59.567376 np0000006077 devstack@g-api.service[103024]: DEBUG glance_store.location [None req-6f6d4f3d-d940-41f2-b49f-e3f4c40391ee tempest-AttachSCSIVolumeTestJSON-624529086 tempest-AttachSCSIVolumeTestJSON-624529086-project-admin] Registering scheme swift+config with {'store': , 'location_class': , 'store_entry': 'swift'} {{(pid=103024) register_scheme_map /opt/stack/data/venv/lib/python3.12/site-packages/glance_store/location.py:146}}
Jul 29 13:03:59.567376 np0000006077 devstack@g-api.service[103024]: DEBUG glance_store.backend [None req-6f6d4f3d-d940-41f2-b49f-e3f4c40391ee tempest-AttachSCSIVolumeTestJSON-624529086 tempest-AttachSCSIVolumeTestJSON-624529086-project-admin] Skipping store.set_acls... not implemented. {{(pid=103024) set_acls /opt/stack/data/venv/lib/python3.12/site-packages/glance_store/backend.py:507}}
Jul 29 13:03:59.569015 np0000006077 devstack@g-api.service[103024]: [pid: 103024|app: 0|req: 11/50] 127.0.0.1 () {40 vars in 858 bytes} [Wed Jul 29 13:03:57 2026] PUT /v2/images/17d8c06b-44db-452a-adb0-78abf4157f50/file => generated 0 bytes in 2044 msecs (HTTP/1.1 204) 4 headers in 171 bytes (1 switches on core 0)
Jul 29 13:03:59.655321 np0000006077 devstack@g-api.service[103023]: DEBUG glance.api.middleware.version_negotiation [None req-61ba89c0-ab46-44c1-876d-d487e11f54e3 tempest-ServerStableDeviceRescueTest-10370139 tempest-ServerStableDeviceRescueTest-10370139-project-member] Determining version of request: GET /v2/images/98907435-9f82-433b-ae8f-2ca62f99a1d1 Accept: */* {{(pid=103023) process_request /opt/stack/glance/glance/api/middleware/version_negotiation.py:44}}
Jul 29 13:03:59.655685 np0000006077 devstack@g-api.service[103023]: DEBUG glance.api.middleware.version_negotiation [None req-61ba89c0-ab46-44c1-876d-d487e11f54e3 tempest-ServerStableDeviceRescueTest-10370139 tempest-ServerStableDeviceRescueTest-10370139-project-member] Using url versioning {{(pid=103023) process_request /opt/stack/glance/glance/api/middleware/version_negotiation.py:57}}
Jul 29 13:03:59.655685 np0000006077 devstack@g-api.service[103023]: DEBUG glance.api.middleware.version_negotiation [None req-61ba89c0-ab46-44c1-876d-d487e11f54e3 tempest-ServerStableDeviceRescueTest-10370139 tempest-ServerStableDeviceRescueTest-10370139-project-member] Matched version: v2 {{(pid=103023) process_request /opt/stack/glance/glance/api/middleware/version_negotiation.py:69}}
Jul 29 13:03:59.655775 np0000006077 devstack@g-api.service[103023]: DEBUG glance.api.middleware.version_negotiation [None req-61ba89c0-ab46-44c1-876d-d487e11f54e3 tempest-ServerStableDeviceRescueTest-10370139 tempest-ServerStableDeviceRescueTest-10370139-project-member] new path /v2/images/98907435-9f82-433b-ae8f-2ca62f99a1d1 {{(pid=103023) process_request /opt/stack/glance/glance/api/middleware/version_negotiation.py:70}}
Jul 29 13:03:59.669109 np0000006077 devstack@g-api.service[103023]: [pid: 103023|app: 0|req: 13/51] 127.0.0.1 () {44 vars in 1115 bytes} [Wed Jul 29 13:03:59 2026] GET /v2/images/98907435-9f82-433b-ae8f-2ca62f99a1d1 => generated 1044 bytes in 14 msecs (HTTP/1.1 200) 4 headers in 158 bytes (1 switches on core 0)
Jul 29 13:03:59.716071 np0000006077 devstack@g-api.service[103022]: DEBUG glance.api.middleware.version_negotiation [None req-a69cddcf-925d-418e-95db-c024d9866c80 tempest-ServersNegativeTestJSON-2107077354 tempest-ServersNegativeTestJSON-2107077354-project-member] Determining version of request: GET /v2/schemas/image Accept: */* {{(pid=103022) process_request /opt/stack/glance/glance/api/middleware/version_negotiation.py:44}}
Jul 29 13:03:59.716275 np0000006077 devstack@g-api.service[103022]: DEBUG glance.api.middleware.version_negotiation [None req-a69cddcf-925d-418e-95db-c024d9866c80 tempest-ServersNegativeTestJSON-2107077354 tempest-ServersNegativeTestJSON-2107077354-project-member] Using url versioning {{(pid=103022) process_request /opt/stack/glance/glance/api/middleware/version_negotiation.py:57}}
Jul 29 13:03:59.716400 np0000006077 devstack@g-api.service[103022]: DEBUG glance.api.middleware.version_negotiation [None req-a69cddcf-925d-418e-95db-c024d9866c80 tempest-ServersNegativeTestJSON-2107077354 tempest-ServersNegativeTestJSON-2107077354-project-member] Matched version: v2 {{(pid=103022) process_request /opt/stack/glance/glance/api/middleware/version_negotiation.py:69}}
Jul 29 13:03:59.716512 np0000006077 devstack@g-api.service[103022]: DEBUG glance.api.middleware.version_negotiation [None req-a69cddcf-925d-418e-95db-c024d9866c80 tempest-ServersNegativeTestJSON-2107077354 tempest-ServersNegativeTestJSON-2107077354-project-member] new path /v2/schemas/image {{(pid=103022) process_request /opt/stack/glance/glance/api/middleware/version_negotiation.py:70}}
Jul 29 13:03:59.719866 np0000006077 devstack@g-api.service[103022]: [pid: 103022|app: 0|req: 13/52] 127.0.0.1 () {44 vars in 1055 bytes} [Wed Jul 29 13:03:59 2026] GET /v2/schemas/image => generated 6083 bytes in 3 msecs (HTTP/1.1 200) 4 headers in 158 bytes (1 switches on core 0)
Jul 29 13:04:01.324852 np0000006077 devstack@g-api.service[103025]: DEBUG glance.api.middleware.version_negotiation [None req-a69cddcf-925d-418e-95db-c024d9866c80 tempest-ServersNegativeTestJSON-2107077354 tempest-ServersNegativeTestJSON-2107077354-project-member] Determining version of request: GET /v2/images/17d8c06b-44db-452a-adb0-78abf4157f50 Accept: */* {{(pid=103025) process_request /opt/stack/glance/glance/api/middleware/version_negotiation.py:44}}
Jul 29 13:04:01.325279 np0000006077 devstack@g-api.service[103025]: DEBUG glance.api.middleware.version_negotiation [None req-a69cddcf-925d-418e-95db-c024d9866c80 tempest-ServersNegativeTestJSON-2107077354 tempest-ServersNegativeTestJSON-2107077354-project-member] Using url versioning {{(pid=103025) process_request /opt/stack/glance/glance/api/middleware/version_negotiation.py:57}}
Jul 29 13:04:01.325279 np0000006077 devstack@g-api.service[103025]: DEBUG glance.api.middleware.version_negotiation [None req-a69cddcf-925d-418e-95db-c024d9866c80 tempest-ServersNegativeTestJSON-2107077354 tempest-ServersNegativeTestJSON-2107077354-project-member] Matched version: v2 {{(pid=103025) process_request /opt/stack/glance/glance/api/middleware/version_negotiation.py:69}}
Jul 29 13:04:01.325416 np0000006077 devstack@g-api.service[103025]: DEBUG glance.api.middleware.version_negotiation [None req-a69cddcf-925d-418e-95db-c024d9866c80 tempest-ServersNegativeTestJSON-2107077354 tempest-ServersNegativeTestJSON-2107077354-project-member] new path /v2/images/17d8c06b-44db-452a-adb0-78abf4157f50 {{(pid=103025) process_request /opt/stack/glance/glance/api/middleware/version_negotiation.py:70}}
