Jul 29 13:01:36.084236 np0000006077 nova-scheduler[96619]: DEBUG cotyledon.oslo_config_glue [-] workarounds.disable_rootwrap = False {{(pid=96619) log_opt_values /opt/stack/data/venv/lib/python3.12/site-packages/oslo_config/cfg.py:3253}}
Jul 29 13:01:36.084236 np0000006077 nova-scheduler[96619]: DEBUG cotyledon.oslo_config_glue [-] workarounds.enable_numa_live_migration = False {{(pid=96619) log_opt_values /opt/stack/data/venv/lib/python3.12/site-packages/oslo_config/cfg.py:3253}}
Jul 29 13:01:36.084236 np0000006077 nova-scheduler[96619]: DEBUG cotyledon.oslo_config_glue [-] workarounds.enable_qemu_monitor_announce_self = False {{(pid=96619) log_opt_values /opt/stack/data/venv/lib/python3.12/site-packages/oslo_config/cfg.py:3253}}
Jul 29 13:01:36.084236 np0000006077 nova-scheduler[96619]: DEBUG cotyledon.oslo_config_glue [-] workarounds.ensure_libvirt_rbd_instance_dir_cleanup = False {{(pid=96619) log_opt_values /opt/stack/data/venv/lib/python3.12/site-packages/oslo_config/cfg.py:3253}}
Jul 29 13:01:36.084424 np0000006077 nova-scheduler[96619]: DEBUG cotyledon.oslo_config_glue [-] workarounds.handle_virt_lifecycle_events = True {{(pid=96619) log_opt_values /opt/stack/data/venv/lib/python3.12/site-packages/oslo_config/cfg.py:3253}}
Jul 29 13:01:36.084424 np0000006077 nova-scheduler[96619]: DEBUG cotyledon.oslo_config_glue [-] workarounds.libvirt_disable_apic = False {{(pid=96619) log_opt_values /opt/stack/data/venv/lib/python3.12/site-packages/oslo_config/cfg.py:3253}}
Jul 29 13:01:36.084424 np0000006077 nova-scheduler[96619]: DEBUG cotyledon.oslo_config_glue [-] workarounds.never_download_image_if_on_rbd = False {{(pid=96619) log_opt_values /opt/stack/data/venv/lib/python3.12/site-packages/oslo_config/cfg.py:3253}}
Jul 29 13:01:36.084424 np0000006077 nova-scheduler[96619]: DEBUG cotyledon.oslo_config_glue [-] workarounds.qemu_monitor_announce_self_count = 3 {{(pid=96619) log_opt_values /opt/stack/data/venv/lib/python3.12/site-packages/oslo_config/cfg.py:3253}}
Jul 29 13:01:36.084424 np0000006077 nova-scheduler[96619]: DEBUG cotyledon.oslo_config_glue [-] workarounds.qemu_monitor_announce_self_interval = 1 {{(pid=96619) log_opt_values /opt/stack/data/venv/lib/python3.12/site-packages/oslo_config/cfg.py:3253}}
Jul 29 13:01:36.084424 np0000006077 nova-scheduler[96619]: DEBUG cotyledon.oslo_config_glue [-] workarounds.reserve_disk_resource_for_image_cache = False {{(pid=96619) log_opt_values /opt/stack/data/venv/lib/python3.12/site-packages/oslo_config/cfg.py:3253}}
Jul 29 13:01:36.084424 np0000006077 nova-scheduler[96619]: DEBUG cotyledon.oslo_config_glue [-] workarounds.skip_cpu_compare_at_startup = False {{(pid=96619) log_opt_values /opt/stack/data/venv/lib/python3.12/site-packages/oslo_config/cfg.py:3253}}
Jul 29 13:01:36.084424 np0000006077 nova-scheduler[96619]: DEBUG cotyledon.oslo_config_glue [-] workarounds.skip_cpu_compare_on_dest = False {{(pid=96619) log_opt_values /opt/stack/data/venv/lib/python3.12/site-packages/oslo_config/cfg.py:3253}}
Jul 29 13:01:36.084424 np0000006077 nova-scheduler[96619]: DEBUG cotyledon.oslo_config_glue [-] workarounds.skip_hypervisor_version_check_on_lm = False {{(pid=96619) log_opt_values /opt/stack/data/venv/lib/python3.12/site-packages/oslo_config/cfg.py:3253}}
Jul 29 13:01:36.084620 np0000006077 nova-scheduler[96619]: DEBUG cotyledon.oslo_config_glue [-] workarounds.skip_reserve_in_use_ironic_nodes = False {{(pid=96619) log_opt_values /opt/stack/data/venv/lib/python3.12/site-packages/oslo_config/cfg.py:3253}}
Jul 29 13:01:36.084620 np0000006077 nova-scheduler[96619]: DEBUG cotyledon.oslo_config_glue [-] workarounds.unified_limits_count_pcpu_as_vcpu = False {{(pid=96619) log_opt_values /opt/stack/data/venv/lib/python3.12/site-packages/oslo_config/cfg.py:3253}}
Jul 29 13:01:36.084620 np0000006077 nova-scheduler[96619]: DEBUG cotyledon.oslo_config_glue [-] workarounds.wait_for_vif_plugged_event_during_hard_reboot = [] {{(pid=96619) log_opt_values /opt/stack/data/venv/lib/python3.12/site-packages/oslo_config/cfg.py:3253}}
Jul 29 13:01:36.084620 np0000006077 nova-scheduler[96619]: DEBUG cotyledon.oslo_config_glue [-] wsgi.api_paste_config = /etc/nova/api-paste.ini {{(pid=96619) log_opt_values /opt/stack/data/venv/lib/python3.12/site-packages/oslo_config/cfg.py:3253}}
Jul 29 13:01:36.084620 np0000006077 nova-scheduler[96619]: DEBUG cotyledon.oslo_config_glue [-] wsgi.secure_proxy_ssl_header = None {{(pid=96619) log_opt_values /opt/stack/data/venv/lib/python3.12/site-packages/oslo_config/cfg.py:3253}}
Jul 29 13:01:36.084620 np0000006077 nova-scheduler[96619]: DEBUG cotyledon.oslo_config_glue [-] zvm.ca_file = None {{(pid=96619) log_opt_values /opt/stack/data/venv/lib/python3.12/site-packages/oslo_config/cfg.py:3253}}
Jul 29 13:01:36.084620 np0000006077 nova-scheduler[96619]: DEBUG cotyledon.oslo_config_glue [-] zvm.cloud_connector_url = None {{(pid=96619) log_opt_values /opt/stack/data/venv/lib/python3.12/site-packages/oslo_config/cfg.py:3253}}
Jul 29 13:01:36.084620 np0000006077 nova-scheduler[96619]: DEBUG cotyledon.oslo_config_glue [-] zvm.image_tmp_path = /opt/stack/data/nova/images {{(pid=96619) log_opt_values /opt/stack/data/venv/lib/python3.12/site-packages/oslo_config/cfg.py:3253}}
Jul 29 13:01:36.084620 np0000006077 nova-scheduler[96619]: DEBUG cotyledon.oslo_config_glue [-] zvm.reachable_timeout = 300 {{(pid=96619) log_opt_values /opt/stack/data/venv/lib/python3.12/site-packages/oslo_config/cfg.py:3253}}
Jul 29 13:01:36.084794 np0000006077 nova-scheduler[96619]: DEBUG cotyledon.oslo_config_glue [-] oslo_versionedobjects.fatal_exception_format_errors = False {{(pid=96619) log_opt_values /opt/stack/data/venv/lib/python3.12/site-packages/oslo_config/cfg.py:3253}}
Jul 29 13:01:36.084794 np0000006077 nova-scheduler[96619]: DEBUG cotyledon.oslo_config_glue [-] oslo_middleware.http_basic_auth_user_file = /etc/htpasswd {{(pid=96619) log_opt_values /opt/stack/data/venv/lib/python3.12/site-packages/oslo_config/cfg.py:3253}}
Jul 29 13:01:36.084794 np0000006077 nova-scheduler[96619]: DEBUG cotyledon.oslo_config_glue [-] oslo_messaging_metrics.metrics_buffer_size = 1000 {{(pid=96619) log_opt_values /opt/stack/data/venv/lib/python3.12/site-packages/oslo_config/cfg.py:3253}}
Jul 29 13:01:36.084794 np0000006077 nova-scheduler[96619]: DEBUG cotyledon.oslo_config_glue [-] oslo_messaging_metrics.metrics_enabled = False {{(pid=96619) log_opt_values /opt/stack/data/venv/lib/python3.12/site-packages/oslo_config/cfg.py:3253}}
Jul 29 13:01:36.084794 np0000006077 nova-scheduler[96619]: DEBUG cotyledon.oslo_config_glue [-] oslo_messaging_metrics.metrics_process_name = {{(pid=96619) log_opt_values /opt/stack/data/venv/lib/python3.12/site-packages/oslo_config/cfg.py:3253}}
Jul 29 13:01:36.084794 np0000006077 nova-scheduler[96619]: DEBUG cotyledon.oslo_config_glue [-] oslo_messaging_metrics.metrics_socket_file = /var/tmp/metrics_collector.sock {{(pid=96619) log_opt_values /opt/stack/data/venv/lib/python3.12/site-packages/oslo_config/cfg.py:3253}}
Jul 29 13:01:36.084794 np0000006077 nova-scheduler[96619]: DEBUG cotyledon.oslo_config_glue [-] oslo_messaging_metrics.metrics_thread_stop_timeout = 10 {{(pid=96619) log_opt_values /opt/stack/data/venv/lib/python3.12/site-packages/oslo_config/cfg.py:3253}}
Jul 29 13:01:36.084794 np0000006077 nova-scheduler[96619]: DEBUG cotyledon.oslo_config_glue [-] profiler.connection_string = messaging:// {{(pid=96619) log_opt_values /opt/stack/data/venv/lib/python3.12/site-packages/oslo_config/cfg.py:3253}}
Jul 29 13:01:36.084947 np0000006077 nova-scheduler[96619]: DEBUG cotyledon.oslo_config_glue [-] profiler.enabled = False {{(pid=96619) log_opt_values /opt/stack/data/venv/lib/python3.12/site-packages/oslo_config/cfg.py:3253}}
Jul 29 13:01:36.084947 np0000006077 nova-scheduler[96619]: DEBUG cotyledon.oslo_config_glue [-] profiler.es_doc_type = notification {{(pid=96619) log_opt_values /opt/stack/data/venv/lib/python3.12/site-packages/oslo_config/cfg.py:3253}}
Jul 29 13:01:36.084947 np0000006077 nova-scheduler[96619]: DEBUG cotyledon.oslo_config_glue [-] profiler.es_scroll_size = 10000 {{(pid=96619) log_opt_values /opt/stack/data/venv/lib/python3.12/site-packages/oslo_config/cfg.py:3253}}
Jul 29 13:01:36.084947 np0000006077 nova-scheduler[96619]: DEBUG cotyledon.oslo_config_glue [-] profiler.es_scroll_time = 2m {{(pid=96619) log_opt_values /opt/stack/data/venv/lib/python3.12/site-packages/oslo_config/cfg.py:3253}}
Jul 29 13:01:36.084947 np0000006077 nova-scheduler[96619]: DEBUG cotyledon.oslo_config_glue [-] profiler.filter_error_trace = False {{(pid=96619) log_opt_values /opt/stack/data/venv/lib/python3.12/site-packages/oslo_config/cfg.py:3253}}
Jul 29 13:01:36.084947 np0000006077 nova-scheduler[96619]: DEBUG cotyledon.oslo_config_glue [-] profiler.hmac_keys = **** {{(pid=96619) log_opt_values /opt/stack/data/venv/lib/python3.12/site-packages/oslo_config/cfg.py:3253}}
Jul 29 13:01:36.084947 np0000006077 nova-scheduler[96619]: DEBUG cotyledon.oslo_config_glue [-] profiler.sentinel_service_name = mymaster {{(pid=96619) log_opt_values /opt/stack/data/venv/lib/python3.12/site-packages/oslo_config/cfg.py:3253}}
Jul 29 13:01:36.084947 np0000006077 nova-scheduler[96619]: DEBUG cotyledon.oslo_config_glue [-] profiler.socket_timeout = 0.1 {{(pid=96619) log_opt_values /opt/stack/data/venv/lib/python3.12/site-packages/oslo_config/cfg.py:3253}}
Jul 29 13:01:36.084947 np0000006077 nova-scheduler[96619]: DEBUG cotyledon.oslo_config_glue [-] profiler.trace_requests = False {{(pid=96619) log_opt_values /opt/stack/data/venv/lib/python3.12/site-packages/oslo_config/cfg.py:3253}}
Jul 29 13:01:36.085117 np0000006077 nova-scheduler[96619]: DEBUG cotyledon.oslo_config_glue [-] profiler.trace_sqlalchemy = False {{(pid=96619) log_opt_values /opt/stack/data/venv/lib/python3.12/site-packages/oslo_config/cfg.py:3253}}
Jul 29 13:01:36.085117 np0000006077 nova-scheduler[96619]: DEBUG cotyledon.oslo_config_glue [-] profiler_jaeger.process_tags = {} {{(pid=96619) log_opt_values /opt/stack/data/venv/lib/python3.12/site-packages/oslo_config/cfg.py:3253}}
Jul 29 13:01:36.085117 np0000006077 nova-scheduler[96619]: DEBUG cotyledon.oslo_config_glue [-] profiler_jaeger.service_name_prefix = None {{(pid=96619) log_opt_values /opt/stack/data/venv/lib/python3.12/site-packages/oslo_config/cfg.py:3253}}
Jul 29 13:01:36.085117 np0000006077 nova-scheduler[96619]: DEBUG cotyledon.oslo_config_glue [-] profiler_otlp.service_name_prefix = None {{(pid=96619) log_opt_values /opt/stack/data/venv/lib/python3.12/site-packages/oslo_config/cfg.py:3253}}
Jul 29 13:01:36.085117 np0000006077 nova-scheduler[96619]: DEBUG cotyledon.oslo_config_glue [-] oslo_messaging_rabbit.amqp_auto_delete = False {{(pid=96619) log_opt_values /opt/stack/data/venv/lib/python3.12/site-packages/oslo_config/cfg.py:3253}}
Jul 29 13:01:36.085117 np0000006077 nova-scheduler[96619]: DEBUG cotyledon.oslo_config_glue [-] oslo_messaging_rabbit.amqp_durable_queues = False {{(pid=96619) log_opt_values /opt/stack/data/venv/lib/python3.12/site-packages/oslo_config/cfg.py:3253}}
Jul 29 13:01:36.085117 np0000006077 nova-scheduler[96619]: DEBUG cotyledon.oslo_config_glue [-] oslo_messaging_rabbit.conn_pool_min_size = 2 {{(pid=96619) log_opt_values /opt/stack/data/venv/lib/python3.12/site-packages/oslo_config/cfg.py:3253}}
Jul 29 13:01:36.085117 np0000006077 nova-scheduler[96619]: DEBUG cotyledon.oslo_config_glue [-] oslo_messaging_rabbit.conn_pool_ttl = 1200 {{(pid=96619) log_opt_values /opt/stack/data/venv/lib/python3.12/site-packages/oslo_config/cfg.py:3253}}
Jul 29 13:01:36.085117 np0000006077 nova-scheduler[96619]: DEBUG cotyledon.oslo_config_glue [-] oslo_messaging_rabbit.direct_mandatory_flag = True {{(pid=96619) log_opt_values /opt/stack/data/venv/lib/python3.12/site-packages/oslo_config/cfg.py:3253}}
Jul 29 13:01:36.085298 np0000006077 nova-scheduler[96619]: DEBUG cotyledon.oslo_config_glue [-] oslo_messaging_rabbit.enable_cancel_on_failover = False {{(pid=96619) log_opt_values /opt/stack/data/venv/lib/python3.12/site-packages/oslo_config/cfg.py:3253}}
Jul 29 13:01:36.085298 np0000006077 nova-scheduler[96619]: DEBUG cotyledon.oslo_config_glue [-] oslo_messaging_rabbit.heartbeat_rate = 3 {{(pid=96619) log_opt_values /opt/stack/data/venv/lib/python3.12/site-packages/oslo_config/cfg.py:3253}}
Jul 29 13:01:36.085298 np0000006077 nova-scheduler[96619]: DEBUG cotyledon.oslo_config_glue [-] oslo_messaging_rabbit.heartbeat_timeout_threshold = 60 {{(pid=96619) log_opt_values /opt/stack/data/venv/lib/python3.12/site-packages/oslo_config/cfg.py:3253}}
Jul 29 13:01:36.085298 np0000006077 nova-scheduler[96619]: DEBUG cotyledon.oslo_config_glue [-] oslo_messaging_rabbit.hostname = np0000006077 {{(pid=96619) log_opt_values /opt/stack/data/venv/lib/python3.12/site-packages/oslo_config/cfg.py:3253}}
Jul 29 13:01:36.085298 np0000006077 nova-scheduler[96619]: DEBUG cotyledon.oslo_config_glue [-] oslo_messaging_rabbit.kombu_compression = None {{(pid=96619) log_opt_values /opt/stack/data/venv/lib/python3.12/site-packages/oslo_config/cfg.py:3253}}
Jul 29 13:01:36.085298 np0000006077 nova-scheduler[96619]: DEBUG cotyledon.oslo_config_glue [-] oslo_messaging_rabbit.kombu_failover_strategy = round-robin {{(pid=96619) log_opt_values /opt/stack/data/venv/lib/python3.12/site-packages/oslo_config/cfg.py:3253}}
Jul 29 13:01:36.085298 np0000006077 nova-scheduler[96619]: DEBUG cotyledon.oslo_config_glue [-] oslo_messaging_rabbit.kombu_missing_consumer_retry_timeout = 60 {{(pid=96619) log_opt_values /opt/stack/data/venv/lib/python3.12/site-packages/oslo_config/cfg.py:3253}}
Jul 29 13:01:36.085298 np0000006077 nova-scheduler[96619]: DEBUG cotyledon.oslo_config_glue [-] oslo_messaging_rabbit.kombu_reconnect_delay = 1.0 {{(pid=96619) log_opt_values /opt/stack/data/venv/lib/python3.12/site-packages/oslo_config/cfg.py:3253}}
Jul 29 13:01:36.085298 np0000006077 nova-scheduler[96619]: DEBUG cotyledon.oslo_config_glue [-] oslo_messaging_rabbit.kombu_reconnect_splay = 0.0 {{(pid=96619) log_opt_values /opt/stack/data/venv/lib/python3.12/site-packages/oslo_config/cfg.py:3253}}
Jul 29 13:01:36.085468 np0000006077 nova-scheduler[96619]: DEBUG cotyledon.oslo_config_glue [-] oslo_messaging_rabbit.processname = nova-scheduler {{(pid=96619) log_opt_values /opt/stack/data/venv/lib/python3.12/site-packages/oslo_config/cfg.py:3253}}
Jul 29 13:01:36.085468 np0000006077 nova-scheduler[96619]: DEBUG cotyledon.oslo_config_glue [-] oslo_messaging_rabbit.rabbit_ha_queues = False {{(pid=96619) log_opt_values /opt/stack/data/venv/lib/python3.12/site-packages/oslo_config/cfg.py:3253}}
Jul 29 13:01:36.085468 np0000006077 nova-scheduler[96619]: DEBUG cotyledon.oslo_config_glue [-] oslo_messaging_rabbit.rabbit_interval_max = 30 {{(pid=96619) log_opt_values /opt/stack/data/venv/lib/python3.12/site-packages/oslo_config/cfg.py:3253}}
Jul 29 13:01:36.085468 np0000006077 nova-scheduler[96619]: DEBUG cotyledon.oslo_config_glue [-] oslo_messaging_rabbit.rabbit_login_method = AMQPLAIN {{(pid=96619) log_opt_values /opt/stack/data/venv/lib/python3.12/site-packages/oslo_config/cfg.py:3253}}
Jul 29 13:01:36.085468 np0000006077 nova-scheduler[96619]: DEBUG cotyledon.oslo_config_glue [-] oslo_messaging_rabbit.rabbit_qos_prefetch_count = 0 {{(pid=96619) log_opt_values /opt/stack/data/venv/lib/python3.12/site-packages/oslo_config/cfg.py:3253}}
Jul 29 13:01:36.085468 np0000006077 nova-scheduler[96619]: DEBUG cotyledon.oslo_config_glue [-] oslo_messaging_rabbit.rabbit_quorum_delivery_limit = 0 {{(pid=96619) log_opt_values /opt/stack/data/venv/lib/python3.12/site-packages/oslo_config/cfg.py:3253}}
Jul 29 13:01:36.085468 np0000006077 nova-scheduler[96619]: DEBUG cotyledon.oslo_config_glue [-] oslo_messaging_rabbit.rabbit_quorum_max_memory_bytes = 0 {{(pid=96619) log_opt_values /opt/stack/data/venv/lib/python3.12/site-packages/oslo_config/cfg.py:3253}}
Jul 29 13:01:36.085468 np0000006077 nova-scheduler[96619]: DEBUG cotyledon.oslo_config_glue [-] oslo_messaging_rabbit.rabbit_quorum_max_memory_length = 0 {{(pid=96619) log_opt_values /opt/stack/data/venv/lib/python3.12/site-packages/oslo_config/cfg.py:3253}}
Jul 29 13:01:36.085468 np0000006077 nova-scheduler[96619]: DEBUG cotyledon.oslo_config_glue [-] oslo_messaging_rabbit.rabbit_quorum_queue = False {{(pid=96619) log_opt_values /opt/stack/data/venv/lib/python3.12/site-packages/oslo_config/cfg.py:3253}}
Jul 29 13:01:36.085680 np0000006077 nova-scheduler[96619]: DEBUG cotyledon.oslo_config_glue [-] oslo_messaging_rabbit.rabbit_retry_backoff = 2 {{(pid=96619) log_opt_values /opt/stack/data/venv/lib/python3.12/site-packages/oslo_config/cfg.py:3253}}
Jul 29 13:01:36.085680 np0000006077 nova-scheduler[96619]: DEBUG cotyledon.oslo_config_glue [-] oslo_messaging_rabbit.rabbit_retry_interval = 1 {{(pid=96619) log_opt_values /opt/stack/data/venv/lib/python3.12/site-packages/oslo_config/cfg.py:3253}}
Jul 29 13:01:36.085680 np0000006077 nova-scheduler[96619]: DEBUG cotyledon.oslo_config_glue [-] oslo_messaging_rabbit.rabbit_stream_fanout = False {{(pid=96619) log_opt_values /opt/stack/data/venv/lib/python3.12/site-packages/oslo_config/cfg.py:3253}}
Jul 29 13:01:36.085680 np0000006077 nova-scheduler[96619]: DEBUG cotyledon.oslo_config_glue [-] oslo_messaging_rabbit.rabbit_transient_queues_ttl = 1800 {{(pid=96619) log_opt_values /opt/stack/data/venv/lib/python3.12/site-packages/oslo_config/cfg.py:3253}}
Jul 29 13:01:36.085680 np0000006077 nova-scheduler[96619]: DEBUG cotyledon.oslo_config_glue [-] oslo_messaging_rabbit.rabbit_transient_quorum_queue = False {{(pid=96619) log_opt_values /opt/stack/data/venv/lib/python3.12/site-packages/oslo_config/cfg.py:3253}}
Jul 29 13:01:36.085680 np0000006077 nova-scheduler[96619]: DEBUG cotyledon.oslo_config_glue [-] oslo_messaging_rabbit.rpc_conn_pool_size = 30 {{(pid=96619) log_opt_values /opt/stack/data/venv/lib/python3.12/site-packages/oslo_config/cfg.py:3253}}
Jul 29 13:01:36.085680 np0000006077 nova-scheduler[96619]: DEBUG cotyledon.oslo_config_glue [-] oslo_messaging_rabbit.ssl = False {{(pid=96619) log_opt_values /opt/stack/data/venv/lib/python3.12/site-packages/oslo_config/cfg.py:3253}}
Jul 29 13:01:36.085680 np0000006077 nova-scheduler[96619]: DEBUG cotyledon.oslo_config_glue [-] oslo_messaging_rabbit.ssl_ca_file = {{(pid=96619) log_opt_values /opt/stack/data/venv/lib/python3.12/site-packages/oslo_config/cfg.py:3253}}
Jul 29 13:01:36.085680 np0000006077 nova-scheduler[96619]: DEBUG cotyledon.oslo_config_glue [-] oslo_messaging_rabbit.ssl_cert_file = {{(pid=96619) log_opt_values /opt/stack/data/venv/lib/python3.12/site-packages/oslo_config/cfg.py:3253}}
Jul 29 13:01:36.086129 np0000006077 nova-scheduler[96619]: DEBUG cotyledon.oslo_config_glue [-] oslo_messaging_rabbit.ssl_enforce_fips_mode = False {{(pid=96619) log_opt_values /opt/stack/data/venv/lib/python3.12/site-packages/oslo_config/cfg.py:3253}}
Jul 29 13:01:36.086129 np0000006077 nova-scheduler[96619]: DEBUG cotyledon.oslo_config_glue [-] oslo_messaging_rabbit.ssl_enforce_hostname_verification = True {{(pid=96619) log_opt_values /opt/stack/data/venv/lib/python3.12/site-packages/oslo_config/cfg.py:3253}}
Jul 29 13:01:36.086129 np0000006077 nova-scheduler[96619]: DEBUG cotyledon.oslo_config_glue [-] oslo_messaging_rabbit.ssl_key_file = {{(pid=96619) log_opt_values /opt/stack/data/venv/lib/python3.12/site-packages/oslo_config/cfg.py:3253}}
Jul 29 13:01:36.086129 np0000006077 nova-scheduler[96619]: DEBUG cotyledon.oslo_config_glue [-] oslo_messaging_rabbit.ssl_version = {{(pid=96619) log_opt_values /opt/stack/data/venv/lib/python3.12/site-packages/oslo_config/cfg.py:3253}}
Jul 29 13:01:36.086129 np0000006077 nova-scheduler[96619]: DEBUG cotyledon.oslo_config_glue [-] oslo_messaging_rabbit.use_queue_manager = False {{(pid=96619) log_opt_values /opt/stack/data/venv/lib/python3.12/site-packages/oslo_config/cfg.py:3253}}
Jul 29 13:01:36.086129 np0000006077 nova-scheduler[96619]: DEBUG cotyledon.oslo_config_glue [-] oslo_messaging_notifications.driver = ['messagingv2'] {{(pid=96619) log_opt_values /opt/stack/data/venv/lib/python3.12/site-packages/oslo_config/cfg.py:3253}}
Jul 29 13:01:36.086129 np0000006077 nova-scheduler[96619]: DEBUG cotyledon.oslo_config_glue [-] oslo_messaging_notifications.retry = -1 {{(pid=96619) log_opt_values /opt/stack/data/venv/lib/python3.12/site-packages/oslo_config/cfg.py:3253}}
Jul 29 13:01:36.086129 np0000006077 nova-scheduler[96619]: DEBUG cotyledon.oslo_config_glue [-] oslo_messaging_notifications.topics = ['notifications'] {{(pid=96619) log_opt_values /opt/stack/data/venv/lib/python3.12/site-packages/oslo_config/cfg.py:3253}}
Jul 29 13:01:36.086129 np0000006077 nova-scheduler[96619]: DEBUG cotyledon.oslo_config_glue [-] oslo_messaging_notifications.transport_url = **** {{(pid=96619) log_opt_values /opt/stack/data/venv/lib/python3.12/site-packages/oslo_config/cfg.py:3253}}
Jul 29 13:01:36.086297 np0000006077 nova-scheduler[96619]: DEBUG cotyledon.oslo_config_glue [-] oslo_limit.auth_section = None {{(pid=96619) log_opt_values /opt/stack/data/venv/lib/python3.12/site-packages/oslo_config/cfg.py:3253}}
Jul 29 13:01:36.086297 np0000006077 nova-scheduler[96619]: DEBUG cotyledon.oslo_config_glue [-] oslo_limit.auth_type = None {{(pid=96619) log_opt_values /opt/stack/data/venv/lib/python3.12/site-packages/oslo_config/cfg.py:3253}}
Jul 29 13:01:36.086297 np0000006077 nova-scheduler[96619]: DEBUG cotyledon.oslo_config_glue [-] oslo_limit.cafile = None {{(pid=96619) log_opt_values /opt/stack/data/venv/lib/python3.12/site-packages/oslo_config/cfg.py:3253}}
Jul 29 13:01:36.086297 np0000006077 nova-scheduler[96619]: DEBUG cotyledon.oslo_config_glue [-] oslo_limit.certfile = None {{(pid=96619) log_opt_values /opt/stack/data/venv/lib/python3.12/site-packages/oslo_config/cfg.py:3253}}
Jul 29 13:01:36.086297 np0000006077 nova-scheduler[96619]: DEBUG cotyledon.oslo_config_glue [-] oslo_limit.collect_timing = False {{(pid=96619) log_opt_values /opt/stack/data/venv/lib/python3.12/site-packages/oslo_config/cfg.py:3253}}
Jul 29 13:01:36.086297 np0000006077 nova-scheduler[96619]: DEBUG cotyledon.oslo_config_glue [-] oslo_limit.connect_retries = None {{(pid=96619) log_opt_values /opt/stack/data/venv/lib/python3.12/site-packages/oslo_config/cfg.py:3253}}
Jul 29 13:01:36.086297 np0000006077 nova-scheduler[96619]: DEBUG cotyledon.oslo_config_glue [-] oslo_limit.connect_retry_delay = None {{(pid=96619) log_opt_values /opt/stack/data/venv/lib/python3.12/site-packages/oslo_config/cfg.py:3253}}
Jul 29 13:01:36.086297 np0000006077 nova-scheduler[96619]: DEBUG cotyledon.oslo_config_glue [-] oslo_limit.endpoint_id = None {{(pid=96619) log_opt_values /opt/stack/data/venv/lib/python3.12/site-packages/oslo_config/cfg.py:3253}}
Jul 29 13:01:36.086297 np0000006077 nova-scheduler[96619]: DEBUG cotyledon.oslo_config_glue [-] oslo_limit.endpoint_interface = public {{(pid=96619) log_opt_values /opt/stack/data/venv/lib/python3.12/site-packages/oslo_config/cfg.py:3253}}
Jul 29 13:01:36.086492 np0000006077 nova-scheduler[96619]: DEBUG cotyledon.oslo_config_glue [-] oslo_limit.endpoint_override = None {{(pid=96619) log_opt_values /opt/stack/data/venv/lib/python3.12/site-packages/oslo_config/cfg.py:3253}}
Jul 29 13:01:36.086492 np0000006077 nova-scheduler[96619]: DEBUG cotyledon.oslo_config_glue [-] oslo_limit.endpoint_region_name = None {{(pid=96619) log_opt_values /opt/stack/data/venv/lib/python3.12/site-packages/oslo_config/cfg.py:3253}}
Jul 29 13:01:36.086492 np0000006077 nova-scheduler[96619]: DEBUG cotyledon.oslo_config_glue [-] oslo_limit.endpoint_service_name = None {{(pid=96619) log_opt_values /opt/stack/data/venv/lib/python3.12/site-packages/oslo_config/cfg.py:3253}}
Jul 29 13:01:36.086492 np0000006077 nova-scheduler[96619]: DEBUG cotyledon.oslo_config_glue [-] oslo_limit.endpoint_service_type = None {{(pid=96619) log_opt_values /opt/stack/data/venv/lib/python3.12/site-packages/oslo_config/cfg.py:3253}}
Jul 29 13:01:36.086492 np0000006077 nova-scheduler[96619]: DEBUG cotyledon.oslo_config_glue [-] oslo_limit.insecure = False {{(pid=96619) log_opt_values /opt/stack/data/venv/lib/python3.12/site-packages/oslo_config/cfg.py:3253}}
Jul 29 13:01:36.086492 np0000006077 nova-scheduler[96619]: DEBUG cotyledon.oslo_config_glue [-] oslo_limit.keyfile = None {{(pid=96619) log_opt_values /opt/stack/data/venv/lib/python3.12/site-packages/oslo_config/cfg.py:3253}}
Jul 29 13:01:36.086492 np0000006077 nova-scheduler[96619]: DEBUG cotyledon.oslo_config_glue [-] oslo_limit.max_version = None {{(pid=96619) log_opt_values /opt/stack/data/venv/lib/python3.12/site-packages/oslo_config/cfg.py:3253}}
Jul 29 13:01:36.086492 np0000006077 nova-scheduler[96619]: DEBUG cotyledon.oslo_config_glue [-] oslo_limit.min_version = None {{(pid=96619) log_opt_values /opt/stack/data/venv/lib/python3.12/site-packages/oslo_config/cfg.py:3253}}
Jul 29 13:01:36.086492 np0000006077 nova-scheduler[96619]: DEBUG cotyledon.oslo_config_glue [-] oslo_limit.region_name = None {{(pid=96619) log_opt_values /opt/stack/data/venv/lib/python3.12/site-packages/oslo_config/cfg.py:3253}}
Jul 29 13:01:36.086686 np0000006077 nova-scheduler[96619]: DEBUG cotyledon.oslo_config_glue [-] oslo_limit.retriable_status_codes = None {{(pid=96619) log_opt_values /opt/stack/data/venv/lib/python3.12/site-packages/oslo_config/cfg.py:3253}}
Jul 29 13:01:36.086686 np0000006077 nova-scheduler[96619]: DEBUG cotyledon.oslo_config_glue [-] oslo_limit.service_name = None {{(pid=96619) log_opt_values /opt/stack/data/venv/lib/python3.12/site-packages/oslo_config/cfg.py:3253}}
Jul 29 13:01:36.086686 np0000006077 nova-scheduler[96619]: DEBUG cotyledon.oslo_config_glue [-] oslo_limit.service_type = None {{(pid=96619) log_opt_values /opt/stack/data/venv/lib/python3.12/site-packages/oslo_config/cfg.py:3253}}
Jul 29 13:01:36.086686 np0000006077 nova-scheduler[96619]: DEBUG cotyledon.oslo_config_glue [-] oslo_limit.split_loggers = False {{(pid=96619) log_opt_values /opt/stack/data/venv/lib/python3.12/site-packages/oslo_config/cfg.py:3253}}
Jul 29 13:01:36.086686 np0000006077 nova-scheduler[96619]: DEBUG cotyledon.oslo_config_glue [-] oslo_limit.status_code_retries = None {{(pid=96619) log_opt_values /opt/stack/data/venv/lib/python3.12/site-packages/oslo_config/cfg.py:3253}}
Jul 29 13:01:36.086686 np0000006077 nova-scheduler[96619]: DEBUG cotyledon.oslo_config_glue [-] oslo_limit.status_code_retry_delay = None {{(pid=96619) log_opt_values /opt/stack/data/venv/lib/python3.12/site-packages/oslo_config/cfg.py:3253}}
Jul 29 13:01:36.086686 np0000006077 nova-scheduler[96619]: DEBUG cotyledon.oslo_config_glue [-] oslo_limit.timeout = None {{(pid=96619) log_opt_values /opt/stack/data/venv/lib/python3.12/site-packages/oslo_config/cfg.py:3253}}
Jul 29 13:01:36.086686 np0000006077 nova-scheduler[96619]: DEBUG cotyledon.oslo_config_glue [-] oslo_limit.valid_interfaces = None {{(pid=96619) log_opt_values /opt/stack/data/venv/lib/python3.12/site-packages/oslo_config/cfg.py:3253}}
Jul 29 13:01:36.086686 np0000006077 nova-scheduler[96619]: DEBUG cotyledon.oslo_config_glue [-] oslo_limit.version = None {{(pid=96619) log_opt_values /opt/stack/data/venv/lib/python3.12/site-packages/oslo_config/cfg.py:3253}}
Jul 29 13:01:36.086854 np0000006077 nova-scheduler[96619]: DEBUG cotyledon.oslo_config_glue [-] oslo_reports.file_event_handler = None {{(pid=96619) log_opt_values /opt/stack/data/venv/lib/python3.12/site-packages/oslo_config/cfg.py:3253}}
Jul 29 13:01:36.086854 np0000006077 nova-scheduler[96619]: DEBUG cotyledon.oslo_config_glue [-] oslo_reports.file_event_handler_interval = 1 {{(pid=96619) log_opt_values /opt/stack/data/venv/lib/python3.12/site-packages/oslo_config/cfg.py:3253}}
Jul 29 13:01:36.086854 np0000006077 nova-scheduler[96619]: DEBUG cotyledon.oslo_config_glue [-] oslo_reports.log_dir = None {{(pid=96619) log_opt_values /opt/stack/data/venv/lib/python3.12/site-packages/oslo_config/cfg.py:3253}}
Jul 29 13:01:36.086854 np0000006077 nova-scheduler[96619]: DEBUG cotyledon.oslo_config_glue [-] ******************************************************************************** {{(pid=96619) log_opt_values /opt/stack/data/venv/lib/python3.12/site-packages/oslo_config/cfg.py:3260}}
Jul 29 13:01:36.086854 np0000006077 nova-scheduler[96619]: DEBUG cotyledon._service_worker [-] Run service ServiceWrapper(3) [96619] {{(pid=96619) wait_forever /opt/stack/data/venv/lib/python3.12/site-packages/cotyledon/_service_worker.py:218}}
Jul 29 13:01:36.086854 np0000006077 nova-scheduler[96619]: INFO nova.service [-] Starting scheduler node (version 33.1.0)
Jul 29 13:01:36.086974 np0000006077 nova-scheduler[96584]: DEBUG oslo_db.sqlalchemy.engines [None req-aeb69597-0ef5-45fa-9819-c53d8f3a0377 None None] MySQL server mode set to STRICT_TRANS_TABLES,STRICT_ALL_TABLES,NO_ZERO_IN_DATE,NO_ZERO_DATE,ERROR_FOR_DIVISION_BY_ZERO,TRADITIONAL,NO_ENGINE_SUBSTITUTION {{(pid=96584) _check_effective_sql_mode /opt/stack/data/venv/lib/python3.12/site-packages/oslo_db/sqlalchemy/engines.py:325}}
Jul 29 13:01:36.087004 np0000006077 nova-scheduler[96619]: INFO dbcounter [None req-1b29f142-6d75-4e31-a83c-ca557626f2df None None] Registered counter for database nova_cell0
Jul 29 13:01:36.087032 np0000006077 nova-scheduler[96584]: DEBUG dbcounter [-] [96584] Writer thread running {{(pid=96584) stat_writer /opt/stack/data/venv/lib/python3.12/site-packages/dbcounter.py:102}}
Jul 29 13:01:36.087058 np0000006077 nova-scheduler[96567]: DEBUG nova.service [None req-969661a8-651a-4080-919e-4dba1990e6fa None None] Creating RPC server for service: nova-scheduler on topic: scheduler {{(pid=96567) start /opt/stack/nova/nova/service.py:196}}
Jul 29 13:01:36.087082 np0000006077 nova-scheduler[96584]: DEBUG nova.service [None req-aeb69597-0ef5-45fa-9819-c53d8f3a0377 None None] Creating RPC server for service: nova-scheduler on topic: scheduler {{(pid=96584) start /opt/stack/nova/nova/service.py:196}}
Jul 29 13:01:36.087112 np0000006077 nova-scheduler[96611]: DEBUG oslo_db.sqlalchemy.engines [None req-63b44694-cd14-4513-9471-b4aa7f7ef9d7 None None] MySQL server mode set to STRICT_TRANS_TABLES,STRICT_ALL_TABLES,NO_ZERO_IN_DATE,NO_ZERO_DATE,ERROR_FOR_DIVISION_BY_ZERO,TRADITIONAL,NO_ENGINE_SUBSTITUTION {{(pid=96611) _check_effective_sql_mode /opt/stack/data/venv/lib/python3.12/site-packages/oslo_db/sqlalchemy/engines.py:325}}
Jul 29 13:01:36.093443 np0000006077 nova-scheduler[96611]: DEBUG dbcounter [-] [96611] Writer thread running {{(pid=96611) stat_writer /opt/stack/data/venv/lib/python3.12/site-packages/dbcounter.py:102}}
Jul 29 13:01:36.096503 np0000006077 nova-scheduler[96611]: DEBUG nova.service [None req-63b44694-cd14-4513-9471-b4aa7f7ef9d7 None None] Creating RPC server for service: nova-scheduler on topic: scheduler {{(pid=96611) start /opt/stack/nova/nova/service.py:196}}
Jul 29 13:01:36.100333 np0000006077 nova-scheduler[96567]: DEBUG nova.service [None req-969661a8-651a-4080-919e-4dba1990e6fa None None] Join ServiceGroup membership for this service scheduler {{(pid=96567) start /opt/stack/nova/nova/service.py:222}}
Jul 29 13:01:36.101321 np0000006077 nova-scheduler[96567]: DEBUG nova.servicegroup.drivers.db [None req-969661a8-651a-4080-919e-4dba1990e6fa None None] DB_Driver: join new ServiceGroup member np0000006077 to the scheduler group, service = {{(pid=96567) join /opt/stack/nova/nova/servicegroup/drivers/db.py:44}}
Jul 29 13:01:36.103187 np0000006077 nova-scheduler[96584]: DEBUG nova.service [None req-aeb69597-0ef5-45fa-9819-c53d8f3a0377 None None] Join ServiceGroup membership for this service scheduler {{(pid=96584) start /opt/stack/nova/nova/service.py:222}}
Jul 29 13:01:36.103364 np0000006077 nova-scheduler[96584]: DEBUG nova.servicegroup.drivers.db [None req-aeb69597-0ef5-45fa-9819-c53d8f3a0377 None None] DB_Driver: join new ServiceGroup member np0000006077 to the scheduler group, service = {{(pid=96584) join /opt/stack/nova/nova/servicegroup/drivers/db.py:44}}
Jul 29 13:01:36.105524 np0000006077 nova-scheduler[96619]: DEBUG oslo_db.sqlalchemy.engines [None req-1b29f142-6d75-4e31-a83c-ca557626f2df None None] MySQL server mode set to STRICT_TRANS_TABLES,STRICT_ALL_TABLES,NO_ZERO_IN_DATE,NO_ZERO_DATE,ERROR_FOR_DIVISION_BY_ZERO,TRADITIONAL,NO_ENGINE_SUBSTITUTION {{(pid=96619) _check_effective_sql_mode /opt/stack/data/venv/lib/python3.12/site-packages/oslo_db/sqlalchemy/engines.py:325}}
Jul 29 13:01:36.114752 np0000006077 nova-scheduler[96611]: DEBUG nova.service [None req-63b44694-cd14-4513-9471-b4aa7f7ef9d7 None None] Join ServiceGroup membership for this service scheduler {{(pid=96611) start /opt/stack/nova/nova/service.py:222}}
Jul 29 13:01:36.114934 np0000006077 nova-scheduler[96611]: DEBUG nova.servicegroup.drivers.db [None req-63b44694-cd14-4513-9471-b4aa7f7ef9d7 None None] DB_Driver: join new ServiceGroup member np0000006077 to the scheduler group, service = {{(pid=96611) join /opt/stack/nova/nova/servicegroup/drivers/db.py:44}}
Jul 29 13:01:36.115446 np0000006077 nova-scheduler[96619]: DEBUG dbcounter [-] [96619] Writer thread running {{(pid=96619) stat_writer /opt/stack/data/venv/lib/python3.12/site-packages/dbcounter.py:102}}
Jul 29 13:01:36.117928 np0000006077 nova-scheduler[96619]: DEBUG nova.service [None req-1b29f142-6d75-4e31-a83c-ca557626f2df None None] Creating RPC server for service: nova-scheduler on topic: scheduler {{(pid=96619) start /opt/stack/nova/nova/service.py:196}}
Jul 29 13:01:36.133885 np0000006077 nova-scheduler[96619]: DEBUG nova.service [None req-1b29f142-6d75-4e31-a83c-ca557626f2df None None] Join ServiceGroup membership for this service scheduler {{(pid=96619) start /opt/stack/nova/nova/service.py:222}}
Jul 29 13:01:36.134037 np0000006077 nova-scheduler[96619]: DEBUG nova.servicegroup.drivers.db [None req-1b29f142-6d75-4e31-a83c-ca557626f2df None None] DB_Driver: join new ServiceGroup member np0000006077 to the scheduler group, service = {{(pid=96619) join /opt/stack/nova/nova/servicegroup/drivers/db.py:44}}
Jul 29 13:01:41.116863 np0000006077 nova-scheduler[96584]: DEBUG oslo.service.backend._threading.loopingcall [-] Fixed interval looping call 'nova.servicegroup.drivers.db.DbDriver._report_state' sleeping for 119.99 seconds {{(pid=96584) _run_loop /opt/stack/data/venv/lib/python3.12/site-packages/oslo_service/backend/_threading/loopingcall.py:125}}
Jul 29 13:01:41.118530 np0000006077 nova-scheduler[96567]: DEBUG oslo.service.backend._threading.loopingcall [-] Fixed interval looping call 'nova.servicegroup.drivers.db.DbDriver._report_state' sleeping for 119.99 seconds {{(pid=96567) _run_loop /opt/stack/data/venv/lib/python3.12/site-packages/oslo_service/backend/_threading/loopingcall.py:125}}
Jul 29 13:01:41.124379 np0000006077 nova-scheduler[96611]: DEBUG oslo.service.backend._threading.loopingcall [-] Fixed interval looping call 'nova.servicegroup.drivers.db.DbDriver._report_state' sleeping for 119.99 seconds {{(pid=96611) _run_loop /opt/stack/data/venv/lib/python3.12/site-packages/oslo_service/backend/_threading/loopingcall.py:125}}
Jul 29 13:01:41.145660 np0000006077 nova-scheduler[96619]: DEBUG oslo.service.backend._threading.loopingcall [-] Fixed interval looping call 'nova.servicegroup.drivers.db.DbDriver._report_state' sleeping for 119.99 seconds {{(pid=96619) _run_loop /opt/stack/data/venv/lib/python3.12/site-packages/oslo_service/backend/_threading/loopingcall.py:125}}
Jul 29 13:01:42.103604 np0000006077 nova-scheduler[96567]: DEBUG oslo.service.backend._threading.loopingcall [None req-01891f93-7db0-4103-aa9e-db6ce424f289 None None] Dynamic interval looping call 'nova.service.Service.periodic_tasks' sleeping for 60.00 seconds {{(pid=96567) _run_loop /opt/stack/data/venv/lib/python3.12/site-packages/oslo_service/backend/_threading/loopingcall.py:125}}
Jul 29 13:01:44.640002 np0000006077 nova-scheduler[95357]: DEBUG dbcounter [-] [95357] Writing DB stats nova_api:SELECT=3 {{(pid=95357) stat_writer /opt/stack/data/venv/lib/python3.12/site-packages/dbcounter.py:115}}
Jul 29 13:01:44.771059 np0000006077 nova-scheduler[95357]: DEBUG dbcounter [-] [95357] Writing DB stats nova_cell1:SELECT=1 {{(pid=95357) stat_writer /opt/stack/data/venv/lib/python3.12/site-packages/dbcounter.py:115}}
Jul 29 13:01:44.776454 np0000006077 nova-scheduler[95357]: DEBUG dbcounter [-] [95357] Writing DB stats nova_cell0:SELECT=1 {{(pid=95357) stat_writer /opt/stack/data/venv/lib/python3.12/site-packages/dbcounter.py:115}}
Jul 29 13:01:51.111525 np0000006077 nova-scheduler[96584]: DEBUG dbcounter [-] [96584] Writing DB stats nova_cell0:SELECT=4,nova_cell0:INSERT=1,nova_cell0:UPDATE=1 {{(pid=96584) stat_writer /opt/stack/data/venv/lib/python3.12/site-packages/dbcounter.py:115}}
Jul 29 13:01:51.112467 np0000006077 nova-scheduler[96567]: DEBUG dbcounter [-] [96567] Writing DB stats nova_cell0:SELECT=4,nova_cell0:INSERT=1,nova_cell0:UPDATE=1 {{(pid=96567) stat_writer /opt/stack/data/venv/lib/python3.12/site-packages/dbcounter.py:115}}
Jul 29 13:01:51.121644 np0000006077 nova-scheduler[96611]: DEBUG dbcounter [-] [96611] Writing DB stats nova_cell0:SELECT=3 {{(pid=96611) stat_writer /opt/stack/data/venv/lib/python3.12/site-packages/dbcounter.py:115}}
Jul 29 13:01:51.142765 np0000006077 nova-scheduler[96619]: DEBUG dbcounter [-] [96619] Writing DB stats nova_cell0:SELECT=3 {{(pid=96619) stat_writer /opt/stack/data/venv/lib/python3.12/site-packages/dbcounter.py:115}}
Jul 29 13:01:57.136088 np0000006077 nova-scheduler[96619]: DEBUG oslo.service.backend._threading.loopingcall [None req-9c9f6d4b-1ac4-4e1e-a833-0e6f560d9a9a None None] Dynamic interval looping call 'nova.service.Service.periodic_tasks' sleeping for 60.00 seconds {{(pid=96619) _run_loop /opt/stack/data/venv/lib/python3.12/site-packages/oslo_service/backend/_threading/loopingcall.py:125}}
Jul 29 13:02:28.105356 np0000006077 nova-scheduler[96584]: DEBUG oslo.service.backend._threading.loopingcall [None req-7570aed3-3525-4a18-a8f9-6cb46bb0a4ff None None] Dynamic interval looping call 'nova.service.Service.periodic_tasks' sleeping for 60.00 seconds {{(pid=96584) _run_loop /opt/stack/data/venv/lib/python3.12/site-packages/oslo_service/backend/_threading/loopingcall.py:125}}
Jul 29 13:02:36.116655 np0000006077 nova-scheduler[96611]: DEBUG oslo.service.backend._threading.loopingcall [None req-09a984bc-4208-42e1-8843-c5dd0769fa6d None None] Dynamic interval looping call 'nova.service.Service.periodic_tasks' sleeping for 60.00 seconds {{(pid=96611) _run_loop /opt/stack/data/venv/lib/python3.12/site-packages/oslo_service/backend/_threading/loopingcall.py:125}}
Jul 29 13:02:42.104039 np0000006077 nova-scheduler[96567]: DEBUG oslo.service.backend._threading.loopingcall [None req-01891f93-7db0-4103-aa9e-db6ce424f289 None None] Dynamic interval looping call 'nova.service.Service.periodic_tasks' sleeping for 60.00 seconds {{(pid=96567) _run_loop /opt/stack/data/venv/lib/python3.12/site-packages/oslo_service/backend/_threading/loopingcall.py:125}}
Jul 29 13:02:57.136556 np0000006077 nova-scheduler[96619]: DEBUG oslo.service.backend._threading.loopingcall [None req-9c9f6d4b-1ac4-4e1e-a833-0e6f560d9a9a None None] Dynamic interval looping call 'nova.service.Service.periodic_tasks' sleeping for 60.00 seconds {{(pid=96619) _run_loop /opt/stack/data/venv/lib/python3.12/site-packages/oslo_service/backend/_threading/loopingcall.py:125}}
Jul 29 13:03:28.105806 np0000006077 nova-scheduler[96584]: DEBUG oslo.service.backend._threading.loopingcall [None req-7570aed3-3525-4a18-a8f9-6cb46bb0a4ff None None] Dynamic interval looping call 'nova.service.Service.periodic_tasks' sleeping for 60.00 seconds {{(pid=96584) _run_loop /opt/stack/data/venv/lib/python3.12/site-packages/oslo_service/backend/_threading/loopingcall.py:125}}
Jul 29 13:03:36.117134 np0000006077 nova-scheduler[96611]: DEBUG oslo.service.backend._threading.loopingcall [None req-09a984bc-4208-42e1-8843-c5dd0769fa6d None None] Dynamic interval looping call 'nova.service.Service.periodic_tasks' sleeping for 60.00 seconds {{(pid=96611) _run_loop /opt/stack/data/venv/lib/python3.12/site-packages/oslo_service/backend/_threading/loopingcall.py:125}}
Jul 29 13:03:41.119551 np0000006077 nova-scheduler[96567]: DEBUG oslo.service.backend._threading.loopingcall [-] Fixed interval looping call 'nova.servicegroup.drivers.db.DbDriver._report_state' sleeping for 119.99 seconds {{(pid=96567) _run_loop /opt/stack/data/venv/lib/python3.12/site-packages/oslo_service/backend/_threading/loopingcall.py:125}}
Jul 29 13:03:41.120532 np0000006077 nova-scheduler[96584]: DEBUG oslo.service.backend._threading.loopingcall [-] Fixed interval looping call 'nova.servicegroup.drivers.db.DbDriver._report_state' sleeping for 119.99 seconds {{(pid=96584) _run_loop /opt/stack/data/venv/lib/python3.12/site-packages/oslo_service/backend/_threading/loopingcall.py:125}}
Jul 29 13:03:41.121853 np0000006077 nova-scheduler[96611]: DEBUG oslo.service.backend._threading.loopingcall [-] Fixed interval looping call 'nova.servicegroup.drivers.db.DbDriver._report_state' sleeping for 119.99 seconds {{(pid=96611) _run_loop /opt/stack/data/venv/lib/python3.12/site-packages/oslo_service/backend/_threading/loopingcall.py:125}}
Jul 29 13:03:41.138913 np0000006077 nova-scheduler[96619]: DEBUG oslo.service.backend._threading.loopingcall [-] Fixed interval looping call 'nova.servicegroup.drivers.db.DbDriver._report_state' sleeping for 120.00 seconds {{(pid=96619) _run_loop /opt/stack/data/venv/lib/python3.12/site-packages/oslo_service/backend/_threading/loopingcall.py:125}}
Jul 29 13:03:42.104915 np0000006077 nova-scheduler[96567]: DEBUG oslo.service.backend._threading.loopingcall [None req-01891f93-7db0-4103-aa9e-db6ce424f289 None None] Dynamic interval looping call 'nova.service.Service.periodic_tasks' sleeping for 60.00 seconds {{(pid=96567) _run_loop /opt/stack/data/venv/lib/python3.12/site-packages/oslo_service/backend/_threading/loopingcall.py:125}}
Jul 29 13:03:51.111809 np0000006077 nova-scheduler[96584]: DEBUG dbcounter [-] [96584] Writing DB stats nova_cell0:SELECT=1,nova_cell0:UPDATE=1 {{(pid=96584) stat_writer /opt/stack/data/venv/lib/python3.12/site-packages/dbcounter.py:115}}
Jul 29 13:03:51.112085 np0000006077 nova-scheduler[96567]: DEBUG dbcounter [-] [96567] Writing DB stats nova_cell0:SELECT=1,nova_cell0:UPDATE=1 {{(pid=96567) stat_writer /opt/stack/data/venv/lib/python3.12/site-packages/dbcounter.py:115}}
Jul 29 13:03:51.121801 np0000006077 nova-scheduler[96611]: DEBUG dbcounter [-] [96611] Writing DB stats nova_cell0:SELECT=1,nova_cell0:UPDATE=1 {{(pid=96611) stat_writer /opt/stack/data/venv/lib/python3.12/site-packages/dbcounter.py:115}}
Jul 29 13:03:51.137728 np0000006077 nova-scheduler[96619]: DEBUG dbcounter [-] [96619] Writing DB stats nova_cell0:SELECT=1 {{(pid=96619) stat_writer /opt/stack/data/venv/lib/python3.12/site-packages/dbcounter.py:115}}
Jul 29 13:03:57.040397 np0000006077 nova-scheduler[96567]: DEBUG nova.scheduler.manager [None req-a69cddcf-925d-418e-95db-c024d9866c80 tempest-ServersNegativeTestJSON-2107077354 tempest-ServersNegativeTestJSON-2107077354-project-member] Starting to schedule for instances: ['e744c498-6d88-4259-8125-30bb575ff38e'] {{(pid=96567) select_destinations /opt/stack/nova/nova/scheduler/manager.py:209}}
Jul 29 13:03:57.041636 np0000006077 nova-scheduler[96567]: DEBUG nova.scheduler.request_filter [None req-a69cddcf-925d-418e-95db-c024d9866c80 tempest-ServersNegativeTestJSON-2107077354 tempest-ServersNegativeTestJSON-2107077354-project-member] compute_status_filter request filter added forbidden trait COMPUTE_STATUS_DISABLED {{(pid=96567) compute_status_filter /opt/stack/nova/nova/scheduler/request_filter.py:253}}
Jul 29 13:03:57.041816 np0000006077 nova-scheduler[96567]: DEBUG nova.scheduler.request_filter [None req-a69cddcf-925d-418e-95db-c024d9866c80 tempest-ServersNegativeTestJSON-2107077354 tempest-ServersNegativeTestJSON-2107077354-project-member] Request filter 'compute_status_filter' took 0.0 seconds {{(pid=96567) wrapper /opt/stack/nova/nova/scheduler/request_filter.py:46}}
Jul 29 13:03:57.042069 np0000006077 nova-scheduler[96567]: DEBUG nova.scheduler.request_filter [None req-a69cddcf-925d-418e-95db-c024d9866c80 tempest-ServersNegativeTestJSON-2107077354 tempest-ServersNegativeTestJSON-2107077354-project-member] Request filter 'accelerators_filter' took 0.0 seconds {{(pid=96567) wrapper /opt/stack/nova/nova/scheduler/request_filter.py:46}}
Jul 29 13:03:57.042298 np0000006077 nova-scheduler[96567]: DEBUG nova.scheduler.request_filter [None req-a69cddcf-925d-418e-95db-c024d9866c80 tempest-ServersNegativeTestJSON-2107077354 tempest-ServersNegativeTestJSON-2107077354-project-member] Request filter 'packed_virtqueue_filter' took 0.0 seconds {{(pid=96567) wrapper /opt/stack/nova/nova/scheduler/request_filter.py:46}}
Jul 29 13:03:57.042656 np0000006077 nova-scheduler[96567]: DEBUG nova.scheduler.request_filter [None req-a69cddcf-925d-418e-95db-c024d9866c80 tempest-ServersNegativeTestJSON-2107077354 tempest-ServersNegativeTestJSON-2107077354-project-member] Request filter 'remote_managed_ports_filter' took 0.0 seconds {{(pid=96567) wrapper /opt/stack/nova/nova/scheduler/request_filter.py:46}}
Jul 29 13:03:57.043051 np0000006077 nova-scheduler[96567]: DEBUG nova.scheduler.request_filter [None req-a69cddcf-925d-418e-95db-c024d9866c80 tempest-ServersNegativeTestJSON-2107077354 tempest-ServersNegativeTestJSON-2107077354-project-member] ephemeral_encryption_filter skipped {{(pid=96567) ephemeral_encryption_filter /opt/stack/nova/nova/scheduler/request_filter.py:426}}
Jul 29 13:03:57.043252 np0000006077 nova-scheduler[96567]: DEBUG nova.scheduler.request_filter [None req-a69cddcf-925d-418e-95db-c024d9866c80 tempest-ServersNegativeTestJSON-2107077354 tempest-ServersNegativeTestJSON-2107077354-project-member] virtio_sound_filter skipped {{(pid=96567) virtio_sound_filter /opt/stack/nova/nova/scheduler/request_filter.py:460}}
Jul 29 13:03:57.043436 np0000006077 nova-scheduler[96567]: DEBUG nova.scheduler.request_filter [None req-a69cddcf-925d-418e-95db-c024d9866c80 tempest-ServersNegativeTestJSON-2107077354 tempest-ServersNegativeTestJSON-2107077354-project-member] tpm_secret_security_filter skipped {{(pid=96567) tpm_secret_security_filter /opt/stack/nova/nova/scheduler/request_filter.py:477}}
Jul 29 13:03:57.137017 np0000006077 nova-scheduler[96619]: DEBUG oslo.service.backend._threading.loopingcall [None req-9c9f6d4b-1ac4-4e1e-a833-0e6f560d9a9a None None] Dynamic interval looping call 'nova.service.Service.periodic_tasks' sleeping for 60.00 seconds {{(pid=96619) _run_loop /opt/stack/data/venv/lib/python3.12/site-packages/oslo_service/backend/_threading/loopingcall.py:125}}
Jul 29 13:03:57.582388 np0000006077 nova-scheduler[96567]: INFO nova.utils [None req-a69cddcf-925d-418e-95db-c024d9866c80 tempest-ServersNegativeTestJSON-2107077354 tempest-ServersNegativeTestJSON-2107077354-project-member] The cell worker thread pool ForkProcess-1.cell_worker is initialized
Jul 29 13:03:57.582811 np0000006077 nova-scheduler[96567]: DEBUG oslo_concurrency.lockutils [None req-a69cddcf-925d-418e-95db-c024d9866c80 tempest-ServersNegativeTestJSON-2107077354 tempest-ServersNegativeTestJSON-2107077354-project-member] Acquiring lock "f49ead9c-b377-4dd9-82e8-6ba1fe33bd7f" by "nova.context.set_target_cell..get_or_set_cached_cell_and_set_connections" {{(pid=96567) inner /opt/stack/data/venv/lib/python3.12/site-packages/oslo_concurrency/lockutils.py:512}}
Jul 29 13:03:57.583012 np0000006077 nova-scheduler[96567]: DEBUG oslo_concurrency.lockutils [None req-a69cddcf-925d-418e-95db-c024d9866c80 tempest-ServersNegativeTestJSON-2107077354 tempest-ServersNegativeTestJSON-2107077354-project-member] Lock "f49ead9c-b377-4dd9-82e8-6ba1fe33bd7f" acquired by "nova.context.set_target_cell..get_or_set_cached_cell_and_set_connections" :: waited 0.000s {{(pid=96567) inner /opt/stack/data/venv/lib/python3.12/site-packages/oslo_concurrency/lockutils.py:525}}
Jul 29 13:03:57.586507 np0000006077 nova-scheduler[96567]: DEBUG oslo_concurrency.lockutils [None req-a69cddcf-925d-418e-95db-c024d9866c80 tempest-ServersNegativeTestJSON-2107077354 tempest-ServersNegativeTestJSON-2107077354-project-member] Lock "f49ead9c-b377-4dd9-82e8-6ba1fe33bd7f" "released" by "nova.context.set_target_cell..get_or_set_cached_cell_and_set_connections" :: held 0.002s {{(pid=96567) inner /opt/stack/data/venv/lib/python3.12/site-packages/oslo_concurrency/lockutils.py:544}}
Jul 29 13:03:57.590509 np0000006077 nova-scheduler[96567]: INFO dbcounter [None req-a69cddcf-925d-418e-95db-c024d9866c80 tempest-ServersNegativeTestJSON-2107077354 tempest-ServersNegativeTestJSON-2107077354-project-member] Registered counter for database nova_cell1
Jul 29 13:03:57.627879 np0000006077 nova-scheduler[96567]: DEBUG oslo_db.sqlalchemy.engines [None req-a69cddcf-925d-418e-95db-c024d9866c80 tempest-ServersNegativeTestJSON-2107077354 tempest-ServersNegativeTestJSON-2107077354-project-member] MySQL server mode set to STRICT_TRANS_TABLES,STRICT_ALL_TABLES,NO_ZERO_IN_DATE,NO_ZERO_DATE,ERROR_FOR_DIVISION_BY_ZERO,TRADITIONAL,NO_ENGINE_SUBSTITUTION {{(pid=96567) _check_effective_sql_mode /opt/stack/data/venv/lib/python3.12/site-packages/oslo_db/sqlalchemy/engines.py:325}}
Jul 29 13:03:57.632341 np0000006077 nova-scheduler[96567]: DEBUG dbcounter [-] [96567] Writer thread running {{(pid=96567) stat_writer /opt/stack/data/venv/lib/python3.12/site-packages/dbcounter.py:102}}
Jul 29 13:03:57.642508 np0000006077 nova-scheduler[96567]: DEBUG oslo_db.sqlalchemy.engines [None req-a69cddcf-925d-418e-95db-c024d9866c80 tempest-ServersNegativeTestJSON-2107077354 tempest-ServersNegativeTestJSON-2107077354-project-member] Parent process 95357 forked (96567) with an open database connection, which is being discarded and recreated. {{(pid=96567) checkout /opt/stack/data/venv/lib/python3.12/site-packages/oslo_db/sqlalchemy/engines.py:402}}
Jul 29 13:03:57.706939 np0000006077 nova-scheduler[96567]: DEBUG dbcounter [-] [96567] Writer thread running {{(pid=96567) stat_writer /opt/stack/data/venv/lib/python3.12/site-packages/dbcounter.py:102}}
