Jul 02 12:25:07.166490 np0000004271 devstack@g-api.service[99396]: [pid: 99396|app: 0|req: 14/52] 127.0.0.1 () {44 vars in 1055 bytes} [Thu Jul 2 12:25:07 2026] GET /v2/schemas/image => generated 6083 bytes in 4 msecs (HTTP/1.1 200) 4 headers in 158 bytes (1 switches on core 0)
Jul 02 12:25:07.178055 np0000004271 devstack@g-api.service[99395]: DEBUG glance.api.middleware.version_negotiation [None req-47ddf0a6-f7dd-4b9e-b739-60d4ee543a3b tempest-TaggedBootDevicesTest_v242-1787134712 tempest-TaggedBootDevicesTest_v242-1787134712-project-member] Determining version of request: GET /v2/schemas/image Accept: */* {{(pid=99395) process_request /opt/stack/glance/glance/api/middleware/version_negotiation.py:44}}
Jul 02 12:25:07.178245 np0000004271 devstack@g-api.service[99395]: DEBUG glance.api.middleware.version_negotiation [None req-47ddf0a6-f7dd-4b9e-b739-60d4ee543a3b tempest-TaggedBootDevicesTest_v242-1787134712 tempest-TaggedBootDevicesTest_v242-1787134712-project-member] Using url versioning {{(pid=99395) process_request /opt/stack/glance/glance/api/middleware/version_negotiation.py:57}}
Jul 02 12:25:07.178392 np0000004271 devstack@g-api.service[99395]: DEBUG glance.api.middleware.version_negotiation [None req-47ddf0a6-f7dd-4b9e-b739-60d4ee543a3b tempest-TaggedBootDevicesTest_v242-1787134712 tempest-TaggedBootDevicesTest_v242-1787134712-project-member] Matched version: v2 {{(pid=99395) process_request /opt/stack/glance/glance/api/middleware/version_negotiation.py:69}}
Jul 02 12:25:07.178486 np0000004271 devstack@g-api.service[99395]: DEBUG glance.api.middleware.version_negotiation [None req-47ddf0a6-f7dd-4b9e-b739-60d4ee543a3b tempest-TaggedBootDevicesTest_v242-1787134712 tempest-TaggedBootDevicesTest_v242-1787134712-project-member] new path /v2/schemas/image {{(pid=99395) process_request /opt/stack/glance/glance/api/middleware/version_negotiation.py:70}}
Jul 02 12:25:07.180944 np0000004271 devstack@g-api.service[99395]: [pid: 99395|app: 0|req: 22/53] 127.0.0.1 () {44 vars in 1055 bytes} [Thu Jul 2 12:25:07 2026] GET /v2/schemas/image => generated 6083 bytes in 3 msecs (HTTP/1.1 200) 4 headers in 158 bytes (1 switches on core 0)
Jul 02 12:25:07.451241 np0000004271 devstack@g-api.service[99394]: DEBUG swiftclient [None req-97426527-bcf2-4a17-a7eb-28e29e4cbb63 tempest-TaggedBootDevicesTest-1711193107 tempest-TaggedBootDevicesTest-1711193107-project-member] REQ: curl -i https://10.4.3.197:8080/v1/AUTH_5475729797194a4bbecab9ff31553d9f/glance/d61e0755-945b-483a-9fcd-76aa4a6b3c91 -X GET -H "X-Auth-Token: gAAAAABqRlijXB1v..." {{(pid=99394) http_log /opt/stack/data/venv/lib/python3.12/site-packages/swiftclient/client.py:160}}
Jul 02 12:25:07.451547 np0000004271 devstack@g-api.service[99394]: DEBUG swiftclient [None req-97426527-bcf2-4a17-a7eb-28e29e4cbb63 tempest-TaggedBootDevicesTest-1711193107 tempest-TaggedBootDevicesTest-1711193107-project-member] RESP STATUS: 200 OK {{(pid=99394) http_log /opt/stack/data/venv/lib/python3.12/site-packages/swiftclient/client.py:161}}
Jul 02 12:25:07.451614 np0000004271 devstack@g-api.service[99394]: DEBUG swiftclient [None req-97426527-bcf2-4a17-a7eb-28e29e4cbb63 tempest-TaggedBootDevicesTest-1711193107 tempest-TaggedBootDevicesTest-1711193107-project-member] RESP HEADERS: {'Date': 'Thu, 02 Jul 2026 12:25:07 GMT', 'Server': 'Apache/2.4.58 (Ubuntu)', 'Content-Type': 'application/octet-stream', 'Etag': '87617e24a5e30cb3b87fda8c0764838f', 'Last-Modified': 'Thu, 02 Jul 2026 12:23:11 GMT', 'X-Timestamp': '1782994990.33923', 'Accept-Ranges': 'bytes', 'Content-Length': '21692416', 'X-Trans-Id': 'tx4b2b7c7b31e24e8da2464-006a4658a3', 'X-Openstack-Request-Id': 'tx4b2b7c7b31e24e8da2464-006a4658a3', 'Connection': 'close'} {{(pid=99394) http_log /opt/stack/data/venv/lib/python3.12/site-packages/swiftclient/client.py:162}}
Jul 02 12:25:07.468035 np0000004271 devstack@g-api.service[99394]: DEBUG glance.image_cache [None req-97426527-bcf2-4a17-a7eb-28e29e4cbb63 tempest-TaggedBootDevicesTest-1711193107 tempest-TaggedBootDevicesTest-1711193107-project-member] Tee'ing image 'd61e0755-945b-483a-9fcd-76aa4a6b3c91' into cache {{(pid=99394) get_caching_iter /opt/stack/glance/glance/image_cache/__init__.py:356}}
Jul 02 12:25:07.661080 np0000004271 devstack@g-api.service[99394]: DEBUG glance.image_cache.drivers.centralized_db [None req-97426527-bcf2-4a17-a7eb-28e29e4cbb63 tempest-TaggedBootDevicesTest-1711193107 tempest-TaggedBootDevicesTest-1711193107-project-member] Fetch finished, moving '/opt/stack/data/glance/cache/incomplete/d61e0755-945b-483a-9fcd-76aa4a6b3c91' to '/opt/stack/data/glance/cache/d61e0755-945b-483a-9fcd-76aa4a6b3c91' {{(pid=99394) commit /opt/stack/glance/glance/image_cache/drivers/centralized_db.py:243}}
Jul 02 12:25:07.672322 np0000004271 devstack@g-api.service[99394]: DEBUG glance.image_cache.drivers.centralized_db [None req-97426527-bcf2-4a17-a7eb-28e29e4cbb63 tempest-TaggedBootDevicesTest-1711193107 tempest-TaggedBootDevicesTest-1711193107-project-member] Image cached successfully. {{(pid=99394) commit /opt/stack/glance/glance/image_cache/drivers/centralized_db.py:258}}
Jul 02 12:25:07.672484 np0000004271 devstack@g-api.service[99394]: [pid: 99394|app: 0|req: 18/54] 127.0.0.1 () {44 vars in 1125 bytes} [Thu Jul 2 12:25:07 2026] GET /v2/images/d61e0755-945b-483a-9fcd-76aa4a6b3c91/file => generated 21692416 bytes in 637 msecs (HTTP/1.1 200) 4 headers in 191 bytes (333 switches on core 0)
Jul 02 12:25:08.604224 np0000004271 devstack@g-api.service[99396]: DEBUG glance.api.middleware.version_negotiation [None req-47ddf0a6-f7dd-4b9e-b739-60d4ee543a3b tempest-TaggedBootDevicesTest_v242-1787134712 tempest-TaggedBootDevicesTest_v242-1787134712-project-member] Determining version of request: GET /v2/images/d61e0755-945b-483a-9fcd-76aa4a6b3c91 Accept: */* {{(pid=99396) process_request /opt/stack/glance/glance/api/middleware/version_negotiation.py:44}}
Jul 02 12:25:08.604224 np0000004271 devstack@g-api.service[99396]: DEBUG glance.api.middleware.version_negotiation [None req-47ddf0a6-f7dd-4b9e-b739-60d4ee543a3b tempest-TaggedBootDevicesTest_v242-1787134712 tempest-TaggedBootDevicesTest_v242-1787134712-project-member] Using url versioning {{(pid=99396) process_request /opt/stack/glance/glance/api/middleware/version_negotiation.py:57}}
Jul 02 12:25:08.604224 np0000004271 devstack@g-api.service[99396]: DEBUG glance.api.middleware.version_negotiation [None req-47ddf0a6-f7dd-4b9e-b739-60d4ee543a3b tempest-TaggedBootDevicesTest_v242-1787134712 tempest-TaggedBootDevicesTest_v242-1787134712-project-member] Matched version: v2 {{(pid=99396) process_request /opt/stack/glance/glance/api/middleware/version_negotiation.py:69}}
Jul 02 12:25:08.604224 np0000004271 devstack@g-api.service[99396]: DEBUG glance.api.middleware.version_negotiation [None req-47ddf0a6-f7dd-4b9e-b739-60d4ee543a3b tempest-TaggedBootDevicesTest_v242-1787134712 tempest-TaggedBootDevicesTest_v242-1787134712-project-member] new path /v2/images/d61e0755-945b-483a-9fcd-76aa4a6b3c91 {{(pid=99396) process_request /opt/stack/glance/glance/api/middleware/version_negotiation.py:70}}
Jul 02 12:25:08.615146 np0000004271 devstack@g-api.service[99396]: [pid: 99396|app: 0|req: 15/55] 127.0.0.1 () {44 vars in 1115 bytes} [Thu Jul 2 12:25:08 2026] GET /v2/images/d61e0755-945b-483a-9fcd-76aa4a6b3c91 => generated 1044 bytes in 11 msecs (HTTP/1.1 200) 4 headers in 158 bytes (1 switches on core 0)
Jul 02 12:25:08.621689 np0000004271 devstack@g-api.service[99395]: DEBUG glance.api.middleware.version_negotiation [None req-47ddf0a6-f7dd-4b9e-b739-60d4ee543a3b tempest-TaggedBootDevicesTest_v242-1787134712 tempest-TaggedBootDevicesTest_v242-1787134712-project-member] Determining version of request: GET /v2/schemas/image Accept: */* {{(pid=99395) process_request /opt/stack/glance/glance/api/middleware/version_negotiation.py:44}}
Jul 02 12:25:08.622131 np0000004271 devstack@g-api.service[99395]: DEBUG glance.api.middleware.version_negotiation [None req-47ddf0a6-f7dd-4b9e-b739-60d4ee543a3b tempest-TaggedBootDevicesTest_v242-1787134712 tempest-TaggedBootDevicesTest_v242-1787134712-project-member] Using url versioning {{(pid=99395) process_request /opt/stack/glance/glance/api/middleware/version_negotiation.py:57}}
Jul 02 12:25:08.622131 np0000004271 devstack@g-api.service[99395]: DEBUG glance.api.middleware.version_negotiation [None req-47ddf0a6-f7dd-4b9e-b739-60d4ee543a3b tempest-TaggedBootDevicesTest_v242-1787134712 tempest-TaggedBootDevicesTest_v242-1787134712-project-member] Matched version: v2 {{(pid=99395) process_request /opt/stack/glance/glance/api/middleware/version_negotiation.py:69}}
Jul 02 12:25:08.622131 np0000004271 devstack@g-api.service[99395]: DEBUG glance.api.middleware.version_negotiation [None req-47ddf0a6-f7dd-4b9e-b739-60d4ee543a3b tempest-TaggedBootDevicesTest_v242-1787134712 tempest-TaggedBootDevicesTest_v242-1787134712-project-member] new path /v2/schemas/image {{(pid=99395) process_request /opt/stack/glance/glance/api/middleware/version_negotiation.py:70}}
Jul 02 12:25:08.625849 np0000004271 devstack@g-api.service[99395]: [pid: 99395|app: 0|req: 23/56] 127.0.0.1 () {44 vars in 1055 bytes} [Thu Jul 2 12:25:08 2026] GET /v2/schemas/image => generated 6083 bytes in 4 msecs (HTTP/1.1 200) 4 headers in 158 bytes (1 switches on core 0)
Jul 02 12:25:09.768477 np0000004271 devstack@g-api.service[99394]: DEBUG glance.api.middleware.version_negotiation [None req-97426527-bcf2-4a17-a7eb-28e29e4cbb63 tempest-TaggedBootDevicesTest-1711193107 tempest-TaggedBootDevicesTest-1711193107-project-member] Determining version of request: GET /v2/images/d61e0755-945b-483a-9fcd-76aa4a6b3c91 Accept: application/json {{(pid=99394) process_request /opt/stack/glance/glance/api/middleware/version_negotiation.py:44}}
Jul 02 12:25:09.768888 np0000004271 devstack@g-api.service[99394]: DEBUG glance.api.middleware.version_negotiation [None req-97426527-bcf2-4a17-a7eb-28e29e4cbb63 tempest-TaggedBootDevicesTest-1711193107 tempest-TaggedBootDevicesTest-1711193107-project-member] Using url versioning {{(pid=99394) process_request /opt/stack/glance/glance/api/middleware/version_negotiation.py:57}}
Jul 02 12:25:09.768888 np0000004271 devstack@g-api.service[99394]: DEBUG glance.api.middleware.version_negotiation [None req-97426527-bcf2-4a17-a7eb-28e29e4cbb63 tempest-TaggedBootDevicesTest-1711193107 tempest-TaggedBootDevicesTest-1711193107-project-member] Matched version: v2 {{(pid=99394) process_request /opt/stack/glance/glance/api/middleware/version_negotiation.py:69}}
Jul 02 12:25:09.768888 np0000004271 devstack@g-api.service[99394]: DEBUG glance.api.middleware.version_negotiation [None req-97426527-bcf2-4a17-a7eb-28e29e4cbb63 tempest-TaggedBootDevicesTest-1711193107 tempest-TaggedBootDevicesTest-1711193107-project-member] new path /v2/images/d61e0755-945b-483a-9fcd-76aa4a6b3c91 {{(pid=99394) process_request /opt/stack/glance/glance/api/middleware/version_negotiation.py:70}}
Jul 02 12:25:09.964687 np0000004271 devstack@g-api.service[99396]: DEBUG glance.api.middleware.version_negotiation [None req-97426527-bcf2-4a17-a7eb-28e29e4cbb63 tempest-TaggedBootDevicesTest-1711193107 tempest-TaggedBootDevicesTest-1711193107-project-member] Determining version of request: GET /v2/images/d61e0755-945b-483a-9fcd-76aa4a6b3c91 Accept: */* {{(pid=99396) process_request /opt/stack/glance/glance/api/middleware/version_negotiation.py:44}}
Jul 02 12:25:09.964687 np0000004271 devstack@g-api.service[99396]: DEBUG glance.api.middleware.version_negotiation [None req-97426527-bcf2-4a17-a7eb-28e29e4cbb63 tempest-TaggedBootDevicesTest-1711193107 tempest-TaggedBootDevicesTest-1711193107-project-member] Using url versioning {{(pid=99396) process_request /opt/stack/glance/glance/api/middleware/version_negotiation.py:57}}
Jul 02 12:25:09.964687 np0000004271 devstack@g-api.service[99396]: DEBUG glance.api.middleware.version_negotiation [None req-97426527-bcf2-4a17-a7eb-28e29e4cbb63 tempest-TaggedBootDevicesTest-1711193107 tempest-TaggedBootDevicesTest-1711193107-project-member] Matched version: v2 {{(pid=99396) process_request /opt/stack/glance/glance/api/middleware/version_negotiation.py:69}}
Jul 02 12:25:09.964687 np0000004271 devstack@g-api.service[99396]: DEBUG glance.api.middleware.version_negotiation [None req-97426527-bcf2-4a17-a7eb-28e29e4cbb63 tempest-TaggedBootDevicesTest-1711193107 tempest-TaggedBootDevicesTest-1711193107-project-member] new path /v2/images/d61e0755-945b-483a-9fcd-76aa4a6b3c91 {{(pid=99396) process_request /opt/stack/glance/glance/api/middleware/version_negotiation.py:70}}
Jul 02 12:25:09.974125 np0000004271 devstack@g-api.service[99396]: [pid: 99396|app: 0|req: 16/57] 127.0.0.1 () {44 vars in 1115 bytes} [Thu Jul 2 12:25:09 2026] GET /v2/images/d61e0755-945b-483a-9fcd-76aa4a6b3c91 => generated 1044 bytes in 10 msecs (HTTP/1.1 200) 4 headers in 158 bytes (1 switches on core 0)
Jul 02 12:25:09.981274 np0000004271 devstack@g-api.service[99395]: DEBUG glance.api.middleware.version_negotiation [None req-97426527-bcf2-4a17-a7eb-28e29e4cbb63 tempest-TaggedBootDevicesTest-1711193107 tempest-TaggedBootDevicesTest-1711193107-project-member] Determining version of request: GET /v2/schemas/image Accept: */* {{(pid=99395) process_request /opt/stack/glance/glance/api/middleware/version_negotiation.py:44}}
Jul 02 12:25:09.981740 np0000004271 devstack@g-api.service[99395]: DEBUG glance.api.middleware.version_negotiation [None req-97426527-bcf2-4a17-a7eb-28e29e4cbb63 tempest-TaggedBootDevicesTest-1711193107 tempest-TaggedBootDevicesTest-1711193107-project-member] Using url versioning {{(pid=99395) process_request /opt/stack/glance/glance/api/middleware/version_negotiation.py:57}}
Jul 02 12:25:09.981740 np0000004271 devstack@g-api.service[99395]: DEBUG glance.api.middleware.version_negotiation [None req-97426527-bcf2-4a17-a7eb-28e29e4cbb63 tempest-TaggedBootDevicesTest-1711193107 tempest-TaggedBootDevicesTest-1711193107-project-member] Matched version: v2 {{(pid=99395) process_request /opt/stack/glance/glance/api/middleware/version_negotiation.py:69}}
Jul 02 12:25:09.981740 np0000004271 devstack@g-api.service[99395]: DEBUG glance.api.middleware.version_negotiation [None req-97426527-bcf2-4a17-a7eb-28e29e4cbb63 tempest-TaggedBootDevicesTest-1711193107 tempest-TaggedBootDevicesTest-1711193107-project-member] new path /v2/schemas/image {{(pid=99395) process_request /opt/stack/glance/glance/api/middleware/version_negotiation.py:70}}
Jul 02 12:25:09.983650 np0000004271 devstack@g-api.service[99395]: [pid: 99395|app: 0|req: 24/58] 127.0.0.1 () {44 vars in 1055 bytes} [Thu Jul 2 12:25:09 2026] GET /v2/schemas/image => generated 6083 bytes in 2 msecs (HTTP/1.1 200) 4 headers in 158 bytes (1 switches on core 0)
Jul 02 12:25:10.057669 np0000004271 devstack@g-api.service[99394]: [pid: 99394|app: 0|req: 19/59] 127.0.0.1 () {40 vars in 838 bytes} [Thu Jul 2 12:25:09 2026] GET /v2/images/d61e0755-945b-483a-9fcd-76aa4a6b3c91 => generated 1044 bytes in 289 msecs (HTTP/1.1 200) 4 headers in 158 bytes (1 switches on core 0)
Jul 02 12:25:10.069339 np0000004271 devstack@g-api.service[99396]: DEBUG glance.api.middleware.version_negotiation [None req-97426527-bcf2-4a17-a7eb-28e29e4cbb63 tempest-TaggedBootDevicesTest-1711193107 tempest-TaggedBootDevicesTest-1711193107-project-member] Determining version of request: GET /v2/images/d61e0755-945b-483a-9fcd-76aa4a6b3c91/file Accept: application/json {{(pid=99396) process_request /opt/stack/glance/glance/api/middleware/version_negotiation.py:44}}
Jul 02 12:25:10.069457 np0000004271 devstack@g-api.service[99396]: DEBUG glance.api.middleware.version_negotiation [None req-97426527-bcf2-4a17-a7eb-28e29e4cbb63 tempest-TaggedBootDevicesTest-1711193107 tempest-TaggedBootDevicesTest-1711193107-project-member] Using url versioning {{(pid=99396) process_request /opt/stack/glance/glance/api/middleware/version_negotiation.py:57}}
Jul 02 12:25:10.069573 np0000004271 devstack@g-api.service[99396]: DEBUG glance.api.middleware.version_negotiation [None req-97426527-bcf2-4a17-a7eb-28e29e4cbb63 tempest-TaggedBootDevicesTest-1711193107 tempest-TaggedBootDevicesTest-1711193107-project-member] Matched version: v2 {{(pid=99396) process_request /opt/stack/glance/glance/api/middleware/version_negotiation.py:69}}
Jul 02 12:25:10.070307 np0000004271 devstack@g-api.service[99396]: DEBUG glance.api.middleware.version_negotiation [None req-97426527-bcf2-4a17-a7eb-28e29e4cbb63 tempest-TaggedBootDevicesTest-1711193107 tempest-TaggedBootDevicesTest-1711193107-project-member] new path /v2/images/d61e0755-945b-483a-9fcd-76aa4a6b3c91/file {{(pid=99396) process_request /opt/stack/glance/glance/api/middleware/version_negotiation.py:70}}
Jul 02 12:25:10.415955 np0000004271 devstack@g-api.service[99396]: DEBUG glance.api.middleware.cache [None req-56369fb2-5bd1-45b0-bbbc-6f483a66201b tempest-AttachSCSIVolumeTestJSON-118960304 tempest-AttachSCSIVolumeTestJSON-118960304-project-admin] Cache hit for image 'd61e0755-945b-483a-9fcd-76aa4a6b3c91' {{(pid=99396) process_request /opt/stack/glance/glance/api/middleware/cache.py:160}}
Jul 02 12:25:10.427786 np0000004271 devstack@g-api.service[99395]: DEBUG glance.api.middleware.version_negotiation [None req-97426527-bcf2-4a17-a7eb-28e29e4cbb63 tempest-TaggedBootDevicesTest-1711193107 tempest-TaggedBootDevicesTest-1711193107-project-member] Determining version of request: POST /v2/images Accept: application/json {{(pid=99395) process_request /opt/stack/glance/glance/api/middleware/version_negotiation.py:44}}
Jul 02 12:25:10.428420 np0000004271 devstack@g-api.service[99395]: DEBUG glance.api.middleware.version_negotiation [None req-97426527-bcf2-4a17-a7eb-28e29e4cbb63 tempest-TaggedBootDevicesTest-1711193107 tempest-TaggedBootDevicesTest-1711193107-project-member] Using url versioning {{(pid=99395) process_request /opt/stack/glance/glance/api/middleware/version_negotiation.py:57}}
Jul 02 12:25:10.428571 np0000004271 devstack@g-api.service[99395]: DEBUG glance.api.middleware.version_negotiation [None req-97426527-bcf2-4a17-a7eb-28e29e4cbb63 tempest-TaggedBootDevicesTest-1711193107 tempest-TaggedBootDevicesTest-1711193107-project-member] Matched version: v2 {{(pid=99395) process_request /opt/stack/glance/glance/api/middleware/version_negotiation.py:69}}
Jul 02 12:25:10.428674 np0000004271 devstack@g-api.service[99395]: DEBUG glance.api.middleware.version_negotiation [None req-97426527-bcf2-4a17-a7eb-28e29e4cbb63 tempest-TaggedBootDevicesTest-1711193107 tempest-TaggedBootDevicesTest-1711193107-project-member] new path /v2/images {{(pid=99395) process_request /opt/stack/glance/glance/api/middleware/version_negotiation.py:70}}
Jul 02 12:25:11.229778 np0000004271 devstack@g-api.service[99395]: [pid: 99395|app: 0|req: 25/60] 127.0.0.1 () {42 vars in 786 bytes} [Thu Jul 2 12:25:10 2026] POST /v2/images => generated 690 bytes in 802 msecs (HTTP/1.1 201) 6 headers in 315 bytes (1 switches on core 0)
Jul 02 12:25:11.240809 np0000004271 devstack@g-api.service[99394]: DEBUG glance.api.middleware.version_negotiation [None req-3501f3cf-69ab-4551-93ec-8aefdd569ec4 tempest-AttachSCSIVolumeTestJSON-1300927574 tempest-AttachSCSIVolumeTestJSON-1300927574-project-reader] Determining version of request: PUT /v2/images/99abbe91-14c7-4897-bb9d-40ba0533e495/file Accept: {{(pid=99394) process_request /opt/stack/glance/glance/api/middleware/version_negotiation.py:44}}
Jul 02 12:25:11.241274 np0000004271 devstack@g-api.service[99394]: DEBUG glance.api.middleware.version_negotiation [None req-3501f3cf-69ab-4551-93ec-8aefdd569ec4 tempest-AttachSCSIVolumeTestJSON-1300927574 tempest-AttachSCSIVolumeTestJSON-1300927574-project-reader] Using url versioning {{(pid=99394) process_request /opt/stack/glance/glance/api/middleware/version_negotiation.py:57}}
Jul 02 12:25:11.241274 np0000004271 devstack@g-api.service[99394]: DEBUG glance.api.middleware.version_negotiation [None req-3501f3cf-69ab-4551-93ec-8aefdd569ec4 tempest-AttachSCSIVolumeTestJSON-1300927574 tempest-AttachSCSIVolumeTestJSON-1300927574-project-reader] Matched version: v2 {{(pid=99394) process_request /opt/stack/glance/glance/api/middleware/version_negotiation.py:69}}
Jul 02 12:25:11.241274 np0000004271 devstack@g-api.service[99394]: DEBUG glance.api.middleware.version_negotiation [None req-3501f3cf-69ab-4551-93ec-8aefdd569ec4 tempest-AttachSCSIVolumeTestJSON-1300927574 tempest-AttachSCSIVolumeTestJSON-1300927574-project-reader] new path /v2/images/99abbe91-14c7-4897-bb9d-40ba0533e495/file {{(pid=99394) process_request /opt/stack/glance/glance/api/middleware/version_negotiation.py:70}}
Jul 02 12:25:11.302430 np0000004271 devstack@g-api.service[99396]: [pid: 99396|app: 0|req: 17/61] 127.0.0.1 () {40 vars in 848 bytes} [Thu Jul 2 12:25:10 2026] GET /v2/images/d61e0755-945b-483a-9fcd-76aa4a6b3c91/file => generated 21692416 bytes in 1232 msecs (HTTP/1.1 200) 5 headers in 217 bytes (338 switches on core 0)
Jul 02 12:25:11.840220 np0000004271 devstack@g-api.service[99395]: DEBUG glance.api.middleware.version_negotiation [None req-9352114b-7ccb-46b7-8f57-e8acdfcb318b tempest-AttachSCSIVolumeTestJSON-118960304 tempest-AttachSCSIVolumeTestJSON-118960304-project-admin] Determining version of request: GET /v2/images/d61e0755-945b-483a-9fcd-76aa4a6b3c91 Accept: */* {{(pid=99395) process_request /opt/stack/glance/glance/api/middleware/version_negotiation.py:44}}
Jul 02 12:25:11.840355 np0000004271 devstack@g-api.service[99395]: DEBUG glance.api.middleware.version_negotiation [None req-9352114b-7ccb-46b7-8f57-e8acdfcb318b tempest-AttachSCSIVolumeTestJSON-118960304 tempest-AttachSCSIVolumeTestJSON-118960304-project-admin] Using url versioning {{(pid=99395) process_request /opt/stack/glance/glance/api/middleware/version_negotiation.py:57}}
Jul 02 12:25:11.840487 np0000004271 devstack@g-api.service[99395]: DEBUG glance.api.middleware.version_negotiation [None req-9352114b-7ccb-46b7-8f57-e8acdfcb318b tempest-AttachSCSIVolumeTestJSON-118960304 tempest-AttachSCSIVolumeTestJSON-118960304-project-admin] Matched version: v2 {{(pid=99395) process_request /opt/stack/glance/glance/api/middleware/version_negotiation.py:69}}
Jul 02 12:25:11.840676 np0000004271 devstack@g-api.service[99395]: DEBUG glance.api.middleware.version_negotiation [None req-9352114b-7ccb-46b7-8f57-e8acdfcb318b tempest-AttachSCSIVolumeTestJSON-118960304 tempest-AttachSCSIVolumeTestJSON-118960304-project-admin] new path /v2/images/d61e0755-945b-483a-9fcd-76aa4a6b3c91 {{(pid=99395) process_request /opt/stack/glance/glance/api/middleware/version_negotiation.py:70}}
Jul 02 12:25:11.852591 np0000004271 devstack@g-api.service[99395]: [pid: 99395|app: 0|req: 26/62] 127.0.0.1 () {44 vars in 1115 bytes} [Thu Jul 2 12:25:11 2026] GET /v2/images/d61e0755-945b-483a-9fcd-76aa4a6b3c91 => generated 1044 bytes in 12 msecs (HTTP/1.1 200) 4 headers in 158 bytes (1 switches on core 0)
Jul 02 12:25:11.865495 np0000004271 devstack@g-api.service[99396]: DEBUG glance.api.middleware.version_negotiation [None req-56369fb2-5bd1-45b0-bbbc-6f483a66201b tempest-AttachSCSIVolumeTestJSON-118960304 tempest-AttachSCSIVolumeTestJSON-118960304-project-admin] Determining version of request: GET /v2/schemas/image Accept: */* {{(pid=99396) process_request /opt/stack/glance/glance/api/middleware/version_negotiation.py:44}}
Jul 02 12:25:11.865495 np0000004271 devstack@g-api.service[99396]: DEBUG glance.api.middleware.version_negotiation [None req-56369fb2-5bd1-45b0-bbbc-6f483a66201b tempest-AttachSCSIVolumeTestJSON-118960304 tempest-AttachSCSIVolumeTestJSON-118960304-project-admin] Using url versioning {{(pid=99396) process_request /opt/stack/glance/glance/api/middleware/version_negotiation.py:57}}
Jul 02 12:25:11.865495 np0000004271 devstack@g-api.service[99396]: DEBUG glance.api.middleware.version_negotiation [None req-56369fb2-5bd1-45b0-bbbc-6f483a66201b tempest-AttachSCSIVolumeTestJSON-118960304 tempest-AttachSCSIVolumeTestJSON-118960304-project-admin] Matched version: v2 {{(pid=99396) process_request /opt/stack/glance/glance/api/middleware/version_negotiation.py:69}}
Jul 02 12:25:11.865495 np0000004271 devstack@g-api.service[99396]: DEBUG glance.api.middleware.version_negotiation [None req-56369fb2-5bd1-45b0-bbbc-6f483a66201b tempest-AttachSCSIVolumeTestJSON-118960304 tempest-AttachSCSIVolumeTestJSON-118960304-project-admin] new path /v2/schemas/image {{(pid=99396) process_request /opt/stack/glance/glance/api/middleware/version_negotiation.py:70}}
Jul 02 12:25:11.869169 np0000004271 devstack@g-api.service[99396]: [pid: 99396|app: 0|req: 18/63] 127.0.0.1 () {44 vars in 1055 bytes} [Thu Jul 2 12:25:11 2026] GET /v2/schemas/image => generated 6083 bytes in 6 msecs (HTTP/1.1 200) 4 headers in 158 bytes (1 switches on core 0)
Jul 02 12:25:12.031025 np0000004271 devstack@g-api.service[99395]: DEBUG glance.api.middleware.version_negotiation [None req-97426527-bcf2-4a17-a7eb-28e29e4cbb63 tempest-TaggedBootDevicesTest-1711193107 tempest-TaggedBootDevicesTest-1711193107-project-member] Determining version of request: GET /v2/images/d61e0755-945b-483a-9fcd-76aa4a6b3c91 Accept: */* {{(pid=99395) process_request /opt/stack/glance/glance/api/middleware/version_negotiation.py:44}}
Jul 02 12:25:12.031191 np0000004271 devstack@g-api.service[99395]: DEBUG glance.api.middleware.version_negotiation [None req-97426527-bcf2-4a17-a7eb-28e29e4cbb63 tempest-TaggedBootDevicesTest-1711193107 tempest-TaggedBootDevicesTest-1711193107-project-member] Using url versioning {{(pid=99395) process_request /opt/stack/glance/glance/api/middleware/version_negotiation.py:57}}
Jul 02 12:25:12.031349 np0000004271 devstack@g-api.service[99395]: DEBUG glance.api.middleware.version_negotiation [None req-97426527-bcf2-4a17-a7eb-28e29e4cbb63 tempest-TaggedBootDevicesTest-1711193107 tempest-TaggedBootDevicesTest-1711193107-project-member] Matched version: v2 {{(pid=99395) process_request /opt/stack/glance/glance/api/middleware/version_negotiation.py:69}}
Jul 02 12:25:12.031445 np0000004271 devstack@g-api.service[99395]: DEBUG glance.api.middleware.version_negotiation [None req-97426527-bcf2-4a17-a7eb-28e29e4cbb63 tempest-TaggedBootDevicesTest-1711193107 tempest-TaggedBootDevicesTest-1711193107-project-member] new path /v2/images/d61e0755-945b-483a-9fcd-76aa4a6b3c91 {{(pid=99395) process_request /opt/stack/glance/glance/api/middleware/version_negotiation.py:70}}
Jul 02 12:25:12.050921 np0000004271 devstack@g-api.service[99395]: [pid: 99395|app: 0|req: 27/64] 127.0.0.1 () {44 vars in 1115 bytes} [Thu Jul 2 12:25:12 2026] GET /v2/images/d61e0755-945b-483a-9fcd-76aa4a6b3c91 => generated 1044 bytes in 20 msecs (HTTP/1.1 200) 4 headers in 158 bytes (1 switches on core 0)
Jul 02 12:25:12.066100 np0000004271 devstack@g-api.service[99394]: INFO glance.api.v2.image_data [None req-34026e0e-0148-442d-937a-0d2e5eb38587 tempest-AttachSCSIVolumeTestJSON-118960304 tempest-AttachSCSIVolumeTestJSON-118960304-project-admin] Unable to create trust: no such option collect_timing in group [keystone_authtoken] Use the existing user token.
Jul 02 12:25:12.084623 np0000004271 devstack@g-api.service[99396]: DEBUG glance.api.middleware.version_negotiation [None req-97426527-bcf2-4a17-a7eb-28e29e4cbb63 tempest-TaggedBootDevicesTest-1711193107 tempest-TaggedBootDevicesTest-1711193107-project-member] Determining version of request: GET /v2/schemas/image Accept: */* {{(pid=99396) process_request /opt/stack/glance/glance/api/middleware/version_negotiation.py:44}}
Jul 02 12:25:12.084783 np0000004271 devstack@g-api.service[99396]: DEBUG glance.api.middleware.version_negotiation [None req-97426527-bcf2-4a17-a7eb-28e29e4cbb63 tempest-TaggedBootDevicesTest-1711193107 tempest-TaggedBootDevicesTest-1711193107-project-member] Using url versioning {{(pid=99396) process_request /opt/stack/glance/glance/api/middleware/version_negotiation.py:57}}
Jul 02 12:25:12.084879 np0000004271 devstack@g-api.service[99396]: DEBUG glance.api.middleware.version_negotiation [None req-97426527-bcf2-4a17-a7eb-28e29e4cbb63 tempest-TaggedBootDevicesTest-1711193107 tempest-TaggedBootDevicesTest-1711193107-project-member] Matched version: v2 {{(pid=99396) process_request /opt/stack/glance/glance/api/middleware/version_negotiation.py:69}}
Jul 02 12:25:12.085063 np0000004271 devstack@g-api.service[99396]: DEBUG glance.api.middleware.version_negotiation [None req-97426527-bcf2-4a17-a7eb-28e29e4cbb63 tempest-TaggedBootDevicesTest-1711193107 tempest-TaggedBootDevicesTest-1711193107-project-member] new path /v2/schemas/image {{(pid=99396) process_request /opt/stack/glance/glance/api/middleware/version_negotiation.py:70}}
Jul 02 12:25:12.087328 np0000004271 devstack@g-api.service[99396]: [pid: 99396|app: 0|req: 19/65] 127.0.0.1 () {44 vars in 1055 bytes} [Thu Jul 2 12:25:12 2026] GET /v2/schemas/image => generated 6083 bytes in 3 msecs (HTTP/1.1 200) 4 headers in 158 bytes (1 switches on core 0)
Jul 02 12:25:12.804141 np0000004271 devstack@g-api.service[99394]: DEBUG glance.location [None req-34026e0e-0148-442d-937a-0d2e5eb38587 tempest-AttachSCSIVolumeTestJSON-118960304 tempest-AttachSCSIVolumeTestJSON-118960304-project-admin] Enabling in-flight format inspection for qcow2 {{(pid=99394) set_data /opt/stack/glance/glance/location.py:616}}
Jul 02 12:25:12.804610 np0000004271 devstack@g-api.service[99394]: DEBUG glance_store.backend [None req-34026e0e-0148-442d-937a-0d2e5eb38587 tempest-AttachSCSIVolumeTestJSON-118960304 tempest-AttachSCSIVolumeTestJSON-118960304-project-admin] Attempting to import store swift {{(pid=99394) _load_store /opt/stack/data/venv/lib/python3.12/site-packages/glance_store/backend.py:215}}
Jul 02 12:25:12.806569 np0000004271 devstack@g-api.service[99394]: DEBUG glance_store.capabilities [None req-34026e0e-0148-442d-937a-0d2e5eb38587 tempest-AttachSCSIVolumeTestJSON-118960304 tempest-AttachSCSIVolumeTestJSON-118960304-project-admin] Store glance_store._drivers.swift.store.SingleTenantStore doesn't support updating dynamic storage capabilities. Please overwrite 'update_capabilities' method of the store to implement updating logics if needed. {{(pid=99394) update_capabilities /opt/stack/data/venv/lib/python3.12/site-packages/glance_store/capabilities.py:91}}
Jul 02 12:25:12.806707 np0000004271 devstack@g-api.service[99394]: DEBUG glance_store.driver [None req-34026e0e-0148-442d-937a-0d2e5eb38587 tempest-AttachSCSIVolumeTestJSON-118960304 tempest-AttachSCSIVolumeTestJSON-118960304-project-admin] Late loading location class glance_store._drivers.swift.store.StoreLocation {{(pid=99394) get_store_location_class /opt/stack/data/venv/lib/python3.12/site-packages/glance_store/driver.py:134}}
Jul 02 12:25:12.806849 np0000004271 devstack@g-api.service[99394]: DEBUG glance_store.location [None req-34026e0e-0148-442d-937a-0d2e5eb38587 tempest-AttachSCSIVolumeTestJSON-118960304 tempest-AttachSCSIVolumeTestJSON-118960304-project-admin] Registering scheme swift+https with {'store': , 'location_class': , 'store_entry': 'swift'} {{(pid=99394) register_scheme_map /opt/stack/data/venv/lib/python3.12/site-packages/glance_store/location.py:146}}
Jul 02 12:25:12.806961 np0000004271 devstack@g-api.service[99394]: DEBUG glance_store.location [None req-34026e0e-0148-442d-937a-0d2e5eb38587 tempest-AttachSCSIVolumeTestJSON-118960304 tempest-AttachSCSIVolumeTestJSON-118960304-project-admin] Registering scheme swift+https with {'store': , 'location_class': , 'store_entry': 'swift'} {{(pid=99394) register_scheme_map /opt/stack/data/venv/lib/python3.12/site-packages/glance_store/location.py:146}}
Jul 02 12:25:12.807064 np0000004271 devstack@g-api.service[99394]: DEBUG glance_store.location [None req-34026e0e-0148-442d-937a-0d2e5eb38587 tempest-AttachSCSIVolumeTestJSON-118960304 tempest-AttachSCSIVolumeTestJSON-118960304-project-admin] Registering scheme swift with {'store': , 'location_class': , 'store_entry': 'swift'} {{(pid=99394) register_scheme_map /opt/stack/data/venv/lib/python3.12/site-packages/glance_store/location.py:146}}
Jul 02 12:25:12.807184 np0000004271 devstack@g-api.service[99394]: DEBUG glance_store.location [None req-34026e0e-0148-442d-937a-0d2e5eb38587 tempest-AttachSCSIVolumeTestJSON-118960304 tempest-AttachSCSIVolumeTestJSON-118960304-project-admin] Registering scheme swift+https with {'store': , 'location_class': , 'store_entry': 'swift'} {{(pid=99394) register_scheme_map /opt/stack/data/venv/lib/python3.12/site-packages/glance_store/location.py:146}}
Jul 02 12:25:12.807351 np0000004271 devstack@g-api.service[99394]: DEBUG glance_store.location [None req-34026e0e-0148-442d-937a-0d2e5eb38587 tempest-AttachSCSIVolumeTestJSON-118960304 tempest-AttachSCSIVolumeTestJSON-118960304-project-admin] Registering scheme swift with {'store': , 'location_class': , 'store_entry': 'swift'} {{(pid=99394) register_scheme_map /opt/stack/data/venv/lib/python3.12/site-packages/glance_store/location.py:146}}
Jul 02 12:25:12.807466 np0000004271 devstack@g-api.service[99394]: DEBUG glance_store.location [None req-34026e0e-0148-442d-937a-0d2e5eb38587 tempest-AttachSCSIVolumeTestJSON-118960304 tempest-AttachSCSIVolumeTestJSON-118960304-project-admin] Registering scheme swift+http with {'store': , 'location_class': , 'store_entry': 'swift'} {{(pid=99394) register_scheme_map /opt/stack/data/venv/lib/python3.12/site-packages/glance_store/location.py:146}}
Jul 02 12:25:12.807645 np0000004271 devstack@g-api.service[99394]: DEBUG glance_store.location [None req-34026e0e-0148-442d-937a-0d2e5eb38587 tempest-AttachSCSIVolumeTestJSON-118960304 tempest-AttachSCSIVolumeTestJSON-118960304-project-admin] Registering scheme swift+https with {'store': , 'location_class': , 'store_entry': 'swift'} {{(pid=99394) register_scheme_map /opt/stack/data/venv/lib/python3.12/site-packages/glance_store/location.py:146}}
Jul 02 12:25:12.807780 np0000004271 devstack@g-api.service[99394]: DEBUG glance_store.location [None req-34026e0e-0148-442d-937a-0d2e5eb38587 tempest-AttachSCSIVolumeTestJSON-118960304 tempest-AttachSCSIVolumeTestJSON-118960304-project-admin] Registering scheme swift with {'store': , 'location_class': , 'store_entry': 'swift'} {{(pid=99394) register_scheme_map /opt/stack/data/venv/lib/python3.12/site-packages/glance_store/location.py:146}}
Jul 02 12:25:12.807856 np0000004271 devstack@g-api.service[99394]: DEBUG glance_store.location [None req-34026e0e-0148-442d-937a-0d2e5eb38587 tempest-AttachSCSIVolumeTestJSON-118960304 tempest-AttachSCSIVolumeTestJSON-118960304-project-admin] Registering scheme swift+http with {'store': , 'location_class': , 'store_entry': 'swift'} {{(pid=99394) register_scheme_map /opt/stack/data/venv/lib/python3.12/site-packages/glance_store/location.py:146}}
Jul 02 12:25:12.807924 np0000004271 devstack@g-api.service[99394]: DEBUG glance_store.location [None req-34026e0e-0148-442d-937a-0d2e5eb38587 tempest-AttachSCSIVolumeTestJSON-118960304 tempest-AttachSCSIVolumeTestJSON-118960304-project-admin] Registering scheme swift+config with {'store': , 'location_class': , 'store_entry': 'swift'} {{(pid=99394) register_scheme_map /opt/stack/data/venv/lib/python3.12/site-packages/glance_store/location.py:146}}
Jul 02 12:25:12.994374 np0000004271 devstack@g-api.service[99395]: DEBUG glance.api.middleware.version_negotiation [None req-416677d8-f634-4df8-9c1b-2821b2d86d1b tempest-TaggedAttachmentsTest-1299723562 tempest-TaggedAttachmentsTest-1299723562-project-member] Determining version of request: GET /v2/images/d61e0755-945b-483a-9fcd-76aa4a6b3c91 Accept: */* {{(pid=99395) process_request /opt/stack/glance/glance/api/middleware/version_negotiation.py:44}}
Jul 02 12:25:12.994946 np0000004271 devstack@g-api.service[99395]: DEBUG glance.api.middleware.version_negotiation [None req-416677d8-f634-4df8-9c1b-2821b2d86d1b tempest-TaggedAttachmentsTest-1299723562 tempest-TaggedAttachmentsTest-1299723562-project-member] Using url versioning {{(pid=99395) process_request /opt/stack/glance/glance/api/middleware/version_negotiation.py:57}}
Jul 02 12:25:12.994946 np0000004271 devstack@g-api.service[99395]: DEBUG glance.api.middleware.version_negotiation [None req-416677d8-f634-4df8-9c1b-2821b2d86d1b tempest-TaggedAttachmentsTest-1299723562 tempest-TaggedAttachmentsTest-1299723562-project-member] Matched version: v2 {{(pid=99395) process_request /opt/stack/glance/glance/api/middleware/version_negotiation.py:69}}
Jul 02 12:25:12.994946 np0000004271 devstack@g-api.service[99395]: DEBUG glance.api.middleware.version_negotiation [None req-416677d8-f634-4df8-9c1b-2821b2d86d1b tempest-TaggedAttachmentsTest-1299723562 tempest-TaggedAttachmentsTest-1299723562-project-member] new path /v2/images/d61e0755-945b-483a-9fcd-76aa4a6b3c91 {{(pid=99395) process_request /opt/stack/glance/glance/api/middleware/version_negotiation.py:70}}
Jul 02 12:25:13.009805 np0000004271 devstack@g-api.service[99395]: [pid: 99395|app: 0|req: 28/66] 127.0.0.1 () {44 vars in 1115 bytes} [Thu Jul 2 12:25:12 2026] GET /v2/images/d61e0755-945b-483a-9fcd-76aa4a6b3c91 => generated 1044 bytes in 15 msecs (HTTP/1.1 200) 4 headers in 158 bytes (1 switches on core 0)
Jul 02 12:25:13.065244 np0000004271 devstack@g-api.service[99396]: DEBUG glance.api.middleware.version_negotiation [None req-416677d8-f634-4df8-9c1b-2821b2d86d1b tempest-TaggedAttachmentsTest-1299723562 tempest-TaggedAttachmentsTest-1299723562-project-member] Determining version of request: GET /v2/images/d61e0755-945b-483a-9fcd-76aa4a6b3c91/file Accept: */* {{(pid=99396) process_request /opt/stack/glance/glance/api/middleware/version_negotiation.py:44}}
Jul 02 12:25:13.065244 np0000004271 devstack@g-api.service[99396]: DEBUG glance.api.middleware.version_negotiation [None req-416677d8-f634-4df8-9c1b-2821b2d86d1b tempest-TaggedAttachmentsTest-1299723562 tempest-TaggedAttachmentsTest-1299723562-project-member] Using url versioning {{(pid=99396) process_request /opt/stack/glance/glance/api/middleware/version_negotiation.py:57}}
Jul 02 12:25:13.065244 np0000004271 devstack@g-api.service[99396]: DEBUG glance.api.middleware.version_negotiation [None req-416677d8-f634-4df8-9c1b-2821b2d86d1b tempest-TaggedAttachmentsTest-1299723562 tempest-TaggedAttachmentsTest-1299723562-project-member] Matched version: v2 {{(pid=99396) process_request /opt/stack/glance/glance/api/middleware/version_negotiation.py:69}}
Jul 02 12:25:13.065244 np0000004271 devstack@g-api.service[99396]: DEBUG glance.api.middleware.version_negotiation [None req-416677d8-f634-4df8-9c1b-2821b2d86d1b tempest-TaggedAttachmentsTest-1299723562 tempest-TaggedAttachmentsTest-1299723562-project-member] new path /v2/images/d61e0755-945b-483a-9fcd-76aa4a6b3c91/file {{(pid=99396) process_request /opt/stack/glance/glance/api/middleware/version_negotiation.py:70}}
Jul 02 12:25:13.084412 np0000004271 devstack@g-api.service[99396]: DEBUG glance.api.middleware.cache [None req-5d0ed1f9-3d2e-4f57-9d3b-1dfd2fc3a9b3 tempest-ServerRescueNegativeTestJSON-1079971559 tempest-ServerRescueNegativeTestJSON-1079971559-project-member] Cache hit for image 'd61e0755-945b-483a-9fcd-76aa4a6b3c91' {{(pid=99396) process_request /opt/stack/glance/glance/api/middleware/cache.py:160}}
Jul 02 12:25:13.142496 np0000004271 devstack@g-api.service[99396]: [pid: 99396|app: 0|req: 20/67] 127.0.0.1 () {44 vars in 1125 bytes} [Thu Jul 2 12:25:13 2026] GET /v2/images/d61e0755-945b-483a-9fcd-76aa4a6b3c91/file => generated 21692416 bytes in 78 msecs (HTTP/1.1 200) 5 headers in 217 bytes (338 switches on core 0)
Jul 02 12:25:13.283673 np0000004271 devstack@g-api.service[99394]: DEBUG swiftclient [None req-34026e0e-0148-442d-937a-0d2e5eb38587 tempest-AttachSCSIVolumeTestJSON-118960304 tempest-AttachSCSIVolumeTestJSON-118960304-project-admin] REQ: curl -i https://10.4.3.197:8080/v1/AUTH_5475729797194a4bbecab9ff31553d9f/glance -I -H "X-Auth-Token: gAAAAABqRlioVutJ..." {{(pid=99394) http_log /opt/stack/data/venv/lib/python3.12/site-packages/swiftclient/client.py:160}}
Jul 02 12:25:13.284475 np0000004271 devstack@g-api.service[99394]: DEBUG swiftclient [None req-34026e0e-0148-442d-937a-0d2e5eb38587 tempest-AttachSCSIVolumeTestJSON-118960304 tempest-AttachSCSIVolumeTestJSON-118960304-project-admin] RESP STATUS: 204 No Content {{(pid=99394) http_log /opt/stack/data/venv/lib/python3.12/site-packages/swiftclient/client.py:161}}
Jul 02 12:25:13.284617 np0000004271 devstack@g-api.service[99394]: DEBUG swiftclient [None req-34026e0e-0148-442d-937a-0d2e5eb38587 tempest-AttachSCSIVolumeTestJSON-118960304 tempest-AttachSCSIVolumeTestJSON-118960304-project-admin] RESP HEADERS: {'Date': 'Thu, 02 Jul 2026 12:25:13 GMT', 'Server': 'Apache/2.4.58 (Ubuntu)', 'Content-Type': 'text/plain; charset=utf-8', 'X-Container-Object-Count': '3', 'X-Container-Bytes-Used': '64356352', 'X-Timestamp': '1782994982.75957', 'Last-Modified': 'Thu, 02 Jul 2026 12:23:03 GMT', 'Accept-Ranges': 'bytes', 'X-Storage-Policy': 'Policy-0', 'X-Container-Sharding': 'False', 'Vary': 'Accept', 'X-Trans-Id': 'tx0317a1013db942b484adc-006a4658a8', 'X-Openstack-Request-Id': 'tx0317a1013db942b484adc-006a4658a8', 'Connection': 'close'} {{(pid=99394) http_log /opt/stack/data/venv/lib/python3.12/site-packages/swiftclient/client.py:162}}
Jul 02 12:25:13.284819 np0000004271 devstack@g-api.service[99394]: DEBUG glance_store._drivers.swift.store [None req-34026e0e-0148-442d-937a-0d2e5eb38587 tempest-AttachSCSIVolumeTestJSON-118960304 tempest-AttachSCSIVolumeTestJSON-118960304-project-admin] Adding image object '99abbe91-14c7-4897-bb9d-40ba0533e495' to Swift {{(pid=99394) add /opt/stack/data/venv/lib/python3.12/site-packages/glance_store/_drivers/swift/store.py:970}}
Jul 02 12:25:13.284930 np0000004271 devstack@g-api.service[99394]: DEBUG glance_store._drivers.swift.store [None req-34026e0e-0148-442d-937a-0d2e5eb38587 tempest-AttachSCSIVolumeTestJSON-118960304 tempest-AttachSCSIVolumeTestJSON-118960304-project-admin] Cannot determine image size because it is either not provided in the request or chunked-transfer encoding is used. Adding image as a segmented object to Swift. {{(pid=99394) add /opt/stack/data/venv/lib/python3.12/site-packages/glance_store/_drivers/swift/store.py:994}}
Jul 02 12:25:13.291297 np0000004271 devstack@g-api.service[99394]: DEBUG oslo_utils.imageutils.format_inspector [None req-34026e0e-0148-442d-937a-0d2e5eb38587 tempest-AttachSCSIVolumeTestJSON-118960304 tempest-AttachSCSIVolumeTestJSON-118960304-project-admin] Format inspector for vmdk does not match, excluding from consideration (Signature KDMV not found: b'QFI\xfb') {{(pid=99394) _process_chunk /opt/stack/data/venv/lib/python3.12/site-packages/oslo_utils/imageutils/format_inspector.py:1758}}
Jul 02 12:25:13.293454 np0000004271 devstack@g-api.service[99394]: DEBUG oslo_utils.imageutils.format_inspector [None req-34026e0e-0148-442d-937a-0d2e5eb38587 tempest-AttachSCSIVolumeTestJSON-118960304 tempest-AttachSCSIVolumeTestJSON-118960304-project-admin] Format inspector for vhdx does not match, excluding from consideration (Region signature not found at 30000) {{(pid=99394) _process_chunk /opt/stack/data/venv/lib/python3.12/site-packages/oslo_utils/imageutils/format_inspector.py:1758}}
Jul 02 12:25:13.329362 np0000004271 devstack@g-api.service[99395]: DEBUG glance.api.middleware.version_negotiation [None req-5d0ed1f9-3d2e-4f57-9d3b-1dfd2fc3a9b3 tempest-ServerRescueNegativeTestJSON-1079971559 tempest-ServerRescueNegativeTestJSON-1079971559-project-member] Determining version of request: GET /v2/images/d61e0755-945b-483a-9fcd-76aa4a6b3c91 Accept: */* {{(pid=99395) process_request /opt/stack/glance/glance/api/middleware/version_negotiation.py:44}}
Jul 02 12:25:13.329362 np0000004271 devstack@g-api.service[99395]: DEBUG glance.api.middleware.version_negotiation [None req-5d0ed1f9-3d2e-4f57-9d3b-1dfd2fc3a9b3 tempest-ServerRescueNegativeTestJSON-1079971559 tempest-ServerRescueNegativeTestJSON-1079971559-project-member] Using url versioning {{(pid=99395) process_request /opt/stack/glance/glance/api/middleware/version_negotiation.py:57}}
Jul 02 12:25:13.329673 np0000004271 devstack@g-api.service[99395]: DEBUG glance.api.middleware.version_negotiation [None req-5d0ed1f9-3d2e-4f57-9d3b-1dfd2fc3a9b3 tempest-ServerRescueNegativeTestJSON-1079971559 tempest-ServerRescueNegativeTestJSON-1079971559-project-member] Matched version: v2 {{(pid=99395) process_request /opt/stack/glance/glance/api/middleware/version_negotiation.py:69}}
Jul 02 12:25:13.329908 np0000004271 devstack@g-api.service[99395]: DEBUG glance.api.middleware.version_negotiation [None req-5d0ed1f9-3d2e-4f57-9d3b-1dfd2fc3a9b3 tempest-ServerRescueNegativeTestJSON-1079971559 tempest-ServerRescueNegativeTestJSON-1079971559-project-member] new path /v2/images/d61e0755-945b-483a-9fcd-76aa4a6b3c91 {{(pid=99395) process_request /opt/stack/glance/glance/api/middleware/version_negotiation.py:70}}
Jul 02 12:25:13.352171 np0000004271 devstack@g-api.service[99395]: [pid: 99395|app: 0|req: 29/68] 127.0.0.1 () {44 vars in 1115 bytes} [Thu Jul 2 12:25:13 2026] GET /v2/images/d61e0755-945b-483a-9fcd-76aa4a6b3c91 => generated 1044 bytes in 26 msecs (HTTP/1.1 200) 4 headers in 158 bytes (1 switches on core 0)
Jul 02 12:25:13.393277 np0000004271 devstack@g-api.service[99396]: DEBUG glance.api.middleware.version_negotiation [None req-5d0ed1f9-3d2e-4f57-9d3b-1dfd2fc3a9b3 tempest-ServerRescueNegativeTestJSON-1079971559 tempest-ServerRescueNegativeTestJSON-1079971559-project-member] Determining version of request: GET /v2/schemas/image Accept: */* {{(pid=99396) process_request /opt/stack/glance/glance/api/middleware/version_negotiation.py:44}}
Jul 02 12:25:13.393277 np0000004271 devstack@g-api.service[99396]: DEBUG glance.api.middleware.version_negotiation [None req-5d0ed1f9-3d2e-4f57-9d3b-1dfd2fc3a9b3 tempest-ServerRescueNegativeTestJSON-1079971559 tempest-ServerRescueNegativeTestJSON-1079971559-project-member] Using url versioning {{(pid=99396) process_request /opt/stack/glance/glance/api/middleware/version_negotiation.py:57}}
Jul 02 12:25:13.393277 np0000004271 devstack@g-api.service[99396]: DEBUG glance.api.middleware.version_negotiation [None req-5d0ed1f9-3d2e-4f57-9d3b-1dfd2fc3a9b3 tempest-ServerRescueNegativeTestJSON-1079971559 tempest-ServerRescueNegativeTestJSON-1079971559-project-member] Matched version: v2 {{(pid=99396) process_request /opt/stack/glance/glance/api/middleware/version_negotiation.py:69}}
Jul 02 12:25:13.393277 np0000004271 devstack@g-api.service[99396]: DEBUG glance.api.middleware.version_negotiation [None req-5d0ed1f9-3d2e-4f57-9d3b-1dfd2fc3a9b3 tempest-ServerRescueNegativeTestJSON-1079971559 tempest-ServerRescueNegativeTestJSON-1079971559-project-member] new path /v2/schemas/image {{(pid=99396) process_request /opt/stack/glance/glance/api/middleware/version_negotiation.py:70}}
Jul 02 12:25:13.398411 np0000004271 devstack@g-api.service[99396]: [pid: 99396|app: 0|req: 21/69] 127.0.0.1 () {44 vars in 1055 bytes} [Thu Jul 2 12:25:13 2026] GET /v2/schemas/image => generated 6083 bytes in 6 msecs (HTTP/1.1 200) 4 headers in 158 bytes (1 switches on core 0)
Jul 02 12:25:13.563323 np0000004271 devstack@g-api.service[99394]: DEBUG swiftclient [None req-34026e0e-0148-442d-937a-0d2e5eb38587 tempest-AttachSCSIVolumeTestJSON-118960304 tempest-AttachSCSIVolumeTestJSON-118960304-project-admin] REQ: curl -i https://10.4.3.197:8080/v1/AUTH_5475729797194a4bbecab9ff31553d9f/glance/99abbe91-14c7-4897-bb9d-40ba0533e495-00001 -X PUT -H "X-Auth-Token: gAAAAABqRlioVutJ..." {{(pid=99394) http_log /opt/stack/data/venv/lib/python3.12/site-packages/swiftclient/client.py:160}}
Jul 02 12:25:13.563323 np0000004271 devstack@g-api.service[99394]: DEBUG swiftclient [None req-34026e0e-0148-442d-937a-0d2e5eb38587 tempest-AttachSCSIVolumeTestJSON-118960304 tempest-AttachSCSIVolumeTestJSON-118960304-project-admin] RESP STATUS: 201 Created {{(pid=99394) http_log /opt/stack/data/venv/lib/python3.12/site-packages/swiftclient/client.py:161}}
Jul 02 12:25:13.563323 np0000004271 devstack@g-api.service[99394]: DEBUG swiftclient [None req-34026e0e-0148-442d-937a-0d2e5eb38587 tempest-AttachSCSIVolumeTestJSON-118960304 tempest-AttachSCSIVolumeTestJSON-118960304-project-admin] RESP HEADERS: {'Date': 'Thu, 02 Jul 2026 12:25:13 GMT', 'Server': 'Apache/2.4.58 (Ubuntu)', 'Content-Type': 'text/html; charset=UTF-8', 'Content-Length': '0', 'Etag': '87617e24a5e30cb3b87fda8c0764838f', 'Last-Modified': 'Thu, 02 Jul 2026 12:25:14 GMT', 'X-Trans-Id': 'tx4e3a6dd9adac43869984e-006a4658a9', 'X-Openstack-Request-Id': 'tx4e3a6dd9adac43869984e-006a4658a9', 'Connection': 'close'} {{(pid=99394) http_log /opt/stack/data/venv/lib/python3.12/site-packages/swiftclient/client.py:162}}
Jul 02 12:25:13.563647 np0000004271 devstack@g-api.service[99394]: DEBUG glance_store._drivers.swift.store [None req-34026e0e-0148-442d-937a-0d2e5eb38587 tempest-AttachSCSIVolumeTestJSON-118960304 tempest-AttachSCSIVolumeTestJSON-118960304-project-admin] Wrote chunk 99abbe91-14c7-4897-bb9d-40ba0533e495-00001 (1/?) of length 21692416 to Swift returning MD5 of content: 87617e24a5e30cb3b87fda8c0764838f {{(pid=99394) add /opt/stack/data/venv/lib/python3.12/site-packages/glance_store/_drivers/swift/store.py:1059}}
Jul 02 12:25:13.564969 np0000004271 devstack@g-api.service[99394]: DEBUG glance_store._drivers.swift.store [None req-34026e0e-0148-442d-937a-0d2e5eb38587 tempest-AttachSCSIVolumeTestJSON-118960304 tempest-AttachSCSIVolumeTestJSON-118960304-project-admin] Not writing zero-length chunk. {{(pid=99394) add /opt/stack/data/venv/lib/python3.12/site-packages/glance_store/_drivers/swift/store.py:1028}}
Jul 02 12:25:13.608290 np0000004271 devstack@g-api.service[99394]: DEBUG swiftclient [None req-34026e0e-0148-442d-937a-0d2e5eb38587 tempest-AttachSCSIVolumeTestJSON-118960304 tempest-AttachSCSIVolumeTestJSON-118960304-project-admin] REQ: curl -i https://10.4.3.197:8080/v1/AUTH_5475729797194a4bbecab9ff31553d9f/glance/99abbe91-14c7-4897-bb9d-40ba0533e495 -X PUT -H "X-Object-Manifest: glance/99abbe91-14c7-4897-bb9d-40ba0533e495-" -H "X-Auth-Token: gAAAAABqRlioVutJ..." -H "Content-Length: 0" {{(pid=99394) http_log /opt/stack/data/venv/lib/python3.12/site-packages/swiftclient/client.py:160}}
