Jul 29 23:59:59.523154 np0000006104 devstack@g-api.service[99702]: DEBUG keystoneclient.auth.identity.v3.base [None req-79255fc0-a0c5-4659-9eb2-4ec2fbfc2d43 tempest-TestImageHashVerification-1608810493 tempest-TestImageHashVerification-1608810493-project-member] {"token": {"methods": ["password"], "user": {"domain": {"id": "default", "name": "Default"}, "id": "ac6cbc3f242b4a4f9363629554454eb7", "name": "glance-swift", "password_expires_at": null}, "audit_ids": ["BKtJEuiOS8yoh_X5GIxtcg"], "expires_at": "2026-07-30T00:59:59.000000Z", "issued_at": "2026-07-29T23:59:59.000000Z", "project": {"domain": {"id": "default", "name": "Default"}, "id": "066856006b2d4fdbbaa0e94647e22b8c", "name": "service"}, "is_domain": false, "roles": [{"id": "2c0c385bcf7b479cbdfd9d48aa29ec6b", "name": "service"}, {"id": "e589831e8aa14701903fd8324017aeeb", "name": "ResellerAdmin"}], "catalog": [{"endpoints": [{"id": "c560f133c49f411db4b6801ff8a0d620", "interface": "public", "region_id": "RegionOne", "url": "https://10.4.3.171/volume/v3", "region": "RegionOne"}], "id": "2e962404e9c544bb931285cf99da6969", "type": "block-storage", "name": "cinder"}, {"endpoints": [{"id": "c83d40136b03417ebd7a3c9d46e40d3c", "interface": "public", "region_id": "RegionOne", "url": "https://10.4.3.171/image", "region": "RegionOne"}], "id": "3bc063df6c974ec282d27fbe18e227bc", "type": "image", "name": "glance"}, {"endpoints": [{"id": "82b235a063f443aba75a95152b6d1a27", "interface": "public", "region_id": "RegionOne", "url": "https://10.4.3.171:8080/v1/AUTH_066856006b2d4fdbbaa0e94647e22b8c", "region": "RegionOne"}, {"id": "983b666bbb014c73bc67fc01fcb34120", "interface": "admin", "region_id": "RegionOne", "url": "https://10.4.3.171:8080", "region": "RegionOne"}], "id": "4e4dcf31ecb14bc19d37089aa64f79e6", "type": "object-store", "name": "swift"}, {"endpoints": [{"id": "1e75cf88d94f4db29d3a09146d871b39", "interface": "public", "region_id": "RegionOne", "url": "https://10.4.3.171/placement", "region": "RegionOne"}], "id": "739185de34644689b9a666a02422767f", "type": "placement", "name": "placement"}, {"endpoints": [{"id": "5ff2cd2db6114345ac092384637fa490", "interface": "public", "region_id": "RegionOne", "url": "https://10.4.3.171/identity", "region": "RegionOne"}], "id": "78886de49d0d435396d759bc4a42f6c9", "type": "identity", "name": "keystone"}, {"endpoints": [{"id": "79828699e5504c358c105d2e0c46fe93", "interface": "public", "region_id": "RegionOne", "url": "https://10.4.3.171/networking", "region": "RegionOne"}], "id": "7a44b299fa3b4d31b89afccaa8b7f55b", "type": "network", "name": "neutron"}, {"endpoints": [{"id": "519ab3aa34324a1590628c761ac9ee77", "interface": "public", "region_id": "RegionOne", "url": "https://10.4.3.171/compute/v2.1", "region": "RegionOne"}], "id": "ee1591419f15481fbc4df1a14ae57963", "type": "compute", "name": "nova"}, {"endpoints": [{"id": "0199077209f74cd383dc3fa9ef7a28c1", "interface": "public", "region_id": "RegionOne", "url": "https://10.4.3.171/compute/v2/066856006b2d4fdbbaa0e94647e22b8c", "region": "RegionOne"}], "id": "f92ba9d3d2444c6c9d576d046dde9e37", "type": "compute_legacy", "name": "nova_legacy"}]}} {{(pid=99702) get_auth_ref /opt/stack/data/venv/lib/python3.12/site-packages/keystoneclient/auth/identity/v3/base.py:190}}
Jul 29 23:59:59.526087 np0000006104 devstack@g-api.service[99702]: DEBUG keystoneclient.httpclient [None req-79255fc0-a0c5-4659-9eb2-4ec2fbfc2d43 tempest-TestImageHashVerification-1608810493 tempest-TestImageHashVerification-1608810493-project-member] Failed to find endpoint for management url admin endpoint for identity service not found {{(pid=99702) _process_management_url /opt/stack/data/venv/lib/python3.12/site-packages/keystoneclient/httpclient.py:670}}
Jul 29 23:59:59.642951 np0000006104 devstack@g-api.service[99700]: DEBUG glance.api.middleware.version_negotiation [None req-5f77c594-14f7-4b2c-ac0e-05ad926a025c tempest-TestImageHashVerification-1608810493 tempest-TestImageHashVerification-1608810493-project-member] Determining version of request: GET /versions Accept: */* {{(pid=99700) process_request /opt/stack/glance/glance/api/middleware/version_negotiation.py:44}}
Jul 29 23:59:59.643874 np0000006104 devstack@g-api.service[99700]: [pid: 99700|app: 0|req: 117/320] 127.0.0.1 () {44 vars in 1039 bytes} [Wed Jul 29 23:59:59 2026] GET /versions => generated 1515 bytes in 1 msecs (HTTP/1.1 200) 3 headers in 92 bytes (1 switches on core 0)
Jul 29 23:59:59.653291 np0000006104 devstack@g-api.service[99701]: DEBUG glance.api.middleware.version_negotiation [None req-ce60ea48-6d78-44e0-8f98-f2095f462f30 tempest-TestImageHashVerification-1608810493 tempest-TestImageHashVerification-1608810493-project-member] Determining version of request: GET /v2/images/4a9ee315-df88-4136-98e6-417355a177d1/locations Accept: */* {{(pid=99701) process_request /opt/stack/glance/glance/api/middleware/version_negotiation.py:44}}
Jul 29 23:59:59.653541 np0000006104 devstack@g-api.service[99701]: DEBUG glance.api.middleware.version_negotiation [None req-ce60ea48-6d78-44e0-8f98-f2095f462f30 tempest-TestImageHashVerification-1608810493 tempest-TestImageHashVerification-1608810493-project-member] Using url versioning {{(pid=99701) process_request /opt/stack/glance/glance/api/middleware/version_negotiation.py:57}}
Jul 29 23:59:59.654054 np0000006104 devstack@g-api.service[99701]: DEBUG glance.api.middleware.version_negotiation [None req-ce60ea48-6d78-44e0-8f98-f2095f462f30 tempest-TestImageHashVerification-1608810493 tempest-TestImageHashVerification-1608810493-project-member] Matched version: v2 {{(pid=99701) process_request /opt/stack/glance/glance/api/middleware/version_negotiation.py:69}}
Jul 29 23:59:59.654054 np0000006104 devstack@g-api.service[99701]: DEBUG glance.api.middleware.version_negotiation [None req-ce60ea48-6d78-44e0-8f98-f2095f462f30 tempest-TestImageHashVerification-1608810493 tempest-TestImageHashVerification-1608810493-project-member] new path /v2/images/4a9ee315-df88-4136-98e6-417355a177d1/locations {{(pid=99701) process_request /opt/stack/glance/glance/api/middleware/version_negotiation.py:70}}
Jul 29 23:59:59.661631 np0000006104 devstack@g-api.service[99702]: DEBUG swiftclient [None req-79255fc0-a0c5-4659-9eb2-4ec2fbfc2d43 tempest-TestImageHashVerification-1608810493 tempest-TestImageHashVerification-1608810493-project-member] REQ: curl -i https://10.4.3.171:8080/v1/AUTH_066856006b2d4fdbbaa0e94647e22b8c/glance/0953ce1f-62b7-44de-bac1-dbfaf58fee58 -I -H "X-Auth-Token: gAAAAABqapP_XboE..." {{(pid=99702) http_log /opt/stack/data/venv/lib/python3.12/site-packages/swiftclient/client.py:160}}
Jul 29 23:59:59.661728 np0000006104 devstack@g-api.service[99702]: DEBUG swiftclient [None req-79255fc0-a0c5-4659-9eb2-4ec2fbfc2d43 tempest-TestImageHashVerification-1608810493 tempest-TestImageHashVerification-1608810493-project-member] RESP STATUS: 200 OK {{(pid=99702) http_log /opt/stack/data/venv/lib/python3.12/site-packages/swiftclient/client.py:161}}
Jul 29 23:59:59.661886 np0000006104 devstack@g-api.service[99702]: DEBUG swiftclient [None req-79255fc0-a0c5-4659-9eb2-4ec2fbfc2d43 tempest-TestImageHashVerification-1608810493 tempest-TestImageHashVerification-1608810493-project-member] RESP HEADERS: {'Date': 'Wed, 29 Jul 2026 23:59:59 GMT', 'Server': 'Apache/2.4.58 (Ubuntu)', 'Content-Type': 'application/octet-stream', 'Content-Length': '1073741824', 'X-Object-Manifest': 'glance/0953ce1f-62b7-44de-bac1-dbfaf58fee58-', 'Last-Modified': 'Wed, 29 Jul 2026 23:59:59 GMT', 'X-Timestamp': '1785369598.61790', 'Accept-Ranges': 'bytes', 'Etag': '"e2b666a07d254dcd948713f72f2c28d8"', 'X-Trans-Id': 'tx5ddbb42b50f5429c8521f-006a6a93ff', 'X-Openstack-Request-Id': 'tx5ddbb42b50f5429c8521f-006a6a93ff', 'Connection': 'close'} {{(pid=99702) http_log /opt/stack/data/venv/lib/python3.12/site-packages/swiftclient/client.py:162}}
Jul 29 23:59:59.690841 np0000006104 devstack@g-api.service[99700]: DEBUG glance.api.middleware.version_negotiation [None req-5f77c594-14f7-4b2c-ac0e-05ad926a025c tempest-TestImageHashVerification-1608810493 tempest-TestImageHashVerification-1608810493-project-member] Determining version of request: GET /versions Accept: */* {{(pid=99700) process_request /opt/stack/glance/glance/api/middleware/version_negotiation.py:44}}
Jul 29 23:59:59.691631 np0000006104 devstack@g-api.service[99700]: [pid: 99700|app: 0|req: 118/321] 127.0.0.1 () {44 vars in 1039 bytes} [Wed Jul 29 23:59:59 2026] GET /versions => generated 1515 bytes in 1 msecs (HTTP/1.1 200) 3 headers in 92 bytes (1 switches on core 0)
Jul 29 23:59:59.691743 np0000006104 devstack@g-api.service[99702]: DEBUG swiftclient [None req-79255fc0-a0c5-4659-9eb2-4ec2fbfc2d43 tempest-TestImageHashVerification-1608810493 tempest-TestImageHashVerification-1608810493-project-member] REQ: curl -i https://10.4.3.171:8080/v1/AUTH_066856006b2d4fdbbaa0e94647e22b8c/glance?format=json&prefix=0953ce1f-62b7-44de-bac1-dbfaf58fee58- -X GET -H "X-Auth-Token: gAAAAABqapP_XboE..." -H "Accept-Encoding: gzip" {{(pid=99702) http_log /opt/stack/data/venv/lib/python3.12/site-packages/swiftclient/client.py:160}}
Jul 29 23:59:59.691890 np0000006104 devstack@g-api.service[99702]: DEBUG swiftclient [None req-79255fc0-a0c5-4659-9eb2-4ec2fbfc2d43 tempest-TestImageHashVerification-1608810493 tempest-TestImageHashVerification-1608810493-project-member] RESP STATUS: 200 OK {{(pid=99702) http_log /opt/stack/data/venv/lib/python3.12/site-packages/swiftclient/client.py:161}}
Jul 29 23:59:59.692351 np0000006104 devstack@g-api.service[99702]: DEBUG swiftclient [None req-79255fc0-a0c5-4659-9eb2-4ec2fbfc2d43 tempest-TestImageHashVerification-1608810493 tempest-TestImageHashVerification-1608810493-project-member] RESP HEADERS: {'Date': 'Wed, 29 Jul 2026 23:59:59 GMT', 'Server': 'Apache/2.4.58 (Ubuntu)', 'Content-Type': 'application/json; charset=utf-8', 'Content-Length': '1265', 'X-Container-Object-Count': '14', 'X-Container-Bytes-Used': '1185153024', 'X-Timestamp': '1785369225.45375', 'Last-Modified': 'Wed, 29 Jul 2026 23:53:46 GMT', 'Accept-Ranges': 'bytes', 'X-Storage-Policy': 'Policy-0', 'X-Container-Sharding': 'False', 'X-Trans-Id': 'txa427002d5509405c937c2-006a6a93ff', 'X-Openstack-Request-Id': 'txa427002d5509405c937c2-006a6a93ff', 'Connection': 'close'} {{(pid=99702) http_log /opt/stack/data/venv/lib/python3.12/site-packages/swiftclient/client.py:162}}
Jul 29 23:59:59.693082 np0000006104 devstack@g-api.service[99702]: DEBUG swiftclient [None req-79255fc0-a0c5-4659-9eb2-4ec2fbfc2d43 tempest-TestImageHashVerification-1608810493 tempest-TestImageHashVerification-1608810493-project-member] RESP BODY: b'[{"bytes": 204800000, "hash": "eda9a9889837ac4bc81d6387d92c1bec", "name": "0953ce1f-62b7-44de-bac1-dbfaf58fee58-00001", "content_type": "application/octet-stream", "last_modified": "2026-07-29T23:59:44.536440"}, {"bytes": 204800000, "hash": "eda9a9889837ac4bc81d6387d92c1bec", "name": "0953ce1f-62b7-44de-bac1-dbfaf58fee58-00002", "content_type": "application/octet-stream", "last_modified": "2026-07-29T23:59:47.590140"}, {"bytes": 204800000, "hash": "eda9a9889837ac4bc81d6387d92c1bec", "name": "0953ce1f-62b7-44de-bac1-dbfaf58fee58-00003", "content_type": "application/octet-stream", "last_modified": "2026-07-29T23:59:50.549770"}, {"bytes": 204800000, "hash": "eda9a9889837ac4bc81d6387d92c1bec", "name": "0953ce1f-62b7-44de-bac1-dbfaf58fee58-00004", "content_type": "application/octet-stream", "last_modified": "2026-07-29T23:59:53.014580"}, {"bytes": 204800000, "hash": "eda9a9889837ac4bc81d6387d92c1bec", "name": "0953ce1f-62b7-44de-bac1-dbfaf58fee58-00005", "content_type": "application/octet-stream", "last_modified": "2026-07-29T23:59:55.650890"}, {"bytes": 49741824, "hash": "708761f3b8777ec77058e63da08eeeb6", "name": "0953ce1f-62b7-44de-bac1-dbfaf58fee58-00006", "content_type": "application/octet-stream", "last_modified": "2026-07-29T23:59:58.075180"}]' {{(pid=99702) http_log /opt/stack/data/venv/lib/python3.12/site-packages/swiftclient/client.py:166}}
Jul 29 23:59:59.704284 np0000006104 devstack@g-api.service[99700]: DEBUG glance.api.middleware.version_negotiation [None req-5f77c594-14f7-4b2c-ac0e-05ad926a025c tempest-TestImageHashVerification-1608810493 tempest-TestImageHashVerification-1608810493-project-member] Determining version of request: GET /v2/images/4a9ee315-df88-4136-98e6-417355a177d1/locations Accept: */* {{(pid=99700) process_request /opt/stack/glance/glance/api/middleware/version_negotiation.py:44}}
Jul 29 23:59:59.704284 np0000006104 devstack@g-api.service[99700]: DEBUG glance.api.middleware.version_negotiation [None req-5f77c594-14f7-4b2c-ac0e-05ad926a025c tempest-TestImageHashVerification-1608810493 tempest-TestImageHashVerification-1608810493-project-member] Using url versioning {{(pid=99700) process_request /opt/stack/glance/glance/api/middleware/version_negotiation.py:57}}
Jul 29 23:59:59.704284 np0000006104 devstack@g-api.service[99700]: DEBUG glance.api.middleware.version_negotiation [None req-5f77c594-14f7-4b2c-ac0e-05ad926a025c tempest-TestImageHashVerification-1608810493 tempest-TestImageHashVerification-1608810493-project-member] Matched version: v2 {{(pid=99700) process_request /opt/stack/glance/glance/api/middleware/version_negotiation.py:69}}
Jul 29 23:59:59.704639 np0000006104 devstack@g-api.service[99700]: DEBUG glance.api.middleware.version_negotiation [None req-5f77c594-14f7-4b2c-ac0e-05ad926a025c tempest-TestImageHashVerification-1608810493 tempest-TestImageHashVerification-1608810493-project-member] new path /v2/images/4a9ee315-df88-4136-98e6-417355a177d1/locations {{(pid=99700) process_request /opt/stack/glance/glance/api/middleware/version_negotiation.py:70}}
Jul 29 23:59:59.708100 np0000006104 devstack@g-api.service[99701]: [pid: 99701|app: 0|req: 93/322] 127.0.0.1 () {44 vars in 1135 bytes} [Wed Jul 29 23:59:59 2026] GET /v2/images/4a9ee315-df88-4136-98e6-417355a177d1/locations => generated 92 bytes in 55 msecs (HTTP/1.1 200) 4 headers in 156 bytes (1 switches on core 0)
Jul 29 23:59:59.719941 np0000006104 devstack@g-api.service[99701]: DEBUG glance.api.middleware.version_negotiation [None req-fc53ecdd-76bc-4d14-b1dd-7a294ddfb296 service glance] Determining version of request: GET /v2/images/4a9ee315-df88-4136-98e6-417355a177d1 Accept: */* {{(pid=99701) process_request /opt/stack/glance/glance/api/middleware/version_negotiation.py:44}}
Jul 29 23:59:59.719941 np0000006104 devstack@g-api.service[99701]: DEBUG glance.api.middleware.version_negotiation [None req-fc53ecdd-76bc-4d14-b1dd-7a294ddfb296 service glance] Using url versioning {{(pid=99701) process_request /opt/stack/glance/glance/api/middleware/version_negotiation.py:57}}
Jul 29 23:59:59.719941 np0000006104 devstack@g-api.service[99701]: DEBUG glance.api.middleware.version_negotiation [None req-fc53ecdd-76bc-4d14-b1dd-7a294ddfb296 service glance] Matched version: v2 {{(pid=99701) process_request /opt/stack/glance/glance/api/middleware/version_negotiation.py:69}}
Jul 29 23:59:59.720215 np0000006104 devstack@g-api.service[99701]: DEBUG glance.api.middleware.version_negotiation [None req-fc53ecdd-76bc-4d14-b1dd-7a294ddfb296 service glance] new path /v2/images/4a9ee315-df88-4136-98e6-417355a177d1 {{(pid=99701) process_request /opt/stack/glance/glance/api/middleware/version_negotiation.py:70}}
Jul 29 23:59:59.732089 np0000006104 devstack@g-api.service[99702]: DEBUG swiftclient [None req-79255fc0-a0c5-4659-9eb2-4ec2fbfc2d43 tempest-TestImageHashVerification-1608810493 tempest-TestImageHashVerification-1608810493-project-member] REQ: curl -i https://10.4.3.171:8080/v1/AUTH_066856006b2d4fdbbaa0e94647e22b8c/glance/0953ce1f-62b7-44de-bac1-dbfaf58fee58-00001 DELETE -H "X-Auth-Token: gAAAAABqapP_XboE..." {{(pid=99702) http_log /opt/stack/data/venv/lib/python3.12/site-packages/swiftclient/client.py:160}}
Jul 29 23:59:59.732089 np0000006104 devstack@g-api.service[99702]: DEBUG swiftclient [None req-79255fc0-a0c5-4659-9eb2-4ec2fbfc2d43 tempest-TestImageHashVerification-1608810493 tempest-TestImageHashVerification-1608810493-project-member] RESP STATUS: 204 No Content {{(pid=99702) http_log /opt/stack/data/venv/lib/python3.12/site-packages/swiftclient/client.py:161}}
Jul 29 23:59:59.732089 np0000006104 devstack@g-api.service[99702]: DEBUG swiftclient [None req-79255fc0-a0c5-4659-9eb2-4ec2fbfc2d43 tempest-TestImageHashVerification-1608810493 tempest-TestImageHashVerification-1608810493-project-member] RESP HEADERS: {'Date': 'Wed, 29 Jul 2026 23:59:59 GMT', 'Server': 'Apache/2.4.58 (Ubuntu)', 'Content-Type': 'text/html; charset=UTF-8', 'X-Trans-Id': 'tx3fdeef7d58bb4c4d988f5-006a6a93ff', 'X-Openstack-Request-Id': 'tx3fdeef7d58bb4c4d988f5-006a6a93ff', 'Connection': 'close'} {{(pid=99702) http_log /opt/stack/data/venv/lib/python3.12/site-packages/swiftclient/client.py:162}}
Jul 29 23:59:59.739059 np0000006104 devstack@g-api.service[99701]: [pid: 99701|app: 0|req: 94/323] 127.0.0.1 () {44 vars in 1115 bytes} [Wed Jul 29 23:59:59 2026] GET /v2/images/4a9ee315-df88-4136-98e6-417355a177d1 => generated 1044 bytes in 17 msecs (HTTP/1.1 200) 4 headers in 158 bytes (1 switches on core 0)
Jul 29 23:59:59.751323 np0000006104 devstack@g-api.service[99701]: DEBUG glance.api.middleware.version_negotiation [None req-fc53ecdd-76bc-4d14-b1dd-7a294ddfb296 tempest-ServerActionsTestOtherA-265570192 tempest-ServerActionsTestOtherA-265570192-project-member] Determining version of request: GET /v2/schemas/image Accept: */* {{(pid=99701) process_request /opt/stack/glance/glance/api/middleware/version_negotiation.py:44}}
Jul 29 23:59:59.751545 np0000006104 devstack@g-api.service[99701]: DEBUG glance.api.middleware.version_negotiation [None req-fc53ecdd-76bc-4d14-b1dd-7a294ddfb296 tempest-ServerActionsTestOtherA-265570192 tempest-ServerActionsTestOtherA-265570192-project-member] Using url versioning {{(pid=99701) process_request /opt/stack/glance/glance/api/middleware/version_negotiation.py:57}}
Jul 29 23:59:59.751693 np0000006104 devstack@g-api.service[99701]: DEBUG glance.api.middleware.version_negotiation [None req-fc53ecdd-76bc-4d14-b1dd-7a294ddfb296 tempest-ServerActionsTestOtherA-265570192 tempest-ServerActionsTestOtherA-265570192-project-member] Matched version: v2 {{(pid=99701) process_request /opt/stack/glance/glance/api/middleware/version_negotiation.py:69}}
Jul 29 23:59:59.751878 np0000006104 devstack@g-api.service[99701]: DEBUG glance.api.middleware.version_negotiation [None req-fc53ecdd-76bc-4d14-b1dd-7a294ddfb296 tempest-ServerActionsTestOtherA-265570192 tempest-ServerActionsTestOtherA-265570192-project-member] new path /v2/schemas/image {{(pid=99701) process_request /opt/stack/glance/glance/api/middleware/version_negotiation.py:70}}
Jul 29 23:59:59.755966 np0000006104 devstack@g-api.service[99701]: [pid: 99701|app: 0|req: 95/324] 127.0.0.1 () {44 vars in 1055 bytes} [Wed Jul 29 23:59:59 2026] GET /v2/schemas/image => generated 6083 bytes in 6 msecs (HTTP/1.1 200) 4 headers in 158 bytes (1 switches on core 0)
Jul 29 23:59:59.766191 np0000006104 devstack@g-api.service[99702]: DEBUG swiftclient [None req-79255fc0-a0c5-4659-9eb2-4ec2fbfc2d43 tempest-TestImageHashVerification-1608810493 tempest-TestImageHashVerification-1608810493-project-member] REQ: curl -i https://10.4.3.171:8080/v1/AUTH_066856006b2d4fdbbaa0e94647e22b8c/glance/0953ce1f-62b7-44de-bac1-dbfaf58fee58-00002 DELETE -H "X-Auth-Token: gAAAAABqapP_XboE..." {{(pid=99702) http_log /opt/stack/data/venv/lib/python3.12/site-packages/swiftclient/client.py:160}}
Jul 29 23:59:59.766318 np0000006104 devstack@g-api.service[99702]: DEBUG swiftclient [None req-79255fc0-a0c5-4659-9eb2-4ec2fbfc2d43 tempest-TestImageHashVerification-1608810493 tempest-TestImageHashVerification-1608810493-project-member] RESP STATUS: 204 No Content {{(pid=99702) http_log /opt/stack/data/venv/lib/python3.12/site-packages/swiftclient/client.py:161}}
Jul 29 23:59:59.766442 np0000006104 devstack@g-api.service[99702]: DEBUG swiftclient [None req-79255fc0-a0c5-4659-9eb2-4ec2fbfc2d43 tempest-TestImageHashVerification-1608810493 tempest-TestImageHashVerification-1608810493-project-member] RESP HEADERS: {'Date': 'Wed, 29 Jul 2026 23:59:59 GMT', 'Server': 'Apache/2.4.58 (Ubuntu)', 'Content-Type': 'text/html; charset=UTF-8', 'X-Trans-Id': 'tx4a9ea696091a4c5a9b748-006a6a93ff', 'X-Openstack-Request-Id': 'tx4a9ea696091a4c5a9b748-006a6a93ff', 'Connection': 'close'} {{(pid=99702) http_log /opt/stack/data/venv/lib/python3.12/site-packages/swiftclient/client.py:162}}
Jul 29 23:59:59.768709 np0000006104 devstack@g-api.service[99701]: DEBUG glance.api.middleware.version_negotiation [None req-fc53ecdd-76bc-4d14-b1dd-7a294ddfb296 tempest-ServerActionsTestOtherA-265570192 tempest-ServerActionsTestOtherA-265570192-project-member] Determining version of request: GET /v2/schemas/image Accept: */* {{(pid=99701) process_request /opt/stack/glance/glance/api/middleware/version_negotiation.py:44}}
Jul 29 23:59:59.768854 np0000006104 devstack@g-api.service[99701]: DEBUG glance.api.middleware.version_negotiation [None req-fc53ecdd-76bc-4d14-b1dd-7a294ddfb296 tempest-ServerActionsTestOtherA-265570192 tempest-ServerActionsTestOtherA-265570192-project-member] Using url versioning {{(pid=99701) process_request /opt/stack/glance/glance/api/middleware/version_negotiation.py:57}}
Jul 29 23:59:59.768979 np0000006104 devstack@g-api.service[99701]: DEBUG glance.api.middleware.version_negotiation [None req-fc53ecdd-76bc-4d14-b1dd-7a294ddfb296 tempest-ServerActionsTestOtherA-265570192 tempest-ServerActionsTestOtherA-265570192-project-member] Matched version: v2 {{(pid=99701) process_request /opt/stack/glance/glance/api/middleware/version_negotiation.py:69}}
Jul 29 23:59:59.769125 np0000006104 devstack@g-api.service[99701]: DEBUG glance.api.middleware.version_negotiation [None req-fc53ecdd-76bc-4d14-b1dd-7a294ddfb296 tempest-ServerActionsTestOtherA-265570192 tempest-ServerActionsTestOtherA-265570192-project-member] new path /v2/schemas/image {{(pid=99701) process_request /opt/stack/glance/glance/api/middleware/version_negotiation.py:70}}
Jul 29 23:59:59.773722 np0000006104 devstack@g-api.service[99701]: [pid: 99701|app: 0|req: 96/325] 127.0.0.1 () {44 vars in 1055 bytes} [Wed Jul 29 23:59:59 2026] GET /v2/schemas/image => generated 6083 bytes in 5 msecs (HTTP/1.1 200) 4 headers in 158 bytes (1 switches on core 0)
Jul 29 23:59:59.777305 np0000006104 devstack@g-api.service[99700]: [pid: 99700|app: 0|req: 119/326] 127.0.0.1 () {44 vars in 1135 bytes} [Wed Jul 29 23:59:59 2026] GET /v2/images/4a9ee315-df88-4136-98e6-417355a177d1/locations => generated 92 bytes in 74 msecs (HTTP/1.1 200) 4 headers in 156 bytes (1 switches on core 0)
Jul 29 23:59:59.794090 np0000006104 devstack@g-api.service[99702]: DEBUG swiftclient [None req-79255fc0-a0c5-4659-9eb2-4ec2fbfc2d43 tempest-TestImageHashVerification-1608810493 tempest-TestImageHashVerification-1608810493-project-member] REQ: curl -i https://10.4.3.171:8080/v1/AUTH_066856006b2d4fdbbaa0e94647e22b8c/glance/0953ce1f-62b7-44de-bac1-dbfaf58fee58-00003 DELETE -H "X-Auth-Token: gAAAAABqapP_XboE..." {{(pid=99702) http_log /opt/stack/data/venv/lib/python3.12/site-packages/swiftclient/client.py:160}}
Jul 29 23:59:59.794188 np0000006104 devstack@g-api.service[99702]: DEBUG swiftclient [None req-79255fc0-a0c5-4659-9eb2-4ec2fbfc2d43 tempest-TestImageHashVerification-1608810493 tempest-TestImageHashVerification-1608810493-project-member] RESP STATUS: 204 No Content {{(pid=99702) http_log /opt/stack/data/venv/lib/python3.12/site-packages/swiftclient/client.py:161}}
Jul 29 23:59:59.794630 np0000006104 devstack@g-api.service[99702]: DEBUG swiftclient [None req-79255fc0-a0c5-4659-9eb2-4ec2fbfc2d43 tempest-TestImageHashVerification-1608810493 tempest-TestImageHashVerification-1608810493-project-member] RESP HEADERS: {'Date': 'Wed, 29 Jul 2026 23:59:59 GMT', 'Server': 'Apache/2.4.58 (Ubuntu)', 'Content-Type': 'text/html; charset=UTF-8', 'X-Trans-Id': 'tx2ac7d645441445ac842f7-006a6a93ff', 'X-Openstack-Request-Id': 'tx2ac7d645441445ac842f7-006a6a93ff', 'Connection': 'close'} {{(pid=99702) http_log /opt/stack/data/venv/lib/python3.12/site-packages/swiftclient/client.py:162}}
Jul 29 23:59:59.794709 np0000006104 devstack@g-api.service[99701]: DEBUG glance.api.middleware.version_negotiation [None req-fc53ecdd-76bc-4d14-b1dd-7a294ddfb296 tempest-ServerActionsTestOtherA-265570192 tempest-ServerActionsTestOtherA-265570192-project-member] Determining version of request: GET /v2/images/4a9ee315-df88-4136-98e6-417355a177d1 Accept: */* {{(pid=99701) process_request /opt/stack/glance/glance/api/middleware/version_negotiation.py:44}}
Jul 29 23:59:59.794709 np0000006104 devstack@g-api.service[99701]: DEBUG glance.api.middleware.version_negotiation [None req-fc53ecdd-76bc-4d14-b1dd-7a294ddfb296 tempest-ServerActionsTestOtherA-265570192 tempest-ServerActionsTestOtherA-265570192-project-member] Using url versioning {{(pid=99701) process_request /opt/stack/glance/glance/api/middleware/version_negotiation.py:57}}
Jul 29 23:59:59.794966 np0000006104 devstack@g-api.service[99701]: DEBUG glance.api.middleware.version_negotiation [None req-fc53ecdd-76bc-4d14-b1dd-7a294ddfb296 tempest-ServerActionsTestOtherA-265570192 tempest-ServerActionsTestOtherA-265570192-project-member] Matched version: v2 {{(pid=99701) process_request /opt/stack/glance/glance/api/middleware/version_negotiation.py:69}}
Jul 29 23:59:59.795053 np0000006104 devstack@g-api.service[99701]: DEBUG glance.api.middleware.version_negotiation [None req-fc53ecdd-76bc-4d14-b1dd-7a294ddfb296 tempest-ServerActionsTestOtherA-265570192 tempest-ServerActionsTestOtherA-265570192-project-member] new path /v2/images/4a9ee315-df88-4136-98e6-417355a177d1 {{(pid=99701) process_request /opt/stack/glance/glance/api/middleware/version_negotiation.py:70}}
Jul 29 23:59:59.817693 np0000006104 devstack@g-api.service[99701]: [pid: 99701|app: 0|req: 97/327] 127.0.0.1 () {44 vars in 1115 bytes} [Wed Jul 29 23:59:59 2026] GET /v2/images/4a9ee315-df88-4136-98e6-417355a177d1 => generated 1044 bytes in 23 msecs (HTTP/1.1 200) 4 headers in 158 bytes (1 switches on core 0)
Jul 29 23:59:59.818507 np0000006104 devstack@g-api.service[99702]: DEBUG swiftclient [None req-79255fc0-a0c5-4659-9eb2-4ec2fbfc2d43 tempest-TestImageHashVerification-1608810493 tempest-TestImageHashVerification-1608810493-project-member] REQ: curl -i https://10.4.3.171:8080/v1/AUTH_066856006b2d4fdbbaa0e94647e22b8c/glance/0953ce1f-62b7-44de-bac1-dbfaf58fee58-00004 DELETE -H "X-Auth-Token: gAAAAABqapP_XboE..." {{(pid=99702) http_log /opt/stack/data/venv/lib/python3.12/site-packages/swiftclient/client.py:160}}
Jul 29 23:59:59.818596 np0000006104 devstack@g-api.service[99702]: DEBUG swiftclient [None req-79255fc0-a0c5-4659-9eb2-4ec2fbfc2d43 tempest-TestImageHashVerification-1608810493 tempest-TestImageHashVerification-1608810493-project-member] RESP STATUS: 204 No Content {{(pid=99702) http_log /opt/stack/data/venv/lib/python3.12/site-packages/swiftclient/client.py:161}}
Jul 29 23:59:59.818717 np0000006104 devstack@g-api.service[99702]: DEBUG swiftclient [None req-79255fc0-a0c5-4659-9eb2-4ec2fbfc2d43 tempest-TestImageHashVerification-1608810493 tempest-TestImageHashVerification-1608810493-project-member] RESP HEADERS: {'Date': 'Wed, 29 Jul 2026 23:59:59 GMT', 'Server': 'Apache/2.4.58 (Ubuntu)', 'Content-Type': 'text/html; charset=UTF-8', 'X-Trans-Id': 'txfd16789a9434480e80e0b-006a6a93ff', 'X-Openstack-Request-Id': 'txfd16789a9434480e80e0b-006a6a93ff', 'Connection': 'close'} {{(pid=99702) http_log /opt/stack/data/venv/lib/python3.12/site-packages/swiftclient/client.py:162}}
Jul 29 23:59:59.840086 np0000006104 devstack@g-api.service[99700]: DEBUG glance.api.middleware.version_negotiation [None req-11e0f9b7-6ec4-45b8-a753-c81cba2f954c service glance] Determining version of request: GET /v2/schemas/image Accept: */* {{(pid=99700) process_request /opt/stack/glance/glance/api/middleware/version_negotiation.py:44}}
Jul 29 23:59:59.840086 np0000006104 devstack@g-api.service[99700]: DEBUG glance.api.middleware.version_negotiation [None req-11e0f9b7-6ec4-45b8-a753-c81cba2f954c service glance] Using url versioning {{(pid=99700) process_request /opt/stack/glance/glance/api/middleware/version_negotiation.py:57}}
Jul 29 23:59:59.840086 np0000006104 devstack@g-api.service[99700]: DEBUG glance.api.middleware.version_negotiation [None req-11e0f9b7-6ec4-45b8-a753-c81cba2f954c service glance] Matched version: v2 {{(pid=99700) process_request /opt/stack/glance/glance/api/middleware/version_negotiation.py:69}}
Jul 29 23:59:59.840086 np0000006104 devstack@g-api.service[99700]: DEBUG glance.api.middleware.version_negotiation [None req-11e0f9b7-6ec4-45b8-a753-c81cba2f954c service glance] new path /v2/schemas/image {{(pid=99700) process_request /opt/stack/glance/glance/api/middleware/version_negotiation.py:70}}
Jul 29 23:59:59.841202 np0000006104 devstack@g-api.service[99700]: [pid: 99700|app: 0|req: 120/328] 127.0.0.1 () {44 vars in 1055 bytes} [Wed Jul 29 23:59:59 2026] GET /v2/schemas/image => generated 6083 bytes in 3 msecs (HTTP/1.1 200) 4 headers in 158 bytes (1 switches on core 0)
Jul 29 23:59:59.841723 np0000006104 devstack@g-api.service[99702]: DEBUG swiftclient [None req-79255fc0-a0c5-4659-9eb2-4ec2fbfc2d43 tempest-TestImageHashVerification-1608810493 tempest-TestImageHashVerification-1608810493-project-member] REQ: curl -i https://10.4.3.171:8080/v1/AUTH_066856006b2d4fdbbaa0e94647e22b8c/glance/0953ce1f-62b7-44de-bac1-dbfaf58fee58-00005 DELETE -H "X-Auth-Token: gAAAAABqapP_XboE..." {{(pid=99702) http_log /opt/stack/data/venv/lib/python3.12/site-packages/swiftclient/client.py:160}}
Jul 29 23:59:59.841888 np0000006104 devstack@g-api.service[99702]: DEBUG swiftclient [None req-79255fc0-a0c5-4659-9eb2-4ec2fbfc2d43 tempest-TestImageHashVerification-1608810493 tempest-TestImageHashVerification-1608810493-project-member] RESP STATUS: 204 No Content {{(pid=99702) http_log /opt/stack/data/venv/lib/python3.12/site-packages/swiftclient/client.py:161}}
Jul 29 23:59:59.842117 np0000006104 devstack@g-api.service[99702]: DEBUG swiftclient [None req-79255fc0-a0c5-4659-9eb2-4ec2fbfc2d43 tempest-TestImageHashVerification-1608810493 tempest-TestImageHashVerification-1608810493-project-member] RESP HEADERS: {'Date': 'Wed, 29 Jul 2026 23:59:59 GMT', 'Server': 'Apache/2.4.58 (Ubuntu)', 'Content-Type': 'text/html; charset=UTF-8', 'X-Trans-Id': 'tx54fd1fe560a9454583d6c-006a6a93ff', 'X-Openstack-Request-Id': 'tx54fd1fe560a9454583d6c-006a6a93ff', 'Connection': 'close'} {{(pid=99702) http_log /opt/stack/data/venv/lib/python3.12/site-packages/swiftclient/client.py:162}}
Jul 29 23:59:59.861962 np0000006104 devstack@g-api.service[99701]: DEBUG glance.api.middleware.version_negotiation [None req-11e0f9b7-6ec4-45b8-a753-c81cba2f954c tempest-ServerBootFromVolumeStableRescueTest-2129077982 tempest-ServerBootFromVolumeStableRescueTest-2129077982-project-member] Determining version of request: GET /v2/schemas/image Accept: */* {{(pid=99701) process_request /opt/stack/glance/glance/api/middleware/version_negotiation.py:44}}
Jul 29 23:59:59.861962 np0000006104 devstack@g-api.service[99701]: DEBUG glance.api.middleware.version_negotiation [None req-11e0f9b7-6ec4-45b8-a753-c81cba2f954c tempest-ServerBootFromVolumeStableRescueTest-2129077982 tempest-ServerBootFromVolumeStableRescueTest-2129077982-project-member] Using url versioning {{(pid=99701) process_request /opt/stack/glance/glance/api/middleware/version_negotiation.py:57}}
Jul 29 23:59:59.861962 np0000006104 devstack@g-api.service[99701]: DEBUG glance.api.middleware.version_negotiation [None req-11e0f9b7-6ec4-45b8-a753-c81cba2f954c tempest-ServerBootFromVolumeStableRescueTest-2129077982 tempest-ServerBootFromVolumeStableRescueTest-2129077982-project-member] Matched version: v2 {{(pid=99701) process_request /opt/stack/glance/glance/api/middleware/version_negotiation.py:69}}
Jul 29 23:59:59.861962 np0000006104 devstack@g-api.service[99701]: DEBUG glance.api.middleware.version_negotiation [None req-11e0f9b7-6ec4-45b8-a753-c81cba2f954c tempest-ServerBootFromVolumeStableRescueTest-2129077982 tempest-ServerBootFromVolumeStableRescueTest-2129077982-project-member] new path /v2/schemas/image {{(pid=99701) process_request /opt/stack/glance/glance/api/middleware/version_negotiation.py:70}}
Jul 29 23:59:59.867080 np0000006104 devstack@g-api.service[99701]: [pid: 99701|app: 0|req: 98/329] 127.0.0.1 () {44 vars in 1055 bytes} [Wed Jul 29 23:59:59 2026] GET /v2/schemas/image => generated 6083 bytes in 6 msecs (HTTP/1.1 200) 4 headers in 158 bytes (1 switches on core 0)
Jul 29 23:59:59.874620 np0000006104 devstack@g-api.service[99702]: DEBUG swiftclient [None req-79255fc0-a0c5-4659-9eb2-4ec2fbfc2d43 tempest-TestImageHashVerification-1608810493 tempest-TestImageHashVerification-1608810493-project-member] REQ: curl -i https://10.4.3.171:8080/v1/AUTH_066856006b2d4fdbbaa0e94647e22b8c/glance/0953ce1f-62b7-44de-bac1-dbfaf58fee58-00006 DELETE -H "X-Auth-Token: gAAAAABqapP_XboE..." {{(pid=99702) http_log /opt/stack/data/venv/lib/python3.12/site-packages/swiftclient/client.py:160}}
Jul 29 23:59:59.874787 np0000006104 devstack@g-api.service[99702]: DEBUG swiftclient [None req-79255fc0-a0c5-4659-9eb2-4ec2fbfc2d43 tempest-TestImageHashVerification-1608810493 tempest-TestImageHashVerification-1608810493-project-member] RESP STATUS: 204 No Content {{(pid=99702) http_log /opt/stack/data/venv/lib/python3.12/site-packages/swiftclient/client.py:161}}
Jul 29 23:59:59.875009 np0000006104 devstack@g-api.service[99702]: DEBUG swiftclient [None req-79255fc0-a0c5-4659-9eb2-4ec2fbfc2d43 tempest-TestImageHashVerification-1608810493 tempest-TestImageHashVerification-1608810493-project-member] RESP HEADERS: {'Date': 'Wed, 29 Jul 2026 23:59:59 GMT', 'Server': 'Apache/2.4.58 (Ubuntu)', 'Content-Type': 'text/html; charset=UTF-8', 'X-Trans-Id': 'txf4978bcee59b46f2a5b05-006a6a93ff', 'X-Openstack-Request-Id': 'txf4978bcee59b46f2a5b05-006a6a93ff', 'Connection': 'close'} {{(pid=99702) http_log /opt/stack/data/venv/lib/python3.12/site-packages/swiftclient/client.py:162}}
Jul 29 23:59:59.901828 np0000006104 devstack@g-api.service[99702]: DEBUG swiftclient [None req-79255fc0-a0c5-4659-9eb2-4ec2fbfc2d43 tempest-TestImageHashVerification-1608810493 tempest-TestImageHashVerification-1608810493-project-member] REQ: curl -i https://10.4.3.171:8080/v1/AUTH_066856006b2d4fdbbaa0e94647e22b8c/glance/0953ce1f-62b7-44de-bac1-dbfaf58fee58 DELETE -H "X-Auth-Token: gAAAAABqapP_XboE..." {{(pid=99702) http_log /opt/stack/data/venv/lib/python3.12/site-packages/swiftclient/client.py:160}}
Jul 29 23:59:59.901944 np0000006104 devstack@g-api.service[99702]: DEBUG swiftclient [None req-79255fc0-a0c5-4659-9eb2-4ec2fbfc2d43 tempest-TestImageHashVerification-1608810493 tempest-TestImageHashVerification-1608810493-project-member] RESP STATUS: 204 No Content {{(pid=99702) http_log /opt/stack/data/venv/lib/python3.12/site-packages/swiftclient/client.py:161}}
Jul 29 23:59:59.902103 np0000006104 devstack@g-api.service[99702]: DEBUG swiftclient [None req-79255fc0-a0c5-4659-9eb2-4ec2fbfc2d43 tempest-TestImageHashVerification-1608810493 tempest-TestImageHashVerification-1608810493-project-member] RESP HEADERS: {'Date': 'Wed, 29 Jul 2026 23:59:59 GMT', 'Server': 'Apache/2.4.58 (Ubuntu)', 'Content-Type': 'text/html; charset=UTF-8', 'X-Trans-Id': 'txc86c90ef015f4c8bbca23-006a6a93ff', 'X-Openstack-Request-Id': 'txc86c90ef015f4c8bbca23-006a6a93ff', 'Connection': 'close'} {{(pid=99702) http_log /opt/stack/data/venv/lib/python3.12/site-packages/swiftclient/client.py:162}}
Jul 29 23:59:59.957780 np0000006104 devstack@g-api.service[99702]: [pid: 99702|app: 0|req: 112/330] 127.0.0.1 () {40 vars in 841 bytes} [Wed Jul 29 23:59:59 2026] DELETE /v2/images/0953ce1f-62b7-44de-bac1-dbfaf58fee58 => generated 0 bytes in 529 msecs (HTTP/1.1 204) 4 headers in 171 bytes (1 switches on core 0)
Jul 30 00:00:06.567876 np0000006104 devstack@g-api.service[99700]: DEBUG glance.api.middleware.version_negotiation [None req-11e0f9b7-6ec4-45b8-a753-c81cba2f954c tempest-ServerBootFromVolumeStableRescueTest-2129077982 tempest-ServerBootFromVolumeStableRescueTest-2129077982-project-member] Determining version of request: PATCH /v2/images/3f52dcf4-2e15-46cb-812b-78fe2d3336c4 Accept: {{(pid=99700) process_request /opt/stack/glance/glance/api/middleware/version_negotiation.py:44}}
Jul 30 00:00:06.568399 np0000006104 devstack@g-api.service[99700]: DEBUG glance.api.middleware.version_negotiation [None req-11e0f9b7-6ec4-45b8-a753-c81cba2f954c tempest-ServerBootFromVolumeStableRescueTest-2129077982 tempest-ServerBootFromVolumeStableRescueTest-2129077982-project-member] Using url versioning {{(pid=99700) process_request /opt/stack/glance/glance/api/middleware/version_negotiation.py:57}}
Jul 30 00:00:06.568399 np0000006104 devstack@g-api.service[99700]: DEBUG glance.api.middleware.version_negotiation [None req-11e0f9b7-6ec4-45b8-a753-c81cba2f954c tempest-ServerBootFromVolumeStableRescueTest-2129077982 tempest-ServerBootFromVolumeStableRescueTest-2129077982-project-member] Matched version: v2 {{(pid=99700) process_request /opt/stack/glance/glance/api/middleware/version_negotiation.py:69}}
Jul 30 00:00:06.568399 np0000006104 devstack@g-api.service[99700]: DEBUG glance.api.middleware.version_negotiation [None req-11e0f9b7-6ec4-45b8-a753-c81cba2f954c tempest-ServerBootFromVolumeStableRescueTest-2129077982 tempest-ServerBootFromVolumeStableRescueTest-2129077982-project-member] new path /v2/images/3f52dcf4-2e15-46cb-812b-78fe2d3336c4 {{(pid=99700) process_request /opt/stack/glance/glance/api/middleware/version_negotiation.py:70}}
Jul 30 00:00:06.620957 np0000006104 devstack@g-api.service[99700]: DEBUG dbcounter [-] [99700] Writing DB stats glance:SELECT=94,glance:INSERT=39,glance:UPDATE=4 {{(pid=99700) stat_writer /opt/stack/data/venv/lib/python3.12/site-packages/dbcounter.py:115}}
Jul 30 00:00:06.698324 np0000006104 devstack@g-api.service[99700]: DEBUG glance_store.backend [None req-2aff9e6a-a999-45c8-87ac-0592b06dce6b tempest-ServerBootFromVolumeStableRescueTest-2129077982 tempest-ServerBootFromVolumeStableRescueTest-2129077982-project-member] Attempting to import store swift {{(pid=99700) _load_store /opt/stack/data/venv/lib/python3.12/site-packages/glance_store/backend.py:215}}
Jul 30 00:00:06.700980 np0000006104 devstack@g-api.service[99700]: DEBUG glance_store.capabilities [None req-2aff9e6a-a999-45c8-87ac-0592b06dce6b tempest-ServerBootFromVolumeStableRescueTest-2129077982 tempest-ServerBootFromVolumeStableRescueTest-2129077982-project-member] Store glance_store._drivers.swift.store.SingleTenantStore doesn't support updating dynamic storage capabilities. Please overwrite 'update_capabilities' method of the store to implement updating logics if needed. {{(pid=99700) update_capabilities /opt/stack/data/venv/lib/python3.12/site-packages/glance_store/capabilities.py:91}}
Jul 30 00:00:06.700980 np0000006104 devstack@g-api.service[99700]: DEBUG glance_store.driver [None req-2aff9e6a-a999-45c8-87ac-0592b06dce6b tempest-ServerBootFromVolumeStableRescueTest-2129077982 tempest-ServerBootFromVolumeStableRescueTest-2129077982-project-member] Late loading location class glance_store._drivers.swift.store.StoreLocation {{(pid=99700) get_store_location_class /opt/stack/data/venv/lib/python3.12/site-packages/glance_store/driver.py:134}}
Jul 30 00:00:06.700980 np0000006104 devstack@g-api.service[99700]: DEBUG glance_store.location [None req-2aff9e6a-a999-45c8-87ac-0592b06dce6b tempest-ServerBootFromVolumeStableRescueTest-2129077982 tempest-ServerBootFromVolumeStableRescueTest-2129077982-project-member] Registering scheme swift+https with {'store': , 'location_class': , 'store_entry': 'swift'} {{(pid=99700) register_scheme_map /opt/stack/data/venv/lib/python3.12/site-packages/glance_store/location.py:146}}
Jul 30 00:00:06.700980 np0000006104 devstack@g-api.service[99700]: DEBUG glance_store.location [None req-2aff9e6a-a999-45c8-87ac-0592b06dce6b tempest-ServerBootFromVolumeStableRescueTest-2129077982 tempest-ServerBootFromVolumeStableRescueTest-2129077982-project-member] Registering scheme swift+https with {'store': , 'location_class': , 'store_entry': 'swift'} {{(pid=99700) register_scheme_map /opt/stack/data/venv/lib/python3.12/site-packages/glance_store/location.py:146}}
Jul 30 00:00:06.700980 np0000006104 devstack@g-api.service[99700]: DEBUG glance_store.location [None req-2aff9e6a-a999-45c8-87ac-0592b06dce6b tempest-ServerBootFromVolumeStableRescueTest-2129077982 tempest-ServerBootFromVolumeStableRescueTest-2129077982-project-member] Registering scheme swift with {'store': , 'location_class': , 'store_entry': 'swift'} {{(pid=99700) register_scheme_map /opt/stack/data/venv/lib/python3.12/site-packages/glance_store/location.py:146}}
Jul 30 00:00:06.700980 np0000006104 devstack@g-api.service[99700]: DEBUG glance_store.location [None req-2aff9e6a-a999-45c8-87ac-0592b06dce6b tempest-ServerBootFromVolumeStableRescueTest-2129077982 tempest-ServerBootFromVolumeStableRescueTest-2129077982-project-member] Registering scheme swift+https with {'store': , 'location_class': , 'store_entry': 'swift'} {{(pid=99700) register_scheme_map /opt/stack/data/venv/lib/python3.12/site-packages/glance_store/location.py:146}}
Jul 30 00:00:06.701761 np0000006104 devstack@g-api.service[99700]: DEBUG glance_store.location [None req-2aff9e6a-a999-45c8-87ac-0592b06dce6b tempest-ServerBootFromVolumeStableRescueTest-2129077982 tempest-ServerBootFromVolumeStableRescueTest-2129077982-project-member] Registering scheme swift with {'store': , 'location_class': , 'store_entry': 'swift'} {{(pid=99700) register_scheme_map /opt/stack/data/venv/lib/python3.12/site-packages/glance_store/location.py:146}}
Jul 30 00:00:06.701761 np0000006104 devstack@g-api.service[99700]: DEBUG glance_store.location [None req-2aff9e6a-a999-45c8-87ac-0592b06dce6b tempest-ServerBootFromVolumeStableRescueTest-2129077982 tempest-ServerBootFromVolumeStableRescueTest-2129077982-project-member] Registering scheme swift+http with {'store': , 'location_class': , 'store_entry': 'swift'} {{(pid=99700) register_scheme_map /opt/stack/data/venv/lib/python3.12/site-packages/glance_store/location.py:146}}
Jul 30 00:00:06.701761 np0000006104 devstack@g-api.service[99700]: DEBUG glance_store.location [None req-2aff9e6a-a999-45c8-87ac-0592b06dce6b tempest-ServerBootFromVolumeStableRescueTest-2129077982 tempest-ServerBootFromVolumeStableRescueTest-2129077982-project-member] Registering scheme swift+https with {'store': , 'location_class': , 'store_entry': 'swift'} {{(pid=99700) register_scheme_map /opt/stack/data/venv/lib/python3.12/site-packages/glance_store/location.py:146}}
Jul 30 00:00:06.701761 np0000006104 devstack@g-api.service[99700]: DEBUG glance_store.location [None req-2aff9e6a-a999-45c8-87ac-0592b06dce6b tempest-ServerBootFromVolumeStableRescueTest-2129077982 tempest-ServerBootFromVolumeStableRescueTest-2129077982-project-member] Registering scheme swift with {'store': , 'location_class': , 'store_entry': 'swift'} {{(pid=99700) register_scheme_map /opt/stack/data/venv/lib/python3.12/site-packages/glance_store/location.py:146}}
Jul 30 00:00:06.701761 np0000006104 devstack@g-api.service[99700]: DEBUG glance_store.location [None req-2aff9e6a-a999-45c8-87ac-0592b06dce6b tempest-ServerBootFromVolumeStableRescueTest-2129077982 tempest-ServerBootFromVolumeStableRescueTest-2129077982-project-member] Registering scheme swift+http with {'store': , 'location_class': , 'store_entry': 'swift'} {{(pid=99700) register_scheme_map /opt/stack/data/venv/lib/python3.12/site-packages/glance_store/location.py:146}}
Jul 30 00:00:06.702385 np0000006104 devstack@g-api.service[99700]: DEBUG glance_store.location [None req-2aff9e6a-a999-45c8-87ac-0592b06dce6b tempest-ServerBootFromVolumeStableRescueTest-2129077982 tempest-ServerBootFromVolumeStableRescueTest-2129077982-project-member] Registering scheme swift+config with {'store': , 'location_class': , 'store_entry': 'swift'} {{(pid=99700) register_scheme_map /opt/stack/data/venv/lib/python3.12/site-packages/glance_store/location.py:146}}
Jul 30 00:00:06.702385 np0000006104 devstack@g-api.service[99700]: DEBUG glance_store.backend [None req-2aff9e6a-a999-45c8-87ac-0592b06dce6b tempest-ServerBootFromVolumeStableRescueTest-2129077982 tempest-ServerBootFromVolumeStableRescueTest-2129077982-project-member] Skipping store.set_acls... not implemented. {{(pid=99700) set_acls /opt/stack/data/venv/lib/python3.12/site-packages/glance_store/backend.py:507}}
Jul 30 00:00:06.705410 np0000006104 devstack@g-api.service[99700]: [pid: 99700|app: 0|req: 121/331] 127.0.0.1 () {40 vars in 857 bytes} [Thu Jul 30 00:00:06 2026] PATCH /v2/images/3f52dcf4-2e15-46cb-812b-78fe2d3336c4 => generated 1667 bytes in 138 msecs (HTTP/1.1 200) 4 headers in 158 bytes (1 switches on core 0)
Jul 30 00:00:06.714003 np0000006104 devstack@g-api.service[99701]: DEBUG glance.api.middleware.version_negotiation [None req-11e0f9b7-6ec4-45b8-a753-c81cba2f954c tempest-ServerBootFromVolumeStableRescueTest-2129077982 tempest-ServerBootFromVolumeStableRescueTest-2129077982-project-member] Determining version of request: PATCH /v2/images/3f52dcf4-2e15-46cb-812b-78fe2d3336c4 Accept: {{(pid=99701) process_request /opt/stack/glance/glance/api/middleware/version_negotiation.py:44}}
Jul 30 00:00:06.714485 np0000006104 devstack@g-api.service[99701]: DEBUG glance.api.middleware.version_negotiation [None req-11e0f9b7-6ec4-45b8-a753-c81cba2f954c tempest-ServerBootFromVolumeStableRescueTest-2129077982 tempest-ServerBootFromVolumeStableRescueTest-2129077982-project-member] Using url versioning {{(pid=99701) process_request /opt/stack/glance/glance/api/middleware/version_negotiation.py:57}}
Jul 30 00:00:06.714485 np0000006104 devstack@g-api.service[99701]: DEBUG glance.api.middleware.version_negotiation [None req-11e0f9b7-6ec4-45b8-a753-c81cba2f954c tempest-ServerBootFromVolumeStableRescueTest-2129077982 tempest-ServerBootFromVolumeStableRescueTest-2129077982-project-member] Matched version: v2 {{(pid=99701) process_request /opt/stack/glance/glance/api/middleware/version_negotiation.py:69}}
Jul 30 00:00:06.714485 np0000006104 devstack@g-api.service[99701]: DEBUG glance.api.middleware.version_negotiation [None req-11e0f9b7-6ec4-45b8-a753-c81cba2f954c tempest-ServerBootFromVolumeStableRescueTest-2129077982 tempest-ServerBootFromVolumeStableRescueTest-2129077982-project-member] new path /v2/images/3f52dcf4-2e15-46cb-812b-78fe2d3336c4 {{(pid=99701) process_request /opt/stack/glance/glance/api/middleware/version_negotiation.py:70}}
Jul 30 00:00:06.820934 np0000006104 devstack@g-api.service[99701]: DEBUG glance_store.backend [None req-d90168ae-871d-4524-8612-a7f3ca8ff7f7 tempest-ServerBootFromVolumeStableRescueTest-2129077982 tempest-ServerBootFromVolumeStableRescueTest-2129077982-project-member] Attempting to import store swift {{(pid=99701) _load_store /opt/stack/data/venv/lib/python3.12/site-packages/glance_store/backend.py:215}}
Jul 30 00:00:06.823233 np0000006104 devstack@g-api.service[99701]: DEBUG glance_store.capabilities [None req-d90168ae-871d-4524-8612-a7f3ca8ff7f7 tempest-ServerBootFromVolumeStableRescueTest-2129077982 tempest-ServerBootFromVolumeStableRescueTest-2129077982-project-member] Store glance_store._drivers.swift.store.SingleTenantStore doesn't support updating dynamic storage capabilities. Please overwrite 'update_capabilities' method of the store to implement updating logics if needed. {{(pid=99701) update_capabilities /opt/stack/data/venv/lib/python3.12/site-packages/glance_store/capabilities.py:91}}
Jul 30 00:00:06.823494 np0000006104 devstack@g-api.service[99701]: DEBUG glance_store.driver [None req-d90168ae-871d-4524-8612-a7f3ca8ff7f7 tempest-ServerBootFromVolumeStableRescueTest-2129077982 tempest-ServerBootFromVolumeStableRescueTest-2129077982-project-member] Late loading location class glance_store._drivers.swift.store.StoreLocation {{(pid=99701) get_store_location_class /opt/stack/data/venv/lib/python3.12/site-packages/glance_store/driver.py:134}}
Jul 30 00:00:06.823602 np0000006104 devstack@g-api.service[99701]: DEBUG glance_store.location [None req-d90168ae-871d-4524-8612-a7f3ca8ff7f7 tempest-ServerBootFromVolumeStableRescueTest-2129077982 tempest-ServerBootFromVolumeStableRescueTest-2129077982-project-member] Registering scheme swift+https with {'store': , 'location_class': , 'store_entry': 'swift'} {{(pid=99701) register_scheme_map /opt/stack/data/venv/lib/python3.12/site-packages/glance_store/location.py:146}}
Jul 30 00:00:06.823951 np0000006104 devstack@g-api.service[99701]: DEBUG glance_store.location [None req-d90168ae-871d-4524-8612-a7f3ca8ff7f7 tempest-ServerBootFromVolumeStableRescueTest-2129077982 tempest-ServerBootFromVolumeStableRescueTest-2129077982-project-member] Registering scheme swift+https with {'store': , 'location_class': , 'store_entry': 'swift'} {{(pid=99701) register_scheme_map /opt/stack/data/venv/lib/python3.12/site-packages/glance_store/location.py:146}}
Jul 30 00:00:06.824130 np0000006104 devstack@g-api.service[99701]: DEBUG glance_store.location [None req-d90168ae-871d-4524-8612-a7f3ca8ff7f7 tempest-ServerBootFromVolumeStableRescueTest-2129077982 tempest-ServerBootFromVolumeStableRescueTest-2129077982-project-member] Registering scheme swift with {'store': , 'location_class': , 'store_entry': 'swift'} {{(pid=99701) register_scheme_map /opt/stack/data/venv/lib/python3.12/site-packages/glance_store/location.py:146}}
Jul 30 00:00:06.824307 np0000006104 devstack@g-api.service[99701]: DEBUG glance_store.location [None req-d90168ae-871d-4524-8612-a7f3ca8ff7f7 tempest-ServerBootFromVolumeStableRescueTest-2129077982 tempest-ServerBootFromVolumeStableRescueTest-2129077982-project-member] Registering scheme swift+https with {'store': , 'location_class': , 'store_entry': 'swift'} {{(pid=99701) register_scheme_map /opt/stack/data/venv/lib/python3.12/site-packages/glance_store/location.py:146}}
