Jun 19 19:54:09.172795 np0000003314 devstack@g-api.service[102080]: DEBUG swiftclient [None req-a75135bb-046e-434a-8dac-731aec5cd33f tempest-VolumesActionsTest-1798489663 tempest-VolumesActionsTest-1798489663-project-member] RESP HEADERS: {'Date': 'Fri, 19 Jun 2026 19:54:09 GMT', 'Server': 'Apache/2.4.58 (Ubuntu)', 'Content-Type': 'text/html; charset=UTF-8', 'Content-Length': '0', 'Etag': 'eda9a9889837ac4bc81d6387d92c1bec', 'Last-Modified': 'Fri, 19 Jun 2026 19:54:06 GMT', 'X-Trans-Id': 'tx330ab37da64b442baefd9-006a359e5d', 'X-Openstack-Request-Id': 'tx330ab37da64b442baefd9-006a359e5d', 'Connection': 'close'} {{(pid=102080) http_log /opt/stack/data/venv/lib/python3.12/site-packages/swiftclient/client.py:162}}
Jun 19 19:54:09.172795 np0000003314 devstack@g-api.service[102080]: DEBUG glance_store._drivers.swift.store [None req-a75135bb-046e-434a-8dac-731aec5cd33f tempest-VolumesActionsTest-1798489663 tempest-VolumesActionsTest-1798489663-project-member] Wrote chunk 702fd0f0-3495-4b8a-bf66-274185c39417-00001 (1/?) of length 204800000 to Swift returning MD5 of content: eda9a9889837ac4bc81d6387d92c1bec {{(pid=102080) add /opt/stack/data/venv/lib/python3.12/site-packages/glance_store/_drivers/swift/store.py:1059}}
Jun 19 19:54:09.226082 np0000003314 devstack@g-api.service[102081]: DEBUG glance.api.middleware.version_negotiation [None req-1ac5b3dd-6ef8-4f2c-aea1-570993bc694d tempest-VolumesActionsTest-1798489663 tempest-VolumesActionsTest-1798489663-project-member] Determining version of request: GET /v2/images/702fd0f0-3495-4b8a-bf66-274185c39417 Accept: application/json {{(pid=102081) process_request /opt/stack/glance/glance/api/middleware/version_negotiation.py:44}}
Jun 19 19:54:09.226082 np0000003314 devstack@g-api.service[102081]: DEBUG glance.api.middleware.version_negotiation [None req-1ac5b3dd-6ef8-4f2c-aea1-570993bc694d tempest-VolumesActionsTest-1798489663 tempest-VolumesActionsTest-1798489663-project-member] Using url versioning {{(pid=102081) process_request /opt/stack/glance/glance/api/middleware/version_negotiation.py:57}}
Jun 19 19:54:09.226082 np0000003314 devstack@g-api.service[102081]: DEBUG glance.api.middleware.version_negotiation [None req-1ac5b3dd-6ef8-4f2c-aea1-570993bc694d tempest-VolumesActionsTest-1798489663 tempest-VolumesActionsTest-1798489663-project-member] Matched version: v2 {{(pid=102081) process_request /opt/stack/glance/glance/api/middleware/version_negotiation.py:69}}
Jun 19 19:54:09.226082 np0000003314 devstack@g-api.service[102081]: DEBUG glance.api.middleware.version_negotiation [None req-1ac5b3dd-6ef8-4f2c-aea1-570993bc694d tempest-VolumesActionsTest-1798489663 tempest-VolumesActionsTest-1798489663-project-member] new path /v2/images/702fd0f0-3495-4b8a-bf66-274185c39417 {{(pid=102081) process_request /opt/stack/glance/glance/api/middleware/version_negotiation.py:70}}
Jun 19 19:54:09.242625 np0000003314 devstack@g-api.service[102081]: [pid: 102081|app: 0|req: 84/254] 127.0.0.1 () {40 vars in 834 bytes} [Fri Jun 19 19:54:09 2026] GET /v2/images/702fd0f0-3495-4b8a-bf66-274185c39417 => generated 649 bytes in 17 msecs (HTTP/1.1 200) 4 headers in 157 bytes (1 switches on core 0)
Jun 19 19:54:10.258542 np0000003314 devstack@g-api.service[102079]: DEBUG glance.api.middleware.version_negotiation [None req-465d2ee2-a79e-4ab3-8ccc-f098a151cc12 tempest-VolumesActionsTest-1798489663 tempest-VolumesActionsTest-1798489663-project-member] Determining version of request: GET /v2/images/702fd0f0-3495-4b8a-bf66-274185c39417 Accept: application/json {{(pid=102079) process_request /opt/stack/glance/glance/api/middleware/version_negotiation.py:44}}
Jun 19 19:54:10.259025 np0000003314 devstack@g-api.service[102079]: DEBUG glance.api.middleware.version_negotiation [None req-465d2ee2-a79e-4ab3-8ccc-f098a151cc12 tempest-VolumesActionsTest-1798489663 tempest-VolumesActionsTest-1798489663-project-member] Using url versioning {{(pid=102079) process_request /opt/stack/glance/glance/api/middleware/version_negotiation.py:57}}
Jun 19 19:54:10.259025 np0000003314 devstack@g-api.service[102079]: DEBUG glance.api.middleware.version_negotiation [None req-465d2ee2-a79e-4ab3-8ccc-f098a151cc12 tempest-VolumesActionsTest-1798489663 tempest-VolumesActionsTest-1798489663-project-member] Matched version: v2 {{(pid=102079) process_request /opt/stack/glance/glance/api/middleware/version_negotiation.py:69}}
Jun 19 19:54:10.259251 np0000003314 devstack@g-api.service[102079]: DEBUG glance.api.middleware.version_negotiation [None req-465d2ee2-a79e-4ab3-8ccc-f098a151cc12 tempest-VolumesActionsTest-1798489663 tempest-VolumesActionsTest-1798489663-project-member] new path /v2/images/702fd0f0-3495-4b8a-bf66-274185c39417 {{(pid=102079) process_request /opt/stack/glance/glance/api/middleware/version_negotiation.py:70}}
Jun 19 19:54:10.280942 np0000003314 devstack@g-api.service[102079]: [pid: 102079|app: 0|req: 89/255] 127.0.0.1 () {40 vars in 834 bytes} [Fri Jun 19 19:54:10 2026] GET /v2/images/702fd0f0-3495-4b8a-bf66-274185c39417 => generated 649 bytes in 22 msecs (HTTP/1.1 200) 4 headers in 157 bytes (1 switches on core 0)
Jun 19 19:54:11.295163 np0000003314 devstack@g-api.service[102081]: DEBUG glance.api.middleware.version_negotiation [None req-38cfe1f5-e436-438b-9642-5620a9ac9731 tempest-VolumesActionsTest-1798489663 tempest-VolumesActionsTest-1798489663-project-member] Determining version of request: GET /v2/images/702fd0f0-3495-4b8a-bf66-274185c39417 Accept: application/json {{(pid=102081) process_request /opt/stack/glance/glance/api/middleware/version_negotiation.py:44}}
Jun 19 19:54:11.295640 np0000003314 devstack@g-api.service[102081]: DEBUG glance.api.middleware.version_negotiation [None req-38cfe1f5-e436-438b-9642-5620a9ac9731 tempest-VolumesActionsTest-1798489663 tempest-VolumesActionsTest-1798489663-project-member] Using url versioning {{(pid=102081) process_request /opt/stack/glance/glance/api/middleware/version_negotiation.py:57}}
Jun 19 19:54:11.295640 np0000003314 devstack@g-api.service[102081]: DEBUG glance.api.middleware.version_negotiation [None req-38cfe1f5-e436-438b-9642-5620a9ac9731 tempest-VolumesActionsTest-1798489663 tempest-VolumesActionsTest-1798489663-project-member] Matched version: v2 {{(pid=102081) process_request /opt/stack/glance/glance/api/middleware/version_negotiation.py:69}}
Jun 19 19:54:11.295749 np0000003314 devstack@g-api.service[102081]: DEBUG glance.api.middleware.version_negotiation [None req-38cfe1f5-e436-438b-9642-5620a9ac9731 tempest-VolumesActionsTest-1798489663 tempest-VolumesActionsTest-1798489663-project-member] new path /v2/images/702fd0f0-3495-4b8a-bf66-274185c39417 {{(pid=102081) process_request /opt/stack/glance/glance/api/middleware/version_negotiation.py:70}}
Jun 19 19:54:11.317475 np0000003314 devstack@g-api.service[102081]: [pid: 102081|app: 0|req: 85/256] 127.0.0.1 () {40 vars in 834 bytes} [Fri Jun 19 19:54:11 2026] GET /v2/images/702fd0f0-3495-4b8a-bf66-274185c39417 => generated 649 bytes in 23 msecs (HTTP/1.1 200) 4 headers in 157 bytes (1 switches on core 0)
Jun 19 19:54:11.635199 np0000003314 devstack@g-api.service[102080]: DEBUG swiftclient [None req-a75135bb-046e-434a-8dac-731aec5cd33f tempest-VolumesActionsTest-1798489663 tempest-VolumesActionsTest-1798489663-project-member] REQ: curl -i https://10.4.3.71:8080/v1/AUTH_cd5d5949599d40a68a1b87b41b8bdd90/glance/702fd0f0-3495-4b8a-bf66-274185c39417-00002 -X PUT -H "X-Auth-Token: gAAAAABqNZ5d2vxX..." {{(pid=102080) http_log /opt/stack/data/venv/lib/python3.12/site-packages/swiftclient/client.py:160}}
Jun 19 19:54:11.635658 np0000003314 devstack@g-api.service[102080]: DEBUG swiftclient [None req-a75135bb-046e-434a-8dac-731aec5cd33f tempest-VolumesActionsTest-1798489663 tempest-VolumesActionsTest-1798489663-project-member] RESP STATUS: 201 Created {{(pid=102080) http_log /opt/stack/data/venv/lib/python3.12/site-packages/swiftclient/client.py:161}}
Jun 19 19:54:11.635658 np0000003314 devstack@g-api.service[102080]: DEBUG swiftclient [None req-a75135bb-046e-434a-8dac-731aec5cd33f tempest-VolumesActionsTest-1798489663 tempest-VolumesActionsTest-1798489663-project-member] RESP HEADERS: {'Date': 'Fri, 19 Jun 2026 19:54:11 GMT', 'Server': 'Apache/2.4.58 (Ubuntu)', 'Content-Type': 'text/html; charset=UTF-8', 'Content-Length': '0', 'Etag': 'eda9a9889837ac4bc81d6387d92c1bec', 'Last-Modified': 'Fri, 19 Jun 2026 19:54:10 GMT', 'X-Trans-Id': 'txd329d77b31954d3faaed8-006a359e61', 'X-Openstack-Request-Id': 'txd329d77b31954d3faaed8-006a359e61', 'Connection': 'close'} {{(pid=102080) http_log /opt/stack/data/venv/lib/python3.12/site-packages/swiftclient/client.py:162}}
Jun 19 19:54:11.635658 np0000003314 devstack@g-api.service[102080]: DEBUG glance_store._drivers.swift.store [None req-a75135bb-046e-434a-8dac-731aec5cd33f tempest-VolumesActionsTest-1798489663 tempest-VolumesActionsTest-1798489663-project-member] Wrote chunk 702fd0f0-3495-4b8a-bf66-274185c39417-00002 (2/?) of length 204800000 to Swift returning MD5 of content: eda9a9889837ac4bc81d6387d92c1bec {{(pid=102080) add /opt/stack/data/venv/lib/python3.12/site-packages/glance_store/_drivers/swift/store.py:1059}}
Jun 19 19:54:12.330250 np0000003314 devstack@g-api.service[102079]: DEBUG glance.api.middleware.version_negotiation [None req-7f1e65ad-11fe-42a7-b0a8-62c279e9b86c tempest-VolumesActionsTest-1798489663 tempest-VolumesActionsTest-1798489663-project-member] Determining version of request: GET /v2/images/702fd0f0-3495-4b8a-bf66-274185c39417 Accept: application/json {{(pid=102079) process_request /opt/stack/glance/glance/api/middleware/version_negotiation.py:44}}
Jun 19 19:54:12.330250 np0000003314 devstack@g-api.service[102079]: DEBUG glance.api.middleware.version_negotiation [None req-7f1e65ad-11fe-42a7-b0a8-62c279e9b86c tempest-VolumesActionsTest-1798489663 tempest-VolumesActionsTest-1798489663-project-member] Using url versioning {{(pid=102079) process_request /opt/stack/glance/glance/api/middleware/version_negotiation.py:57}}
Jun 19 19:54:12.331057 np0000003314 devstack@g-api.service[102079]: DEBUG glance.api.middleware.version_negotiation [None req-7f1e65ad-11fe-42a7-b0a8-62c279e9b86c tempest-VolumesActionsTest-1798489663 tempest-VolumesActionsTest-1798489663-project-member] Matched version: v2 {{(pid=102079) process_request /opt/stack/glance/glance/api/middleware/version_negotiation.py:69}}
Jun 19 19:54:12.331057 np0000003314 devstack@g-api.service[102079]: DEBUG glance.api.middleware.version_negotiation [None req-7f1e65ad-11fe-42a7-b0a8-62c279e9b86c tempest-VolumesActionsTest-1798489663 tempest-VolumesActionsTest-1798489663-project-member] new path /v2/images/702fd0f0-3495-4b8a-bf66-274185c39417 {{(pid=102079) process_request /opt/stack/glance/glance/api/middleware/version_negotiation.py:70}}
Jun 19 19:54:12.354554 np0000003314 devstack@g-api.service[102079]: [pid: 102079|app: 0|req: 90/257] 127.0.0.1 () {40 vars in 834 bytes} [Fri Jun 19 19:54:12 2026] GET /v2/images/702fd0f0-3495-4b8a-bf66-274185c39417 => generated 649 bytes in 25 msecs (HTTP/1.1 200) 4 headers in 157 bytes (1 switches on core 0)
Jun 19 19:54:13.371155 np0000003314 devstack@g-api.service[102081]: DEBUG glance.api.middleware.version_negotiation [None req-9a482ca1-4e11-4577-8ee3-de5636b66b3b tempest-VolumesActionsTest-1798489663 tempest-VolumesActionsTest-1798489663-project-member] Determining version of request: GET /v2/images/702fd0f0-3495-4b8a-bf66-274185c39417 Accept: application/json {{(pid=102081) process_request /opt/stack/glance/glance/api/middleware/version_negotiation.py:44}}
Jun 19 19:54:13.371155 np0000003314 devstack@g-api.service[102081]: DEBUG glance.api.middleware.version_negotiation [None req-9a482ca1-4e11-4577-8ee3-de5636b66b3b tempest-VolumesActionsTest-1798489663 tempest-VolumesActionsTest-1798489663-project-member] Using url versioning {{(pid=102081) process_request /opt/stack/glance/glance/api/middleware/version_negotiation.py:57}}
Jun 19 19:54:13.371155 np0000003314 devstack@g-api.service[102081]: DEBUG glance.api.middleware.version_negotiation [None req-9a482ca1-4e11-4577-8ee3-de5636b66b3b tempest-VolumesActionsTest-1798489663 tempest-VolumesActionsTest-1798489663-project-member] Matched version: v2 {{(pid=102081) process_request /opt/stack/glance/glance/api/middleware/version_negotiation.py:69}}
Jun 19 19:54:13.371155 np0000003314 devstack@g-api.service[102081]: DEBUG glance.api.middleware.version_negotiation [None req-9a482ca1-4e11-4577-8ee3-de5636b66b3b tempest-VolumesActionsTest-1798489663 tempest-VolumesActionsTest-1798489663-project-member] new path /v2/images/702fd0f0-3495-4b8a-bf66-274185c39417 {{(pid=102081) process_request /opt/stack/glance/glance/api/middleware/version_negotiation.py:70}}
Jun 19 19:54:13.391863 np0000003314 devstack@g-api.service[102081]: [pid: 102081|app: 0|req: 86/258] 127.0.0.1 () {40 vars in 834 bytes} [Fri Jun 19 19:54:13 2026] GET /v2/images/702fd0f0-3495-4b8a-bf66-274185c39417 => generated 649 bytes in 22 msecs (HTTP/1.1 200) 4 headers in 157 bytes (1 switches on core 0)
Jun 19 19:54:13.397856 np0000003314 devstack@g-api.service[102079]: DEBUG glance.api.middleware.version_negotiation [None req-9fe40547-85f4-4a80-a8c9-6f5ba26a58f9 tempest-VolumesActionsTest-1798489663 tempest-VolumesActionsTest-1798489663-project-member] Determining version of request: GET /v2/images/adb6a05b-1e1b-485b-ab83-52f80a2e87c9 Accept: */* {{(pid=102079) process_request /opt/stack/glance/glance/api/middleware/version_negotiation.py:44}}
Jun 19 19:54:13.398266 np0000003314 devstack@g-api.service[102079]: DEBUG glance.api.middleware.version_negotiation [None req-9fe40547-85f4-4a80-a8c9-6f5ba26a58f9 tempest-VolumesActionsTest-1798489663 tempest-VolumesActionsTest-1798489663-project-member] Using url versioning {{(pid=102079) process_request /opt/stack/glance/glance/api/middleware/version_negotiation.py:57}}
Jun 19 19:54:13.398266 np0000003314 devstack@g-api.service[102079]: DEBUG glance.api.middleware.version_negotiation [None req-9fe40547-85f4-4a80-a8c9-6f5ba26a58f9 tempest-VolumesActionsTest-1798489663 tempest-VolumesActionsTest-1798489663-project-member] Matched version: v2 {{(pid=102079) process_request /opt/stack/glance/glance/api/middleware/version_negotiation.py:69}}
Jun 19 19:54:13.398514 np0000003314 devstack@g-api.service[102079]: DEBUG glance.api.middleware.version_negotiation [None req-9fe40547-85f4-4a80-a8c9-6f5ba26a58f9 tempest-VolumesActionsTest-1798489663 tempest-VolumesActionsTest-1798489663-project-member] new path /v2/images/adb6a05b-1e1b-485b-ab83-52f80a2e87c9 {{(pid=102079) process_request /opt/stack/glance/glance/api/middleware/version_negotiation.py:70}}
Jun 19 19:54:13.423205 np0000003314 devstack@g-api.service[102079]: [pid: 102079|app: 0|req: 91/259] 127.0.0.1 () {44 vars in 1111 bytes} [Fri Jun 19 19:54:13 2026] GET /v2/images/adb6a05b-1e1b-485b-ab83-52f80a2e87c9 => generated 1044 bytes in 25 msecs (HTTP/1.1 200) 4 headers in 158 bytes (1 switches on core 0)
Jun 19 19:54:13.496644 np0000003314 devstack@g-api.service[102081]: DEBUG glance.api.middleware.version_negotiation [None req-3cec4314-daf5-4bdf-829d-c15e023a3d01 tempest-VolumesActionsTest-1798489663 tempest-VolumesActionsTest-1798489663-project-member] Determining version of request: GET /v2/schemas/image Accept: */* {{(pid=102081) process_request /opt/stack/glance/glance/api/middleware/version_negotiation.py:44}}
Jun 19 19:54:13.496644 np0000003314 devstack@g-api.service[102081]: DEBUG glance.api.middleware.version_negotiation [None req-3cec4314-daf5-4bdf-829d-c15e023a3d01 tempest-VolumesActionsTest-1798489663 tempest-VolumesActionsTest-1798489663-project-member] Using url versioning {{(pid=102081) process_request /opt/stack/glance/glance/api/middleware/version_negotiation.py:57}}
Jun 19 19:54:13.496644 np0000003314 devstack@g-api.service[102081]: DEBUG glance.api.middleware.version_negotiation [None req-3cec4314-daf5-4bdf-829d-c15e023a3d01 tempest-VolumesActionsTest-1798489663 tempest-VolumesActionsTest-1798489663-project-member] Matched version: v2 {{(pid=102081) process_request /opt/stack/glance/glance/api/middleware/version_negotiation.py:69}}
Jun 19 19:54:13.496644 np0000003314 devstack@g-api.service[102081]: DEBUG glance.api.middleware.version_negotiation [None req-3cec4314-daf5-4bdf-829d-c15e023a3d01 tempest-VolumesActionsTest-1798489663 tempest-VolumesActionsTest-1798489663-project-member] new path /v2/schemas/image {{(pid=102081) process_request /opt/stack/glance/glance/api/middleware/version_negotiation.py:70}}
Jun 19 19:54:13.499871 np0000003314 devstack@g-api.service[102081]: [pid: 102081|app: 0|req: 87/260] 127.0.0.1 () {44 vars in 1051 bytes} [Fri Jun 19 19:54:13 2026] GET /v2/schemas/image => generated 6083 bytes in 8 msecs (HTTP/1.1 200) 4 headers in 158 bytes (1 switches on core 0)
Jun 19 19:54:13.983549 np0000003314 devstack@g-api.service[102080]: DEBUG swiftclient [None req-a75135bb-046e-434a-8dac-731aec5cd33f tempest-VolumesActionsTest-1798489663 tempest-VolumesActionsTest-1798489663-project-member] REQ: curl -i https://10.4.3.71:8080/v1/AUTH_cd5d5949599d40a68a1b87b41b8bdd90/glance/702fd0f0-3495-4b8a-bf66-274185c39417-00003 -X PUT -H "X-Auth-Token: gAAAAABqNZ5d2vxX..." {{(pid=102080) http_log /opt/stack/data/venv/lib/python3.12/site-packages/swiftclient/client.py:160}}
Jun 19 19:54:13.983891 np0000003314 devstack@g-api.service[102080]: DEBUG swiftclient [None req-a75135bb-046e-434a-8dac-731aec5cd33f tempest-VolumesActionsTest-1798489663 tempest-VolumesActionsTest-1798489663-project-member] RESP STATUS: 201 Created {{(pid=102080) http_log /opt/stack/data/venv/lib/python3.12/site-packages/swiftclient/client.py:161}}
Jun 19 19:54:13.983891 np0000003314 devstack@g-api.service[102080]: DEBUG swiftclient [None req-a75135bb-046e-434a-8dac-731aec5cd33f tempest-VolumesActionsTest-1798489663 tempest-VolumesActionsTest-1798489663-project-member] RESP HEADERS: {'Date': 'Fri, 19 Jun 2026 19:54:13 GMT', 'Server': 'Apache/2.4.58 (Ubuntu)', 'Content-Type': 'text/html; charset=UTF-8', 'Content-Length': '0', 'Etag': 'eda9a9889837ac4bc81d6387d92c1bec', 'Last-Modified': 'Fri, 19 Jun 2026 19:54:12 GMT', 'X-Trans-Id': 'txaa7c2423c85949c298cd5-006a359e63', 'X-Openstack-Request-Id': 'txaa7c2423c85949c298cd5-006a359e63', 'Connection': 'close'} {{(pid=102080) http_log /opt/stack/data/venv/lib/python3.12/site-packages/swiftclient/client.py:162}}
Jun 19 19:54:13.984164 np0000003314 devstack@g-api.service[102080]: DEBUG glance_store._drivers.swift.store [None req-a75135bb-046e-434a-8dac-731aec5cd33f tempest-VolumesActionsTest-1798489663 tempest-VolumesActionsTest-1798489663-project-member] Wrote chunk 702fd0f0-3495-4b8a-bf66-274185c39417-00003 (3/?) of length 204800000 to Swift returning MD5 of content: eda9a9889837ac4bc81d6387d92c1bec {{(pid=102080) add /opt/stack/data/venv/lib/python3.12/site-packages/glance_store/_drivers/swift/store.py:1059}}
Jun 19 19:54:14.404127 np0000003314 devstack@g-api.service[102079]: DEBUG glance.api.middleware.version_negotiation [None req-7b988af5-51ec-49bc-8272-73133acd54b5 tempest-AttachVolumeMultiAttachTest-45103288 tempest-AttachVolumeMultiAttachTest-45103288-project-member] Determining version of request: GET /v2/images/702fd0f0-3495-4b8a-bf66-274185c39417 Accept: application/json {{(pid=102079) process_request /opt/stack/glance/glance/api/middleware/version_negotiation.py:44}}
Jun 19 19:54:14.404587 np0000003314 devstack@g-api.service[102079]: DEBUG glance.api.middleware.version_negotiation [None req-7b988af5-51ec-49bc-8272-73133acd54b5 tempest-AttachVolumeMultiAttachTest-45103288 tempest-AttachVolumeMultiAttachTest-45103288-project-member] Using url versioning {{(pid=102079) process_request /opt/stack/glance/glance/api/middleware/version_negotiation.py:57}}
Jun 19 19:54:14.404587 np0000003314 devstack@g-api.service[102079]: DEBUG glance.api.middleware.version_negotiation [None req-7b988af5-51ec-49bc-8272-73133acd54b5 tempest-AttachVolumeMultiAttachTest-45103288 tempest-AttachVolumeMultiAttachTest-45103288-project-member] Matched version: v2 {{(pid=102079) process_request /opt/stack/glance/glance/api/middleware/version_negotiation.py:69}}
Jun 19 19:54:14.404688 np0000003314 devstack@g-api.service[102079]: DEBUG glance.api.middleware.version_negotiation [None req-7b988af5-51ec-49bc-8272-73133acd54b5 tempest-AttachVolumeMultiAttachTest-45103288 tempest-AttachVolumeMultiAttachTest-45103288-project-member] new path /v2/images/702fd0f0-3495-4b8a-bf66-274185c39417 {{(pid=102079) process_request /opt/stack/glance/glance/api/middleware/version_negotiation.py:70}}
Jun 19 19:54:14.441461 np0000003314 devstack@g-api.service[102079]: [pid: 102079|app: 0|req: 92/261] 127.0.0.1 () {40 vars in 834 bytes} [Fri Jun 19 19:54:14 2026] GET /v2/images/702fd0f0-3495-4b8a-bf66-274185c39417 => generated 649 bytes in 37 msecs (HTTP/1.1 200) 4 headers in 157 bytes (1 switches on core 0)
Jun 19 19:54:15.458217 np0000003314 devstack@g-api.service[102081]: DEBUG glance.api.middleware.version_negotiation [None req-7b988af5-51ec-49bc-8272-73133acd54b5 tempest-AttachVolumeMultiAttachTest-45103288 tempest-AttachVolumeMultiAttachTest-45103288-project-member] Determining version of request: GET /v2/images/702fd0f0-3495-4b8a-bf66-274185c39417 Accept: application/json {{(pid=102081) process_request /opt/stack/glance/glance/api/middleware/version_negotiation.py:44}}
Jun 19 19:54:15.458217 np0000003314 devstack@g-api.service[102081]: DEBUG glance.api.middleware.version_negotiation [None req-7b988af5-51ec-49bc-8272-73133acd54b5 tempest-AttachVolumeMultiAttachTest-45103288 tempest-AttachVolumeMultiAttachTest-45103288-project-member] Using url versioning {{(pid=102081) process_request /opt/stack/glance/glance/api/middleware/version_negotiation.py:57}}
Jun 19 19:54:15.458217 np0000003314 devstack@g-api.service[102081]: DEBUG glance.api.middleware.version_negotiation [None req-7b988af5-51ec-49bc-8272-73133acd54b5 tempest-AttachVolumeMultiAttachTest-45103288 tempest-AttachVolumeMultiAttachTest-45103288-project-member] Matched version: v2 {{(pid=102081) process_request /opt/stack/glance/glance/api/middleware/version_negotiation.py:69}}
Jun 19 19:54:15.458928 np0000003314 devstack@g-api.service[102081]: DEBUG glance.api.middleware.version_negotiation [None req-7b988af5-51ec-49bc-8272-73133acd54b5 tempest-AttachVolumeMultiAttachTest-45103288 tempest-AttachVolumeMultiAttachTest-45103288-project-member] new path /v2/images/702fd0f0-3495-4b8a-bf66-274185c39417 {{(pid=102081) process_request /opt/stack/glance/glance/api/middleware/version_negotiation.py:70}}
Jun 19 19:54:15.476584 np0000003314 devstack@g-api.service[102081]: [pid: 102081|app: 0|req: 88/262] 127.0.0.1 () {40 vars in 834 bytes} [Fri Jun 19 19:54:15 2026] GET /v2/images/702fd0f0-3495-4b8a-bf66-274185c39417 => generated 649 bytes in 20 msecs (HTTP/1.1 200) 4 headers in 157 bytes (1 switches on core 0)
Jun 19 19:54:15.704753 np0000003314 devstack@g-api.service[102080]: DEBUG dbcounter [-] [102080] Writing DB stats glance:SELECT=16,glance:INSERT=1,glance:UPDATE=1 {{(pid=102080) stat_writer /opt/stack/data/venv/lib/python3.12/site-packages/dbcounter.py:115}}
Jun 19 19:54:16.488268 np0000003314 devstack@g-api.service[102079]: DEBUG glance.api.middleware.version_negotiation [None req-0d135dd7-e2ab-4728-a292-debf5c34a5bb tempest-VolumesActionsTest-1798489663 tempest-VolumesActionsTest-1798489663-project-member] Determining version of request: GET /v2/images/702fd0f0-3495-4b8a-bf66-274185c39417 Accept: application/json {{(pid=102079) process_request /opt/stack/glance/glance/api/middleware/version_negotiation.py:44}}
Jun 19 19:54:16.488671 np0000003314 devstack@g-api.service[102079]: DEBUG glance.api.middleware.version_negotiation [None req-0d135dd7-e2ab-4728-a292-debf5c34a5bb tempest-VolumesActionsTest-1798489663 tempest-VolumesActionsTest-1798489663-project-member] Using url versioning {{(pid=102079) process_request /opt/stack/glance/glance/api/middleware/version_negotiation.py:57}}
Jun 19 19:54:16.488671 np0000003314 devstack@g-api.service[102079]: DEBUG glance.api.middleware.version_negotiation [None req-0d135dd7-e2ab-4728-a292-debf5c34a5bb tempest-VolumesActionsTest-1798489663 tempest-VolumesActionsTest-1798489663-project-member] Matched version: v2 {{(pid=102079) process_request /opt/stack/glance/glance/api/middleware/version_negotiation.py:69}}
Jun 19 19:54:16.488766 np0000003314 devstack@g-api.service[102079]: DEBUG glance.api.middleware.version_negotiation [None req-0d135dd7-e2ab-4728-a292-debf5c34a5bb tempest-VolumesActionsTest-1798489663 tempest-VolumesActionsTest-1798489663-project-member] new path /v2/images/702fd0f0-3495-4b8a-bf66-274185c39417 {{(pid=102079) process_request /opt/stack/glance/glance/api/middleware/version_negotiation.py:70}}
Jun 19 19:54:16.489508 np0000003314 devstack@g-api.service[102080]: DEBUG swiftclient [None req-a75135bb-046e-434a-8dac-731aec5cd33f tempest-VolumesActionsTest-1798489663 tempest-VolumesActionsTest-1798489663-project-member] REQ: curl -i https://10.4.3.71:8080/v1/AUTH_cd5d5949599d40a68a1b87b41b8bdd90/glance/702fd0f0-3495-4b8a-bf66-274185c39417-00004 -X PUT -H "X-Auth-Token: gAAAAABqNZ5d2vxX..." {{(pid=102080) http_log /opt/stack/data/venv/lib/python3.12/site-packages/swiftclient/client.py:160}}
Jun 19 19:54:16.489722 np0000003314 devstack@g-api.service[102080]: DEBUG swiftclient [None req-a75135bb-046e-434a-8dac-731aec5cd33f tempest-VolumesActionsTest-1798489663 tempest-VolumesActionsTest-1798489663-project-member] RESP STATUS: 201 Created {{(pid=102080) http_log /opt/stack/data/venv/lib/python3.12/site-packages/swiftclient/client.py:161}}
Jun 19 19:54:16.489988 np0000003314 devstack@g-api.service[102080]: DEBUG swiftclient [None req-a75135bb-046e-434a-8dac-731aec5cd33f tempest-VolumesActionsTest-1798489663 tempest-VolumesActionsTest-1798489663-project-member] RESP HEADERS: {'Date': 'Fri, 19 Jun 2026 19:54:16 GMT', 'Server': 'Apache/2.4.58 (Ubuntu)', 'Content-Type': 'text/html; charset=UTF-8', 'Content-Length': '0', 'Etag': 'eda9a9889837ac4bc81d6387d92c1bec', 'Last-Modified': 'Fri, 19 Jun 2026 19:54:14 GMT', 'X-Trans-Id': 'tx76448d3a98ba4ddd88366-006a359e65', 'X-Openstack-Request-Id': 'tx76448d3a98ba4ddd88366-006a359e65', 'Connection': 'close'} {{(pid=102080) http_log /opt/stack/data/venv/lib/python3.12/site-packages/swiftclient/client.py:162}}
Jun 19 19:54:16.490209 np0000003314 devstack@g-api.service[102080]: DEBUG glance_store._drivers.swift.store [None req-a75135bb-046e-434a-8dac-731aec5cd33f tempest-VolumesActionsTest-1798489663 tempest-VolumesActionsTest-1798489663-project-member] Wrote chunk 702fd0f0-3495-4b8a-bf66-274185c39417-00004 (4/?) of length 204800000 to Swift returning MD5 of content: eda9a9889837ac4bc81d6387d92c1bec {{(pid=102080) add /opt/stack/data/venv/lib/python3.12/site-packages/glance_store/_drivers/swift/store.py:1059}}
Jun 19 19:54:16.515702 np0000003314 devstack@g-api.service[102079]: [pid: 102079|app: 0|req: 93/263] 127.0.0.1 () {40 vars in 834 bytes} [Fri Jun 19 19:54:16 2026] GET /v2/images/702fd0f0-3495-4b8a-bf66-274185c39417 => generated 649 bytes in 27 msecs (HTTP/1.1 200) 4 headers in 157 bytes (1 switches on core 0)
Jun 19 19:54:17.529783 np0000003314 devstack@g-api.service[102081]: DEBUG glance.api.middleware.version_negotiation [None req-cd90728b-1800-4312-a2fe-493e4fc49ead tempest-VolumesActionsTest-1798489663 tempest-VolumesActionsTest-1798489663-project-member] Determining version of request: GET /v2/images/702fd0f0-3495-4b8a-bf66-274185c39417 Accept: application/json {{(pid=102081) process_request /opt/stack/glance/glance/api/middleware/version_negotiation.py:44}}
Jun 19 19:54:17.530290 np0000003314 devstack@g-api.service[102081]: DEBUG glance.api.middleware.version_negotiation [None req-cd90728b-1800-4312-a2fe-493e4fc49ead tempest-VolumesActionsTest-1798489663 tempest-VolumesActionsTest-1798489663-project-member] Using url versioning {{(pid=102081) process_request /opt/stack/glance/glance/api/middleware/version_negotiation.py:57}}
Jun 19 19:54:17.530290 np0000003314 devstack@g-api.service[102081]: DEBUG glance.api.middleware.version_negotiation [None req-cd90728b-1800-4312-a2fe-493e4fc49ead tempest-VolumesActionsTest-1798489663 tempest-VolumesActionsTest-1798489663-project-member] Matched version: v2 {{(pid=102081) process_request /opt/stack/glance/glance/api/middleware/version_negotiation.py:69}}
Jun 19 19:54:17.530290 np0000003314 devstack@g-api.service[102081]: DEBUG glance.api.middleware.version_negotiation [None req-cd90728b-1800-4312-a2fe-493e4fc49ead tempest-VolumesActionsTest-1798489663 tempest-VolumesActionsTest-1798489663-project-member] new path /v2/images/702fd0f0-3495-4b8a-bf66-274185c39417 {{(pid=102081) process_request /opt/stack/glance/glance/api/middleware/version_negotiation.py:70}}
Jun 19 19:54:17.558734 np0000003314 devstack@g-api.service[102081]: [pid: 102081|app: 0|req: 89/264] 127.0.0.1 () {40 vars in 834 bytes} [Fri Jun 19 19:54:17 2026] GET /v2/images/702fd0f0-3495-4b8a-bf66-274185c39417 => generated 649 bytes in 29 msecs (HTTP/1.1 200) 4 headers in 157 bytes (1 switches on core 0)
Jun 19 19:54:18.575522 np0000003314 devstack@g-api.service[102079]: DEBUG glance.api.middleware.version_negotiation [None req-9cf830f5-a154-4cae-95ac-992e05104cc7 tempest-VolumesActionsTest-1798489663 tempest-VolumesActionsTest-1798489663-project-member] Determining version of request: GET /v2/images/702fd0f0-3495-4b8a-bf66-274185c39417 Accept: application/json {{(pid=102079) process_request /opt/stack/glance/glance/api/middleware/version_negotiation.py:44}}
Jun 19 19:54:18.575522 np0000003314 devstack@g-api.service[102079]: DEBUG glance.api.middleware.version_negotiation [None req-9cf830f5-a154-4cae-95ac-992e05104cc7 tempest-VolumesActionsTest-1798489663 tempest-VolumesActionsTest-1798489663-project-member] Using url versioning {{(pid=102079) process_request /opt/stack/glance/glance/api/middleware/version_negotiation.py:57}}
Jun 19 19:54:18.575522 np0000003314 devstack@g-api.service[102079]: DEBUG glance.api.middleware.version_negotiation [None req-9cf830f5-a154-4cae-95ac-992e05104cc7 tempest-VolumesActionsTest-1798489663 tempest-VolumesActionsTest-1798489663-project-member] Matched version: v2 {{(pid=102079) process_request /opt/stack/glance/glance/api/middleware/version_negotiation.py:69}}
Jun 19 19:54:18.576072 np0000003314 devstack@g-api.service[102079]: DEBUG glance.api.middleware.version_negotiation [None req-9cf830f5-a154-4cae-95ac-992e05104cc7 tempest-VolumesActionsTest-1798489663 tempest-VolumesActionsTest-1798489663-project-member] new path /v2/images/702fd0f0-3495-4b8a-bf66-274185c39417 {{(pid=102079) process_request /opt/stack/glance/glance/api/middleware/version_negotiation.py:70}}
Jun 19 19:54:18.595971 np0000003314 devstack@g-api.service[102079]: [pid: 102079|app: 0|req: 94/265] 127.0.0.1 () {40 vars in 834 bytes} [Fri Jun 19 19:54:18 2026] GET /v2/images/702fd0f0-3495-4b8a-bf66-274185c39417 => generated 649 bytes in 21 msecs (HTTP/1.1 200) 4 headers in 157 bytes (1 switches on core 0)
Jun 19 19:54:19.123596 np0000003314 devstack@g-api.service[102080]: DEBUG swiftclient [None req-a75135bb-046e-434a-8dac-731aec5cd33f tempest-VolumesActionsTest-1798489663 tempest-VolumesActionsTest-1798489663-project-member] REQ: curl -i https://10.4.3.71:8080/v1/AUTH_cd5d5949599d40a68a1b87b41b8bdd90/glance/702fd0f0-3495-4b8a-bf66-274185c39417-00005 -X PUT -H "X-Auth-Token: gAAAAABqNZ5d2vxX..." {{(pid=102080) http_log /opt/stack/data/venv/lib/python3.12/site-packages/swiftclient/client.py:160}}
Jun 19 19:54:19.123880 np0000003314 devstack@g-api.service[102080]: DEBUG swiftclient [None req-a75135bb-046e-434a-8dac-731aec5cd33f tempest-VolumesActionsTest-1798489663 tempest-VolumesActionsTest-1798489663-project-member] RESP STATUS: 201 Created {{(pid=102080) http_log /opt/stack/data/venv/lib/python3.12/site-packages/swiftclient/client.py:161}}
Jun 19 19:54:19.123880 np0000003314 devstack@g-api.service[102080]: DEBUG swiftclient [None req-a75135bb-046e-434a-8dac-731aec5cd33f tempest-VolumesActionsTest-1798489663 tempest-VolumesActionsTest-1798489663-project-member] RESP HEADERS: {'Date': 'Fri, 19 Jun 2026 19:54:19 GMT', 'Server': 'Apache/2.4.58 (Ubuntu)', 'Content-Type': 'text/html; charset=UTF-8', 'Content-Length': '0', 'Etag': 'eda9a9889837ac4bc81d6387d92c1bec', 'Last-Modified': 'Fri, 19 Jun 2026 19:54:17 GMT', 'X-Trans-Id': 'txd328ffb7e0214c0380510-006a359e68', 'X-Openstack-Request-Id': 'txd328ffb7e0214c0380510-006a359e68', 'Connection': 'close'} {{(pid=102080) http_log /opt/stack/data/venv/lib/python3.12/site-packages/swiftclient/client.py:162}}
Jun 19 19:54:19.123963 np0000003314 devstack@g-api.service[102080]: DEBUG glance_store._drivers.swift.store [None req-a75135bb-046e-434a-8dac-731aec5cd33f tempest-VolumesActionsTest-1798489663 tempest-VolumesActionsTest-1798489663-project-member] Wrote chunk 702fd0f0-3495-4b8a-bf66-274185c39417-00005 (5/?) of length 204800000 to Swift returning MD5 of content: eda9a9889837ac4bc81d6387d92c1bec {{(pid=102080) add /opt/stack/data/venv/lib/python3.12/site-packages/glance_store/_drivers/swift/store.py:1059}}
Jun 19 19:54:19.609225 np0000003314 devstack@g-api.service[102081]: DEBUG glance.api.middleware.version_negotiation [None req-75c96e1b-1dc1-4204-a00e-04bca69fd47b tempest-VolumesActionsTest-1798489663 tempest-VolumesActionsTest-1798489663-project-member] Determining version of request: GET /v2/images/702fd0f0-3495-4b8a-bf66-274185c39417 Accept: application/json {{(pid=102081) process_request /opt/stack/glance/glance/api/middleware/version_negotiation.py:44}}
Jun 19 19:54:19.609847 np0000003314 devstack@g-api.service[102081]: DEBUG glance.api.middleware.version_negotiation [None req-75c96e1b-1dc1-4204-a00e-04bca69fd47b tempest-VolumesActionsTest-1798489663 tempest-VolumesActionsTest-1798489663-project-member] Using url versioning {{(pid=102081) process_request /opt/stack/glance/glance/api/middleware/version_negotiation.py:57}}
Jun 19 19:54:19.609847 np0000003314 devstack@g-api.service[102081]: DEBUG glance.api.middleware.version_negotiation [None req-75c96e1b-1dc1-4204-a00e-04bca69fd47b tempest-VolumesActionsTest-1798489663 tempest-VolumesActionsTest-1798489663-project-member] Matched version: v2 {{(pid=102081) process_request /opt/stack/glance/glance/api/middleware/version_negotiation.py:69}}
Jun 19 19:54:19.609847 np0000003314 devstack@g-api.service[102081]: DEBUG glance.api.middleware.version_negotiation [None req-75c96e1b-1dc1-4204-a00e-04bca69fd47b tempest-VolumesActionsTest-1798489663 tempest-VolumesActionsTest-1798489663-project-member] new path /v2/images/702fd0f0-3495-4b8a-bf66-274185c39417 {{(pid=102081) process_request /opt/stack/glance/glance/api/middleware/version_negotiation.py:70}}
Jun 19 19:54:19.623231 np0000003314 devstack@g-api.service[102081]: [pid: 102081|app: 0|req: 90/266] 127.0.0.1 () {40 vars in 834 bytes} [Fri Jun 19 19:54:19 2026] GET /v2/images/702fd0f0-3495-4b8a-bf66-274185c39417 => generated 649 bytes in 13 msecs (HTTP/1.1 200) 4 headers in 157 bytes (1 switches on core 0)
Jun 19 19:54:19.646818 np0000003314 devstack@g-api.service[102080]: DEBUG swiftclient [None req-a75135bb-046e-434a-8dac-731aec5cd33f tempest-VolumesActionsTest-1798489663 tempest-VolumesActionsTest-1798489663-project-member] REQ: curl -i https://10.4.3.71:8080/v1/AUTH_cd5d5949599d40a68a1b87b41b8bdd90/glance/702fd0f0-3495-4b8a-bf66-274185c39417-00006 -X PUT -H "X-Auth-Token: gAAAAABqNZ5d2vxX..." {{(pid=102080) http_log /opt/stack/data/venv/lib/python3.12/site-packages/swiftclient/client.py:160}}
Jun 19 19:54:19.646916 np0000003314 devstack@g-api.service[102080]: DEBUG swiftclient [None req-a75135bb-046e-434a-8dac-731aec5cd33f tempest-VolumesActionsTest-1798489663 tempest-VolumesActionsTest-1798489663-project-member] RESP STATUS: 201 Created {{(pid=102080) http_log /opt/stack/data/venv/lib/python3.12/site-packages/swiftclient/client.py:161}}
Jun 19 19:54:19.647047 np0000003314 devstack@g-api.service[102080]: DEBUG swiftclient [None req-a75135bb-046e-434a-8dac-731aec5cd33f tempest-VolumesActionsTest-1798489663 tempest-VolumesActionsTest-1798489663-project-member] RESP HEADERS: {'Date': 'Fri, 19 Jun 2026 19:54:19 GMT', 'Server': 'Apache/2.4.58 (Ubuntu)', 'Content-Type': 'text/html; charset=UTF-8', 'Content-Length': '0', 'Etag': '708761f3b8777ec77058e63da08eeeb6', 'Last-Modified': 'Fri, 19 Jun 2026 19:54:20 GMT', 'X-Trans-Id': 'txbeb272aa3d8f466c95767-006a359e6b', 'X-Openstack-Request-Id': 'txbeb272aa3d8f466c95767-006a359e6b', 'Connection': 'close'} {{(pid=102080) http_log /opt/stack/data/venv/lib/python3.12/site-packages/swiftclient/client.py:162}}
Jun 19 19:54:19.647212 np0000003314 devstack@g-api.service[102080]: DEBUG glance_store._drivers.swift.store [None req-a75135bb-046e-434a-8dac-731aec5cd33f tempest-VolumesActionsTest-1798489663 tempest-VolumesActionsTest-1798489663-project-member] Wrote chunk 702fd0f0-3495-4b8a-bf66-274185c39417-00006 (6/?) of length 49741824 to Swift returning MD5 of content: 708761f3b8777ec77058e63da08eeeb6 {{(pid=102080) add /opt/stack/data/venv/lib/python3.12/site-packages/glance_store/_drivers/swift/store.py:1059}}
Jun 19 19:54:19.649229 np0000003314 devstack@g-api.service[102080]: DEBUG glance_store._drivers.swift.store [None req-a75135bb-046e-434a-8dac-731aec5cd33f tempest-VolumesActionsTest-1798489663 tempest-VolumesActionsTest-1798489663-project-member] Not writing zero-length chunk. {{(pid=102080) add /opt/stack/data/venv/lib/python3.12/site-packages/glance_store/_drivers/swift/store.py:1028}}
Jun 19 19:54:19.671331 np0000003314 devstack@g-api.service[102080]: DEBUG swiftclient [None req-a75135bb-046e-434a-8dac-731aec5cd33f tempest-VolumesActionsTest-1798489663 tempest-VolumesActionsTest-1798489663-project-member] REQ: curl -i https://10.4.3.71:8080/v1/AUTH_cd5d5949599d40a68a1b87b41b8bdd90/glance/702fd0f0-3495-4b8a-bf66-274185c39417 -X PUT -H "X-Object-Manifest: glance/702fd0f0-3495-4b8a-bf66-274185c39417-" -H "X-Auth-Token: gAAAAABqNZ5d2vxX..." -H "Content-Length: 0" {{(pid=102080) http_log /opt/stack/data/venv/lib/python3.12/site-packages/swiftclient/client.py:160}}
Jun 19 19:54:19.671494 np0000003314 devstack@g-api.service[102080]: DEBUG swiftclient [None req-a75135bb-046e-434a-8dac-731aec5cd33f tempest-VolumesActionsTest-1798489663 tempest-VolumesActionsTest-1798489663-project-member] RESP STATUS: 201 Created {{(pid=102080) http_log /opt/stack/data/venv/lib/python3.12/site-packages/swiftclient/client.py:161}}
Jun 19 19:54:19.671667 np0000003314 devstack@g-api.service[102080]: DEBUG swiftclient [None req-a75135bb-046e-434a-8dac-731aec5cd33f tempest-VolumesActionsTest-1798489663 tempest-VolumesActionsTest-1798489663-project-member] RESP HEADERS: {'Date': 'Fri, 19 Jun 2026 19:54:19 GMT', 'Server': 'Apache/2.4.58 (Ubuntu)', 'Content-Type': 'text/html; charset=UTF-8', 'Content-Length': '0', 'Etag': 'd41d8cd98f00b204e9800998ecf8427e', 'Last-Modified': 'Fri, 19 Jun 2026 19:54:20 GMT', 'X-Trans-Id': 'txbdf77eb45f62468e8750d-006a359e6b', 'X-Openstack-Request-Id': 'txbdf77eb45f62468e8750d-006a359e6b', 'Connection': 'close'} {{(pid=102080) http_log /opt/stack/data/venv/lib/python3.12/site-packages/swiftclient/client.py:162}}
Jun 19 19:54:19.672024 np0000003314 devstack@g-api.service[102080]: INFO glance.location [None req-a75135bb-046e-434a-8dac-731aec5cd33f tempest-VolumesActionsTest-1798489663 tempest-VolumesActionsTest-1798489663-project-member] Image format matched and virtual size computed: 1073741824
Jun 19 19:54:19.700718 np0000003314 devstack@g-api.service[102080]: DEBUG glance_store.backend [None req-a75135bb-046e-434a-8dac-731aec5cd33f tempest-VolumesActionsTest-1798489663 tempest-VolumesActionsTest-1798489663-project-member] Attempting to import store swift {{(pid=102080) _load_store /opt/stack/data/venv/lib/python3.12/site-packages/glance_store/backend.py:215}}
Jun 19 19:54:19.701953 np0000003314 devstack@g-api.service[102080]: DEBUG glance_store.capabilities [None req-a75135bb-046e-434a-8dac-731aec5cd33f tempest-VolumesActionsTest-1798489663 tempest-VolumesActionsTest-1798489663-project-member] Store glance_store._drivers.swift.store.SingleTenantStore doesn't support updating dynamic storage capabilities. Please overwrite 'update_capabilities' method of the store to implement updating logics if needed. {{(pid=102080) update_capabilities /opt/stack/data/venv/lib/python3.12/site-packages/glance_store/capabilities.py:91}}
Jun 19 19:54:19.702152 np0000003314 devstack@g-api.service[102080]: DEBUG glance_store.driver [None req-a75135bb-046e-434a-8dac-731aec5cd33f tempest-VolumesActionsTest-1798489663 tempest-VolumesActionsTest-1798489663-project-member] Late loading location class glance_store._drivers.swift.store.StoreLocation {{(pid=102080) get_store_location_class /opt/stack/data/venv/lib/python3.12/site-packages/glance_store/driver.py:134}}
Jun 19 19:54:19.702152 np0000003314 devstack@g-api.service[102080]: DEBUG glance_store.location [None req-a75135bb-046e-434a-8dac-731aec5cd33f tempest-VolumesActionsTest-1798489663 tempest-VolumesActionsTest-1798489663-project-member] Registering scheme swift+https with {'store': , 'location_class': , 'store_entry': 'swift'} {{(pid=102080) register_scheme_map /opt/stack/data/venv/lib/python3.12/site-packages/glance_store/location.py:146}}
Jun 19 19:54:19.702273 np0000003314 devstack@g-api.service[102080]: DEBUG glance_store.location [None req-a75135bb-046e-434a-8dac-731aec5cd33f tempest-VolumesActionsTest-1798489663 tempest-VolumesActionsTest-1798489663-project-member] Registering scheme swift+https with {'store': , 'location_class': , 'store_entry': 'swift'} {{(pid=102080) register_scheme_map /opt/stack/data/venv/lib/python3.12/site-packages/glance_store/location.py:146}}
Jun 19 19:54:19.702316 np0000003314 devstack@g-api.service[102080]: DEBUG glance_store.location [None req-a75135bb-046e-434a-8dac-731aec5cd33f tempest-VolumesActionsTest-1798489663 tempest-VolumesActionsTest-1798489663-project-member] Registering scheme swift with {'store': , 'location_class': , 'store_entry': 'swift'} {{(pid=102080) register_scheme_map /opt/stack/data/venv/lib/python3.12/site-packages/glance_store/location.py:146}}
Jun 19 19:54:19.702357 np0000003314 devstack@g-api.service[102080]: DEBUG glance_store.location [None req-a75135bb-046e-434a-8dac-731aec5cd33f tempest-VolumesActionsTest-1798489663 tempest-VolumesActionsTest-1798489663-project-member] Registering scheme swift+https with {'store': , 'location_class': , 'store_entry': 'swift'} {{(pid=102080) register_scheme_map /opt/stack/data/venv/lib/python3.12/site-packages/glance_store/location.py:146}}
Jun 19 19:54:19.702506 np0000003314 devstack@g-api.service[102080]: DEBUG glance_store.location [None req-a75135bb-046e-434a-8dac-731aec5cd33f tempest-VolumesActionsTest-1798489663 tempest-VolumesActionsTest-1798489663-project-member] Registering scheme swift with {'store': , 'location_class': , 'store_entry': 'swift'} {{(pid=102080) register_scheme_map /opt/stack/data/venv/lib/python3.12/site-packages/glance_store/location.py:146}}
Jun 19 19:54:19.702506 np0000003314 devstack@g-api.service[102080]: DEBUG glance_store.location [None req-a75135bb-046e-434a-8dac-731aec5cd33f tempest-VolumesActionsTest-1798489663 tempest-VolumesActionsTest-1798489663-project-member] Registering scheme swift+http with {'store': , 'location_class': , 'store_entry': 'swift'} {{(pid=102080) register_scheme_map /opt/stack/data/venv/lib/python3.12/site-packages/glance_store/location.py:146}}
Jun 19 19:54:19.702621 np0000003314 devstack@g-api.service[102080]: DEBUG glance_store.location [None req-a75135bb-046e-434a-8dac-731aec5cd33f tempest-VolumesActionsTest-1798489663 tempest-VolumesActionsTest-1798489663-project-member] Registering scheme swift+https with {'store': , 'location_class': , 'store_entry': 'swift'} {{(pid=102080) register_scheme_map /opt/stack/data/venv/lib/python3.12/site-packages/glance_store/location.py:146}}
Jun 19 19:54:19.702676 np0000003314 devstack@g-api.service[102080]: DEBUG glance_store.location [None req-a75135bb-046e-434a-8dac-731aec5cd33f tempest-VolumesActionsTest-1798489663 tempest-VolumesActionsTest-1798489663-project-member] Registering scheme swift with {'store': , 'location_class': , 'store_entry': 'swift'} {{(pid=102080) register_scheme_map /opt/stack/data/venv/lib/python3.12/site-packages/glance_store/location.py:146}}
Jun 19 19:54:19.702716 np0000003314 devstack@g-api.service[102080]: DEBUG glance_store.location [None req-a75135bb-046e-434a-8dac-731aec5cd33f tempest-VolumesActionsTest-1798489663 tempest-VolumesActionsTest-1798489663-project-member] Registering scheme swift+http with {'store': , 'location_class': , 'store_entry': 'swift'} {{(pid=102080) register_scheme_map /opt/stack/data/venv/lib/python3.12/site-packages/glance_store/location.py:146}}
Jun 19 19:54:19.702774 np0000003314 devstack@g-api.service[102080]: DEBUG glance_store.location [None req-a75135bb-046e-434a-8dac-731aec5cd33f tempest-VolumesActionsTest-1798489663 tempest-VolumesActionsTest-1798489663-project-member] Registering scheme swift+config with {'store': , 'location_class': , 'store_entry': 'swift'} {{(pid=102080) register_scheme_map /opt/stack/data/venv/lib/python3.12/site-packages/glance_store/location.py:146}}
Jun 19 19:54:19.702848 np0000003314 devstack@g-api.service[102080]: DEBUG glance_store.backend [None req-a75135bb-046e-434a-8dac-731aec5cd33f tempest-VolumesActionsTest-1798489663 tempest-VolumesActionsTest-1798489663-project-member] Skipping store.set_acls... not implemented. {{(pid=102080) set_acls /opt/stack/data/venv/lib/python3.12/site-packages/glance_store/backend.py:507}}
Jun 19 19:54:19.704784 np0000003314 devstack@g-api.service[102080]: [pid: 102080|app: 0|req: 83/267] 127.0.0.1 () {46 vars in 1154 bytes} [Fri Jun 19 19:54:04 2026] PUT /v2/images/702fd0f0-3495-4b8a-bf66-274185c39417/file => generated 0 bytes in 15117 msecs (HTTP/1.1 204) 4 headers in 171 bytes (1 switches on core 0)
Jun 19 19:54:19.716627 np0000003314 devstack@g-api.service[102079]: DEBUG glance.api.middleware.version_negotiation [None req-2faea18f-4d09-46ce-9773-5010805e1602 tempest-VolumesActionsTest-1798489663 tempest-VolumesActionsTest-1798489663-project-member] Determining version of request: GET /v2/images/702fd0f0-3495-4b8a-bf66-274185c39417 Accept: */* {{(pid=102079) process_request /opt/stack/glance/glance/api/middleware/version_negotiation.py:44}}
Jun 19 19:54:19.717512 np0000003314 devstack@g-api.service[102079]: DEBUG glance.api.middleware.version_negotiation [None req-2faea18f-4d09-46ce-9773-5010805e1602 tempest-VolumesActionsTest-1798489663 tempest-VolumesActionsTest-1798489663-project-member] Using url versioning {{(pid=102079) process_request /opt/stack/glance/glance/api/middleware/version_negotiation.py:57}}
Jun 19 19:54:19.717794 np0000003314 devstack@g-api.service[102079]: DEBUG glance.api.middleware.version_negotiation [None req-2faea18f-4d09-46ce-9773-5010805e1602 tempest-VolumesActionsTest-1798489663 tempest-VolumesActionsTest-1798489663-project-member] Matched version: v2 {{(pid=102079) process_request /opt/stack/glance/glance/api/middleware/version_negotiation.py:69}}
Jun 19 19:54:19.717957 np0000003314 devstack@g-api.service[102079]: DEBUG glance.api.middleware.version_negotiation [None req-2faea18f-4d09-46ce-9773-5010805e1602 tempest-VolumesActionsTest-1798489663 tempest-VolumesActionsTest-1798489663-project-member] new path /v2/images/702fd0f0-3495-4b8a-bf66-274185c39417 {{(pid=102079) process_request /opt/stack/glance/glance/api/middleware/version_negotiation.py:70}}
Jun 19 19:54:19.729319 np0000003314 devstack@g-api.service[102079]: [pid: 102079|app: 0|req: 95/268] 127.0.0.1 () {44 vars in 1111 bytes} [Fri Jun 19 19:54:19 2026] GET /v2/images/702fd0f0-3495-4b8a-bf66-274185c39417 => generated 821 bytes in 13 msecs (HTTP/1.1 200) 4 headers in 157 bytes (1 switches on core 0)
Jun 19 19:54:19.738032 np0000003314 devstack@g-api.service[102081]: DEBUG glance.api.middleware.version_negotiation [None req-67bc872a-862f-467b-b373-c0996ffeb928 tempest-VolumesActionsTest-1798489663 tempest-VolumesActionsTest-1798489663-project-member] Determining version of request: GET /v2/schemas/image Accept: */* {{(pid=102081) process_request /opt/stack/glance/glance/api/middleware/version_negotiation.py:44}}
Jun 19 19:54:19.738382 np0000003314 devstack@g-api.service[102081]: DEBUG glance.api.middleware.version_negotiation [None req-67bc872a-862f-467b-b373-c0996ffeb928 tempest-VolumesActionsTest-1798489663 tempest-VolumesActionsTest-1798489663-project-member] Using url versioning {{(pid=102081) process_request /opt/stack/glance/glance/api/middleware/version_negotiation.py:57}}
Jun 19 19:54:19.738848 np0000003314 devstack@g-api.service[102081]: DEBUG glance.api.middleware.version_negotiation [None req-67bc872a-862f-467b-b373-c0996ffeb928 tempest-VolumesActionsTest-1798489663 tempest-VolumesActionsTest-1798489663-project-member] Matched version: v2 {{(pid=102081) process_request /opt/stack/glance/glance/api/middleware/version_negotiation.py:69}}
Jun 19 19:54:19.738848 np0000003314 devstack@g-api.service[102081]: DEBUG glance.api.middleware.version_negotiation [None req-67bc872a-862f-467b-b373-c0996ffeb928 tempest-VolumesActionsTest-1798489663 tempest-VolumesActionsTest-1798489663-project-member] new path /v2/schemas/image {{(pid=102081) process_request /opt/stack/glance/glance/api/middleware/version_negotiation.py:70}}
Jun 19 19:54:19.742132 np0000003314 devstack@g-api.service[102081]: [pid: 102081|app: 0|req: 91/269] 127.0.0.1 () {44 vars in 1051 bytes} [Fri Jun 19 19:54:19 2026] GET /v2/schemas/image => generated 6083 bytes in 4 msecs (HTTP/1.1 200) 4 headers in 158 bytes (1 switches on core 0)
