Jun 19 19:46:36.412015 np0000003314 nova-scheduler[95802]: DEBUG cotyledon.oslo_config_glue [-] oslo_limit.auth_type = None {{(pid=95802) log_opt_values /opt/stack/data/venv/lib/python3.12/site-packages/oslo_config/cfg.py:3253}}
Jun 19 19:46:36.412015 np0000003314 nova-scheduler[95802]: DEBUG cotyledon.oslo_config_glue [-] oslo_limit.cafile = None {{(pid=95802) log_opt_values /opt/stack/data/venv/lib/python3.12/site-packages/oslo_config/cfg.py:3253}}
Jun 19 19:46:36.412015 np0000003314 nova-scheduler[95802]: DEBUG cotyledon.oslo_config_glue [-] oslo_limit.certfile = None {{(pid=95802) log_opt_values /opt/stack/data/venv/lib/python3.12/site-packages/oslo_config/cfg.py:3253}}
Jun 19 19:46:36.412015 np0000003314 nova-scheduler[95802]: DEBUG cotyledon.oslo_config_glue [-] oslo_limit.collect_timing = False {{(pid=95802) log_opt_values /opt/stack/data/venv/lib/python3.12/site-packages/oslo_config/cfg.py:3253}}
Jun 19 19:46:36.412015 np0000003314 nova-scheduler[95802]: DEBUG cotyledon.oslo_config_glue [-] oslo_limit.connect_retries = None {{(pid=95802) log_opt_values /opt/stack/data/venv/lib/python3.12/site-packages/oslo_config/cfg.py:3253}}
Jun 19 19:46:36.412015 np0000003314 nova-scheduler[95802]: DEBUG cotyledon.oslo_config_glue [-] oslo_limit.connect_retry_delay = None {{(pid=95802) log_opt_values /opt/stack/data/venv/lib/python3.12/site-packages/oslo_config/cfg.py:3253}}
Jun 19 19:46:36.412015 np0000003314 nova-scheduler[95802]: DEBUG cotyledon.oslo_config_glue [-] oslo_limit.endpoint_id = None {{(pid=95802) log_opt_values /opt/stack/data/venv/lib/python3.12/site-packages/oslo_config/cfg.py:3253}}
Jun 19 19:46:36.412015 np0000003314 nova-scheduler[95802]: DEBUG cotyledon.oslo_config_glue [-] oslo_limit.endpoint_interface = public {{(pid=95802) log_opt_values /opt/stack/data/venv/lib/python3.12/site-packages/oslo_config/cfg.py:3253}}
Jun 19 19:46:36.412221 np0000003314 nova-scheduler[95802]: DEBUG cotyledon.oslo_config_glue [-] oslo_limit.endpoint_override = None {{(pid=95802) log_opt_values /opt/stack/data/venv/lib/python3.12/site-packages/oslo_config/cfg.py:3253}}
Jun 19 19:46:36.412221 np0000003314 nova-scheduler[95802]: DEBUG cotyledon.oslo_config_glue [-] oslo_limit.endpoint_region_name = None {{(pid=95802) log_opt_values /opt/stack/data/venv/lib/python3.12/site-packages/oslo_config/cfg.py:3253}}
Jun 19 19:46:36.412221 np0000003314 nova-scheduler[95802]: DEBUG cotyledon.oslo_config_glue [-] oslo_limit.endpoint_service_name = None {{(pid=95802) log_opt_values /opt/stack/data/venv/lib/python3.12/site-packages/oslo_config/cfg.py:3253}}
Jun 19 19:46:36.412221 np0000003314 nova-scheduler[95802]: DEBUG cotyledon.oslo_config_glue [-] oslo_limit.endpoint_service_type = None {{(pid=95802) log_opt_values /opt/stack/data/venv/lib/python3.12/site-packages/oslo_config/cfg.py:3253}}
Jun 19 19:46:36.412221 np0000003314 nova-scheduler[95802]: DEBUG cotyledon.oslo_config_glue [-] oslo_limit.insecure = False {{(pid=95802) log_opt_values /opt/stack/data/venv/lib/python3.12/site-packages/oslo_config/cfg.py:3253}}
Jun 19 19:46:36.412221 np0000003314 nova-scheduler[95802]: DEBUG cotyledon.oslo_config_glue [-] oslo_limit.keyfile = None {{(pid=95802) log_opt_values /opt/stack/data/venv/lib/python3.12/site-packages/oslo_config/cfg.py:3253}}
Jun 19 19:46:36.412221 np0000003314 nova-scheduler[95802]: DEBUG cotyledon.oslo_config_glue [-] oslo_limit.max_version = None {{(pid=95802) log_opt_values /opt/stack/data/venv/lib/python3.12/site-packages/oslo_config/cfg.py:3253}}
Jun 19 19:46:36.412221 np0000003314 nova-scheduler[95802]: DEBUG cotyledon.oslo_config_glue [-] oslo_limit.min_version = None {{(pid=95802) log_opt_values /opt/stack/data/venv/lib/python3.12/site-packages/oslo_config/cfg.py:3253}}
Jun 19 19:46:36.412221 np0000003314 nova-scheduler[95802]: DEBUG cotyledon.oslo_config_glue [-] oslo_limit.region_name = None {{(pid=95802) log_opt_values /opt/stack/data/venv/lib/python3.12/site-packages/oslo_config/cfg.py:3253}}
Jun 19 19:46:36.412415 np0000003314 nova-scheduler[95802]: DEBUG cotyledon.oslo_config_glue [-] oslo_limit.retriable_status_codes = None {{(pid=95802) log_opt_values /opt/stack/data/venv/lib/python3.12/site-packages/oslo_config/cfg.py:3253}}
Jun 19 19:46:36.412415 np0000003314 nova-scheduler[95802]: DEBUG cotyledon.oslo_config_glue [-] oslo_limit.service_name = None {{(pid=95802) log_opt_values /opt/stack/data/venv/lib/python3.12/site-packages/oslo_config/cfg.py:3253}}
Jun 19 19:46:36.412415 np0000003314 nova-scheduler[95802]: DEBUG cotyledon.oslo_config_glue [-] oslo_limit.service_type = None {{(pid=95802) log_opt_values /opt/stack/data/venv/lib/python3.12/site-packages/oslo_config/cfg.py:3253}}
Jun 19 19:46:36.412415 np0000003314 nova-scheduler[95802]: DEBUG cotyledon.oslo_config_glue [-] oslo_limit.split_loggers = False {{(pid=95802) log_opt_values /opt/stack/data/venv/lib/python3.12/site-packages/oslo_config/cfg.py:3253}}
Jun 19 19:46:36.412415 np0000003314 nova-scheduler[95802]: DEBUG cotyledon.oslo_config_glue [-] oslo_limit.status_code_retries = None {{(pid=95802) log_opt_values /opt/stack/data/venv/lib/python3.12/site-packages/oslo_config/cfg.py:3253}}
Jun 19 19:46:36.412415 np0000003314 nova-scheduler[95802]: DEBUG cotyledon.oslo_config_glue [-] oslo_limit.status_code_retry_delay = None {{(pid=95802) log_opt_values /opt/stack/data/venv/lib/python3.12/site-packages/oslo_config/cfg.py:3253}}
Jun 19 19:46:36.412415 np0000003314 nova-scheduler[95802]: DEBUG cotyledon.oslo_config_glue [-] oslo_limit.timeout = None {{(pid=95802) log_opt_values /opt/stack/data/venv/lib/python3.12/site-packages/oslo_config/cfg.py:3253}}
Jun 19 19:46:36.412415 np0000003314 nova-scheduler[95802]: DEBUG cotyledon.oslo_config_glue [-] oslo_limit.valid_interfaces = None {{(pid=95802) log_opt_values /opt/stack/data/venv/lib/python3.12/site-packages/oslo_config/cfg.py:3253}}
Jun 19 19:46:36.412415 np0000003314 nova-scheduler[95802]: DEBUG cotyledon.oslo_config_glue [-] oslo_limit.version = None {{(pid=95802) log_opt_values /opt/stack/data/venv/lib/python3.12/site-packages/oslo_config/cfg.py:3253}}
Jun 19 19:46:36.412592 np0000003314 nova-scheduler[95802]: DEBUG cotyledon.oslo_config_glue [-] oslo_reports.file_event_handler = None {{(pid=95802) log_opt_values /opt/stack/data/venv/lib/python3.12/site-packages/oslo_config/cfg.py:3253}}
Jun 19 19:46:36.412592 np0000003314 nova-scheduler[95802]: DEBUG cotyledon.oslo_config_glue [-] oslo_reports.file_event_handler_interval = 1 {{(pid=95802) log_opt_values /opt/stack/data/venv/lib/python3.12/site-packages/oslo_config/cfg.py:3253}}
Jun 19 19:46:36.412592 np0000003314 nova-scheduler[95802]: DEBUG cotyledon.oslo_config_glue [-] oslo_reports.log_dir = None {{(pid=95802) log_opt_values /opt/stack/data/venv/lib/python3.12/site-packages/oslo_config/cfg.py:3253}}
Jun 19 19:46:36.412592 np0000003314 nova-scheduler[95802]: DEBUG cotyledon.oslo_config_glue [-] ******************************************************************************** {{(pid=95802) log_opt_values /opt/stack/data/venv/lib/python3.12/site-packages/oslo_config/cfg.py:3260}}
Jun 19 19:46:36.412592 np0000003314 nova-scheduler[95802]: DEBUG cotyledon._service_worker [-] Run service ServiceWrapper(2) [95802] {{(pid=95802) wait_forever /opt/stack/data/venv/lib/python3.12/site-packages/cotyledon/_service_worker.py:218}}
Jun 19 19:46:36.412592 np0000003314 nova-scheduler[95802]: INFO nova.service [-] Starting scheduler node (version 33.1.0)
Jun 19 19:46:36.416735 np0000003314 nova-scheduler[95802]: INFO dbcounter [None req-4423fc00-092a-4e7c-acae-9f94aef0cfb4 None None] Registered counter for database nova_cell0
Jun 19 19:46:36.438146 np0000003314 nova-scheduler[95773]: DEBUG oslo_db.sqlalchemy.engines [None req-9aef17f9-4b98-4325-aaeb-ae7915b9b876 None None] MySQL server mode set to STRICT_TRANS_TABLES,STRICT_ALL_TABLES,NO_ZERO_IN_DATE,NO_ZERO_DATE,ERROR_FOR_DIVISION_BY_ZERO,TRADITIONAL,NO_ENGINE_SUBSTITUTION {{(pid=95773) _check_effective_sql_mode /opt/stack/data/venv/lib/python3.12/site-packages/oslo_db/sqlalchemy/engines.py:325}}
Jun 19 19:46:36.448925 np0000003314 nova-scheduler[95773]: DEBUG dbcounter [-] [95773] Writer thread running {{(pid=95773) stat_writer /opt/stack/data/venv/lib/python3.12/site-packages/dbcounter.py:102}}
Jun 19 19:46:36.452783 np0000003314 nova-scheduler[95802]: DEBUG oslo_db.sqlalchemy.engines [None req-4423fc00-092a-4e7c-acae-9f94aef0cfb4 None None] MySQL server mode set to STRICT_TRANS_TABLES,STRICT_ALL_TABLES,NO_ZERO_IN_DATE,NO_ZERO_DATE,ERROR_FOR_DIVISION_BY_ZERO,TRADITIONAL,NO_ENGINE_SUBSTITUTION {{(pid=95802) _check_effective_sql_mode /opt/stack/data/venv/lib/python3.12/site-packages/oslo_db/sqlalchemy/engines.py:325}}
Jun 19 19:46:36.456280 np0000003314 nova-scheduler[95800]: DEBUG oslo_db.sqlalchemy.engines [None req-838792f0-c0a5-41a0-8274-13d41af74d3f None None] MySQL server mode set to STRICT_TRANS_TABLES,STRICT_ALL_TABLES,NO_ZERO_IN_DATE,NO_ZERO_DATE,ERROR_FOR_DIVISION_BY_ZERO,TRADITIONAL,NO_ENGINE_SUBSTITUTION {{(pid=95800) _check_effective_sql_mode /opt/stack/data/venv/lib/python3.12/site-packages/oslo_db/sqlalchemy/engines.py:325}}
Jun 19 19:46:36.462080 np0000003314 nova-scheduler[95802]: DEBUG dbcounter [-] [95802] Writer thread running {{(pid=95802) stat_writer /opt/stack/data/venv/lib/python3.12/site-packages/dbcounter.py:102}}
Jun 19 19:46:36.463489 np0000003314 nova-scheduler[95773]: DEBUG nova.service [None req-9aef17f9-4b98-4325-aaeb-ae7915b9b876 None None] Creating RPC server for service: nova-scheduler on topic: scheduler {{(pid=95773) start /opt/stack/nova/nova/service.py:196}}
Jun 19 19:46:36.464686 np0000003314 nova-scheduler[95802]: DEBUG nova.service [None req-4423fc00-092a-4e7c-acae-9f94aef0cfb4 None None] Creating RPC server for service: nova-scheduler on topic: scheduler {{(pid=95802) start /opt/stack/nova/nova/service.py:196}}
Jun 19 19:46:36.466486 np0000003314 nova-scheduler[95800]: DEBUG dbcounter [-] [95800] Writer thread running {{(pid=95800) stat_writer /opt/stack/data/venv/lib/python3.12/site-packages/dbcounter.py:102}}
Jun 19 19:46:36.469448 np0000003314 nova-scheduler[95800]: DEBUG nova.service [None req-838792f0-c0a5-41a0-8274-13d41af74d3f None None] Creating RPC server for service: nova-scheduler on topic: scheduler {{(pid=95800) start /opt/stack/nova/nova/service.py:196}}
Jun 19 19:46:36.489675 np0000003314 nova-scheduler[95773]: DEBUG nova.service [None req-9aef17f9-4b98-4325-aaeb-ae7915b9b876 None None] Join ServiceGroup membership for this service scheduler {{(pid=95773) start /opt/stack/nova/nova/service.py:222}}
Jun 19 19:46:36.489906 np0000003314 nova-scheduler[95773]: DEBUG nova.servicegroup.drivers.db [None req-9aef17f9-4b98-4325-aaeb-ae7915b9b876 None None] DB_Driver: join new ServiceGroup member np0000003314 to the scheduler group, service = {{(pid=95773) join /opt/stack/nova/nova/servicegroup/drivers/db.py:44}}
Jun 19 19:46:36.495428 np0000003314 nova-scheduler[95802]: DEBUG nova.service [None req-4423fc00-092a-4e7c-acae-9f94aef0cfb4 None None] Join ServiceGroup membership for this service scheduler {{(pid=95802) start /opt/stack/nova/nova/service.py:222}}
Jun 19 19:46:36.495663 np0000003314 nova-scheduler[95802]: DEBUG nova.servicegroup.drivers.db [None req-4423fc00-092a-4e7c-acae-9f94aef0cfb4 None None] DB_Driver: join new ServiceGroup member np0000003314 to the scheduler group, service = {{(pid=95802) join /opt/stack/nova/nova/servicegroup/drivers/db.py:44}}
Jun 19 19:46:36.496024 np0000003314 nova-scheduler[95800]: DEBUG nova.service [None req-838792f0-c0a5-41a0-8274-13d41af74d3f None None] Join ServiceGroup membership for this service scheduler {{(pid=95800) start /opt/stack/nova/nova/service.py:222}}
Jun 19 19:46:36.496311 np0000003314 nova-scheduler[95800]: DEBUG nova.servicegroup.drivers.db [None req-838792f0-c0a5-41a0-8274-13d41af74d3f None None] DB_Driver: join new ServiceGroup member np0000003314 to the scheduler group, service = {{(pid=95800) join /opt/stack/nova/nova/servicegroup/drivers/db.py:44}}
Jun 19 19:46:41.510083 np0000003314 nova-scheduler[95773]: DEBUG oslo.service.backend._threading.loopingcall [-] Fixed interval looping call 'nova.servicegroup.drivers.db.DbDriver._report_state' sleeping for 119.98 seconds {{(pid=95773) _run_loop /opt/stack/data/venv/lib/python3.12/site-packages/oslo_service/backend/_threading/loopingcall.py:125}}
Jun 19 19:46:41.513569 np0000003314 nova-scheduler[95802]: DEBUG oslo.service.backend._threading.loopingcall [-] Fixed interval looping call 'nova.servicegroup.drivers.db.DbDriver._report_state' sleeping for 119.99 seconds {{(pid=95802) _run_loop /opt/stack/data/venv/lib/python3.12/site-packages/oslo_service/backend/_threading/loopingcall.py:125}}
Jun 19 19:46:41.518584 np0000003314 nova-scheduler[95800]: DEBUG oslo.service.backend._threading.loopingcall [-] Fixed interval looping call 'nova.servicegroup.drivers.db.DbDriver._report_state' sleeping for 119.98 seconds {{(pid=95800) _run_loop /opt/stack/data/venv/lib/python3.12/site-packages/oslo_service/backend/_threading/loopingcall.py:125}}
Jun 19 19:46:44.995839 np0000003314 nova-scheduler[94555]: DEBUG dbcounter [-] [94555] Writing DB stats nova_api:SELECT=3 {{(pid=94555) stat_writer /opt/stack/data/venv/lib/python3.12/site-packages/dbcounter.py:115}}
Jun 19 19:46:45.159999 np0000003314 nova-scheduler[94555]: DEBUG dbcounter [-] [94555] Writing DB stats nova_cell0:SELECT=1 {{(pid=94555) stat_writer /opt/stack/data/venv/lib/python3.12/site-packages/dbcounter.py:115}}
Jun 19 19:46:45.165494 np0000003314 nova-scheduler[94555]: DEBUG dbcounter [-] [94555] Writing DB stats nova_cell1:SELECT=1 {{(pid=94555) stat_writer /opt/stack/data/venv/lib/python3.12/site-packages/dbcounter.py:115}}
Jun 19 19:46:46.497833 np0000003314 nova-scheduler[95802]: DEBUG oslo.service.backend._threading.loopingcall [None req-e78cf776-77bc-4bc8-8866-eb04338e3582 None None] Dynamic interval looping call 'nova.service.Service.periodic_tasks' sleeping for 60.00 seconds {{(pid=95802) _run_loop /opt/stack/data/venv/lib/python3.12/site-packages/oslo_service/backend/_threading/loopingcall.py:125}}
Jun 19 19:46:46.499861 np0000003314 nova-scheduler[95800]: DEBUG oslo.service.backend._threading.loopingcall [None req-3eb496a5-6032-4dac-8174-8d420d59f14d None None] Dynamic interval looping call 'nova.service.Service.periodic_tasks' sleeping for 60.00 seconds {{(pid=95800) _run_loop /opt/stack/data/venv/lib/python3.12/site-packages/oslo_service/backend/_threading/loopingcall.py:125}}
Jun 19 19:46:51.500329 np0000003314 nova-scheduler[95773]: DEBUG dbcounter [-] [95773] Writing DB stats nova_cell0:SELECT=4,nova_cell0:INSERT=1,nova_cell0:UPDATE=1 {{(pid=95773) stat_writer /opt/stack/data/venv/lib/python3.12/site-packages/dbcounter.py:115}}
Jun 19 19:46:51.510367 np0000003314 nova-scheduler[95802]: DEBUG dbcounter [-] [95802] Writing DB stats nova_cell0:SELECT=3 {{(pid=95802) stat_writer /opt/stack/data/venv/lib/python3.12/site-packages/dbcounter.py:115}}
Jun 19 19:46:51.510818 np0000003314 nova-scheduler[95800]: DEBUG dbcounter [-] [95800] Writing DB stats nova_cell0:SELECT=3,nova_cell0:UPDATE=1 {{(pid=95800) stat_writer /opt/stack/data/venv/lib/python3.12/site-packages/dbcounter.py:115}}
Jun 19 19:47:28.491952 np0000003314 nova-scheduler[95773]: DEBUG oslo.service.backend._threading.loopingcall [None req-5a0125d6-fc18-4c18-bfb5-6d455bc99734 None None] Dynamic interval looping call 'nova.service.Service.periodic_tasks' sleeping for 60.00 seconds {{(pid=95773) _run_loop /opt/stack/data/venv/lib/python3.12/site-packages/oslo_service/backend/_threading/loopingcall.py:125}}
Jun 19 19:47:46.498537 np0000003314 nova-scheduler[95802]: DEBUG oslo.service.backend._threading.loopingcall [None req-e78cf776-77bc-4bc8-8866-eb04338e3582 None None] Dynamic interval looping call 'nova.service.Service.periodic_tasks' sleeping for 60.00 seconds {{(pid=95802) _run_loop /opt/stack/data/venv/lib/python3.12/site-packages/oslo_service/backend/_threading/loopingcall.py:125}}
Jun 19 19:47:46.500401 np0000003314 nova-scheduler[95800]: DEBUG oslo.service.backend._threading.loopingcall [None req-3eb496a5-6032-4dac-8174-8d420d59f14d None None] Dynamic interval looping call 'nova.service.Service.periodic_tasks' sleeping for 60.00 seconds {{(pid=95800) _run_loop /opt/stack/data/venv/lib/python3.12/site-packages/oslo_service/backend/_threading/loopingcall.py:125}}
Jun 19 19:48:28.492572 np0000003314 nova-scheduler[95773]: DEBUG oslo.service.backend._threading.loopingcall [None req-5a0125d6-fc18-4c18-bfb5-6d455bc99734 None None] Dynamic interval looping call 'nova.service.Service.periodic_tasks' sleeping for 60.00 seconds {{(pid=95773) _run_loop /opt/stack/data/venv/lib/python3.12/site-packages/oslo_service/backend/_threading/loopingcall.py:125}}
Jun 19 19:48:41.498338 np0000003314 nova-scheduler[95773]: DEBUG oslo.service.backend._threading.loopingcall [-] Fixed interval looping call 'nova.servicegroup.drivers.db.DbDriver._report_state' sleeping for 119.99 seconds {{(pid=95773) _run_loop /opt/stack/data/venv/lib/python3.12/site-packages/oslo_service/backend/_threading/loopingcall.py:125}}
Jun 19 19:48:41.502843 np0000003314 nova-scheduler[95800]: DEBUG oslo.service.backend._threading.loopingcall [-] Fixed interval looping call 'nova.servicegroup.drivers.db.DbDriver._report_state' sleeping for 120.00 seconds {{(pid=95800) _run_loop /opt/stack/data/venv/lib/python3.12/site-packages/oslo_service/backend/_threading/loopingcall.py:125}}
Jun 19 19:48:41.506962 np0000003314 nova-scheduler[95802]: DEBUG oslo.service.backend._threading.loopingcall [-] Fixed interval looping call 'nova.servicegroup.drivers.db.DbDriver._report_state' sleeping for 120.00 seconds {{(pid=95802) _run_loop /opt/stack/data/venv/lib/python3.12/site-packages/oslo_service/backend/_threading/loopingcall.py:125}}
Jun 19 19:48:46.499060 np0000003314 nova-scheduler[95802]: DEBUG oslo.service.backend._threading.loopingcall [None req-e78cf776-77bc-4bc8-8866-eb04338e3582 None None] Dynamic interval looping call 'nova.service.Service.periodic_tasks' sleeping for 60.00 seconds {{(pid=95802) _run_loop /opt/stack/data/venv/lib/python3.12/site-packages/oslo_service/backend/_threading/loopingcall.py:125}}
Jun 19 19:48:46.500990 np0000003314 nova-scheduler[95800]: DEBUG oslo.service.backend._threading.loopingcall [None req-3eb496a5-6032-4dac-8174-8d420d59f14d None None] Dynamic interval looping call 'nova.service.Service.periodic_tasks' sleeping for 60.00 seconds {{(pid=95800) _run_loop /opt/stack/data/venv/lib/python3.12/site-packages/oslo_service/backend/_threading/loopingcall.py:125}}
Jun 19 19:48:51.492808 np0000003314 nova-scheduler[95773]: DEBUG dbcounter [-] [95773] Writing DB stats nova_cell0:SELECT=1,nova_cell0:UPDATE=1 {{(pid=95773) stat_writer /opt/stack/data/venv/lib/python3.12/site-packages/dbcounter.py:115}}
Jun 19 19:48:51.500786 np0000003314 nova-scheduler[95800]: DEBUG dbcounter [-] [95800] Writing DB stats nova_cell0:SELECT=1 {{(pid=95800) stat_writer /opt/stack/data/venv/lib/python3.12/site-packages/dbcounter.py:115}}
Jun 19 19:48:51.505303 np0000003314 nova-scheduler[95802]: DEBUG dbcounter [-] [95802] Writing DB stats nova_cell0:SELECT=1 {{(pid=95802) stat_writer /opt/stack/data/venv/lib/python3.12/site-packages/dbcounter.py:115}}
Jun 19 19:49:28.493176 np0000003314 nova-scheduler[95773]: DEBUG oslo.service.backend._threading.loopingcall [None req-5a0125d6-fc18-4c18-bfb5-6d455bc99734 None None] Dynamic interval looping call 'nova.service.Service.periodic_tasks' sleeping for 60.00 seconds {{(pid=95773) _run_loop /opt/stack/data/venv/lib/python3.12/site-packages/oslo_service/backend/_threading/loopingcall.py:125}}
Jun 19 19:49:30.448845 np0000003314 nova-scheduler[95773]: DEBUG nova.scheduler.manager [None req-0c28759b-f4c0-46a0-9bb6-a912fdb270ce tempest-DeleteServersTestJSON-621540525 tempest-DeleteServersTestJSON-621540525-project-member] Starting to schedule for instances: ['73beeede-3f78-45e6-95dc-36d4d5a3f2de'] {{(pid=95773) select_destinations /opt/stack/nova/nova/scheduler/manager.py:210}}
Jun 19 19:49:30.450352 np0000003314 nova-scheduler[95773]: DEBUG nova.scheduler.request_filter [None req-0c28759b-f4c0-46a0-9bb6-a912fdb270ce tempest-DeleteServersTestJSON-621540525 tempest-DeleteServersTestJSON-621540525-project-member] compute_status_filter request filter added forbidden trait COMPUTE_STATUS_DISABLED {{(pid=95773) compute_status_filter /opt/stack/nova/nova/scheduler/request_filter.py:253}}
Jun 19 19:49:30.450528 np0000003314 nova-scheduler[95773]: DEBUG nova.scheduler.request_filter [None req-0c28759b-f4c0-46a0-9bb6-a912fdb270ce tempest-DeleteServersTestJSON-621540525 tempest-DeleteServersTestJSON-621540525-project-member] Request filter 'compute_status_filter' took 0.0 seconds {{(pid=95773) wrapper /opt/stack/nova/nova/scheduler/request_filter.py:46}}
Jun 19 19:49:30.450828 np0000003314 nova-scheduler[95773]: DEBUG nova.scheduler.request_filter [None req-0c28759b-f4c0-46a0-9bb6-a912fdb270ce tempest-DeleteServersTestJSON-621540525 tempest-DeleteServersTestJSON-621540525-project-member] Request filter 'accelerators_filter' took 0.0 seconds {{(pid=95773) wrapper /opt/stack/nova/nova/scheduler/request_filter.py:46}}
Jun 19 19:49:30.451072 np0000003314 nova-scheduler[95773]: DEBUG nova.scheduler.request_filter [None req-0c28759b-f4c0-46a0-9bb6-a912fdb270ce tempest-DeleteServersTestJSON-621540525 tempest-DeleteServersTestJSON-621540525-project-member] Request filter 'packed_virtqueue_filter' took 0.0 seconds {{(pid=95773) wrapper /opt/stack/nova/nova/scheduler/request_filter.py:46}}
Jun 19 19:49:30.451565 np0000003314 nova-scheduler[95773]: DEBUG nova.scheduler.request_filter [None req-0c28759b-f4c0-46a0-9bb6-a912fdb270ce tempest-DeleteServersTestJSON-621540525 tempest-DeleteServersTestJSON-621540525-project-member] Request filter 'remote_managed_ports_filter' took 0.0 seconds {{(pid=95773) wrapper /opt/stack/nova/nova/scheduler/request_filter.py:46}}
Jun 19 19:49:30.451832 np0000003314 nova-scheduler[95773]: DEBUG nova.scheduler.request_filter [None req-0c28759b-f4c0-46a0-9bb6-a912fdb270ce tempest-DeleteServersTestJSON-621540525 tempest-DeleteServersTestJSON-621540525-project-member] ephemeral_encryption_filter skipped {{(pid=95773) ephemeral_encryption_filter /opt/stack/nova/nova/scheduler/request_filter.py:426}}
Jun 19 19:49:30.453024 np0000003314 nova-scheduler[95773]: DEBUG nova.scheduler.request_filter [None req-0c28759b-f4c0-46a0-9bb6-a912fdb270ce tempest-DeleteServersTestJSON-621540525 tempest-DeleteServersTestJSON-621540525-project-member] virtio_sound_filter skipped {{(pid=95773) virtio_sound_filter /opt/stack/nova/nova/scheduler/request_filter.py:460}}
Jun 19 19:49:30.453024 np0000003314 nova-scheduler[95773]: DEBUG nova.scheduler.request_filter [None req-0c28759b-f4c0-46a0-9bb6-a912fdb270ce tempest-DeleteServersTestJSON-621540525 tempest-DeleteServersTestJSON-621540525-project-member] tpm_secret_security_filter skipped {{(pid=95773) tpm_secret_security_filter /opt/stack/nova/nova/scheduler/request_filter.py:477}}
Jun 19 19:49:30.982153 np0000003314 nova-scheduler[95773]: INFO nova.utils [None req-0c28759b-f4c0-46a0-9bb6-a912fdb270ce tempest-DeleteServersTestJSON-621540525 tempest-DeleteServersTestJSON-621540525-project-member] The cell worker thread pool ForkProcess-1.cell_worker is initialized
Jun 19 19:49:30.982517 np0000003314 nova-scheduler[95773]: DEBUG oslo_concurrency.lockutils [None req-0c28759b-f4c0-46a0-9bb6-a912fdb270ce tempest-DeleteServersTestJSON-621540525 tempest-DeleteServersTestJSON-621540525-project-member] Acquiring lock "8f748239-ef34-429e-9775-ca604c91a436" by "nova.context.set_target_cell..get_or_set_cached_cell_and_set_connections" {{(pid=95773) inner /opt/stack/data/venv/lib/python3.12/site-packages/oslo_concurrency/lockutils.py:511}}
Jun 19 19:49:30.982851 np0000003314 nova-scheduler[95773]: DEBUG oslo_concurrency.lockutils [None req-0c28759b-f4c0-46a0-9bb6-a912fdb270ce tempest-DeleteServersTestJSON-621540525 tempest-DeleteServersTestJSON-621540525-project-member] Lock "8f748239-ef34-429e-9775-ca604c91a436" acquired by "nova.context.set_target_cell..get_or_set_cached_cell_and_set_connections" :: waited 0.000s {{(pid=95773) inner /opt/stack/data/venv/lib/python3.12/site-packages/oslo_concurrency/lockutils.py:524}}
Jun 19 19:49:30.984601 np0000003314 nova-scheduler[95773]: DEBUG oslo_concurrency.lockutils [None req-0c28759b-f4c0-46a0-9bb6-a912fdb270ce tempest-DeleteServersTestJSON-621540525 tempest-DeleteServersTestJSON-621540525-project-member] Lock "8f748239-ef34-429e-9775-ca604c91a436" "released" by "nova.context.set_target_cell..get_or_set_cached_cell_and_set_connections" :: held 0.001s {{(pid=95773) inner /opt/stack/data/venv/lib/python3.12/site-packages/oslo_concurrency/lockutils.py:543}}
Jun 19 19:49:30.987063 np0000003314 nova-scheduler[95773]: INFO dbcounter [None req-0c28759b-f4c0-46a0-9bb6-a912fdb270ce tempest-DeleteServersTestJSON-621540525 tempest-DeleteServersTestJSON-621540525-project-member] Registered counter for database nova_cell1
Jun 19 19:49:31.029794 np0000003314 nova-scheduler[95773]: DEBUG oslo_db.sqlalchemy.engines [None req-0c28759b-f4c0-46a0-9bb6-a912fdb270ce tempest-DeleteServersTestJSON-621540525 tempest-DeleteServersTestJSON-621540525-project-member] MySQL server mode set to STRICT_TRANS_TABLES,STRICT_ALL_TABLES,NO_ZERO_IN_DATE,NO_ZERO_DATE,ERROR_FOR_DIVISION_BY_ZERO,TRADITIONAL,NO_ENGINE_SUBSTITUTION {{(pid=95773) _check_effective_sql_mode /opt/stack/data/venv/lib/python3.12/site-packages/oslo_db/sqlalchemy/engines.py:325}}
Jun 19 19:49:31.037886 np0000003314 nova-scheduler[95773]: DEBUG dbcounter [-] [95773] Writer thread running {{(pid=95773) stat_writer /opt/stack/data/venv/lib/python3.12/site-packages/dbcounter.py:102}}
Jun 19 19:49:31.051616 np0000003314 nova-scheduler[95773]: DEBUG oslo_db.sqlalchemy.engines [None req-0c28759b-f4c0-46a0-9bb6-a912fdb270ce tempest-DeleteServersTestJSON-621540525 tempest-DeleteServersTestJSON-621540525-project-member] Parent process 94555 forked (95773) with an open database connection, which is being discarded and recreated. {{(pid=95773) checkout /opt/stack/data/venv/lib/python3.12/site-packages/oslo_db/sqlalchemy/engines.py:402}}
Jun 19 19:49:31.094516 np0000003314 nova-scheduler[95773]: DEBUG dbcounter [-] [95773] Writer thread running {{(pid=95773) stat_writer /opt/stack/data/venv/lib/python3.12/site-packages/dbcounter.py:102}}
Jun 19 19:49:31.097281 np0000003314 nova-scheduler[95773]: DEBUG oslo_concurrency.lockutils [None req-0c28759b-f4c0-46a0-9bb6-a912fdb270ce tempest-DeleteServersTestJSON-621540525 tempest-DeleteServersTestJSON-621540525-project-member] Acquiring lock "8f748239-ef34-429e-9775-ca604c91a436" by "nova.context.set_target_cell..get_or_set_cached_cell_and_set_connections" {{(pid=95773) inner /opt/stack/data/venv/lib/python3.12/site-packages/oslo_concurrency/lockutils.py:511}}
Jun 19 19:49:31.097421 np0000003314 nova-scheduler[95773]: DEBUG oslo_concurrency.lockutils [None req-0c28759b-f4c0-46a0-9bb6-a912fdb270ce tempest-DeleteServersTestJSON-621540525 tempest-DeleteServersTestJSON-621540525-project-member] Lock "8f748239-ef34-429e-9775-ca604c91a436" acquired by "nova.context.set_target_cell..get_or_set_cached_cell_and_set_connections" :: waited 0.000s {{(pid=95773) inner /opt/stack/data/venv/lib/python3.12/site-packages/oslo_concurrency/lockutils.py:524}}
Jun 19 19:49:31.097557 np0000003314 nova-scheduler[95773]: DEBUG oslo_concurrency.lockutils [None req-0c28759b-f4c0-46a0-9bb6-a912fdb270ce tempest-DeleteServersTestJSON-621540525 tempest-DeleteServersTestJSON-621540525-project-member] Lock "8f748239-ef34-429e-9775-ca604c91a436" "released" by "nova.context.set_target_cell..get_or_set_cached_cell_and_set_connections" :: held 0.000s {{(pid=95773) inner /opt/stack/data/venv/lib/python3.12/site-packages/oslo_concurrency/lockutils.py:543}}
Jun 19 19:49:31.102282 np0000003314 nova-scheduler[95773]: DEBUG oslo_concurrency.lockutils [None req-0c28759b-f4c0-46a0-9bb6-a912fdb270ce tempest-DeleteServersTestJSON-621540525 tempest-DeleteServersTestJSON-621540525-project-member] Acquiring lock "('np0000003314', 'np0000003314')" by "nova.scheduler.host_manager.HostState.update.._locked_update" {{(pid=95773) inner /opt/stack/data/venv/lib/python3.12/site-packages/oslo_concurrency/lockutils.py:511}}
Jun 19 19:49:31.102398 np0000003314 nova-scheduler[95773]: DEBUG oslo_concurrency.lockutils [None req-0c28759b-f4c0-46a0-9bb6-a912fdb270ce tempest-DeleteServersTestJSON-621540525 tempest-DeleteServersTestJSON-621540525-project-member] Lock "('np0000003314', 'np0000003314')" acquired by "nova.scheduler.host_manager.HostState.update.._locked_update" :: waited 0.000s {{(pid=95773) inner /opt/stack/data/venv/lib/python3.12/site-packages/oslo_concurrency/lockutils.py:524}}
Jun 19 19:49:31.103781 np0000003314 nova-scheduler[95773]: DEBUG nova.scheduler.host_manager [None req-0c28759b-f4c0-46a0-9bb6-a912fdb270ce tempest-DeleteServersTestJSON-621540525 tempest-DeleteServersTestJSON-621540525-project-member] Update host state from compute node: ComputeNode(cpu_allocation_ratio=4.0,cpu_info='{"arch": "x86_64", "model": "EPYC-Milan", "vendor": "AMD", "topology": {"cells": 1, "sockets": 12, "cores": 1, "threads": 1}, "maxphysaddr": {"mode": "emulate", "bits": 40}, "features": ["pclmuldq", "mds-no", "mmx", "vpclmulqdq", "pdpe1gb", "sse2", "fma", "sse4.2", "tsc_adjust", "nrip-save", "bmi1", "flushbyasid", "no-nested-data-bp", "hypervisor", "perfctr_core", "mmxext", "cr8legacy", "v-vmsave-vmload", "xsaveerptr", "pcid", "stibp-always-on", "smep", "tsc-scale", "fxsr_opt", "pause-filter", "lbrv", "null-sel-clr-base", "3dnowprefetch", "amd-ssbd", "sha-ni", "pae", "vmcb-clean", "svme-addr-chk", "mca", "rdrand", "abm", "cmov", "de", "tsc", "pse", "misalignsse", "cx16", "vgif", "msr", "lm", "tsc-deadline", "x2apic", "fpu", "lahf_lm", "rdctl-no", "amd-psfd", "sse4a", "ssse3", "cx8", "rdpid", "pge", "lfence-always-serializing", "aes", "clflushopt", "clwb", "rdtscp", "movbe", "vaes", "fxsr", "pschange-mc-no", "invpcid", "gds-no", "popcnt", "wbnoinvd", "pni", "mtrr", "fsgsbase", "svm", "erms", "pfthreshold", "sse", "xsavec", "virt-ssbd", "pat", "avx", "sep", "apic", "topoext", "arat", "smap", "cmp_legacy", "syscall", "xsaveopt", "osvw", "nx", "fsrm", "xsaves", "amd-stibp", "pse36", "adx", "stibp", "arch-capabilities", "skip-l1dfl-vmentry", "ssbd", "xsave", "f16c", "clzero", "bmi2", "mce", "vme", "xgetbv1", "rdseed", "clflush", "sse4.1", "ibpb", "avx2", "ibrs", "umip", "npt", "spec-ctrl", "pku"]}',created_at=2026-06-19T19:47:02Z,current_workload=0,deleted=False,deleted_at=None,disk_allocation_ratio=1.0,disk_available_least=74,free_disk_gb=95,free_ram_mb=23518,host='np0000003314',host_ip=10.4.3.71,hypervisor_hostname='np0000003314',hypervisor_type='QEMU',hypervisor_version=8002002,id=1,local_gb=95,local_gb_used=0,mapped=1,memory_mb=24030,memory_mb_used=512,metrics='[]',numa_topology='{"nova_object.name": "NUMATopology", "nova_object.namespace": "nova", "nova_object.version": "1.2", "nova_object.data": {"cells": [{"nova_object.name": "NUMACell", "nova_object.namespace": "nova", "nova_object.version": "1.5", "nova_object.data": {"id": 0, "cpuset": [0, 1, 2, 3, 4, 5, 6, 7, 8, 9, 10, 11], "pcpuset": [0, 1, 2, 3, 4, 5, 6, 7, 8, 9, 10, 11], "memory": 24030, "cpu_usage": 0, "memory_usage": 0, "pinned_cpus": [], "siblings": [[6], [2], [5], [11], [8], [4], [1], [7], [10], [0], [3], [9]], "mempages": [{"nova_object.name": "NUMAPagesTopology", "nova_object.namespace": "nova", "nova_object.version": "1.1", "nova_object.data": {"size_kb": 4, "total": 6151797, "used": 0, "reserved": 0}, "nova_object.changes": ["reserved", "size_kb", "used", "total"]}, {"nova_object.name": "NUMAPagesTopology", "nova_object.namespace": "nova", "nova_object.version": "1.1", "nova_object.data": {"size_kb": 2048, "total": 0, "used": 0, "reserved": 0}, "nova_object.changes": ["reserved", "size_kb", "used", "total"]}, {"nova_object.name": "NUMAPagesTopology", "nova_object.namespace": "nova", "nova_object.version": "1.1", "nova_object.data": {"size_kb": 1048576, "total": 0, "used": 0, "reserved": 0}, "nova_object.changes": ["reserved", "size_kb", "used", "total"]}], "network_metadata": {"nova_object.name": "NetworkMetadata", "nova_object.namespace": "nova", "nova_object.version": "1.0", "nova_object.data": {"physnets": [], "tunneled": false}, "nova_object.changes": ["physnets", "tunneled"]}, "socket": null}, "nova_object.changes": ["socket", "network_metadata", "memory", "pcpuset", "memory_usage", "id", "pinned_cpus", "cpu_usage", "cpuset", "siblings", "mempages"]}]}, "nova_object.changes": ["cells"]}',pci_device_pools=PciDevicePoolList,ram_allocation_ratio=1.0,running_vms=0,service_id=3,stats={failed_builds='0',uptime=' 19:48:47 up 24 min, 2 users, load average: 1.20, 1.40, 0.83
Jun 19 19:49:31.103781 np0000003314 nova-scheduler[95773]: '},supported_hv_specs=[HVSpec,HVSpec,HVSpec,HVSpec,HVSpec,HVSpec,HVSpec,HVSpec,HVSpec,HVSpec,HVSpec,HVSpec,HVSpec,HVSpec,HVSpec,HVSpec,HVSpec,HVSpec,HVSpec,HVSpec,HVSpec,HVSpec,HVSpec,HVSpec,HVSpec],updated_at=2026-06-19T19:48:49Z,uuid=27cda914-9a72-4ab0-b8b8-dfa9ef05153f,vcpus=12,vcpus_used=0) {{(pid=95773) _locked_update /opt/stack/nova/nova/scheduler/host_manager.py:168}}
Jun 19 19:49:31.104679 np0000003314 nova-scheduler[95773]: DEBUG nova.scheduler.host_manager [None req-0c28759b-f4c0-46a0-9bb6-a912fdb270ce tempest-DeleteServersTestJSON-621540525 tempest-DeleteServersTestJSON-621540525-project-member] Update host state with aggregates: [] {{(pid=95773) _locked_update /opt/stack/nova/nova/scheduler/host_manager.py:171}}
Jun 19 19:49:31.104814 np0000003314 nova-scheduler[95773]: DEBUG nova.scheduler.host_manager [None req-0c28759b-f4c0-46a0-9bb6-a912fdb270ce tempest-DeleteServersTestJSON-621540525 tempest-DeleteServersTestJSON-621540525-project-member] Update host state with service dict: {'id': 3, 'uuid': '9bb07c5b-79f1-4374-aec1-008c3352a1aa', 'host': 'np0000003314', 'binary': 'nova-compute', 'topic': 'compute', 'report_count': 2, 'disabled': False, 'disabled_reason': None, 'last_seen_up': datetime.datetime(2026, 6, 19, 19, 49, 11, tzinfo=datetime.timezone.utc), 'forced_down': False, 'version': 72, 'created_at': datetime.datetime(2026, 6, 19, 19, 47, tzinfo=datetime.timezone.utc), 'updated_at': datetime.datetime(2026, 6, 19, 19, 49, 11, tzinfo=datetime.timezone.utc), 'deleted_at': None, 'deleted': False} {{(pid=95773) _locked_update /opt/stack/nova/nova/scheduler/host_manager.py:174}}
Jun 19 19:49:31.104949 np0000003314 nova-scheduler[95773]: DEBUG nova.scheduler.host_manager [None req-0c28759b-f4c0-46a0-9bb6-a912fdb270ce tempest-DeleteServersTestJSON-621540525 tempest-DeleteServersTestJSON-621540525-project-member] Update host state with instances: [] {{(pid=95773) _locked_update /opt/stack/nova/nova/scheduler/host_manager.py:177}}
Jun 19 19:49:31.105109 np0000003314 nova-scheduler[95773]: DEBUG oslo_concurrency.lockutils [None req-0c28759b-f4c0-46a0-9bb6-a912fdb270ce tempest-DeleteServersTestJSON-621540525 tempest-DeleteServersTestJSON-621540525-project-member] Lock "('np0000003314', 'np0000003314')" "released" by "nova.scheduler.host_manager.HostState.update.._locked_update" :: held 0.003s {{(pid=95773) inner /opt/stack/data/venv/lib/python3.12/site-packages/oslo_concurrency/lockutils.py:543}}
Jun 19 19:49:31.105660 np0000003314 nova-scheduler[95773]: DEBUG nova.filters [None req-0c28759b-f4c0-46a0-9bb6-a912fdb270ce tempest-DeleteServersTestJSON-621540525 tempest-DeleteServersTestJSON-621540525-project-member] Starting with 1 host(s) {{(pid=95773) get_filtered_objects /opt/stack/nova/nova/filters.py:70}}
Jun 19 19:49:31.105904 np0000003314 nova-scheduler[95773]: DEBUG nova.filters [None req-0c28759b-f4c0-46a0-9bb6-a912fdb270ce tempest-DeleteServersTestJSON-621540525 tempest-DeleteServersTestJSON-621540525-project-member] Filter ComputeFilter returned 1 host(s) {{(pid=95773) get_filtered_objects /opt/stack/nova/nova/filters.py:102}}
Jun 19 19:49:31.106121 np0000003314 nova-scheduler[95773]: DEBUG nova.filters [None req-0c28759b-f4c0-46a0-9bb6-a912fdb270ce tempest-DeleteServersTestJSON-621540525 tempest-DeleteServersTestJSON-621540525-project-member] Filter ComputeCapabilitiesFilter returned 1 host(s) {{(pid=95773) get_filtered_objects /opt/stack/nova/nova/filters.py:102}}
Jun 19 19:49:31.106420 np0000003314 nova-scheduler[95773]: DEBUG nova.filters [None req-0c28759b-f4c0-46a0-9bb6-a912fdb270ce tempest-DeleteServersTestJSON-621540525 tempest-DeleteServersTestJSON-621540525-project-member] Filter ImagePropertiesFilter returned 1 host(s) {{(pid=95773) get_filtered_objects /opt/stack/nova/nova/filters.py:102}}
Jun 19 19:49:31.106582 np0000003314 nova-scheduler[95773]: DEBUG nova.filters [None req-0c28759b-f4c0-46a0-9bb6-a912fdb270ce tempest-DeleteServersTestJSON-621540525 tempest-DeleteServersTestJSON-621540525-project-member] Filter ServerGroupAntiAffinityFilter returned 1 host(s) {{(pid=95773) get_filtered_objects /opt/stack/nova/nova/filters.py:102}}
Jun 19 19:49:31.106770 np0000003314 nova-scheduler[95773]: DEBUG nova.filters [None req-0c28759b-f4c0-46a0-9bb6-a912fdb270ce tempest-DeleteServersTestJSON-621540525 tempest-DeleteServersTestJSON-621540525-project-member] Filter ServerGroupAffinityFilter returned 1 host(s) {{(pid=95773) get_filtered_objects /opt/stack/nova/nova/filters.py:102}}
Jun 19 19:49:31.106950 np0000003314 nova-scheduler[95773]: DEBUG nova.filters [None req-0c28759b-f4c0-46a0-9bb6-a912fdb270ce tempest-DeleteServersTestJSON-621540525 tempest-DeleteServersTestJSON-621540525-project-member] Filter SameHostFilter returned 1 host(s) {{(pid=95773) get_filtered_objects /opt/stack/nova/nova/filters.py:102}}
Jun 19 19:49:31.107132 np0000003314 nova-scheduler[95773]: DEBUG nova.filters [None req-0c28759b-f4c0-46a0-9bb6-a912fdb270ce tempest-DeleteServersTestJSON-621540525 tempest-DeleteServersTestJSON-621540525-project-member] Filter DifferentHostFilter returned 1 host(s) {{(pid=95773) get_filtered_objects /opt/stack/nova/nova/filters.py:102}}
Jun 19 19:49:31.107375 np0000003314 nova-scheduler[95773]: DEBUG nova.scheduler.manager [None req-0c28759b-f4c0-46a0-9bb6-a912fdb270ce tempest-DeleteServersTestJSON-621540525 tempest-DeleteServersTestJSON-621540525-project-member] Filtered [(np0000003314, np0000003314) ram: 23518MB disk: 75776MB io_ops: 0 instances: 0, allocation_candidates: 1] {{(pid=95773) _get_sorted_hosts /opt/stack/nova/nova/scheduler/manager.py:743}}
Jun 19 19:49:31.107534 np0000003314 nova-scheduler[95773]: DEBUG nova.scheduler.manager [None req-0c28759b-f4c0-46a0-9bb6-a912fdb270ce tempest-DeleteServersTestJSON-621540525 tempest-DeleteServersTestJSON-621540525-project-member] Weighed [WeighedHost [host: (np0000003314, np0000003314) ram: 23518MB disk: 75776MB io_ops: 0 instances: 0, allocation_candidates: 1, weight: 0.0]] {{(pid=95773) _get_sorted_hosts /opt/stack/nova/nova/scheduler/manager.py:765}}
Jun 19 19:49:31.107796 np0000003314 nova-scheduler[95773]: DEBUG nova.scheduler.utils [None req-0c28759b-f4c0-46a0-9bb6-a912fdb270ce tempest-DeleteServersTestJSON-621540525 tempest-DeleteServersTestJSON-621540525-project-member] Attempting to claim resources in the placement API for instance 73beeede-3f78-45e6-95dc-36d4d5a3f2de {{(pid=95773) claim_resources /opt/stack/nova/nova/scheduler/utils.py:1345}}
Jun 19 19:49:31.298429 np0000003314 nova-scheduler[95773]: DEBUG nova.scheduler.manager [None req-0c28759b-f4c0-46a0-9bb6-a912fdb270ce tempest-DeleteServersTestJSON-621540525 tempest-DeleteServersTestJSON-621540525-project-member] [instance: 73beeede-3f78-45e6-95dc-36d4d5a3f2de] Selected host: (np0000003314, np0000003314) ram: 23518MB disk: 75776MB io_ops: 0 instances: 0, allocation_candidates: 1 {{(pid=95773) _consume_selected_host /opt/stack/nova/nova/scheduler/manager.py:625}}
Jun 19 19:49:31.298818 np0000003314 nova-scheduler[95773]: DEBUG oslo_concurrency.lockutils [None req-0c28759b-f4c0-46a0-9bb6-a912fdb270ce tempest-DeleteServersTestJSON-621540525 tempest-DeleteServersTestJSON-621540525-project-member] Acquiring lock "('np0000003314', 'np0000003314')" by "nova.scheduler.host_manager.HostState.consume_from_request.._locked" {{(pid=95773) inner /opt/stack/data/venv/lib/python3.12/site-packages/oslo_concurrency/lockutils.py:511}}
Jun 19 19:49:31.298818 np0000003314 nova-scheduler[95773]: DEBUG oslo_concurrency.lockutils [None req-0c28759b-f4c0-46a0-9bb6-a912fdb270ce tempest-DeleteServersTestJSON-621540525 tempest-DeleteServersTestJSON-621540525-project-member] Lock "('np0000003314', 'np0000003314')" acquired by "nova.scheduler.host_manager.HostState.consume_from_request.._locked" :: waited 0.000s {{(pid=95773) inner /opt/stack/data/venv/lib/python3.12/site-packages/oslo_concurrency/lockutils.py:524}}
Jun 19 19:49:31.299004 np0000003314 nova-scheduler[95773]: DEBUG oslo_concurrency.lockutils [None req-0c28759b-f4c0-46a0-9bb6-a912fdb270ce tempest-DeleteServersTestJSON-621540525 tempest-DeleteServersTestJSON-621540525-project-member] Lock "('np0000003314', 'np0000003314')" "released" by "nova.scheduler.host_manager.HostState.consume_from_request.._locked" :: held 0.000s {{(pid=95773) inner /opt/stack/data/venv/lib/python3.12/site-packages/oslo_concurrency/lockutils.py:543}}
Jun 19 19:49:35.875176 np0000003314 nova-scheduler[95800]: DEBUG nova.scheduler.manager [None req-04e4d192-b621-4ec0-a280-f52db1cdddce tempest-ServerStableDeviceRescueTest-1067388476 tempest-ServerStableDeviceRescueTest-1067388476-project-member] Starting to schedule for instances: ['21a0948b-76a4-425c-9d97-14d1fe38ae49'] {{(pid=95800) select_destinations /opt/stack/nova/nova/scheduler/manager.py:210}}
Jun 19 19:49:35.875631 np0000003314 nova-scheduler[95800]: DEBUG nova.scheduler.request_filter [None req-04e4d192-b621-4ec0-a280-f52db1cdddce tempest-ServerStableDeviceRescueTest-1067388476 tempest-ServerStableDeviceRescueTest-1067388476-project-member] compute_status_filter request filter added forbidden trait COMPUTE_STATUS_DISABLED {{(pid=95800) compute_status_filter /opt/stack/nova/nova/scheduler/request_filter.py:253}}
Jun 19 19:49:35.875736 np0000003314 nova-scheduler[95800]: DEBUG nova.scheduler.request_filter [None req-04e4d192-b621-4ec0-a280-f52db1cdddce tempest-ServerStableDeviceRescueTest-1067388476 tempest-ServerStableDeviceRescueTest-1067388476-project-member] Request filter 'compute_status_filter' took 0.0 seconds {{(pid=95800) wrapper /opt/stack/nova/nova/scheduler/request_filter.py:46}}
Jun 19 19:49:35.876320 np0000003314 nova-scheduler[95800]: DEBUG nova.scheduler.request_filter [None req-04e4d192-b621-4ec0-a280-f52db1cdddce tempest-ServerStableDeviceRescueTest-1067388476 tempest-ServerStableDeviceRescueTest-1067388476-project-member] Request filter 'accelerators_filter' took 0.0 seconds {{(pid=95800) wrapper /opt/stack/nova/nova/scheduler/request_filter.py:46}}
Jun 19 19:49:35.876487 np0000003314 nova-scheduler[95800]: DEBUG nova.scheduler.request_filter [None req-04e4d192-b621-4ec0-a280-f52db1cdddce tempest-ServerStableDeviceRescueTest-1067388476 tempest-ServerStableDeviceRescueTest-1067388476-project-member] Request filter 'packed_virtqueue_filter' took 0.0 seconds {{(pid=95800) wrapper /opt/stack/nova/nova/scheduler/request_filter.py:46}}
Jun 19 19:49:35.878910 np0000003314 nova-scheduler[95800]: DEBUG nova.scheduler.request_filter [None req-04e4d192-b621-4ec0-a280-f52db1cdddce tempest-ServerStableDeviceRescueTest-1067388476 tempest-ServerStableDeviceRescueTest-1067388476-project-member] Request filter 'remote_managed_ports_filter' took 0.0 seconds {{(pid=95800) wrapper /opt/stack/nova/nova/scheduler/request_filter.py:46}}
Jun 19 19:49:35.878910 np0000003314 nova-scheduler[95800]: DEBUG nova.scheduler.request_filter [None req-04e4d192-b621-4ec0-a280-f52db1cdddce tempest-ServerStableDeviceRescueTest-1067388476 tempest-ServerStableDeviceRescueTest-1067388476-project-member] ephemeral_encryption_filter skipped {{(pid=95800) ephemeral_encryption_filter /opt/stack/nova/nova/scheduler/request_filter.py:426}}
Jun 19 19:49:35.878910 np0000003314 nova-scheduler[95800]: DEBUG nova.scheduler.request_filter [None req-04e4d192-b621-4ec0-a280-f52db1cdddce tempest-ServerStableDeviceRescueTest-1067388476 tempest-ServerStableDeviceRescueTest-1067388476-project-member] virtio_sound_filter skipped {{(pid=95800) virtio_sound_filter /opt/stack/nova/nova/scheduler/request_filter.py:460}}
Jun 19 19:49:35.878910 np0000003314 nova-scheduler[95800]: DEBUG nova.scheduler.request_filter [None req-04e4d192-b621-4ec0-a280-f52db1cdddce tempest-ServerStableDeviceRescueTest-1067388476 tempest-ServerStableDeviceRescueTest-1067388476-project-member] tpm_secret_security_filter skipped {{(pid=95800) tpm_secret_security_filter /opt/stack/nova/nova/scheduler/request_filter.py:477}}
Jun 19 19:49:35.991593 np0000003314 nova-scheduler[95800]: INFO nova.utils [None req-04e4d192-b621-4ec0-a280-f52db1cdddce tempest-ServerStableDeviceRescueTest-1067388476 tempest-ServerStableDeviceRescueTest-1067388476-project-member] The cell worker thread pool ForkProcess-2.cell_worker is initialized
Jun 19 19:49:35.992111 np0000003314 nova-scheduler[95800]: DEBUG oslo_concurrency.lockutils [None req-04e4d192-b621-4ec0-a280-f52db1cdddce tempest-ServerStableDeviceRescueTest-1067388476 tempest-ServerStableDeviceRescueTest-1067388476-project-member] Acquiring lock "8f748239-ef34-429e-9775-ca604c91a436" by "nova.context.set_target_cell..get_or_set_cached_cell_and_set_connections" {{(pid=95800) inner /opt/stack/data/venv/lib/python3.12/site-packages/oslo_concurrency/lockutils.py:511}}
Jun 19 19:49:35.992192 np0000003314 nova-scheduler[95800]: DEBUG oslo_concurrency.lockutils [None req-04e4d192-b621-4ec0-a280-f52db1cdddce tempest-ServerStableDeviceRescueTest-1067388476 tempest-ServerStableDeviceRescueTest-1067388476-project-member] Lock "8f748239-ef34-429e-9775-ca604c91a436" acquired by "nova.context.set_target_cell..get_or_set_cached_cell_and_set_connections" :: waited 0.000s {{(pid=95800) inner /opt/stack/data/venv/lib/python3.12/site-packages/oslo_concurrency/lockutils.py:524}}
Jun 19 19:49:35.993499 np0000003314 nova-scheduler[95800]: DEBUG oslo_concurrency.lockutils [None req-04e4d192-b621-4ec0-a280-f52db1cdddce tempest-ServerStableDeviceRescueTest-1067388476 tempest-ServerStableDeviceRescueTest-1067388476-project-member] Lock "8f748239-ef34-429e-9775-ca604c91a436" "released" by "nova.context.set_target_cell..get_or_set_cached_cell_and_set_connections" :: held 0.001s {{(pid=95800) inner /opt/stack/data/venv/lib/python3.12/site-packages/oslo_concurrency/lockutils.py:543}}
Jun 19 19:49:35.995420 np0000003314 nova-scheduler[95800]: INFO dbcounter [None req-04e4d192-b621-4ec0-a280-f52db1cdddce tempest-ServerStableDeviceRescueTest-1067388476 tempest-ServerStableDeviceRescueTest-1067388476-project-member] Registered counter for database nova_cell1
Jun 19 19:49:36.039446 np0000003314 nova-scheduler[95800]: DEBUG oslo_db.sqlalchemy.engines [None req-04e4d192-b621-4ec0-a280-f52db1cdddce tempest-ServerStableDeviceRescueTest-1067388476 tempest-ServerStableDeviceRescueTest-1067388476-project-member] MySQL server mode set to STRICT_TRANS_TABLES,STRICT_ALL_TABLES,NO_ZERO_IN_DATE,NO_ZERO_DATE,ERROR_FOR_DIVISION_BY_ZERO,TRADITIONAL,NO_ENGINE_SUBSTITUTION {{(pid=95800) _check_effective_sql_mode /opt/stack/data/venv/lib/python3.12/site-packages/oslo_db/sqlalchemy/engines.py:325}}
Jun 19 19:49:36.047723 np0000003314 nova-scheduler[95800]: DEBUG dbcounter [-] [95800] Writer thread running {{(pid=95800) stat_writer /opt/stack/data/venv/lib/python3.12/site-packages/dbcounter.py:102}}
Jun 19 19:49:36.121438 np0000003314 nova-scheduler[95800]: DEBUG dbcounter [-] [95800] Writer thread running {{(pid=95800) stat_writer /opt/stack/data/venv/lib/python3.12/site-packages/dbcounter.py:102}}
Jun 19 19:49:36.124643 np0000003314 nova-scheduler[95800]: DEBUG oslo_concurrency.lockutils [None req-04e4d192-b621-4ec0-a280-f52db1cdddce tempest-ServerStableDeviceRescueTest-1067388476 tempest-ServerStableDeviceRescueTest-1067388476-project-member] Acquiring lock "8f748239-ef34-429e-9775-ca604c91a436" by "nova.context.set_target_cell..get_or_set_cached_cell_and_set_connections" {{(pid=95800) inner /opt/stack/data/venv/lib/python3.12/site-packages/oslo_concurrency/lockutils.py:511}}
Jun 19 19:49:36.124781 np0000003314 nova-scheduler[95800]: DEBUG oslo_concurrency.lockutils [None req-04e4d192-b621-4ec0-a280-f52db1cdddce tempest-ServerStableDeviceRescueTest-1067388476 tempest-ServerStableDeviceRescueTest-1067388476-project-member] Lock "8f748239-ef34-429e-9775-ca604c91a436" acquired by "nova.context.set_target_cell..get_or_set_cached_cell_and_set_connections" :: waited 0.000s {{(pid=95800) inner /opt/stack/data/venv/lib/python3.12/site-packages/oslo_concurrency/lockutils.py:524}}
Jun 19 19:49:36.124883 np0000003314 nova-scheduler[95800]: DEBUG oslo_concurrency.lockutils [None req-04e4d192-b621-4ec0-a280-f52db1cdddce tempest-ServerStableDeviceRescueTest-1067388476 tempest-ServerStableDeviceRescueTest-1067388476-project-member] Lock "8f748239-ef34-429e-9775-ca604c91a436" "released" by "nova.context.set_target_cell..get_or_set_cached_cell_and_set_connections" :: held 0.000s {{(pid=95800) inner /opt/stack/data/venv/lib/python3.12/site-packages/oslo_concurrency/lockutils.py:543}}
Jun 19 19:49:36.133144 np0000003314 nova-scheduler[95800]: DEBUG oslo_concurrency.lockutils [None req-04e4d192-b621-4ec0-a280-f52db1cdddce tempest-ServerStableDeviceRescueTest-1067388476 tempest-ServerStableDeviceRescueTest-1067388476-project-member] Acquiring lock "('np0000003314', 'np0000003314')" by "nova.scheduler.host_manager.HostState.update.._locked_update" {{(pid=95800) inner /opt/stack/data/venv/lib/python3.12/site-packages/oslo_concurrency/lockutils.py:511}}
