Jun 27 19:14:17.628151 np0000003854 nova-scheduler[96366]: DEBUG cotyledon.oslo_config_glue [-] profiler.es_scroll_size = 10000 {{(pid=96366) log_opt_values /opt/stack/data/venv/lib/python3.12/site-packages/oslo_config/cfg.py:3253}}
Jun 27 19:14:17.628368 np0000003854 nova-scheduler[96366]: DEBUG cotyledon.oslo_config_glue [-] profiler.es_scroll_time = 2m {{(pid=96366) log_opt_values /opt/stack/data/venv/lib/python3.12/site-packages/oslo_config/cfg.py:3253}}
Jun 27 19:14:17.628368 np0000003854 nova-scheduler[96366]: DEBUG cotyledon.oslo_config_glue [-] profiler.filter_error_trace = False {{(pid=96366) log_opt_values /opt/stack/data/venv/lib/python3.12/site-packages/oslo_config/cfg.py:3253}}
Jun 27 19:14:17.628368 np0000003854 nova-scheduler[96366]: DEBUG cotyledon.oslo_config_glue [-] profiler.hmac_keys = **** {{(pid=96366) log_opt_values /opt/stack/data/venv/lib/python3.12/site-packages/oslo_config/cfg.py:3253}}
Jun 27 19:14:17.628368 np0000003854 nova-scheduler[96366]: DEBUG cotyledon.oslo_config_glue [-] profiler.sentinel_service_name = mymaster {{(pid=96366) log_opt_values /opt/stack/data/venv/lib/python3.12/site-packages/oslo_config/cfg.py:3253}}
Jun 27 19:14:17.628368 np0000003854 nova-scheduler[96366]: DEBUG cotyledon.oslo_config_glue [-] profiler.socket_timeout = 0.1 {{(pid=96366) log_opt_values /opt/stack/data/venv/lib/python3.12/site-packages/oslo_config/cfg.py:3253}}
Jun 27 19:14:17.628368 np0000003854 nova-scheduler[96366]: DEBUG cotyledon.oslo_config_glue [-] profiler.trace_requests = False {{(pid=96366) log_opt_values /opt/stack/data/venv/lib/python3.12/site-packages/oslo_config/cfg.py:3253}}
Jun 27 19:14:17.628368 np0000003854 nova-scheduler[96366]: DEBUG cotyledon.oslo_config_glue [-] profiler.trace_sqlalchemy = False {{(pid=96366) log_opt_values /opt/stack/data/venv/lib/python3.12/site-packages/oslo_config/cfg.py:3253}}
Jun 27 19:14:17.628368 np0000003854 nova-scheduler[96366]: DEBUG cotyledon.oslo_config_glue [-] profiler_jaeger.process_tags = {} {{(pid=96366) log_opt_values /opt/stack/data/venv/lib/python3.12/site-packages/oslo_config/cfg.py:3253}}
Jun 27 19:14:17.628368 np0000003854 nova-scheduler[96366]: DEBUG cotyledon.oslo_config_glue [-] profiler_jaeger.service_name_prefix = None {{(pid=96366) log_opt_values /opt/stack/data/venv/lib/python3.12/site-packages/oslo_config/cfg.py:3253}}
Jun 27 19:14:17.628568 np0000003854 nova-scheduler[96366]: DEBUG cotyledon.oslo_config_glue [-] profiler_otlp.service_name_prefix = None {{(pid=96366) log_opt_values /opt/stack/data/venv/lib/python3.12/site-packages/oslo_config/cfg.py:3253}}
Jun 27 19:14:17.628568 np0000003854 nova-scheduler[96366]: DEBUG cotyledon.oslo_config_glue [-] oslo_messaging_rabbit.amqp_auto_delete = False {{(pid=96366) log_opt_values /opt/stack/data/venv/lib/python3.12/site-packages/oslo_config/cfg.py:3253}}
Jun 27 19:14:17.628568 np0000003854 nova-scheduler[96366]: DEBUG cotyledon.oslo_config_glue [-] oslo_messaging_rabbit.amqp_durable_queues = False {{(pid=96366) log_opt_values /opt/stack/data/venv/lib/python3.12/site-packages/oslo_config/cfg.py:3253}}
Jun 27 19:14:17.628568 np0000003854 nova-scheduler[96366]: DEBUG cotyledon.oslo_config_glue [-] oslo_messaging_rabbit.conn_pool_min_size = 2 {{(pid=96366) log_opt_values /opt/stack/data/venv/lib/python3.12/site-packages/oslo_config/cfg.py:3253}}
Jun 27 19:14:17.628568 np0000003854 nova-scheduler[96366]: DEBUG cotyledon.oslo_config_glue [-] oslo_messaging_rabbit.conn_pool_ttl = 1200 {{(pid=96366) log_opt_values /opt/stack/data/venv/lib/python3.12/site-packages/oslo_config/cfg.py:3253}}
Jun 27 19:14:17.628568 np0000003854 nova-scheduler[96366]: DEBUG cotyledon.oslo_config_glue [-] oslo_messaging_rabbit.direct_mandatory_flag = True {{(pid=96366) log_opt_values /opt/stack/data/venv/lib/python3.12/site-packages/oslo_config/cfg.py:3253}}
Jun 27 19:14:17.628568 np0000003854 nova-scheduler[96366]: DEBUG cotyledon.oslo_config_glue [-] oslo_messaging_rabbit.enable_cancel_on_failover = False {{(pid=96366) log_opt_values /opt/stack/data/venv/lib/python3.12/site-packages/oslo_config/cfg.py:3253}}
Jun 27 19:14:17.628568 np0000003854 nova-scheduler[96366]: DEBUG cotyledon.oslo_config_glue [-] oslo_messaging_rabbit.heartbeat_rate = 3 {{(pid=96366) log_opt_values /opt/stack/data/venv/lib/python3.12/site-packages/oslo_config/cfg.py:3253}}
Jun 27 19:14:17.628568 np0000003854 nova-scheduler[96366]: DEBUG cotyledon.oslo_config_glue [-] oslo_messaging_rabbit.heartbeat_timeout_threshold = 60 {{(pid=96366) log_opt_values /opt/stack/data/venv/lib/python3.12/site-packages/oslo_config/cfg.py:3253}}
Jun 27 19:14:17.628758 np0000003854 nova-scheduler[96366]: DEBUG cotyledon.oslo_config_glue [-] oslo_messaging_rabbit.hostname = np0000003854 {{(pid=96366) log_opt_values /opt/stack/data/venv/lib/python3.12/site-packages/oslo_config/cfg.py:3253}}
Jun 27 19:14:17.628758 np0000003854 nova-scheduler[96366]: DEBUG cotyledon.oslo_config_glue [-] oslo_messaging_rabbit.kombu_compression = None {{(pid=96366) log_opt_values /opt/stack/data/venv/lib/python3.12/site-packages/oslo_config/cfg.py:3253}}
Jun 27 19:14:17.628758 np0000003854 nova-scheduler[96366]: DEBUG cotyledon.oslo_config_glue [-] oslo_messaging_rabbit.kombu_failover_strategy = round-robin {{(pid=96366) log_opt_values /opt/stack/data/venv/lib/python3.12/site-packages/oslo_config/cfg.py:3253}}
Jun 27 19:14:17.628758 np0000003854 nova-scheduler[96366]: DEBUG cotyledon.oslo_config_glue [-] oslo_messaging_rabbit.kombu_missing_consumer_retry_timeout = 60 {{(pid=96366) log_opt_values /opt/stack/data/venv/lib/python3.12/site-packages/oslo_config/cfg.py:3253}}
Jun 27 19:14:17.628758 np0000003854 nova-scheduler[96366]: DEBUG cotyledon.oslo_config_glue [-] oslo_messaging_rabbit.kombu_reconnect_delay = 1.0 {{(pid=96366) log_opt_values /opt/stack/data/venv/lib/python3.12/site-packages/oslo_config/cfg.py:3253}}
Jun 27 19:14:17.628758 np0000003854 nova-scheduler[96366]: DEBUG cotyledon.oslo_config_glue [-] oslo_messaging_rabbit.kombu_reconnect_splay = 0.0 {{(pid=96366) log_opt_values /opt/stack/data/venv/lib/python3.12/site-packages/oslo_config/cfg.py:3253}}
Jun 27 19:14:17.628758 np0000003854 nova-scheduler[96366]: DEBUG cotyledon.oslo_config_glue [-] oslo_messaging_rabbit.processname = nova-scheduler {{(pid=96366) log_opt_values /opt/stack/data/venv/lib/python3.12/site-packages/oslo_config/cfg.py:3253}}
Jun 27 19:14:17.628758 np0000003854 nova-scheduler[96366]: DEBUG cotyledon.oslo_config_glue [-] oslo_messaging_rabbit.rabbit_ha_queues = False {{(pid=96366) log_opt_values /opt/stack/data/venv/lib/python3.12/site-packages/oslo_config/cfg.py:3253}}
Jun 27 19:14:17.628758 np0000003854 nova-scheduler[96366]: DEBUG cotyledon.oslo_config_glue [-] oslo_messaging_rabbit.rabbit_interval_max = 30 {{(pid=96366) log_opt_values /opt/stack/data/venv/lib/python3.12/site-packages/oslo_config/cfg.py:3253}}
Jun 27 19:14:17.628941 np0000003854 nova-scheduler[96366]: DEBUG cotyledon.oslo_config_glue [-] oslo_messaging_rabbit.rabbit_login_method = AMQPLAIN {{(pid=96366) log_opt_values /opt/stack/data/venv/lib/python3.12/site-packages/oslo_config/cfg.py:3253}}
Jun 27 19:14:17.628941 np0000003854 nova-scheduler[96366]: DEBUG cotyledon.oslo_config_glue [-] oslo_messaging_rabbit.rabbit_qos_prefetch_count = 0 {{(pid=96366) log_opt_values /opt/stack/data/venv/lib/python3.12/site-packages/oslo_config/cfg.py:3253}}
Jun 27 19:14:17.628941 np0000003854 nova-scheduler[96366]: DEBUG cotyledon.oslo_config_glue [-] oslo_messaging_rabbit.rabbit_quorum_delivery_limit = 0 {{(pid=96366) log_opt_values /opt/stack/data/venv/lib/python3.12/site-packages/oslo_config/cfg.py:3253}}
Jun 27 19:14:17.628941 np0000003854 nova-scheduler[96366]: DEBUG cotyledon.oslo_config_glue [-] oslo_messaging_rabbit.rabbit_quorum_max_memory_bytes = 0 {{(pid=96366) log_opt_values /opt/stack/data/venv/lib/python3.12/site-packages/oslo_config/cfg.py:3253}}
Jun 27 19:14:17.628941 np0000003854 nova-scheduler[96366]: DEBUG cotyledon.oslo_config_glue [-] oslo_messaging_rabbit.rabbit_quorum_max_memory_length = 0 {{(pid=96366) log_opt_values /opt/stack/data/venv/lib/python3.12/site-packages/oslo_config/cfg.py:3253}}
Jun 27 19:14:17.628941 np0000003854 nova-scheduler[96366]: DEBUG cotyledon.oslo_config_glue [-] oslo_messaging_rabbit.rabbit_quorum_queue = False {{(pid=96366) log_opt_values /opt/stack/data/venv/lib/python3.12/site-packages/oslo_config/cfg.py:3253}}
Jun 27 19:14:17.628941 np0000003854 nova-scheduler[96366]: DEBUG cotyledon.oslo_config_glue [-] oslo_messaging_rabbit.rabbit_retry_backoff = 2 {{(pid=96366) log_opt_values /opt/stack/data/venv/lib/python3.12/site-packages/oslo_config/cfg.py:3253}}
Jun 27 19:14:17.628941 np0000003854 nova-scheduler[96366]: DEBUG cotyledon.oslo_config_glue [-] oslo_messaging_rabbit.rabbit_retry_interval = 1 {{(pid=96366) log_opt_values /opt/stack/data/venv/lib/python3.12/site-packages/oslo_config/cfg.py:3253}}
Jun 27 19:14:17.628941 np0000003854 nova-scheduler[96366]: DEBUG cotyledon.oslo_config_glue [-] oslo_messaging_rabbit.rabbit_stream_fanout = False {{(pid=96366) log_opt_values /opt/stack/data/venv/lib/python3.12/site-packages/oslo_config/cfg.py:3253}}
Jun 27 19:14:17.629122 np0000003854 nova-scheduler[96366]: DEBUG cotyledon.oslo_config_glue [-] oslo_messaging_rabbit.rabbit_transient_queues_ttl = 1800 {{(pid=96366) log_opt_values /opt/stack/data/venv/lib/python3.12/site-packages/oslo_config/cfg.py:3253}}
Jun 27 19:14:17.629122 np0000003854 nova-scheduler[96366]: DEBUG cotyledon.oslo_config_glue [-] oslo_messaging_rabbit.rabbit_transient_quorum_queue = False {{(pid=96366) log_opt_values /opt/stack/data/venv/lib/python3.12/site-packages/oslo_config/cfg.py:3253}}
Jun 27 19:14:17.629122 np0000003854 nova-scheduler[96366]: DEBUG cotyledon.oslo_config_glue [-] oslo_messaging_rabbit.rpc_conn_pool_size = 30 {{(pid=96366) log_opt_values /opt/stack/data/venv/lib/python3.12/site-packages/oslo_config/cfg.py:3253}}
Jun 27 19:14:17.629122 np0000003854 nova-scheduler[96366]: DEBUG cotyledon.oslo_config_glue [-] oslo_messaging_rabbit.ssl = False {{(pid=96366) log_opt_values /opt/stack/data/venv/lib/python3.12/site-packages/oslo_config/cfg.py:3253}}
Jun 27 19:14:17.629122 np0000003854 nova-scheduler[96366]: DEBUG cotyledon.oslo_config_glue [-] oslo_messaging_rabbit.ssl_ca_file = {{(pid=96366) log_opt_values /opt/stack/data/venv/lib/python3.12/site-packages/oslo_config/cfg.py:3253}}
Jun 27 19:14:17.629122 np0000003854 nova-scheduler[96366]: DEBUG cotyledon.oslo_config_glue [-] oslo_messaging_rabbit.ssl_cert_file = {{(pid=96366) log_opt_values /opt/stack/data/venv/lib/python3.12/site-packages/oslo_config/cfg.py:3253}}
Jun 27 19:14:17.629122 np0000003854 nova-scheduler[96366]: DEBUG cotyledon.oslo_config_glue [-] oslo_messaging_rabbit.ssl_enforce_fips_mode = False {{(pid=96366) log_opt_values /opt/stack/data/venv/lib/python3.12/site-packages/oslo_config/cfg.py:3253}}
Jun 27 19:14:17.629122 np0000003854 nova-scheduler[96366]: DEBUG cotyledon.oslo_config_glue [-] oslo_messaging_rabbit.ssl_enforce_hostname_verification = True {{(pid=96366) log_opt_values /opt/stack/data/venv/lib/python3.12/site-packages/oslo_config/cfg.py:3253}}
Jun 27 19:14:17.629122 np0000003854 nova-scheduler[96366]: DEBUG cotyledon.oslo_config_glue [-] oslo_messaging_rabbit.ssl_key_file = {{(pid=96366) log_opt_values /opt/stack/data/venv/lib/python3.12/site-packages/oslo_config/cfg.py:3253}}
Jun 27 19:14:17.629475 np0000003854 nova-scheduler[96366]: DEBUG cotyledon.oslo_config_glue [-] oslo_messaging_rabbit.ssl_version = {{(pid=96366) log_opt_values /opt/stack/data/venv/lib/python3.12/site-packages/oslo_config/cfg.py:3253}}
Jun 27 19:14:17.629475 np0000003854 nova-scheduler[96366]: DEBUG cotyledon.oslo_config_glue [-] oslo_messaging_rabbit.use_queue_manager = False {{(pid=96366) log_opt_values /opt/stack/data/venv/lib/python3.12/site-packages/oslo_config/cfg.py:3253}}
Jun 27 19:14:17.629475 np0000003854 nova-scheduler[96366]: DEBUG cotyledon.oslo_config_glue [-] oslo_messaging_notifications.driver = ['messagingv2'] {{(pid=96366) log_opt_values /opt/stack/data/venv/lib/python3.12/site-packages/oslo_config/cfg.py:3253}}
Jun 27 19:14:17.629475 np0000003854 nova-scheduler[96366]: DEBUG cotyledon.oslo_config_glue [-] oslo_messaging_notifications.retry = -1 {{(pid=96366) log_opt_values /opt/stack/data/venv/lib/python3.12/site-packages/oslo_config/cfg.py:3253}}
Jun 27 19:14:17.629475 np0000003854 nova-scheduler[96366]: DEBUG cotyledon.oslo_config_glue [-] oslo_messaging_notifications.topics = ['notifications'] {{(pid=96366) log_opt_values /opt/stack/data/venv/lib/python3.12/site-packages/oslo_config/cfg.py:3253}}
Jun 27 19:14:17.629475 np0000003854 nova-scheduler[96366]: DEBUG cotyledon.oslo_config_glue [-] oslo_messaging_notifications.transport_url = **** {{(pid=96366) log_opt_values /opt/stack/data/venv/lib/python3.12/site-packages/oslo_config/cfg.py:3253}}
Jun 27 19:14:17.629475 np0000003854 nova-scheduler[96366]: DEBUG cotyledon.oslo_config_glue [-] oslo_limit.auth_section = None {{(pid=96366) log_opt_values /opt/stack/data/venv/lib/python3.12/site-packages/oslo_config/cfg.py:3253}}
Jun 27 19:14:17.629475 np0000003854 nova-scheduler[96366]: DEBUG cotyledon.oslo_config_glue [-] oslo_limit.auth_type = None {{(pid=96366) log_opt_values /opt/stack/data/venv/lib/python3.12/site-packages/oslo_config/cfg.py:3253}}
Jun 27 19:14:17.629475 np0000003854 nova-scheduler[96366]: DEBUG cotyledon.oslo_config_glue [-] oslo_limit.cafile = None {{(pid=96366) log_opt_values /opt/stack/data/venv/lib/python3.12/site-packages/oslo_config/cfg.py:3253}}
Jun 27 19:14:17.629663 np0000003854 nova-scheduler[96366]: DEBUG cotyledon.oslo_config_glue [-] oslo_limit.certfile = None {{(pid=96366) log_opt_values /opt/stack/data/venv/lib/python3.12/site-packages/oslo_config/cfg.py:3253}}
Jun 27 19:14:17.629663 np0000003854 nova-scheduler[96366]: DEBUG cotyledon.oslo_config_glue [-] oslo_limit.collect_timing = False {{(pid=96366) log_opt_values /opt/stack/data/venv/lib/python3.12/site-packages/oslo_config/cfg.py:3253}}
Jun 27 19:14:17.629663 np0000003854 nova-scheduler[96366]: DEBUG cotyledon.oslo_config_glue [-] oslo_limit.connect_retries = None {{(pid=96366) log_opt_values /opt/stack/data/venv/lib/python3.12/site-packages/oslo_config/cfg.py:3253}}
Jun 27 19:14:17.629663 np0000003854 nova-scheduler[96366]: DEBUG cotyledon.oslo_config_glue [-] oslo_limit.connect_retry_delay = None {{(pid=96366) log_opt_values /opt/stack/data/venv/lib/python3.12/site-packages/oslo_config/cfg.py:3253}}
Jun 27 19:14:17.629663 np0000003854 nova-scheduler[96366]: DEBUG cotyledon.oslo_config_glue [-] oslo_limit.endpoint_id = None {{(pid=96366) log_opt_values /opt/stack/data/venv/lib/python3.12/site-packages/oslo_config/cfg.py:3253}}
Jun 27 19:14:17.629663 np0000003854 nova-scheduler[96366]: DEBUG cotyledon.oslo_config_glue [-] oslo_limit.endpoint_interface = public {{(pid=96366) log_opt_values /opt/stack/data/venv/lib/python3.12/site-packages/oslo_config/cfg.py:3253}}
Jun 27 19:14:17.629663 np0000003854 nova-scheduler[96366]: DEBUG cotyledon.oslo_config_glue [-] oslo_limit.endpoint_override = None {{(pid=96366) log_opt_values /opt/stack/data/venv/lib/python3.12/site-packages/oslo_config/cfg.py:3253}}
Jun 27 19:14:17.629663 np0000003854 nova-scheduler[96366]: DEBUG cotyledon.oslo_config_glue [-] oslo_limit.endpoint_region_name = None {{(pid=96366) log_opt_values /opt/stack/data/venv/lib/python3.12/site-packages/oslo_config/cfg.py:3253}}
Jun 27 19:14:17.629663 np0000003854 nova-scheduler[96366]: DEBUG cotyledon.oslo_config_glue [-] oslo_limit.endpoint_service_name = None {{(pid=96366) log_opt_values /opt/stack/data/venv/lib/python3.12/site-packages/oslo_config/cfg.py:3253}}
Jun 27 19:14:17.630182 np0000003854 nova-scheduler[96366]: DEBUG cotyledon.oslo_config_glue [-] oslo_limit.endpoint_service_type = None {{(pid=96366) log_opt_values /opt/stack/data/venv/lib/python3.12/site-packages/oslo_config/cfg.py:3253}}
Jun 27 19:14:17.630182 np0000003854 nova-scheduler[96366]: DEBUG cotyledon.oslo_config_glue [-] oslo_limit.insecure = False {{(pid=96366) log_opt_values /opt/stack/data/venv/lib/python3.12/site-packages/oslo_config/cfg.py:3253}}
Jun 27 19:14:17.630182 np0000003854 nova-scheduler[96366]: DEBUG cotyledon.oslo_config_glue [-] oslo_limit.keyfile = None {{(pid=96366) log_opt_values /opt/stack/data/venv/lib/python3.12/site-packages/oslo_config/cfg.py:3253}}
Jun 27 19:14:17.630182 np0000003854 nova-scheduler[96366]: DEBUG cotyledon.oslo_config_glue [-] oslo_limit.max_version = None {{(pid=96366) log_opt_values /opt/stack/data/venv/lib/python3.12/site-packages/oslo_config/cfg.py:3253}}
Jun 27 19:14:17.630182 np0000003854 nova-scheduler[96366]: DEBUG cotyledon.oslo_config_glue [-] oslo_limit.min_version = None {{(pid=96366) log_opt_values /opt/stack/data/venv/lib/python3.12/site-packages/oslo_config/cfg.py:3253}}
Jun 27 19:14:17.630182 np0000003854 nova-scheduler[96366]: DEBUG cotyledon.oslo_config_glue [-] oslo_limit.region_name = None {{(pid=96366) log_opt_values /opt/stack/data/venv/lib/python3.12/site-packages/oslo_config/cfg.py:3253}}
Jun 27 19:14:17.630182 np0000003854 nova-scheduler[96366]: DEBUG cotyledon.oslo_config_glue [-] oslo_limit.retriable_status_codes = None {{(pid=96366) log_opt_values /opt/stack/data/venv/lib/python3.12/site-packages/oslo_config/cfg.py:3253}}
Jun 27 19:14:17.630182 np0000003854 nova-scheduler[96366]: DEBUG cotyledon.oslo_config_glue [-] oslo_limit.service_name = None {{(pid=96366) log_opt_values /opt/stack/data/venv/lib/python3.12/site-packages/oslo_config/cfg.py:3253}}
Jun 27 19:14:17.630182 np0000003854 nova-scheduler[96366]: DEBUG cotyledon.oslo_config_glue [-] oslo_limit.service_type = None {{(pid=96366) log_opt_values /opt/stack/data/venv/lib/python3.12/site-packages/oslo_config/cfg.py:3253}}
Jun 27 19:14:17.630447 np0000003854 nova-scheduler[96366]: DEBUG cotyledon.oslo_config_glue [-] oslo_limit.split_loggers = False {{(pid=96366) log_opt_values /opt/stack/data/venv/lib/python3.12/site-packages/oslo_config/cfg.py:3253}}
Jun 27 19:14:17.630447 np0000003854 nova-scheduler[96366]: DEBUG cotyledon.oslo_config_glue [-] oslo_limit.status_code_retries = None {{(pid=96366) log_opt_values /opt/stack/data/venv/lib/python3.12/site-packages/oslo_config/cfg.py:3253}}
Jun 27 19:14:17.630447 np0000003854 nova-scheduler[96366]: DEBUG cotyledon.oslo_config_glue [-] oslo_limit.status_code_retry_delay = None {{(pid=96366) log_opt_values /opt/stack/data/venv/lib/python3.12/site-packages/oslo_config/cfg.py:3253}}
Jun 27 19:14:17.630447 np0000003854 nova-scheduler[96366]: DEBUG cotyledon.oslo_config_glue [-] oslo_limit.timeout = None {{(pid=96366) log_opt_values /opt/stack/data/venv/lib/python3.12/site-packages/oslo_config/cfg.py:3253}}
Jun 27 19:14:17.630447 np0000003854 nova-scheduler[96366]: DEBUG cotyledon.oslo_config_glue [-] oslo_limit.valid_interfaces = None {{(pid=96366) log_opt_values /opt/stack/data/venv/lib/python3.12/site-packages/oslo_config/cfg.py:3253}}
Jun 27 19:14:17.630447 np0000003854 nova-scheduler[96366]: DEBUG cotyledon.oslo_config_glue [-] oslo_limit.version = None {{(pid=96366) log_opt_values /opt/stack/data/venv/lib/python3.12/site-packages/oslo_config/cfg.py:3253}}
Jun 27 19:14:17.630447 np0000003854 nova-scheduler[96366]: DEBUG cotyledon.oslo_config_glue [-] oslo_reports.file_event_handler = None {{(pid=96366) log_opt_values /opt/stack/data/venv/lib/python3.12/site-packages/oslo_config/cfg.py:3253}}
Jun 27 19:14:17.630447 np0000003854 nova-scheduler[96366]: DEBUG cotyledon.oslo_config_glue [-] oslo_reports.file_event_handler_interval = 1 {{(pid=96366) log_opt_values /opt/stack/data/venv/lib/python3.12/site-packages/oslo_config/cfg.py:3253}}
Jun 27 19:14:17.630447 np0000003854 nova-scheduler[96366]: DEBUG cotyledon.oslo_config_glue [-] oslo_reports.log_dir = None {{(pid=96366) log_opt_values /opt/stack/data/venv/lib/python3.12/site-packages/oslo_config/cfg.py:3253}}
Jun 27 19:14:17.630684 np0000003854 nova-scheduler[96366]: DEBUG cotyledon.oslo_config_glue [-] ******************************************************************************** {{(pid=96366) log_opt_values /opt/stack/data/venv/lib/python3.12/site-packages/oslo_config/cfg.py:3260}}
Jun 27 19:14:17.630684 np0000003854 nova-scheduler[96366]: DEBUG cotyledon._service_worker [-] Run service ServiceWrapper(3) [96366] {{(pid=96366) wait_forever /opt/stack/data/venv/lib/python3.12/site-packages/cotyledon/_service_worker.py:218}}
Jun 27 19:14:17.630684 np0000003854 nova-scheduler[96366]: INFO nova.service [-] Starting scheduler node (version 33.1.0)
Jun 27 19:14:17.630757 np0000003854 nova-scheduler[96317]: DEBUG nova.service [None req-860716a1-8692-4b51-984e-12b476090ecf None None] Creating RPC server for service: nova-scheduler on topic: scheduler {{(pid=96317) start /opt/stack/nova/nova/service.py:196}}
Jun 27 19:14:17.630788 np0000003854 nova-scheduler[96347]: DEBUG oslo_db.sqlalchemy.engines [None req-a5de8ea7-ed74-4393-9f5a-4484986815b5 None None] MySQL server mode set to STRICT_TRANS_TABLES,STRICT_ALL_TABLES,NO_ZERO_IN_DATE,NO_ZERO_DATE,ERROR_FOR_DIVISION_BY_ZERO,TRADITIONAL,NO_ENGINE_SUBSTITUTION {{(pid=96347) _check_effective_sql_mode /opt/stack/data/venv/lib/python3.12/site-packages/oslo_db/sqlalchemy/engines.py:325}}
Jun 27 19:14:17.630815 np0000003854 nova-scheduler[96366]: INFO dbcounter [None req-b15f39fb-6ce9-4a3f-9287-02a8c32d5425 None None] Registered counter for database nova_cell0
Jun 27 19:14:17.637827 np0000003854 nova-scheduler[96347]: DEBUG dbcounter [-] [96347] Writer thread running {{(pid=96347) stat_writer /opt/stack/data/venv/lib/python3.12/site-packages/dbcounter.py:102}}
Jun 27 19:14:17.641396 np0000003854 nova-scheduler[96347]: DEBUG nova.service [None req-a5de8ea7-ed74-4393-9f5a-4484986815b5 None None] Creating RPC server for service: nova-scheduler on topic: scheduler {{(pid=96347) start /opt/stack/nova/nova/service.py:196}}
Jun 27 19:14:17.648317 np0000003854 nova-scheduler[96320]: DEBUG oslo_db.sqlalchemy.engines [None req-850b3dbb-4210-4590-be17-041d27f8e16d None None] MySQL server mode set to STRICT_TRANS_TABLES,STRICT_ALL_TABLES,NO_ZERO_IN_DATE,NO_ZERO_DATE,ERROR_FOR_DIVISION_BY_ZERO,TRADITIONAL,NO_ENGINE_SUBSTITUTION {{(pid=96320) _check_effective_sql_mode /opt/stack/data/venv/lib/python3.12/site-packages/oslo_db/sqlalchemy/engines.py:325}}
Jun 27 19:14:17.651912 np0000003854 nova-scheduler[96317]: DEBUG nova.service [None req-860716a1-8692-4b51-984e-12b476090ecf None None] Join ServiceGroup membership for this service scheduler {{(pid=96317) start /opt/stack/nova/nova/service.py:222}}
Jun 27 19:14:17.652202 np0000003854 nova-scheduler[96317]: DEBUG nova.servicegroup.drivers.db [None req-860716a1-8692-4b51-984e-12b476090ecf None None] DB_Driver: join new ServiceGroup member np0000003854 to the scheduler group, service = {{(pid=96317) join /opt/stack/nova/nova/servicegroup/drivers/db.py:44}}
Jun 27 19:14:17.660600 np0000003854 nova-scheduler[96320]: DEBUG dbcounter [-] [96320] Writer thread running {{(pid=96320) stat_writer /opt/stack/data/venv/lib/python3.12/site-packages/dbcounter.py:102}}
Jun 27 19:14:17.664035 np0000003854 nova-scheduler[96320]: DEBUG nova.service [None req-850b3dbb-4210-4590-be17-041d27f8e16d None None] Creating RPC server for service: nova-scheduler on topic: scheduler {{(pid=96320) start /opt/stack/nova/nova/service.py:196}}
Jun 27 19:14:17.669044 np0000003854 nova-scheduler[96347]: DEBUG nova.service [None req-a5de8ea7-ed74-4393-9f5a-4484986815b5 None None] Join ServiceGroup membership for this service scheduler {{(pid=96347) start /opt/stack/nova/nova/service.py:222}}
Jun 27 19:14:17.669457 np0000003854 nova-scheduler[96347]: DEBUG nova.servicegroup.drivers.db [None req-a5de8ea7-ed74-4393-9f5a-4484986815b5 None None] DB_Driver: join new ServiceGroup member np0000003854 to the scheduler group, service = {{(pid=96347) join /opt/stack/nova/nova/servicegroup/drivers/db.py:44}}
Jun 27 19:14:17.683562 np0000003854 nova-scheduler[96366]: DEBUG oslo_db.sqlalchemy.engines [None req-b15f39fb-6ce9-4a3f-9287-02a8c32d5425 None None] MySQL server mode set to STRICT_TRANS_TABLES,STRICT_ALL_TABLES,NO_ZERO_IN_DATE,NO_ZERO_DATE,ERROR_FOR_DIVISION_BY_ZERO,TRADITIONAL,NO_ENGINE_SUBSTITUTION {{(pid=96366) _check_effective_sql_mode /opt/stack/data/venv/lib/python3.12/site-packages/oslo_db/sqlalchemy/engines.py:325}}
Jun 27 19:14:17.685838 np0000003854 nova-scheduler[96320]: DEBUG nova.service [None req-850b3dbb-4210-4590-be17-041d27f8e16d None None] Join ServiceGroup membership for this service scheduler {{(pid=96320) start /opt/stack/nova/nova/service.py:222}}
Jun 27 19:14:17.686073 np0000003854 nova-scheduler[96320]: DEBUG nova.servicegroup.drivers.db [None req-850b3dbb-4210-4590-be17-041d27f8e16d None None] DB_Driver: join new ServiceGroup member np0000003854 to the scheduler group, service = {{(pid=96320) join /opt/stack/nova/nova/servicegroup/drivers/db.py:44}}
Jun 27 19:14:17.694140 np0000003854 nova-scheduler[96366]: DEBUG dbcounter [-] [96366] Writer thread running {{(pid=96366) stat_writer /opt/stack/data/venv/lib/python3.12/site-packages/dbcounter.py:102}}
Jun 27 19:14:17.697240 np0000003854 nova-scheduler[96366]: DEBUG nova.service [None req-b15f39fb-6ce9-4a3f-9287-02a8c32d5425 None None] Creating RPC server for service: nova-scheduler on topic: scheduler {{(pid=96366) start /opt/stack/nova/nova/service.py:196}}
Jun 27 19:14:17.714614 np0000003854 nova-scheduler[96366]: DEBUG nova.service [None req-b15f39fb-6ce9-4a3f-9287-02a8c32d5425 None None] Join ServiceGroup membership for this service scheduler {{(pid=96366) start /opt/stack/nova/nova/service.py:222}}
Jun 27 19:14:17.714825 np0000003854 nova-scheduler[96366]: DEBUG nova.servicegroup.drivers.db [None req-b15f39fb-6ce9-4a3f-9287-02a8c32d5425 None None] DB_Driver: join new ServiceGroup member np0000003854 to the scheduler group, service = {{(pid=96366) join /opt/stack/nova/nova/servicegroup/drivers/db.py:44}}
Jun 27 19:14:22.665809 np0000003854 nova-scheduler[96317]: DEBUG oslo.service.backend._threading.loopingcall [-] Fixed interval looping call 'nova.servicegroup.drivers.db.DbDriver._report_state' sleeping for 119.99 seconds {{(pid=96317) _run_loop /opt/stack/data/venv/lib/python3.12/site-packages/oslo_service/backend/_threading/loopingcall.py:125}}
Jun 27 19:14:22.683470 np0000003854 nova-scheduler[96347]: DEBUG oslo.service.backend._threading.loopingcall [-] Fixed interval looping call 'nova.servicegroup.drivers.db.DbDriver._report_state' sleeping for 119.99 seconds {{(pid=96347) _run_loop /opt/stack/data/venv/lib/python3.12/site-packages/oslo_service/backend/_threading/loopingcall.py:125}}
Jun 27 19:14:22.697723 np0000003854 nova-scheduler[96320]: DEBUG oslo.service.backend._threading.loopingcall [-] Fixed interval looping call 'nova.servicegroup.drivers.db.DbDriver._report_state' sleeping for 119.99 seconds {{(pid=96320) _run_loop /opt/stack/data/venv/lib/python3.12/site-packages/oslo_service/backend/_threading/loopingcall.py:125}}
Jun 27 19:14:22.724701 np0000003854 nova-scheduler[96366]: DEBUG oslo.service.backend._threading.loopingcall [-] Fixed interval looping call 'nova.servicegroup.drivers.db.DbDriver._report_state' sleeping for 119.99 seconds {{(pid=96366) _run_loop /opt/stack/data/venv/lib/python3.12/site-packages/oslo_service/backend/_threading/loopingcall.py:125}}
Jun 27 19:14:26.227708 np0000003854 nova-scheduler[95119]: DEBUG dbcounter [-] [95119] Writing DB stats nova_api:SELECT=3 {{(pid=95119) stat_writer /opt/stack/data/venv/lib/python3.12/site-packages/dbcounter.py:115}}
Jun 27 19:14:26.363451 np0000003854 nova-scheduler[95119]: DEBUG dbcounter [-] [95119] Writing DB stats nova_cell1:SELECT=1 {{(pid=95119) stat_writer /opt/stack/data/venv/lib/python3.12/site-packages/dbcounter.py:115}}
Jun 27 19:14:26.376390 np0000003854 nova-scheduler[95119]: DEBUG dbcounter [-] [95119] Writing DB stats nova_cell0:SELECT=1 {{(pid=95119) stat_writer /opt/stack/data/venv/lib/python3.12/site-packages/dbcounter.py:115}}
Jun 27 19:14:31.671781 np0000003854 nova-scheduler[96347]: DEBUG oslo.service.backend._threading.loopingcall [None req-d8c1adda-0881-4cad-baf4-9fe3f02ac029 None None] Dynamic interval looping call 'nova.service.Service.periodic_tasks' sleeping for 60.00 seconds {{(pid=96347) _run_loop /opt/stack/data/venv/lib/python3.12/site-packages/oslo_service/backend/_threading/loopingcall.py:125}}
Jun 27 19:14:32.662763 np0000003854 nova-scheduler[96317]: DEBUG dbcounter [-] [96317] Writing DB stats nova_cell0:SELECT=4,nova_cell0:INSERT=1,nova_cell0:UPDATE=1 {{(pid=96317) stat_writer /opt/stack/data/venv/lib/python3.12/site-packages/dbcounter.py:115}}
Jun 27 19:14:32.679878 np0000003854 nova-scheduler[96347]: DEBUG dbcounter [-] [96347] Writing DB stats nova_cell0:SELECT=3 {{(pid=96347) stat_writer /opt/stack/data/venv/lib/python3.12/site-packages/dbcounter.py:115}}
Jun 27 19:14:32.697199 np0000003854 nova-scheduler[96320]: DEBUG dbcounter [-] [96320] Writing DB stats nova_cell0:SELECT=3 {{(pid=96320) stat_writer /opt/stack/data/venv/lib/python3.12/site-packages/dbcounter.py:115}}
Jun 27 19:14:32.722484 np0000003854 nova-scheduler[96366]: DEBUG dbcounter [-] [96366] Writing DB stats nova_cell0:SELECT=3 {{(pid=96366) stat_writer /opt/stack/data/venv/lib/python3.12/site-packages/dbcounter.py:115}}
Jun 27 19:14:33.717654 np0000003854 nova-scheduler[96366]: DEBUG oslo.service.backend._threading.loopingcall [None req-a18578f0-b0e9-4bf9-976e-c6136ddc290e None None] Dynamic interval looping call 'nova.service.Service.periodic_tasks' sleeping for 60.00 seconds {{(pid=96366) _run_loop /opt/stack/data/venv/lib/python3.12/site-packages/oslo_service/backend/_threading/loopingcall.py:125}}
Jun 27 19:14:56.654601 np0000003854 nova-scheduler[96317]: DEBUG oslo.service.backend._threading.loopingcall [None req-228c7d3c-81c7-4fd3-96f3-c48d31695586 None None] Dynamic interval looping call 'nova.service.Service.periodic_tasks' sleeping for 60.00 seconds {{(pid=96317) _run_loop /opt/stack/data/venv/lib/python3.12/site-packages/oslo_service/backend/_threading/loopingcall.py:125}}
Jun 27 19:15:07.688460 np0000003854 nova-scheduler[96320]: DEBUG oslo.service.backend._threading.loopingcall [None req-ac6f2f8f-dd1a-429c-b2bb-9f62c2e288df None None] Dynamic interval looping call 'nova.service.Service.periodic_tasks' sleeping for 60.00 seconds {{(pid=96320) _run_loop /opt/stack/data/venv/lib/python3.12/site-packages/oslo_service/backend/_threading/loopingcall.py:125}}
Jun 27 19:15:31.672325 np0000003854 nova-scheduler[96347]: DEBUG oslo.service.backend._threading.loopingcall [None req-d8c1adda-0881-4cad-baf4-9fe3f02ac029 None None] Dynamic interval looping call 'nova.service.Service.periodic_tasks' sleeping for 60.00 seconds {{(pid=96347) _run_loop /opt/stack/data/venv/lib/python3.12/site-packages/oslo_service/backend/_threading/loopingcall.py:125}}
Jun 27 19:15:33.718153 np0000003854 nova-scheduler[96366]: DEBUG oslo.service.backend._threading.loopingcall [None req-a18578f0-b0e9-4bf9-976e-c6136ddc290e None None] Dynamic interval looping call 'nova.service.Service.periodic_tasks' sleeping for 60.00 seconds {{(pid=96366) _run_loop /opt/stack/data/venv/lib/python3.12/site-packages/oslo_service/backend/_threading/loopingcall.py:125}}
Jun 27 19:15:56.655113 np0000003854 nova-scheduler[96317]: DEBUG oslo.service.backend._threading.loopingcall [None req-228c7d3c-81c7-4fd3-96f3-c48d31695586 None None] Dynamic interval looping call 'nova.service.Service.periodic_tasks' sleeping for 60.00 seconds {{(pid=96317) _run_loop /opt/stack/data/venv/lib/python3.12/site-packages/oslo_service/backend/_threading/loopingcall.py:125}}
Jun 27 19:16:07.689468 np0000003854 nova-scheduler[96320]: DEBUG oslo.service.backend._threading.loopingcall [None req-ac6f2f8f-dd1a-429c-b2bb-9f62c2e288df None None] Dynamic interval looping call 'nova.service.Service.periodic_tasks' sleeping for 60.00 seconds {{(pid=96320) _run_loop /opt/stack/data/venv/lib/python3.12/site-packages/oslo_service/backend/_threading/loopingcall.py:125}}
Jun 27 19:16:22.667709 np0000003854 nova-scheduler[96317]: DEBUG oslo.service.backend._threading.loopingcall [-] Fixed interval looping call 'nova.servicegroup.drivers.db.DbDriver._report_state' sleeping for 119.99 seconds {{(pid=96317) _run_loop /opt/stack/data/venv/lib/python3.12/site-packages/oslo_service/backend/_threading/loopingcall.py:125}}
Jun 27 19:16:22.676684 np0000003854 nova-scheduler[96347]: DEBUG oslo.service.backend._threading.loopingcall [-] Fixed interval looping call 'nova.servicegroup.drivers.db.DbDriver._report_state' sleeping for 120.00 seconds {{(pid=96347) _run_loop /opt/stack/data/venv/lib/python3.12/site-packages/oslo_service/backend/_threading/loopingcall.py:125}}
Jun 27 19:16:22.691524 np0000003854 nova-scheduler[96320]: DEBUG oslo.service.backend._threading.loopingcall [-] Fixed interval looping call 'nova.servicegroup.drivers.db.DbDriver._report_state' sleeping for 120.00 seconds {{(pid=96320) _run_loop /opt/stack/data/venv/lib/python3.12/site-packages/oslo_service/backend/_threading/loopingcall.py:125}}
Jun 27 19:16:22.718468 np0000003854 nova-scheduler[96366]: DEBUG oslo.service.backend._threading.loopingcall [-] Fixed interval looping call 'nova.servicegroup.drivers.db.DbDriver._report_state' sleeping for 120.00 seconds {{(pid=96366) _run_loop /opt/stack/data/venv/lib/python3.12/site-packages/oslo_service/backend/_threading/loopingcall.py:125}}
Jun 27 19:16:31.672663 np0000003854 nova-scheduler[96347]: DEBUG oslo.service.backend._threading.loopingcall [None req-d8c1adda-0881-4cad-baf4-9fe3f02ac029 None None] Dynamic interval looping call 'nova.service.Service.periodic_tasks' sleeping for 60.00 seconds {{(pid=96347) _run_loop /opt/stack/data/venv/lib/python3.12/site-packages/oslo_service/backend/_threading/loopingcall.py:125}}
Jun 27 19:16:32.658807 np0000003854 nova-scheduler[96317]: DEBUG dbcounter [-] [96317] Writing DB stats nova_cell0:SELECT=1,nova_cell0:UPDATE=1 {{(pid=96317) stat_writer /opt/stack/data/venv/lib/python3.12/site-packages/dbcounter.py:115}}
Jun 27 19:16:32.675085 np0000003854 nova-scheduler[96347]: DEBUG dbcounter [-] [96347] Writing DB stats nova_cell0:SELECT=1 {{(pid=96347) stat_writer /opt/stack/data/venv/lib/python3.12/site-packages/dbcounter.py:115}}
Jun 27 19:16:32.689760 np0000003854 nova-scheduler[96320]: DEBUG dbcounter [-] [96320] Writing DB stats nova_cell0:SELECT=1 {{(pid=96320) stat_writer /opt/stack/data/venv/lib/python3.12/site-packages/dbcounter.py:115}}
Jun 27 19:16:32.716656 np0000003854 nova-scheduler[96366]: DEBUG dbcounter [-] [96366] Writing DB stats nova_cell0:SELECT=1 {{(pid=96366) stat_writer /opt/stack/data/venv/lib/python3.12/site-packages/dbcounter.py:115}}
Jun 27 19:16:33.718675 np0000003854 nova-scheduler[96366]: DEBUG oslo.service.backend._threading.loopingcall [None req-a18578f0-b0e9-4bf9-976e-c6136ddc290e None None] Dynamic interval looping call 'nova.service.Service.periodic_tasks' sleeping for 60.00 seconds {{(pid=96366) _run_loop /opt/stack/data/venv/lib/python3.12/site-packages/oslo_service/backend/_threading/loopingcall.py:125}}
Jun 27 19:16:50.661208 np0000003854 nova-scheduler[96317]: DEBUG nova.scheduler.manager [None req-68972d70-1a23-46d6-ad59-fe21ce03755d tempest-ServerBootFromVolumeStableRescueTest-1584044770 tempest-ServerBootFromVolumeStableRescueTest-1584044770-project-member] Starting to schedule for instances: ['1a33142e-0343-48ac-b813-086bcaa9e625'] {{(pid=96317) select_destinations /opt/stack/nova/nova/scheduler/manager.py:210}}
Jun 27 19:16:50.661589 np0000003854 nova-scheduler[96317]: DEBUG nova.scheduler.request_filter [None req-68972d70-1a23-46d6-ad59-fe21ce03755d tempest-ServerBootFromVolumeStableRescueTest-1584044770 tempest-ServerBootFromVolumeStableRescueTest-1584044770-project-member] compute_status_filter request filter added forbidden trait COMPUTE_STATUS_DISABLED {{(pid=96317) compute_status_filter /opt/stack/nova/nova/scheduler/request_filter.py:253}}
Jun 27 19:16:50.661729 np0000003854 nova-scheduler[96317]: DEBUG nova.scheduler.request_filter [None req-68972d70-1a23-46d6-ad59-fe21ce03755d tempest-ServerBootFromVolumeStableRescueTest-1584044770 tempest-ServerBootFromVolumeStableRescueTest-1584044770-project-member] Request filter 'compute_status_filter' took 0.0 seconds {{(pid=96317) wrapper /opt/stack/nova/nova/scheduler/request_filter.py:46}}
Jun 27 19:16:50.661965 np0000003854 nova-scheduler[96317]: DEBUG nova.scheduler.request_filter [None req-68972d70-1a23-46d6-ad59-fe21ce03755d tempest-ServerBootFromVolumeStableRescueTest-1584044770 tempest-ServerBootFromVolumeStableRescueTest-1584044770-project-member] Request filter 'accelerators_filter' took 0.0 seconds {{(pid=96317) wrapper /opt/stack/nova/nova/scheduler/request_filter.py:46}}
Jun 27 19:16:50.662198 np0000003854 nova-scheduler[96317]: DEBUG nova.scheduler.request_filter [None req-68972d70-1a23-46d6-ad59-fe21ce03755d tempest-ServerBootFromVolumeStableRescueTest-1584044770 tempest-ServerBootFromVolumeStableRescueTest-1584044770-project-member] Request filter 'packed_virtqueue_filter' took 0.0 seconds {{(pid=96317) wrapper /opt/stack/nova/nova/scheduler/request_filter.py:46}}
Jun 27 19:16:50.662559 np0000003854 nova-scheduler[96317]: DEBUG nova.scheduler.request_filter [None req-68972d70-1a23-46d6-ad59-fe21ce03755d tempest-ServerBootFromVolumeStableRescueTest-1584044770 tempest-ServerBootFromVolumeStableRescueTest-1584044770-project-member] Request filter 'remote_managed_ports_filter' took 0.0 seconds {{(pid=96317) wrapper /opt/stack/nova/nova/scheduler/request_filter.py:46}}
Jun 27 19:16:50.662729 np0000003854 nova-scheduler[96317]: DEBUG nova.scheduler.request_filter [None req-68972d70-1a23-46d6-ad59-fe21ce03755d tempest-ServerBootFromVolumeStableRescueTest-1584044770 tempest-ServerBootFromVolumeStableRescueTest-1584044770-project-member] ephemeral_encryption_filter skipped {{(pid=96317) ephemeral_encryption_filter /opt/stack/nova/nova/scheduler/request_filter.py:426}}
Jun 27 19:16:50.662874 np0000003854 nova-scheduler[96317]: DEBUG nova.scheduler.request_filter [None req-68972d70-1a23-46d6-ad59-fe21ce03755d tempest-ServerBootFromVolumeStableRescueTest-1584044770 tempest-ServerBootFromVolumeStableRescueTest-1584044770-project-member] virtio_sound_filter skipped {{(pid=96317) virtio_sound_filter /opt/stack/nova/nova/scheduler/request_filter.py:460}}
Jun 27 19:16:50.663043 np0000003854 nova-scheduler[96317]: DEBUG nova.scheduler.request_filter [None req-68972d70-1a23-46d6-ad59-fe21ce03755d tempest-ServerBootFromVolumeStableRescueTest-1584044770 tempest-ServerBootFromVolumeStableRescueTest-1584044770-project-member] tpm_secret_security_filter skipped {{(pid=96317) tpm_secret_security_filter /opt/stack/nova/nova/scheduler/request_filter.py:477}}
Jun 27 19:16:51.319945 np0000003854 nova-scheduler[96317]: INFO nova.utils [None req-68972d70-1a23-46d6-ad59-fe21ce03755d tempest-ServerBootFromVolumeStableRescueTest-1584044770 tempest-ServerBootFromVolumeStableRescueTest-1584044770-project-member] The cell worker thread pool ForkProcess-1.cell_worker is initialized
Jun 27 19:16:51.320334 np0000003854 nova-scheduler[96317]: DEBUG oslo_concurrency.lockutils [None req-68972d70-1a23-46d6-ad59-fe21ce03755d tempest-ServerBootFromVolumeStableRescueTest-1584044770 tempest-ServerBootFromVolumeStableRescueTest-1584044770-project-member] Acquiring lock "7ae6994c-1049-49a3-8183-07f7d6cd61ff" by "nova.context.set_target_cell..get_or_set_cached_cell_and_set_connections" {{(pid=96317) inner /opt/stack/data/venv/lib/python3.12/site-packages/oslo_concurrency/lockutils.py:511}}
Jun 27 19:16:51.320549 np0000003854 nova-scheduler[96317]: DEBUG oslo_concurrency.lockutils [None req-68972d70-1a23-46d6-ad59-fe21ce03755d tempest-ServerBootFromVolumeStableRescueTest-1584044770 tempest-ServerBootFromVolumeStableRescueTest-1584044770-project-member] Lock "7ae6994c-1049-49a3-8183-07f7d6cd61ff" acquired by "nova.context.set_target_cell..get_or_set_cached_cell_and_set_connections" :: waited 0.000s {{(pid=96317) inner /opt/stack/data/venv/lib/python3.12/site-packages/oslo_concurrency/lockutils.py:524}}
Jun 27 19:16:51.322548 np0000003854 nova-scheduler[96317]: DEBUG oslo_concurrency.lockutils [None req-68972d70-1a23-46d6-ad59-fe21ce03755d tempest-ServerBootFromVolumeStableRescueTest-1584044770 tempest-ServerBootFromVolumeStableRescueTest-1584044770-project-member] Lock "7ae6994c-1049-49a3-8183-07f7d6cd61ff" "released" by "nova.context.set_target_cell..get_or_set_cached_cell_and_set_connections" :: held 0.002s {{(pid=96317) inner /opt/stack/data/venv/lib/python3.12/site-packages/oslo_concurrency/lockutils.py:543}}
Jun 27 19:16:51.325168 np0000003854 nova-scheduler[96317]: INFO dbcounter [None req-68972d70-1a23-46d6-ad59-fe21ce03755d tempest-ServerBootFromVolumeStableRescueTest-1584044770 tempest-ServerBootFromVolumeStableRescueTest-1584044770-project-member] Registered counter for database nova_cell1
Jun 27 19:16:51.374101 np0000003854 nova-scheduler[96317]: DEBUG oslo_db.sqlalchemy.engines [None req-68972d70-1a23-46d6-ad59-fe21ce03755d tempest-ServerBootFromVolumeStableRescueTest-1584044770 tempest-ServerBootFromVolumeStableRescueTest-1584044770-project-member] MySQL server mode set to STRICT_TRANS_TABLES,STRICT_ALL_TABLES,NO_ZERO_IN_DATE,NO_ZERO_DATE,ERROR_FOR_DIVISION_BY_ZERO,TRADITIONAL,NO_ENGINE_SUBSTITUTION {{(pid=96317) _check_effective_sql_mode /opt/stack/data/venv/lib/python3.12/site-packages/oslo_db/sqlalchemy/engines.py:325}}
Jun 27 19:16:51.379607 np0000003854 nova-scheduler[96317]: DEBUG dbcounter [-] [96317] Writer thread running {{(pid=96317) stat_writer /opt/stack/data/venv/lib/python3.12/site-packages/dbcounter.py:102}}
Jun 27 19:16:51.393207 np0000003854 nova-scheduler[96317]: DEBUG oslo_db.sqlalchemy.engines [None req-68972d70-1a23-46d6-ad59-fe21ce03755d tempest-ServerBootFromVolumeStableRescueTest-1584044770 tempest-ServerBootFromVolumeStableRescueTest-1584044770-project-member] Parent process 95119 forked (96317) with an open database connection, which is being discarded and recreated. {{(pid=96317) checkout /opt/stack/data/venv/lib/python3.12/site-packages/oslo_db/sqlalchemy/engines.py:402}}
Jun 27 19:16:51.439869 np0000003854 nova-scheduler[96317]: DEBUG dbcounter [-] [96317] Writer thread running {{(pid=96317) stat_writer /opt/stack/data/venv/lib/python3.12/site-packages/dbcounter.py:102}}
Jun 27 19:16:51.443434 np0000003854 nova-scheduler[96317]: DEBUG oslo_concurrency.lockutils [None req-68972d70-1a23-46d6-ad59-fe21ce03755d tempest-ServerBootFromVolumeStableRescueTest-1584044770 tempest-ServerBootFromVolumeStableRescueTest-1584044770-project-member] Acquiring lock "7ae6994c-1049-49a3-8183-07f7d6cd61ff" by "nova.context.set_target_cell..get_or_set_cached_cell_and_set_connections" {{(pid=96317) inner /opt/stack/data/venv/lib/python3.12/site-packages/oslo_concurrency/lockutils.py:511}}
Jun 27 19:16:51.443434 np0000003854 nova-scheduler[96317]: DEBUG oslo_concurrency.lockutils [None req-68972d70-1a23-46d6-ad59-fe21ce03755d tempest-ServerBootFromVolumeStableRescueTest-1584044770 tempest-ServerBootFromVolumeStableRescueTest-1584044770-project-member] Lock "7ae6994c-1049-49a3-8183-07f7d6cd61ff" acquired by "nova.context.set_target_cell..get_or_set_cached_cell_and_set_connections" :: waited 0.000s {{(pid=96317) inner /opt/stack/data/venv/lib/python3.12/site-packages/oslo_concurrency/lockutils.py:524}}
Jun 27 19:16:51.443434 np0000003854 nova-scheduler[96317]: DEBUG oslo_concurrency.lockutils [None req-68972d70-1a23-46d6-ad59-fe21ce03755d tempest-ServerBootFromVolumeStableRescueTest-1584044770 tempest-ServerBootFromVolumeStableRescueTest-1584044770-project-member] Lock "7ae6994c-1049-49a3-8183-07f7d6cd61ff" "released" by "nova.context.set_target_cell..get_or_set_cached_cell_and_set_connections" :: held 0.000s {{(pid=96317) inner /opt/stack/data/venv/lib/python3.12/site-packages/oslo_concurrency/lockutils.py:543}}
Jun 27 19:16:51.446275 np0000003854 nova-scheduler[96317]: DEBUG oslo_concurrency.lockutils [None req-68972d70-1a23-46d6-ad59-fe21ce03755d tempest-ServerBootFromVolumeStableRescueTest-1584044770 tempest-ServerBootFromVolumeStableRescueTest-1584044770-project-member] Acquiring lock "np0000003854-np0000003854" by "nova.scheduler.host_manager.HostState.update.._locked_update" {{(pid=96317) inner /opt/stack/data/venv/lib/python3.12/site-packages/oslo_concurrency/lockutils.py:511}}
Jun 27 19:16:51.446447 np0000003854 nova-scheduler[96317]: DEBUG oslo_concurrency.lockutils [None req-68972d70-1a23-46d6-ad59-fe21ce03755d tempest-ServerBootFromVolumeStableRescueTest-1584044770 tempest-ServerBootFromVolumeStableRescueTest-1584044770-project-member] Lock "np0000003854-np0000003854" acquired by "nova.scheduler.host_manager.HostState.update.._locked_update" :: waited 0.000s {{(pid=96317) inner /opt/stack/data/venv/lib/python3.12/site-packages/oslo_concurrency/lockutils.py:524}}
Jun 27 19:16:51.447473 np0000003854 nova-scheduler[96317]: DEBUG nova.scheduler.host_manager [None req-68972d70-1a23-46d6-ad59-fe21ce03755d tempest-ServerBootFromVolumeStableRescueTest-1584044770 tempest-ServerBootFromVolumeStableRescueTest-1584044770-project-member] Update host state from compute node: ComputeNode(cpu_allocation_ratio=4.0,cpu_info='{"arch": "x86_64", "model": "EPYC-Milan", "vendor": "AMD", "topology": {"cells": 1, "sockets": 16, "cores": 1, "threads": 1}, "maxphysaddr": {"mode": "emulate", "bits": 40}, "features": ["pause-filter", "rdrand", "v-vmsave-vmload", "cx16", "sse4a", "sha-ni", "avx", "tsc-scale", "stibp", "mca", "ibrs", "cx8", "npt", "apic", "cmp_legacy", "xsaveerptr", "mmx", "mmxext", "tsc_adjust", "fma", "svme-addr-chk", "gds-no", "syscall", "cr8legacy", "smep", "msr", "aes", "rdpid", "ibpb", "nrip-save", "pcid", "sse2", "pse36", "fsrm", "de", "popcnt", "spec-ctrl", "movbe", "sse4.2", "flushbyasid", "svm", "clwb", "xsavec", "null-sel-clr-base", "lfence-always-serializing", "skip-l1dfl-vmentry", "bmi2", "vme", "3dnowprefetch", "pclmuldq", "osvw", "clflushopt", "smap", "abm", "mds-no", "tsc-deadline", "x2apic", "cmov", "pge", "clzero", "amd-psfd", "arat", "avx2", "vgif", "bmi1", "pku", "ssbd", "pfthreshold", "wbnoinvd", "nx", "fsgsbase", "xgetbv1", "amd-ssbd", "amd-stibp", "perfctr_core", "misalignsse", "adx", "fxsr", "vmcb-clean", "ssse3", "lm", "clflush", "xsaves", "umip", "sse4.1", "pni", "no-nested-data-bp", "pdpe1gb", "topoext", "virt-ssbd", "mce", "invpcid", "pat", "rdtscp", "lbrv", "tsc", "sep", "sse", "lahf_lm", "vpclmulqdq", "mtrr", "f16c", "pae", "arch-capabilities", "stibp-always-on", "xsave", "fxsr_opt", "pse", "vaes", "pschange-mc-no", "hypervisor", "fpu", "rdctl-no", "erms", "rdseed", "xsaveopt"]}',created_at=2026-06-27T19:14:42Z,current_workload=0,deleted=False,deleted_at=None,disk_allocation_ratio=1.0,disk_available_least=74,free_disk_gb=95,free_ram_mb=63789,host='np0000003854',host_ip=10.4.3.148,hypervisor_hostname='np0000003854',hypervisor_type='QEMU',hypervisor_version=8002002,id=1,local_gb=95,local_gb_used=0,mapped=1,memory_mb=64301,memory_mb_used=512,metrics='[]',numa_topology='{"nova_object.name": "NUMATopology", "nova_object.namespace": "nova", "nova_object.version": "1.2", "nova_object.data": {"cells": [{"nova_object.name": "NUMACell", "nova_object.namespace": "nova", "nova_object.version": "1.5", "nova_object.data": {"id": 0, "cpuset": [0, 1, 2, 3, 4, 5, 6, 7, 8, 9, 10, 11, 12, 13, 14, 15], "pcpuset": [0, 1, 2, 3, 4, 5, 6, 7, 8, 9, 10, 11, 12, 13, 14, 15], "memory": 64301, "cpu_usage": 0, "memory_usage": 0, "pinned_cpus": [], "siblings": [[6], [12], [2], [15], [5], [11], [8], [14], [4], [1], [7], [10], [0], [13], [3], [9]], "mempages": [{"nova_object.name": "NUMAPagesTopology", "nova_object.namespace": "nova", "nova_object.version": "1.1", "nova_object.data": {"size_kb": 4, "total": 16461068, "used": 0, "reserved": 0}, "nova_object.changes": ["used", "size_kb", "reserved", "total"]}, {"nova_object.name": "NUMAPagesTopology", "nova_object.namespace": "nova", "nova_object.version": "1.1", "nova_object.data": {"size_kb": 2048, "total": 0, "used": 0, "reserved": 0}, "nova_object.changes": ["used", "size_kb", "reserved", "total"]}, {"nova_object.name": "NUMAPagesTopology", "nova_object.namespace": "nova", "nova_object.version": "1.1", "nova_object.data": {"size_kb": 1048576, "total": 0, "used": 0, "reserved": 0}, "nova_object.changes": ["used", "size_kb", "reserved", "total"]}], "network_metadata": {"nova_object.name": "NetworkMetadata", "nova_object.namespace": "nova", "nova_object.version": "1.0", "nova_object.data": {"physnets": [], "tunneled": false}, "nova_object.changes": ["physnets", "tunneled"]}, "socket": null}, "nova_object.changes": ["network_metadata", "pcpuset", "cpu_usage", "cpuset", "pinned_cpus", "memory", "id", "socket", "memory_usage", "mempages", "siblings"]}]}, "nova_object.changes": ["cells"]}',pci_device_pools=PciDevicePoolList,ram_allocation_ratio=1.0,running_vms=0,service_id=3,stats={failed_builds='0',uptime=' 19:16:28 up 25 min, 2 users, load average: 1.88, 1.72, 0.97
Jun 27 19:16:51.447473 np0000003854 nova-scheduler[96317]: '},supported_hv_specs=[HVSpec,HVSpec,HVSpec,HVSpec,HVSpec,HVSpec,HVSpec,HVSpec,HVSpec,HVSpec,HVSpec,HVSpec,HVSpec,HVSpec,HVSpec,HVSpec,HVSpec,HVSpec,HVSpec,HVSpec,HVSpec,HVSpec,HVSpec,HVSpec,HVSpec],updated_at=2026-06-27T19:16:30Z,uuid=4dbd0ebf-67a3-4e13-852c-1d5c5ff1a888,vcpus=16,vcpus_used=0) {{(pid=96317) _locked_update /opt/stack/nova/nova/scheduler/host_manager.py:168}}
Jun 27 19:16:51.448298 np0000003854 nova-scheduler[96317]: DEBUG nova.scheduler.host_manager [None req-68972d70-1a23-46d6-ad59-fe21ce03755d tempest-ServerBootFromVolumeStableRescueTest-1584044770 tempest-ServerBootFromVolumeStableRescueTest-1584044770-project-member] Update host state with aggregates: [] {{(pid=96317) _locked_update /opt/stack/nova/nova/scheduler/host_manager.py:171}}
