Jun 01 19:57:20.544879 np0000001898 devstack@g-api.service[102007]: DEBUG glance_store.capabilities [-] Store glance_store._drivers.swift.store.SingleTenantStore doesn't support updating dynamic storage capabilities. Please overwrite 'update_capabilities' method of the store to implement updating logics if needed. {{(pid=102007) update_capabilities /opt/stack/data/venv/lib/python3.12/site-packages/glance_store/capabilities.py:91}}
Jun 01 19:57:20.544956 np0000001898 devstack@g-api.service[102007]: DEBUG glance_store.driver [-] Late loading location class glance_store._drivers.swift.store.StoreLocation {{(pid=102007) get_store_location_class /opt/stack/data/venv/lib/python3.12/site-packages/glance_store/driver.py:134}}
Jun 01 19:57:20.545068 np0000001898 devstack@g-api.service[102007]: DEBUG glance_store.location [-] Registering scheme swift+https with {'store': , 'location_class': , 'store_entry': 'swift'} {{(pid=102007) register_scheme_map /opt/stack/data/venv/lib/python3.12/site-packages/glance_store/location.py:146}}
Jun 01 19:57:20.545144 np0000001898 devstack@g-api.service[102007]: DEBUG glance_store.location [-] Registering scheme swift+https with {'store': , 'location_class': , 'store_entry': 'swift'} {{(pid=102007) register_scheme_map /opt/stack/data/venv/lib/python3.12/site-packages/glance_store/location.py:146}}
Jun 01 19:57:20.545235 np0000001898 devstack@g-api.service[102007]: DEBUG glance_store.location [-] Registering scheme swift with {'store': , 'location_class': , 'store_entry': 'swift'} {{(pid=102007) register_scheme_map /opt/stack/data/venv/lib/python3.12/site-packages/glance_store/location.py:146}}
Jun 01 19:57:20.545332 np0000001898 devstack@g-api.service[102007]: DEBUG glance_store.location [-] Registering scheme swift+https with {'store': , 'location_class': , 'store_entry': 'swift'} {{(pid=102007) register_scheme_map /opt/stack/data/venv/lib/python3.12/site-packages/glance_store/location.py:146}}
Jun 01 19:57:20.545394 np0000001898 devstack@g-api.service[102008]: DEBUG glance_store.capabilities [-] Store glance_store._drivers.swift.store.SingleTenantStore doesn't support updating dynamic storage capabilities. Please overwrite 'update_capabilities' method of the store to implement updating logics if needed. {{(pid=102008) update_capabilities /opt/stack/data/venv/lib/python3.12/site-packages/glance_store/capabilities.py:91}}
Jun 01 19:57:20.545426 np0000001898 devstack@g-api.service[102007]: DEBUG glance_store.location [-] Registering scheme swift with {'store': , 'location_class': , 'store_entry': 'swift'} {{(pid=102007) register_scheme_map /opt/stack/data/venv/lib/python3.12/site-packages/glance_store/location.py:146}}
Jun 01 19:57:20.545449 np0000001898 devstack@g-api.service[102008]: DEBUG glance_store.driver [-] Late loading location class glance_store._drivers.swift.store.StoreLocation {{(pid=102008) get_store_location_class /opt/stack/data/venv/lib/python3.12/site-packages/glance_store/driver.py:134}}
Jun 01 19:57:20.545490 np0000001898 devstack@g-api.service[102007]: DEBUG glance_store.location [-] Registering scheme swift+http with {'store': , 'location_class': , 'store_entry': 'swift'} {{(pid=102007) register_scheme_map /opt/stack/data/venv/lib/python3.12/site-packages/glance_store/location.py:146}}
Jun 01 19:57:20.545520 np0000001898 devstack@g-api.service[102008]: DEBUG glance_store.location [-] Registering scheme swift+https with {'store': , 'location_class': , 'store_entry': 'swift'} {{(pid=102008) register_scheme_map /opt/stack/data/venv/lib/python3.12/site-packages/glance_store/location.py:146}}
Jun 01 19:57:20.545576 np0000001898 devstack@g-api.service[102007]: DEBUG glance_store.location [-] Registering scheme swift+https with {'store': , 'location_class': , 'store_entry': 'swift'} {{(pid=102007) register_scheme_map /opt/stack/data/venv/lib/python3.12/site-packages/glance_store/location.py:146}}
Jun 01 19:57:20.545607 np0000001898 devstack@g-api.service[102008]: DEBUG glance_store.location [-] Registering scheme swift+https with {'store': , 'location_class': , 'store_entry': 'swift'} {{(pid=102008) register_scheme_map /opt/stack/data/venv/lib/python3.12/site-packages/glance_store/location.py:146}}
Jun 01 19:57:20.545652 np0000001898 devstack@g-api.service[102007]: DEBUG glance_store.location [-] Registering scheme swift with {'store': , 'location_class': , 'store_entry': 'swift'} {{(pid=102007) register_scheme_map /opt/stack/data/venv/lib/python3.12/site-packages/glance_store/location.py:146}}
Jun 01 19:57:20.545681 np0000001898 devstack@g-api.service[102008]: DEBUG glance_store.location [-] Registering scheme swift with {'store': , 'location_class': , 'store_entry': 'swift'} {{(pid=102008) register_scheme_map /opt/stack/data/venv/lib/python3.12/site-packages/glance_store/location.py:146}}
Jun 01 19:57:20.545735 np0000001898 devstack@g-api.service[102007]: DEBUG glance_store.location [-] Registering scheme swift+http with {'store': , 'location_class': , 'store_entry': 'swift'} {{(pid=102007) register_scheme_map /opt/stack/data/venv/lib/python3.12/site-packages/glance_store/location.py:146}}
Jun 01 19:57:20.545766 np0000001898 devstack@g-api.service[102008]: DEBUG glance_store.location [-] Registering scheme swift+https with {'store': , 'location_class': , 'store_entry': 'swift'} {{(pid=102008) register_scheme_map /opt/stack/data/venv/lib/python3.12/site-packages/glance_store/location.py:146}}
Jun 01 19:57:20.545819 np0000001898 devstack@g-api.service[102007]: DEBUG glance_store.location [-] Registering scheme swift+config with {'store': , 'location_class': , 'store_entry': 'swift'} {{(pid=102007) register_scheme_map /opt/stack/data/venv/lib/python3.12/site-packages/glance_store/location.py:146}}
Jun 01 19:57:20.545852 np0000001898 devstack@g-api.service[102008]: DEBUG glance_store.location [-] Registering scheme swift with {'store': , 'location_class': , 'store_entry': 'swift'} {{(pid=102008) register_scheme_map /opt/stack/data/venv/lib/python3.12/site-packages/glance_store/location.py:146}}
Jun 01 19:57:20.545890 np0000001898 devstack@g-api.service[102008]: DEBUG glance_store.location [-] Registering scheme swift+http with {'store': , 'location_class': , 'store_entry': 'swift'} {{(pid=102008) register_scheme_map /opt/stack/data/venv/lib/python3.12/site-packages/glance_store/location.py:146}}
Jun 01 19:57:20.545979 np0000001898 devstack@g-api.service[102008]: DEBUG glance_store.location [-] Registering scheme swift+https with {'store': , 'location_class': , 'store_entry': 'swift'} {{(pid=102008) register_scheme_map /opt/stack/data/venv/lib/python3.12/site-packages/glance_store/location.py:146}}
Jun 01 19:57:20.546070 np0000001898 devstack@g-api.service[102008]: DEBUG glance_store.location [-] Registering scheme swift with {'store': , 'location_class': , 'store_entry': 'swift'} {{(pid=102008) register_scheme_map /opt/stack/data/venv/lib/python3.12/site-packages/glance_store/location.py:146}}
Jun 01 19:57:20.546152 np0000001898 devstack@g-api.service[102007]: DEBUG glance.sqlite_migration [-] SQLite caching database not located, skipping migration {{(pid=102007) get_db_path /opt/stack/glance/glance/sqlite_migration.py:68}}
Jun 01 19:57:20.546184 np0000001898 devstack@g-api.service[102008]: DEBUG glance_store.location [-] Registering scheme swift+http with {'store': , 'location_class': , 'store_entry': 'swift'} {{(pid=102008) register_scheme_map /opt/stack/data/venv/lib/python3.12/site-packages/glance_store/location.py:146}}
Jun 01 19:57:20.546230 np0000001898 devstack@g-api.service[102008]: DEBUG glance_store.location [-] Registering scheme swift+config with {'store': , 'location_class': , 'store_entry': 'swift'} {{(pid=102008) register_scheme_map /opt/stack/data/venv/lib/python3.12/site-packages/glance_store/location.py:146}}
Jun 01 19:57:20.546428 np0000001898 devstack@g-api.service[102007]: WARNING glance.common.wsgi_app [-] Import methods are enabled but staging directory /tmp/staging/ does not exist; Imports will fail!
Jun 01 19:57:20.546592 np0000001898 devstack@g-api.service[102008]: DEBUG glance.sqlite_migration [-] SQLite caching database not located, skipping migration {{(pid=102008) get_db_path /opt/stack/glance/glance/sqlite_migration.py:68}}
Jun 01 19:57:20.546861 np0000001898 devstack@g-api.service[102008]: WARNING glance.common.wsgi_app [-] Import methods are enabled but staging directory /tmp/staging/ does not exist; Imports will fail!
Jun 01 19:57:20.824598 np0000001898 devstack@g-api.service[102007]: DEBUG glance.common.config [None req-f09c1a6a-db46-429e-bb3b-1459dc28a83a None None] Loading glance-api-keystone+cachemanagement from /etc/glance/glance-api-paste.ini {{(pid=102007) load_paste_app /opt/stack/glance/glance/common/config.py:758}}
Jun 01 19:57:20.840991 np0000001898 devstack@g-api.service[102006]: DEBUG glance.common.config [None req-cd9b13ac-1843-4649-a5bb-4a65a49b8e02 None None] Loading glance-api-keystone+cachemanagement from /etc/glance/glance-api-paste.ini {{(pid=102006) load_paste_app /opt/stack/glance/glance/common/config.py:758}}
Jun 01 19:57:20.853376 np0000001898 devstack@g-api.service[102008]: DEBUG glance.common.config [None req-8f6830af-8af7-4fb6-8984-24c27b86c3a3 None None] Loading glance-api-keystone+cachemanagement from /etc/glance/glance-api-paste.ini {{(pid=102008) load_paste_app /opt/stack/glance/glance/common/config.py:758}}
Jun 01 19:57:21.434484 np0000001898 devstack@g-api.service[102007]: INFO glance.image_cache [None req-f09c1a6a-db46-429e-bb3b-1459dc28a83a None None] Image cache loaded driver 'centralized_db'.
Jun 01 19:57:21.438090 np0000001898 devstack@g-api.service[102008]: INFO glance.image_cache [None req-8f6830af-8af7-4fb6-8984-24c27b86c3a3 None None] Image cache loaded driver 'centralized_db'.
Jun 01 19:57:21.458642 np0000001898 devstack@g-api.service[102006]: INFO glance.image_cache [None req-cd9b13ac-1843-4649-a5bb-4a65a49b8e02 None None] Image cache loaded driver 'centralized_db'.
Jun 01 19:57:21.477500 np0000001898 devstack@g-api.service[102007]: INFO dbcounter [None req-f09c1a6a-db46-429e-bb3b-1459dc28a83a None None] Registered counter for database glance
Jun 01 19:57:21.480209 np0000001898 devstack@g-api.service[102008]: INFO dbcounter [None req-8f6830af-8af7-4fb6-8984-24c27b86c3a3 None None] Registered counter for database glance
Jun 01 19:57:21.506636 np0000001898 devstack@g-api.service[102006]: INFO dbcounter [None req-cd9b13ac-1843-4649-a5bb-4a65a49b8e02 None None] Registered counter for database glance
Jun 01 19:57:21.520394 np0000001898 devstack@g-api.service[102007]: DEBUG oslo_db.sqlalchemy.engines [None req-f09c1a6a-db46-429e-bb3b-1459dc28a83a None None] MySQL server mode set to STRICT_TRANS_TABLES,STRICT_ALL_TABLES,NO_ZERO_IN_DATE,NO_ZERO_DATE,ERROR_FOR_DIVISION_BY_ZERO,TRADITIONAL,NO_ENGINE_SUBSTITUTION {{(pid=102007) _check_effective_sql_mode /opt/stack/data/venv/lib/python3.12/site-packages/oslo_db/sqlalchemy/engines.py:325}}
Jun 01 19:57:21.523168 np0000001898 devstack@g-api.service[102008]: DEBUG oslo_db.sqlalchemy.engines [None req-8f6830af-8af7-4fb6-8984-24c27b86c3a3 None None] MySQL server mode set to STRICT_TRANS_TABLES,STRICT_ALL_TABLES,NO_ZERO_IN_DATE,NO_ZERO_DATE,ERROR_FOR_DIVISION_BY_ZERO,TRADITIONAL,NO_ENGINE_SUBSTITUTION {{(pid=102008) _check_effective_sql_mode /opt/stack/data/venv/lib/python3.12/site-packages/oslo_db/sqlalchemy/engines.py:325}}
Jun 01 19:57:21.542224 np0000001898 devstack@g-api.service[102007]: DEBUG dbcounter [-] [102007] Writer thread running {{(pid=102007) stat_writer /opt/stack/data/venv/lib/python3.12/site-packages/dbcounter.py:102}}
Jun 01 19:57:21.543371 np0000001898 devstack@g-api.service[102008]: DEBUG dbcounter [-] [102008] Writer thread running {{(pid=102008) stat_writer /opt/stack/data/venv/lib/python3.12/site-packages/dbcounter.py:102}}
Jun 01 19:57:21.548482 np0000001898 devstack@g-api.service[102008]: DEBUG glance.image_cache.drivers.centralized_db [None req-8f6830af-8af7-4fb6-8984-24c27b86c3a3 None None] Node reference is already recorded, ignoring it {{(pid=102008) configure /opt/stack/glance/glance/image_cache/drivers/centralized_db.py:71}}
Jun 01 19:57:21.551462 np0000001898 devstack@g-api.service[102006]: DEBUG oslo_db.sqlalchemy.engines [None req-cd9b13ac-1843-4649-a5bb-4a65a49b8e02 None None] MySQL server mode set to STRICT_TRANS_TABLES,STRICT_ALL_TABLES,NO_ZERO_IN_DATE,NO_ZERO_DATE,ERROR_FOR_DIVISION_BY_ZERO,TRADITIONAL,NO_ENGINE_SUBSTITUTION {{(pid=102006) _check_effective_sql_mode /opt/stack/data/venv/lib/python3.12/site-packages/oslo_db/sqlalchemy/engines.py:325}}
Jun 01 19:57:21.553460 np0000001898 devstack@g-api.service[102007]: INFO glance.image_cache [None req-f09c1a6a-db46-429e-bb3b-1459dc28a83a None None] Image cache loaded driver 'centralized_db'.
Jun 01 19:57:21.554630 np0000001898 devstack@g-api.service[102008]: INFO glance.image_cache [None req-8f6830af-8af7-4fb6-8984-24c27b86c3a3 None None] Image cache loaded driver 'centralized_db'.
Jun 01 19:57:21.560969 np0000001898 devstack@g-api.service[102007]: DEBUG glance.image_cache.drivers.centralized_db [None req-f09c1a6a-db46-429e-bb3b-1459dc28a83a None None] Node reference is already recorded, ignoring it {{(pid=102007) configure /opt/stack/glance/glance/image_cache/drivers/centralized_db.py:71}}
Jun 01 19:57:21.561593 np0000001898 devstack@g-api.service[102008]: DEBUG glance.image_cache.drivers.centralized_db [None req-8f6830af-8af7-4fb6-8984-24c27b86c3a3 None None] Node reference is already recorded, ignoring it {{(pid=102008) configure /opt/stack/glance/glance/image_cache/drivers/centralized_db.py:71}}
Jun 01 19:57:21.566149 np0000001898 devstack@g-api.service[102007]: DEBUG glance.api.v2.cached_images [None req-f09c1a6a-db46-429e-bb3b-1459dc28a83a None None] Started cache worker thread {{(pid=102007) __init__ /opt/stack/glance/glance/api/v2/cached_images.py:69}}
Jun 01 19:57:21.566887 np0000001898 devstack@g-api.service[102007]: INFO glance.image_cache [None req-f09c1a6a-db46-429e-bb3b-1459dc28a83a None None] Image cache loaded driver 'centralized_db'.
Jun 01 19:57:21.568459 np0000001898 devstack@g-api.service[102008]: DEBUG glance.api.v2.cached_images [None req-8f6830af-8af7-4fb6-8984-24c27b86c3a3 None None] Started cache worker thread {{(pid=102008) __init__ /opt/stack/glance/glance/api/v2/cached_images.py:69}}
Jun 01 19:57:21.569217 np0000001898 devstack@g-api.service[102008]: INFO glance.image_cache [None req-8f6830af-8af7-4fb6-8984-24c27b86c3a3 None None] Image cache loaded driver 'centralized_db'.
Jun 01 19:57:21.574865 np0000001898 devstack@g-api.service[102007]: DEBUG glance.image_cache.drivers.centralized_db [None req-f09c1a6a-db46-429e-bb3b-1459dc28a83a None None] Node reference is already recorded, ignoring it {{(pid=102007) configure /opt/stack/glance/glance/image_cache/drivers/centralized_db.py:71}}
Jun 01 19:57:21.574993 np0000001898 devstack@g-api.service[102006]: DEBUG dbcounter [-] [102006] Writer thread running {{(pid=102006) stat_writer /opt/stack/data/venv/lib/python3.12/site-packages/dbcounter.py:102}}
Jun 01 19:57:21.576901 np0000001898 devstack@g-api.service[102008]: DEBUG glance.image_cache.drivers.centralized_db [None req-8f6830af-8af7-4fb6-8984-24c27b86c3a3 None None] Node reference is already recorded, ignoring it {{(pid=102008) configure /opt/stack/glance/glance/image_cache/drivers/centralized_db.py:71}}
Jun 01 19:57:21.577479 np0000001898 devstack@g-api.service[102006]: DEBUG glance.image_cache.drivers.centralized_db [None req-cd9b13ac-1843-4649-a5bb-4a65a49b8e02 None None] Node reference is already recorded, ignoring it {{(pid=102006) configure /opt/stack/glance/glance/image_cache/drivers/centralized_db.py:71}}
Jun 01 19:57:21.579980 np0000001898 devstack@g-api.service[102007]: INFO glance.api.middleware.cache_manage [None req-f09c1a6a-db46-429e-bb3b-1459dc28a83a None None] Initialized image cache management middleware
Jun 01 19:57:21.580173 np0000001898 devstack@g-api.service[102007]: INFO glance.image_cache [None req-f09c1a6a-db46-429e-bb3b-1459dc28a83a None None] Image cache loaded driver 'centralized_db'.
Jun 01 19:57:21.581510 np0000001898 devstack@g-api.service[102008]: INFO glance.api.middleware.cache_manage [None req-8f6830af-8af7-4fb6-8984-24c27b86c3a3 None None] Initialized image cache management middleware
Jun 01 19:57:21.581653 np0000001898 devstack@g-api.service[102008]: INFO glance.image_cache [None req-8f6830af-8af7-4fb6-8984-24c27b86c3a3 None None] Image cache loaded driver 'centralized_db'.
Jun 01 19:57:21.583354 np0000001898 devstack@g-api.service[102006]: INFO glance.image_cache [None req-cd9b13ac-1843-4649-a5bb-4a65a49b8e02 None None] Image cache loaded driver 'centralized_db'.
Jun 01 19:57:21.586715 np0000001898 devstack@g-api.service[102007]: DEBUG glance.image_cache.drivers.centralized_db [None req-f09c1a6a-db46-429e-bb3b-1459dc28a83a None None] Node reference is already recorded, ignoring it {{(pid=102007) configure /opt/stack/glance/glance/image_cache/drivers/centralized_db.py:71}}
Jun 01 19:57:21.587536 np0000001898 devstack@g-api.service[102008]: DEBUG glance.image_cache.drivers.centralized_db [None req-8f6830af-8af7-4fb6-8984-24c27b86c3a3 None None] Node reference is already recorded, ignoring it {{(pid=102008) configure /opt/stack/glance/glance/image_cache/drivers/centralized_db.py:71}}
Jun 01 19:57:21.589247 np0000001898 devstack@g-api.service[102006]: DEBUG glance.image_cache.drivers.centralized_db [None req-cd9b13ac-1843-4649-a5bb-4a65a49b8e02 None None] Node reference is already recorded, ignoring it {{(pid=102006) configure /opt/stack/glance/glance/image_cache/drivers/centralized_db.py:71}}
Jun 01 19:57:21.590101 np0000001898 devstack@g-api.service[102007]: INFO glance.api.middleware.cache [None req-f09c1a6a-db46-429e-bb3b-1459dc28a83a None None] Initialized image cache middleware
Jun 01 19:57:21.590943 np0000001898 devstack@g-api.service[102008]: INFO glance.api.middleware.cache [None req-8f6830af-8af7-4fb6-8984-24c27b86c3a3 None None] Initialized image cache middleware
Jun 01 19:57:21.593421 np0000001898 devstack@g-api.service[102006]: DEBUG glance.api.v2.cached_images [None req-cd9b13ac-1843-4649-a5bb-4a65a49b8e02 None None] Started cache worker thread {{(pid=102006) __init__ /opt/stack/glance/glance/api/v2/cached_images.py:69}}
Jun 01 19:57:21.594131 np0000001898 devstack@g-api.service[102006]: INFO glance.image_cache [None req-cd9b13ac-1843-4649-a5bb-4a65a49b8e02 None None] Image cache loaded driver 'centralized_db'.
Jun 01 19:57:21.600140 np0000001898 devstack@g-api.service[102006]: DEBUG glance.image_cache.drivers.centralized_db [None req-cd9b13ac-1843-4649-a5bb-4a65a49b8e02 None None] Node reference is already recorded, ignoring it {{(pid=102006) configure /opt/stack/glance/glance/image_cache/drivers/centralized_db.py:71}}
Jun 01 19:57:21.602371 np0000001898 devstack@g-api.service[102008]: DEBUG glance.common.config [None req-8f6830af-8af7-4fb6-8984-24c27b86c3a3 None None] ******************************************************************************** {{(pid=102008) log_opt_values /opt/stack/data/venv/lib/python3.12/site-packages/oslo_config/cfg.py:3229}}
Jun 01 19:57:21.602371 np0000001898 devstack@g-api.service[102008]: DEBUG glance.common.config [None req-8f6830af-8af7-4fb6-8984-24c27b86c3a3 None None] Configuration options gathered from: {{(pid=102008) log_opt_values /opt/stack/data/venv/lib/python3.12/site-packages/oslo_config/cfg.py:3230}}
Jun 01 19:57:21.602595 np0000001898 devstack@g-api.service[102008]: DEBUG glance.common.config [None req-8f6830af-8af7-4fb6-8984-24c27b86c3a3 None None] command line args: [] {{(pid=102008) log_opt_values /opt/stack/data/venv/lib/python3.12/site-packages/oslo_config/cfg.py:3231}}
Jun 01 19:57:21.602746 np0000001898 devstack@g-api.service[102008]: DEBUG glance.common.config [None req-8f6830af-8af7-4fb6-8984-24c27b86c3a3 None None] config files: ['/etc/glance/glance-image-import.conf', '/etc/glance/glance-api.conf'] {{(pid=102008) log_opt_values /opt/stack/data/venv/lib/python3.12/site-packages/oslo_config/cfg.py:3232}}
Jun 01 19:57:21.602778 np0000001898 devstack@g-api.service[102008]: DEBUG glance.common.config [None req-8f6830af-8af7-4fb6-8984-24c27b86c3a3 None None] ================================================================================ {{(pid=102008) log_opt_values /opt/stack/data/venv/lib/python3.12/site-packages/oslo_config/cfg.py:3237}}
Jun 01 19:57:21.602921 np0000001898 devstack@g-api.service[102008]: DEBUG glance.common.config [None req-8f6830af-8af7-4fb6-8984-24c27b86c3a3 None None] allow_anonymous_access = False {{(pid=102008) log_opt_values /opt/stack/data/venv/lib/python3.12/site-packages/oslo_config/cfg.py:3245}}
Jun 01 19:57:21.603025 np0000001898 devstack@g-api.service[102008]: DEBUG glance.common.config [None req-8f6830af-8af7-4fb6-8984-24c27b86c3a3 None None] api_limit_max = 1000 {{(pid=102008) log_opt_values /opt/stack/data/venv/lib/python3.12/site-packages/oslo_config/cfg.py:3245}}
Jun 01 19:57:21.603124 np0000001898 devstack@g-api.service[102008]: DEBUG glance.common.config [None req-8f6830af-8af7-4fb6-8984-24c27b86c3a3 None None] backlog = 4096 {{(pid=102008) log_opt_values /opt/stack/data/venv/lib/python3.12/site-packages/oslo_config/cfg.py:3245}}
Jun 01 19:57:21.603251 np0000001898 devstack@g-api.service[102008]: DEBUG glance.common.config [None req-8f6830af-8af7-4fb6-8984-24c27b86c3a3 None None] bind_host = 0.0.0.0 {{(pid=102008) log_opt_values /opt/stack/data/venv/lib/python3.12/site-packages/oslo_config/cfg.py:3245}}
Jun 01 19:57:21.603377 np0000001898 devstack@g-api.service[102008]: DEBUG glance.common.config [None req-8f6830af-8af7-4fb6-8984-24c27b86c3a3 None None] bind_port = 19292 {{(pid=102008) log_opt_values /opt/stack/data/venv/lib/python3.12/site-packages/oslo_config/cfg.py:3245}}
Jun 01 19:57:21.603502 np0000001898 devstack@g-api.service[102008]: DEBUG glance.common.config [None req-8f6830af-8af7-4fb6-8984-24c27b86c3a3 None None] client_socket_timeout = 900 {{(pid=102008) log_opt_values /opt/stack/data/venv/lib/python3.12/site-packages/oslo_config/cfg.py:3245}}
Jun 01 19:57:21.603605 np0000001898 devstack@g-api.service[102008]: DEBUG glance.common.config [None req-8f6830af-8af7-4fb6-8984-24c27b86c3a3 None None] config_dir = [] {{(pid=102008) log_opt_values /opt/stack/data/venv/lib/python3.12/site-packages/oslo_config/cfg.py:3245}}
Jun 01 19:57:21.603679 np0000001898 devstack@g-api.service[102008]: DEBUG glance.common.config [None req-8f6830af-8af7-4fb6-8984-24c27b86c3a3 None None] config_file = ['/etc/glance/glance-image-import.conf', '/etc/glance/glance-api.conf'] {{(pid=102008) log_opt_values /opt/stack/data/venv/lib/python3.12/site-packages/oslo_config/cfg.py:3245}}
Jun 01 19:57:21.603770 np0000001898 devstack@g-api.service[102008]: DEBUG glance.common.config [None req-8f6830af-8af7-4fb6-8984-24c27b86c3a3 None None] config_source = [] {{(pid=102008) log_opt_values /opt/stack/data/venv/lib/python3.12/site-packages/oslo_config/cfg.py:3245}}
Jun 01 19:57:21.603893 np0000001898 devstack@g-api.service[102008]: DEBUG glance.common.config [None req-8f6830af-8af7-4fb6-8984-24c27b86c3a3 None None] control_exchange = glance {{(pid=102008) log_opt_values /opt/stack/data/venv/lib/python3.12/site-packages/oslo_config/cfg.py:3245}}
Jun 01 19:57:21.603968 np0000001898 devstack@g-api.service[102008]: DEBUG glance.common.config [None req-8f6830af-8af7-4fb6-8984-24c27b86c3a3 None None] debug = True {{(pid=102008) log_opt_values /opt/stack/data/venv/lib/python3.12/site-packages/oslo_config/cfg.py:3245}}
Jun 01 19:57:21.604146 np0000001898 devstack@g-api.service[102008]: DEBUG glance.common.config [None req-8f6830af-8af7-4fb6-8984-24c27b86c3a3 None None] default_log_levels = ['amqp=WARN', 'boto=WARN', 'sqlalchemy=WARN', 'suds=INFO', 'oslo.messaging=INFO', 'oslo_messaging=INFO', 'iso8601=WARN', 'requests.packages.urllib3.connectionpool=WARN', 'urllib3.connectionpool=WARN', 'websocket=WARN', 'requests.packages.urllib3.util.retry=WARN', 'urllib3.util.retry=WARN', 'keystonemiddleware=WARN', 'routes.middleware=WARN', 'stevedore=WARN', 'taskflow=WARN', 'keystoneauth=WARN', 'oslo.cache=INFO', 'oslo_policy=INFO', 'dogpile.core.dogpile=INFO'] {{(pid=102008) log_opt_values /opt/stack/data/venv/lib/python3.12/site-packages/oslo_config/cfg.py:3245}}
Jun 01 19:57:21.604209 np0000001898 devstack@g-api.service[102006]: INFO glance.api.middleware.cache_manage [None req-cd9b13ac-1843-4649-a5bb-4a65a49b8e02 None None] Initialized image cache management middleware
Jun 01 19:57:21.604243 np0000001898 devstack@g-api.service[102008]: DEBUG glance.common.config [None req-8f6830af-8af7-4fb6-8984-24c27b86c3a3 None None] default_publisher_id = image.localhost {{(pid=102008) log_opt_values /opt/stack/data/venv/lib/python3.12/site-packages/oslo_config/cfg.py:3245}}
Jun 01 19:57:21.604340 np0000001898 devstack@g-api.service[102006]: INFO glance.image_cache [None req-cd9b13ac-1843-4649-a5bb-4a65a49b8e02 None None] Image cache loaded driver 'centralized_db'.
Jun 01 19:57:21.604372 np0000001898 devstack@g-api.service[102008]: DEBUG glance.common.config [None req-8f6830af-8af7-4fb6-8984-24c27b86c3a3 None None] delayed_delete = False {{(pid=102008) log_opt_values /opt/stack/data/venv/lib/python3.12/site-packages/oslo_config/cfg.py:3245}}
Jun 01 19:57:21.604436 np0000001898 devstack@g-api.service[102008]: DEBUG glance.common.config [None req-8f6830af-8af7-4fb6-8984-24c27b86c3a3 None None] digest_algorithm = sha256 {{(pid=102008) log_opt_values /opt/stack/data/venv/lib/python3.12/site-packages/oslo_config/cfg.py:3245}}
Jun 01 19:57:21.604527 np0000001898 devstack@g-api.service[102008]: DEBUG glance.common.config [None req-8f6830af-8af7-4fb6-8984-24c27b86c3a3 None None] disabled_notifications = [] {{(pid=102008) log_opt_values /opt/stack/data/venv/lib/python3.12/site-packages/oslo_config/cfg.py:3245}}
Jun 01 19:57:21.604659 np0000001898 devstack@g-api.service[102008]: DEBUG glance.common.config [None req-8f6830af-8af7-4fb6-8984-24c27b86c3a3 None None] do_secure_hash = True {{(pid=102008) log_opt_values /opt/stack/data/venv/lib/python3.12/site-packages/oslo_config/cfg.py:3245}}
Jun 01 19:57:21.604756 np0000001898 devstack@g-api.service[102008]: DEBUG glance.common.config [None req-8f6830af-8af7-4fb6-8984-24c27b86c3a3 None None] enabled_backends = None {{(pid=102008) log_opt_values /opt/stack/data/venv/lib/python3.12/site-packages/oslo_config/cfg.py:3245}}
Jun 01 19:57:21.604878 np0000001898 devstack@g-api.service[102008]: DEBUG glance.common.config [None req-8f6830af-8af7-4fb6-8984-24c27b86c3a3 None None] enabled_import_methods = ['glance-direct', 'web-download', 'copy-image'] {{(pid=102008) log_opt_values /opt/stack/data/venv/lib/python3.12/site-packages/oslo_config/cfg.py:3245}}
Jun 01 19:57:21.604974 np0000001898 devstack@g-api.service[102008]: DEBUG glance.common.config [None req-8f6830af-8af7-4fb6-8984-24c27b86c3a3 None None] fatal_deprecations = False {{(pid=102008) log_opt_values /opt/stack/data/venv/lib/python3.12/site-packages/oslo_config/cfg.py:3245}}
Jun 01 19:57:21.605070 np0000001898 devstack@g-api.service[102008]: DEBUG glance.common.config [None req-8f6830af-8af7-4fb6-8984-24c27b86c3a3 None None] hashing_algorithm = sha512 {{(pid=102008) log_opt_values /opt/stack/data/venv/lib/python3.12/site-packages/oslo_config/cfg.py:3245}}
Jun 01 19:57:21.605176 np0000001898 devstack@g-api.service[102008]: DEBUG glance.common.config [None req-8f6830af-8af7-4fb6-8984-24c27b86c3a3 None None] http_keepalive = True {{(pid=102008) log_opt_values /opt/stack/data/venv/lib/python3.12/site-packages/oslo_config/cfg.py:3245}}
Jun 01 19:57:21.605264 np0000001898 devstack@g-api.service[102008]: DEBUG glance.common.config [None req-8f6830af-8af7-4fb6-8984-24c27b86c3a3 None None] http_retries = 3 {{(pid=102008) log_opt_values /opt/stack/data/venv/lib/python3.12/site-packages/oslo_config/cfg.py:3245}}
Jun 01 19:57:21.605381 np0000001898 devstack@g-api.service[102008]: DEBUG glance.common.config [None req-8f6830af-8af7-4fb6-8984-24c27b86c3a3 None None] image_cache_dir = /opt/stack/data/glance/cache/ {{(pid=102008) log_opt_values /opt/stack/data/venv/lib/python3.12/site-packages/oslo_config/cfg.py:3245}}
Jun 01 19:57:21.605495 np0000001898 devstack@g-api.service[102008]: DEBUG glance.common.config [None req-8f6830af-8af7-4fb6-8984-24c27b86c3a3 None None] image_cache_driver = centralized_db {{(pid=102008) log_opt_values /opt/stack/data/venv/lib/python3.12/site-packages/oslo_config/cfg.py:3245}}
Jun 01 19:57:21.605601 np0000001898 devstack@g-api.service[102008]: DEBUG glance.common.config [None req-8f6830af-8af7-4fb6-8984-24c27b86c3a3 None None] image_cache_max_size = 10737418240 {{(pid=102008) log_opt_values /opt/stack/data/venv/lib/python3.12/site-packages/oslo_config/cfg.py:3245}}
Jun 01 19:57:21.605721 np0000001898 devstack@g-api.service[102008]: DEBUG glance.common.config [None req-8f6830af-8af7-4fb6-8984-24c27b86c3a3 None None] image_cache_sqlite_db = cache.db {{(pid=102008) log_opt_values /opt/stack/data/venv/lib/python3.12/site-packages/oslo_config/cfg.py:3245}}
Jun 01 19:57:21.605815 np0000001898 devstack@g-api.service[102008]: DEBUG glance.common.config [None req-8f6830af-8af7-4fb6-8984-24c27b86c3a3 None None] image_cache_stall_time = 86400 {{(pid=102008) log_opt_values /opt/stack/data/venv/lib/python3.12/site-packages/oslo_config/cfg.py:3245}}
Jun 01 19:57:21.605924 np0000001898 devstack@g-api.service[102008]: DEBUG glance.common.config [None req-8f6830af-8af7-4fb6-8984-24c27b86c3a3 None None] image_location_quota = 10 {{(pid=102008) log_opt_values /opt/stack/data/venv/lib/python3.12/site-packages/oslo_config/cfg.py:3245}}
Jun 01 19:57:21.606018 np0000001898 devstack@g-api.service[102008]: DEBUG glance.common.config [None req-8f6830af-8af7-4fb6-8984-24c27b86c3a3 None None] image_member_quota = 128 {{(pid=102008) log_opt_values /opt/stack/data/venv/lib/python3.12/site-packages/oslo_config/cfg.py:3245}}
Jun 01 19:57:21.606113 np0000001898 devstack@g-api.service[102008]: DEBUG glance.common.config [None req-8f6830af-8af7-4fb6-8984-24c27b86c3a3 None None] image_property_quota = 128 {{(pid=102008) log_opt_values /opt/stack/data/venv/lib/python3.12/site-packages/oslo_config/cfg.py:3245}}
Jun 01 19:57:21.606202 np0000001898 devstack@g-api.service[102008]: DEBUG glance.common.config [None req-8f6830af-8af7-4fb6-8984-24c27b86c3a3 None None] image_size_cap = 1099511627776 {{(pid=102008) log_opt_values /opt/stack/data/venv/lib/python3.12/site-packages/oslo_config/cfg.py:3245}}
Jun 01 19:57:21.606307 np0000001898 devstack@g-api.service[102008]: DEBUG glance.common.config [None req-8f6830af-8af7-4fb6-8984-24c27b86c3a3 None None] image_tag_quota = 128 {{(pid=102008) log_opt_values /opt/stack/data/venv/lib/python3.12/site-packages/oslo_config/cfg.py:3245}}
Jun 01 19:57:21.606405 np0000001898 devstack@g-api.service[102008]: DEBUG glance.common.config [None req-8f6830af-8af7-4fb6-8984-24c27b86c3a3 None None] instance_format = [instance: %(uuid)s] {{(pid=102008) log_opt_values /opt/stack/data/venv/lib/python3.12/site-packages/oslo_config/cfg.py:3245}}
Jun 01 19:57:21.606496 np0000001898 devstack@g-api.service[102008]: DEBUG glance.common.config [None req-8f6830af-8af7-4fb6-8984-24c27b86c3a3 None None] instance_uuid_format = [instance: %(uuid)s] {{(pid=102008) log_opt_values /opt/stack/data/venv/lib/python3.12/site-packages/oslo_config/cfg.py:3245}}
Jun 01 19:57:21.606581 np0000001898 devstack@g-api.service[102008]: DEBUG glance.common.config [None req-8f6830af-8af7-4fb6-8984-24c27b86c3a3 None None] limit_param_default = 25 {{(pid=102008) log_opt_values /opt/stack/data/venv/lib/python3.12/site-packages/oslo_config/cfg.py:3245}}
Jun 01 19:57:21.606677 np0000001898 devstack@g-api.service[102008]: DEBUG glance.common.config [None req-8f6830af-8af7-4fb6-8984-24c27b86c3a3 None None] log_color = False {{(pid=102008) log_opt_values /opt/stack/data/venv/lib/python3.12/site-packages/oslo_config/cfg.py:3245}}
Jun 01 19:57:21.606816 np0000001898 devstack@g-api.service[102008]: DEBUG glance.common.config [None req-8f6830af-8af7-4fb6-8984-24c27b86c3a3 None None] log_config_append = None {{(pid=102008) log_opt_values /opt/stack/data/venv/lib/python3.12/site-packages/oslo_config/cfg.py:3245}}
Jun 01 19:57:21.606936 np0000001898 devstack@g-api.service[102008]: DEBUG glance.common.config [None req-8f6830af-8af7-4fb6-8984-24c27b86c3a3 None None] log_date_format = %Y-%m-%d %H:%M:%S {{(pid=102008) log_opt_values /opt/stack/data/venv/lib/python3.12/site-packages/oslo_config/cfg.py:3245}}
Jun 01 19:57:21.607031 np0000001898 devstack@g-api.service[102008]: DEBUG glance.common.config [None req-8f6830af-8af7-4fb6-8984-24c27b86c3a3 None None] log_dir = None {{(pid=102008) log_opt_values /opt/stack/data/venv/lib/python3.12/site-packages/oslo_config/cfg.py:3245}}
Jun 01 19:57:21.607128 np0000001898 devstack@g-api.service[102008]: DEBUG glance.common.config [None req-8f6830af-8af7-4fb6-8984-24c27b86c3a3 None None] log_file = None {{(pid=102008) log_opt_values /opt/stack/data/venv/lib/python3.12/site-packages/oslo_config/cfg.py:3245}}
Jun 01 19:57:21.607218 np0000001898 devstack@g-api.service[102008]: DEBUG glance.common.config [None req-8f6830af-8af7-4fb6-8984-24c27b86c3a3 None None] log_rotate_interval = 1 {{(pid=102008) log_opt_values /opt/stack/data/venv/lib/python3.12/site-packages/oslo_config/cfg.py:3245}}
Jun 01 19:57:21.607331 np0000001898 devstack@g-api.service[102008]: DEBUG glance.common.config [None req-8f6830af-8af7-4fb6-8984-24c27b86c3a3 None None] log_rotate_interval_type = days {{(pid=102008) log_opt_values /opt/stack/data/venv/lib/python3.12/site-packages/oslo_config/cfg.py:3245}}
Jun 01 19:57:21.607430 np0000001898 devstack@g-api.service[102008]: DEBUG glance.common.config [None req-8f6830af-8af7-4fb6-8984-24c27b86c3a3 None None] log_rotation_type = none {{(pid=102008) log_opt_values /opt/stack/data/venv/lib/python3.12/site-packages/oslo_config/cfg.py:3245}}
Jun 01 19:57:21.607501 np0000001898 devstack@g-api.service[102008]: DEBUG glance.common.config [None req-8f6830af-8af7-4fb6-8984-24c27b86c3a3 None None] logging_context_format_string = %(color)s%(levelname)s %(name)s [%(global_request_id)s %(request_id)s %(project_name)s %(user_name)s%(color)s] %(instance)s%(color)s%(message)s {{(pid=102008) log_opt_values /opt/stack/data/venv/lib/python3.12/site-packages/oslo_config/cfg.py:3245}}
Jun 01 19:57:21.607565 np0000001898 devstack@g-api.service[102008]: DEBUG glance.common.config [None req-8f6830af-8af7-4fb6-8984-24c27b86c3a3 None None] logging_debug_format_suffix = {{(pid=%(process)d) %(funcName)s %(pathname)s:%(lineno)d}} {{(pid=102008) log_opt_values /opt/stack/data/venv/lib/python3.12/site-packages/oslo_config/cfg.py:3245}}
Jun 01 19:57:21.607659 np0000001898 devstack@g-api.service[102008]: DEBUG glance.common.config [None req-8f6830af-8af7-4fb6-8984-24c27b86c3a3 None None] logging_default_format_string = %(color)s%(levelname)s %(name)s [-%(color)s] %(instance)s%(color)s%(message)s {{(pid=102008) log_opt_values /opt/stack/data/venv/lib/python3.12/site-packages/oslo_config/cfg.py:3245}}
Jun 01 19:57:21.607750 np0000001898 devstack@g-api.service[102008]: DEBUG glance.common.config [None req-8f6830af-8af7-4fb6-8984-24c27b86c3a3 None None] logging_exception_prefix = ERROR %(name)s %(instance)s {{(pid=102008) log_opt_values /opt/stack/data/venv/lib/python3.12/site-packages/oslo_config/cfg.py:3245}}
Jun 01 19:57:21.607818 np0000001898 devstack@g-api.service[102008]: DEBUG glance.common.config [None req-8f6830af-8af7-4fb6-8984-24c27b86c3a3 None None] logging_user_identity_format = %(user)s %(project)s %(domain)s %(system_scope)s %(user_domain)s %(project_domain)s {{(pid=102008) log_opt_values /opt/stack/data/venv/lib/python3.12/site-packages/oslo_config/cfg.py:3245}}
Jun 01 19:57:21.607919 np0000001898 devstack@g-api.service[102008]: DEBUG glance.common.config [None req-8f6830af-8af7-4fb6-8984-24c27b86c3a3 None None] max_header_line = 16384 {{(pid=102008) log_opt_values /opt/stack/data/venv/lib/python3.12/site-packages/oslo_config/cfg.py:3245}}
Jun 01 19:57:21.608047 np0000001898 devstack@g-api.service[102008]: DEBUG glance.common.config [None req-8f6830af-8af7-4fb6-8984-24c27b86c3a3 None None] max_logfile_count = 30 {{(pid=102008) log_opt_values /opt/stack/data/venv/lib/python3.12/site-packages/oslo_config/cfg.py:3245}}
Jun 01 19:57:21.608141 np0000001898 devstack@g-api.service[102008]: DEBUG glance.common.config [None req-8f6830af-8af7-4fb6-8984-24c27b86c3a3 None None] max_logfile_size_mb = 200 {{(pid=102008) log_opt_values /opt/stack/data/venv/lib/python3.12/site-packages/oslo_config/cfg.py:3245}}
Jun 01 19:57:21.608252 np0000001898 devstack@g-api.service[102008]: DEBUG glance.common.config [None req-8f6830af-8af7-4fb6-8984-24c27b86c3a3 None None] max_request_id_length = 64 {{(pid=102008) log_opt_values /opt/stack/data/venv/lib/python3.12/site-packages/oslo_config/cfg.py:3245}}
Jun 01 19:57:21.608365 np0000001898 devstack@g-api.service[102008]: DEBUG glance.common.config [None req-8f6830af-8af7-4fb6-8984-24c27b86c3a3 None None] metadata_encryption_key = **** {{(pid=102008) log_opt_values /opt/stack/data/venv/lib/python3.12/site-packages/oslo_config/cfg.py:3245}}
Jun 01 19:57:21.608460 np0000001898 devstack@g-api.service[102008]: DEBUG glance.common.config [None req-8f6830af-8af7-4fb6-8984-24c27b86c3a3 None None] node_staging_uri = file:///tmp/staging/ {{(pid=102008) log_opt_values /opt/stack/data/venv/lib/python3.12/site-packages/oslo_config/cfg.py:3245}}
Jun 01 19:57:21.608570 np0000001898 devstack@g-api.service[102008]: DEBUG glance.common.config [None req-8f6830af-8af7-4fb6-8984-24c27b86c3a3 None None] property_protection_file = None {{(pid=102008) log_opt_values /opt/stack/data/venv/lib/python3.12/site-packages/oslo_config/cfg.py:3245}}
Jun 01 19:57:21.608656 np0000001898 devstack@g-api.service[102008]: DEBUG glance.common.config [None req-8f6830af-8af7-4fb6-8984-24c27b86c3a3 None None] property_protection_rule_format = roles {{(pid=102008) log_opt_values /opt/stack/data/venv/lib/python3.12/site-packages/oslo_config/cfg.py:3245}}
Jun 01 19:57:21.608790 np0000001898 devstack@g-api.service[102008]: DEBUG glance.common.config [None req-8f6830af-8af7-4fb6-8984-24c27b86c3a3 None None] public_endpoint = https://10.4.3.70/image {{(pid=102008) log_opt_values /opt/stack/data/venv/lib/python3.12/site-packages/oslo_config/cfg.py:3245}}
Jun 01 19:57:21.608862 np0000001898 devstack@g-api.service[102008]: DEBUG glance.common.config [None req-8f6830af-8af7-4fb6-8984-24c27b86c3a3 None None] publish_errors = False {{(pid=102008) log_opt_values /opt/stack/data/venv/lib/python3.12/site-packages/oslo_config/cfg.py:3245}}
Jun 01 19:57:21.608968 np0000001898 devstack@g-api.service[102008]: DEBUG glance.common.config [None req-8f6830af-8af7-4fb6-8984-24c27b86c3a3 None None] pydev_worker_debug_host = None {{(pid=102008) log_opt_values /opt/stack/data/venv/lib/python3.12/site-packages/oslo_config/cfg.py:3245}}
Jun 01 19:57:21.609059 np0000001898 devstack@g-api.service[102008]: DEBUG glance.common.config [None req-8f6830af-8af7-4fb6-8984-24c27b86c3a3 None None] pydev_worker_debug_port = 5678 {{(pid=102008) log_opt_values /opt/stack/data/venv/lib/python3.12/site-packages/oslo_config/cfg.py:3245}}
Jun 01 19:57:21.609163 np0000001898 devstack@g-api.service[102008]: DEBUG glance.common.config [None req-8f6830af-8af7-4fb6-8984-24c27b86c3a3 None None] rate_limit_burst = 0 {{(pid=102008) log_opt_values /opt/stack/data/venv/lib/python3.12/site-packages/oslo_config/cfg.py:3245}}
Jun 01 19:57:21.609298 np0000001898 devstack@g-api.service[102008]: DEBUG glance.common.config [None req-8f6830af-8af7-4fb6-8984-24c27b86c3a3 None None] rate_limit_except_level = CRITICAL {{(pid=102008) log_opt_values /opt/stack/data/venv/lib/python3.12/site-packages/oslo_config/cfg.py:3245}}
Jun 01 19:57:21.609417 np0000001898 devstack@g-api.service[102008]: DEBUG glance.common.config [None req-8f6830af-8af7-4fb6-8984-24c27b86c3a3 None None] rate_limit_interval = 0 {{(pid=102008) log_opt_values /opt/stack/data/venv/lib/python3.12/site-packages/oslo_config/cfg.py:3245}}
Jun 01 19:57:21.609510 np0000001898 devstack@g-api.service[102008]: DEBUG glance.common.config [None req-8f6830af-8af7-4fb6-8984-24c27b86c3a3 None None] scrub_pool_size = 1 {{(pid=102008) log_opt_values /opt/stack/data/venv/lib/python3.12/site-packages/oslo_config/cfg.py:3245}}
Jun 01 19:57:21.609598 np0000001898 devstack@g-api.service[102008]: DEBUG glance.common.config [None req-8f6830af-8af7-4fb6-8984-24c27b86c3a3 None None] scrub_time = 0 {{(pid=102008) log_opt_values /opt/stack/data/venv/lib/python3.12/site-packages/oslo_config/cfg.py:3245}}
Jun 01 19:57:21.609682 np0000001898 devstack@g-api.service[102008]: DEBUG glance.common.config [None req-8f6830af-8af7-4fb6-8984-24c27b86c3a3 None None] shell_completion = None {{(pid=102008) log_opt_values /opt/stack/data/venv/lib/python3.12/site-packages/oslo_config/cfg.py:3245}}
Jun 01 19:57:21.609799 np0000001898 devstack@g-api.service[102008]: DEBUG glance.common.config [None req-8f6830af-8af7-4fb6-8984-24c27b86c3a3 None None] show_image_direct_url = False {{(pid=102008) log_opt_values /opt/stack/data/venv/lib/python3.12/site-packages/oslo_config/cfg.py:3245}}
Jun 01 19:57:21.610038 np0000001898 devstack@g-api.service[102006]: DEBUG glance.image_cache.drivers.centralized_db [None req-cd9b13ac-1843-4649-a5bb-4a65a49b8e02 None None] Node reference is already recorded, ignoring it {{(pid=102006) configure /opt/stack/glance/glance/image_cache/drivers/centralized_db.py:71}}
Jun 01 19:57:21.610101 np0000001898 devstack@g-api.service[102008]: WARNING oslo_config.cfg [None req-8f6830af-8af7-4fb6-8984-24c27b86c3a3 None None] Deprecated: Option "show_multiple_locations" from group "DEFAULT" is deprecated for removal (Use of this option, deprecated since Newton, is a security risk and will be removed once we figure out a way to satisfy those use cases that currently require it. An earlier announcement that the same functionality can be achieved with greater granularity by using policies is incorrect. You cannot work around this option via policy configuration at the present time, though that is the direction we believe the fix will take. Please keep an eye on the Glance release notes to stay up to date on progress in addressing this issue.). Its value may be silently ignored in the future.
Jun 01 19:57:21.610152 np0000001898 devstack@g-api.service[102008]: DEBUG glance.common.config [None req-8f6830af-8af7-4fb6-8984-24c27b86c3a3 None None] show_multiple_locations = False {{(pid=102008) log_opt_values /opt/stack/data/venv/lib/python3.12/site-packages/oslo_config/cfg.py:3245}}
Jun 01 19:57:21.610245 np0000001898 devstack@g-api.service[102008]: DEBUG glance.common.config [None req-8f6830af-8af7-4fb6-8984-24c27b86c3a3 None None] syslog_log_facility = LOG_USER {{(pid=102008) log_opt_values /opt/stack/data/venv/lib/python3.12/site-packages/oslo_config/cfg.py:3245}}
Jun 01 19:57:21.610388 np0000001898 devstack@g-api.service[102008]: DEBUG glance.common.config [None req-8f6830af-8af7-4fb6-8984-24c27b86c3a3 None None] tcp_keepidle = 600 {{(pid=102008) log_opt_values /opt/stack/data/venv/lib/python3.12/site-packages/oslo_config/cfg.py:3245}}
Jun 01 19:57:21.610543 np0000001898 devstack@g-api.service[102008]: DEBUG glance.common.config [None req-8f6830af-8af7-4fb6-8984-24c27b86c3a3 None None] transport_url = **** {{(pid=102008) log_opt_values /opt/stack/data/venv/lib/python3.12/site-packages/oslo_config/cfg.py:3245}}
Jun 01 19:57:21.610579 np0000001898 devstack@g-api.service[102008]: DEBUG glance.common.config [None req-8f6830af-8af7-4fb6-8984-24c27b86c3a3 None None] use_journal = False {{(pid=102008) log_opt_values /opt/stack/data/venv/lib/python3.12/site-packages/oslo_config/cfg.py:3245}}
Jun 01 19:57:21.610685 np0000001898 devstack@g-api.service[102008]: DEBUG glance.common.config [None req-8f6830af-8af7-4fb6-8984-24c27b86c3a3 None None] use_json = False {{(pid=102008) log_opt_values /opt/stack/data/venv/lib/python3.12/site-packages/oslo_config/cfg.py:3245}}
Jun 01 19:57:21.610757 np0000001898 devstack@g-api.service[102008]: DEBUG glance.common.config [None req-8f6830af-8af7-4fb6-8984-24c27b86c3a3 None None] use_keystone_limits = True {{(pid=102008) log_opt_values /opt/stack/data/venv/lib/python3.12/site-packages/oslo_config/cfg.py:3245}}
Jun 01 19:57:21.610847 np0000001898 devstack@g-api.service[102008]: DEBUG glance.common.config [None req-8f6830af-8af7-4fb6-8984-24c27b86c3a3 None None] use_stderr = False {{(pid=102008) log_opt_values /opt/stack/data/venv/lib/python3.12/site-packages/oslo_config/cfg.py:3245}}
Jun 01 19:57:21.610938 np0000001898 devstack@g-api.service[102008]: DEBUG glance.common.config [None req-8f6830af-8af7-4fb6-8984-24c27b86c3a3 None None] use_syslog = False {{(pid=102008) log_opt_values /opt/stack/data/venv/lib/python3.12/site-packages/oslo_config/cfg.py:3245}}
Jun 01 19:57:21.611047 np0000001898 devstack@g-api.service[102008]: DEBUG glance.common.config [None req-8f6830af-8af7-4fb6-8984-24c27b86c3a3 None None] user_storage_quota = 0 {{(pid=102008) log_opt_values /opt/stack/data/venv/lib/python3.12/site-packages/oslo_config/cfg.py:3245}}
Jun 01 19:57:21.611148 np0000001898 devstack@g-api.service[102008]: DEBUG glance.common.config [None req-8f6830af-8af7-4fb6-8984-24c27b86c3a3 None None] worker_self_reference_url = http://127.0.0.1:60999 {{(pid=102008) log_opt_values /opt/stack/data/venv/lib/python3.12/site-packages/oslo_config/cfg.py:3245}}
Jun 01 19:57:21.611235 np0000001898 devstack@g-api.service[102008]: DEBUG glance.common.config [None req-8f6830af-8af7-4fb6-8984-24c27b86c3a3 None None] workers = None {{(pid=102008) log_opt_values /opt/stack/data/venv/lib/python3.12/site-packages/oslo_config/cfg.py:3245}}
Jun 01 19:57:21.611361 np0000001898 devstack@g-api.service[102008]: DEBUG glance.common.config [None req-8f6830af-8af7-4fb6-8984-24c27b86c3a3 None None] oslo_concurrency.disable_process_locking = False {{(pid=102008) log_opt_values /opt/stack/data/venv/lib/python3.12/site-packages/oslo_config/cfg.py:3256}}
Jun 01 19:57:21.611460 np0000001898 devstack@g-api.service[102008]: DEBUG glance.common.config [None req-8f6830af-8af7-4fb6-8984-24c27b86c3a3 None None] oslo_concurrency.lock_path = /opt/stack/data/glance/locks {{(pid=102008) log_opt_values /opt/stack/data/venv/lib/python3.12/site-packages/oslo_config/cfg.py:3256}}
Jun 01 19:57:21.611556 np0000001898 devstack@g-api.service[102008]: DEBUG glance.common.config [None req-8f6830af-8af7-4fb6-8984-24c27b86c3a3 None None] oslo_middleware.enable_proxy_headers_parsing = False {{(pid=102008) log_opt_values /opt/stack/data/venv/lib/python3.12/site-packages/oslo_config/cfg.py:3256}}
Jun 01 19:57:21.611673 np0000001898 devstack@g-api.service[102008]: DEBUG glance.common.config [None req-8f6830af-8af7-4fb6-8984-24c27b86c3a3 None None] oslo_middleware.http_basic_auth_user_file = /etc/htpasswd {{(pid=102008) log_opt_values /opt/stack/data/venv/lib/python3.12/site-packages/oslo_config/cfg.py:3256}}
Jun 01 19:57:21.611739 np0000001898 devstack@g-api.service[102008]: DEBUG glance.common.config [None req-8f6830af-8af7-4fb6-8984-24c27b86c3a3 None None] paste_deploy.config_file = None {{(pid=102008) log_opt_values /opt/stack/data/venv/lib/python3.12/site-packages/oslo_config/cfg.py:3256}}
Jun 01 19:57:21.611837 np0000001898 devstack@g-api.service[102008]: DEBUG glance.common.config [None req-8f6830af-8af7-4fb6-8984-24c27b86c3a3 None None] paste_deploy.flavor = keystone+cachemanagement {{(pid=102008) log_opt_values /opt/stack/data/venv/lib/python3.12/site-packages/oslo_config/cfg.py:3256}}
Jun 01 19:57:21.611976 np0000001898 devstack@g-api.service[102008]: DEBUG glance.common.config [None req-8f6830af-8af7-4fb6-8984-24c27b86c3a3 None None] image_format.container_formats = ['ami', 'ari', 'aki', 'bare', 'ovf', 'ova', 'docker', 'compressed'] {{(pid=102008) log_opt_values /opt/stack/data/venv/lib/python3.12/site-packages/oslo_config/cfg.py:3256}}
Jun 01 19:57:21.612119 np0000001898 devstack@g-api.service[102008]: DEBUG glance.common.config [None req-8f6830af-8af7-4fb6-8984-24c27b86c3a3 None None] image_format.disk_formats = ['ami', 'ari', 'aki', 'vhd', 'vhdx', 'vmdk', 'raw', 'qcow2', 'vdi', 'iso', 'ploop'] {{(pid=102008) log_opt_values /opt/stack/data/venv/lib/python3.12/site-packages/oslo_config/cfg.py:3256}}
Jun 01 19:57:21.612210 np0000001898 devstack@g-api.service[102008]: DEBUG glance.common.config [None req-8f6830af-8af7-4fb6-8984-24c27b86c3a3 None None] image_format.gpt_safety_checks_nonfatal = [] {{(pid=102008) log_opt_values /opt/stack/data/venv/lib/python3.12/site-packages/oslo_config/cfg.py:3256}}
Jun 01 19:57:21.612323 np0000001898 devstack@g-api.service[102008]: DEBUG glance.common.config [None req-8f6830af-8af7-4fb6-8984-24c27b86c3a3 None None] image_format.require_image_format_match = True {{(pid=102008) log_opt_values /opt/stack/data/venv/lib/python3.12/site-packages/oslo_config/cfg.py:3256}}
Jun 01 19:57:21.612431 np0000001898 devstack@g-api.service[102008]: DEBUG glance.common.config [None req-8f6830af-8af7-4fb6-8984-24c27b86c3a3 None None] image_format.vmdk_allowed_types = ['streamOptimized', 'monolithicSparse'] {{(pid=102008) log_opt_values /opt/stack/data/venv/lib/python3.12/site-packages/oslo_config/cfg.py:3256}}
Jun 01 19:57:21.612577 np0000001898 devstack@g-api.service[102008]: DEBUG glance.common.config [None req-8f6830af-8af7-4fb6-8984-24c27b86c3a3 None None] task.task_executor = taskflow {{(pid=102008) log_opt_values /opt/stack/data/venv/lib/python3.12/site-packages/oslo_config/cfg.py:3256}}
Jun 01 19:57:21.612705 np0000001898 devstack@g-api.service[102008]: DEBUG glance.common.config [None req-8f6830af-8af7-4fb6-8984-24c27b86c3a3 None None] task.task_time_to_live = 48 {{(pid=102008) log_opt_values /opt/stack/data/venv/lib/python3.12/site-packages/oslo_config/cfg.py:3256}}
