Jun 01 20:07:24.956218 np0000001898 devstack@g-api.service[102007]: DEBUG glance.api.middleware.version_negotiation [None req-d92ddc92-223d-41d6-a29d-19c9899a6516 tempest-VolumesActionsTest-343546557 tempest-VolumesActionsTest-343546557-project-member] Determining version of request: GET /v2/images/a4ba3be0-3a56-4b6c-ba42-56613bb82f82 Accept: application/json {{(pid=102007) process_request /opt/stack/glance/glance/api/middleware/version_negotiation.py:44}}
Jun 01 20:07:24.956218 np0000001898 devstack@g-api.service[102007]: DEBUG glance.api.middleware.version_negotiation [None req-d92ddc92-223d-41d6-a29d-19c9899a6516 tempest-VolumesActionsTest-343546557 tempest-VolumesActionsTest-343546557-project-member] Using url versioning {{(pid=102007) process_request /opt/stack/glance/glance/api/middleware/version_negotiation.py:57}}
Jun 01 20:07:24.956218 np0000001898 devstack@g-api.service[102007]: DEBUG glance.api.middleware.version_negotiation [None req-d92ddc92-223d-41d6-a29d-19c9899a6516 tempest-VolumesActionsTest-343546557 tempest-VolumesActionsTest-343546557-project-member] Matched version: v2 {{(pid=102007) process_request /opt/stack/glance/glance/api/middleware/version_negotiation.py:69}}
Jun 01 20:07:24.956218 np0000001898 devstack@g-api.service[102007]: DEBUG glance.api.middleware.version_negotiation [None req-d92ddc92-223d-41d6-a29d-19c9899a6516 tempest-VolumesActionsTest-343546557 tempest-VolumesActionsTest-343546557-project-member] new path /v2/images/a4ba3be0-3a56-4b6c-ba42-56613bb82f82 {{(pid=102007) process_request /opt/stack/glance/glance/api/middleware/version_negotiation.py:70}}
Jun 01 20:07:24.967441 np0000001898 devstack@g-api.service[102007]: [pid: 102007|app: 0|req: 157/463] 127.0.0.1 () {40 vars in 834 bytes} [Mon Jun 1 20:07:24 2026] GET /v2/images/a4ba3be0-3a56-4b6c-ba42-56613bb82f82 => generated 650 bytes in 12 msecs (HTTP/1.1 200) 4 headers in 157 bytes (1 switches on core 0)
Jun 01 20:07:25.975432 np0000001898 devstack@g-api.service[102008]: DEBUG glance.api.middleware.version_negotiation [None req-bccb0a10-1441-47d6-96b1-e6bb1e95d2ae tempest-VolumeMultiattachTests-698237364 tempest-VolumeMultiattachTests-698237364-project-member] Determining version of request: GET /v2/images/a4ba3be0-3a56-4b6c-ba42-56613bb82f82 Accept: application/json {{(pid=102008) process_request /opt/stack/glance/glance/api/middleware/version_negotiation.py:44}}
Jun 01 20:07:25.975938 np0000001898 devstack@g-api.service[102008]: DEBUG glance.api.middleware.version_negotiation [None req-bccb0a10-1441-47d6-96b1-e6bb1e95d2ae tempest-VolumeMultiattachTests-698237364 tempest-VolumeMultiattachTests-698237364-project-member] Using url versioning {{(pid=102008) process_request /opt/stack/glance/glance/api/middleware/version_negotiation.py:57}}
Jun 01 20:07:25.975938 np0000001898 devstack@g-api.service[102008]: DEBUG glance.api.middleware.version_negotiation [None req-bccb0a10-1441-47d6-96b1-e6bb1e95d2ae tempest-VolumeMultiattachTests-698237364 tempest-VolumeMultiattachTests-698237364-project-member] Matched version: v2 {{(pid=102008) process_request /opt/stack/glance/glance/api/middleware/version_negotiation.py:69}}
Jun 01 20:07:25.975938 np0000001898 devstack@g-api.service[102008]: DEBUG glance.api.middleware.version_negotiation [None req-bccb0a10-1441-47d6-96b1-e6bb1e95d2ae tempest-VolumeMultiattachTests-698237364 tempest-VolumeMultiattachTests-698237364-project-member] new path /v2/images/a4ba3be0-3a56-4b6c-ba42-56613bb82f82 {{(pid=102008) process_request /opt/stack/glance/glance/api/middleware/version_negotiation.py:70}}
Jun 01 20:07:25.985077 np0000001898 devstack@g-api.service[102008]: [pid: 102008|app: 0|req: 159/464] 127.0.0.1 () {40 vars in 834 bytes} [Mon Jun 1 20:07:25 2026] GET /v2/images/a4ba3be0-3a56-4b6c-ba42-56613bb82f82 => generated 650 bytes in 10 msecs (HTTP/1.1 200) 4 headers in 157 bytes (1 switches on core 0)
Jun 01 20:07:26.995267 np0000001898 devstack@g-api.service[102006]: DEBUG glance.api.middleware.version_negotiation [None req-bccb0a10-1441-47d6-96b1-e6bb1e95d2ae tempest-VolumeMultiattachTests-698237364 tempest-VolumeMultiattachTests-698237364-project-member] Determining version of request: GET /v2/images/a4ba3be0-3a56-4b6c-ba42-56613bb82f82 Accept: application/json {{(pid=102006) process_request /opt/stack/glance/glance/api/middleware/version_negotiation.py:44}}
Jun 01 20:07:26.995726 np0000001898 devstack@g-api.service[102006]: DEBUG glance.api.middleware.version_negotiation [None req-bccb0a10-1441-47d6-96b1-e6bb1e95d2ae tempest-VolumeMultiattachTests-698237364 tempest-VolumeMultiattachTests-698237364-project-member] Using url versioning {{(pid=102006) process_request /opt/stack/glance/glance/api/middleware/version_negotiation.py:57}}
Jun 01 20:07:26.995726 np0000001898 devstack@g-api.service[102006]: DEBUG glance.api.middleware.version_negotiation [None req-bccb0a10-1441-47d6-96b1-e6bb1e95d2ae tempest-VolumeMultiattachTests-698237364 tempest-VolumeMultiattachTests-698237364-project-member] Matched version: v2 {{(pid=102006) process_request /opt/stack/glance/glance/api/middleware/version_negotiation.py:69}}
Jun 01 20:07:26.995916 np0000001898 devstack@g-api.service[102006]: DEBUG glance.api.middleware.version_negotiation [None req-bccb0a10-1441-47d6-96b1-e6bb1e95d2ae tempest-VolumeMultiattachTests-698237364 tempest-VolumeMultiattachTests-698237364-project-member] new path /v2/images/a4ba3be0-3a56-4b6c-ba42-56613bb82f82 {{(pid=102006) process_request /opt/stack/glance/glance/api/middleware/version_negotiation.py:70}}
Jun 01 20:07:27.010941 np0000001898 devstack@g-api.service[102006]: [pid: 102006|app: 0|req: 149/465] 127.0.0.1 () {40 vars in 834 bytes} [Mon Jun 1 20:07:26 2026] GET /v2/images/a4ba3be0-3a56-4b6c-ba42-56613bb82f82 => generated 650 bytes in 16 msecs (HTTP/1.1 200) 4 headers in 157 bytes (1 switches on core 0)
Jun 01 20:07:28.021149 np0000001898 devstack@g-api.service[102007]: DEBUG glance.api.middleware.version_negotiation [None req-cc387f8f-e2dc-476e-80eb-329a8a9a3714 tempest-VolumesActionsTest-343546557 tempest-VolumesActionsTest-343546557-project-member] Determining version of request: GET /v2/images/a4ba3be0-3a56-4b6c-ba42-56613bb82f82 Accept: application/json {{(pid=102007) process_request /opt/stack/glance/glance/api/middleware/version_negotiation.py:44}}
Jun 01 20:07:28.021562 np0000001898 devstack@g-api.service[102007]: DEBUG glance.api.middleware.version_negotiation [None req-cc387f8f-e2dc-476e-80eb-329a8a9a3714 tempest-VolumesActionsTest-343546557 tempest-VolumesActionsTest-343546557-project-member] Using url versioning {{(pid=102007) process_request /opt/stack/glance/glance/api/middleware/version_negotiation.py:57}}
Jun 01 20:07:28.021562 np0000001898 devstack@g-api.service[102007]: DEBUG glance.api.middleware.version_negotiation [None req-cc387f8f-e2dc-476e-80eb-329a8a9a3714 tempest-VolumesActionsTest-343546557 tempest-VolumesActionsTest-343546557-project-member] Matched version: v2 {{(pid=102007) process_request /opt/stack/glance/glance/api/middleware/version_negotiation.py:69}}
Jun 01 20:07:28.021562 np0000001898 devstack@g-api.service[102007]: DEBUG glance.api.middleware.version_negotiation [None req-cc387f8f-e2dc-476e-80eb-329a8a9a3714 tempest-VolumesActionsTest-343546557 tempest-VolumesActionsTest-343546557-project-member] new path /v2/images/a4ba3be0-3a56-4b6c-ba42-56613bb82f82 {{(pid=102007) process_request /opt/stack/glance/glance/api/middleware/version_negotiation.py:70}}
Jun 01 20:07:28.038240 np0000001898 devstack@g-api.service[102007]: [pid: 102007|app: 0|req: 158/466] 127.0.0.1 () {40 vars in 834 bytes} [Mon Jun 1 20:07:28 2026] GET /v2/images/a4ba3be0-3a56-4b6c-ba42-56613bb82f82 => generated 650 bytes in 17 msecs (HTTP/1.1 200) 4 headers in 157 bytes (1 switches on core 0)
Jun 01 20:07:29.047139 np0000001898 devstack@g-api.service[102008]: DEBUG glance.api.middleware.version_negotiation [None req-ffcc7169-3ce3-4327-b714-992165a97200 tempest-VolumesActionsTest-343546557 tempest-VolumesActionsTest-343546557-project-member] Determining version of request: GET /v2/images/a4ba3be0-3a56-4b6c-ba42-56613bb82f82 Accept: application/json {{(pid=102008) process_request /opt/stack/glance/glance/api/middleware/version_negotiation.py:44}}
Jun 01 20:07:29.047616 np0000001898 devstack@g-api.service[102008]: DEBUG glance.api.middleware.version_negotiation [None req-ffcc7169-3ce3-4327-b714-992165a97200 tempest-VolumesActionsTest-343546557 tempest-VolumesActionsTest-343546557-project-member] Using url versioning {{(pid=102008) process_request /opt/stack/glance/glance/api/middleware/version_negotiation.py:57}}
Jun 01 20:07:29.047616 np0000001898 devstack@g-api.service[102008]: DEBUG glance.api.middleware.version_negotiation [None req-ffcc7169-3ce3-4327-b714-992165a97200 tempest-VolumesActionsTest-343546557 tempest-VolumesActionsTest-343546557-project-member] Matched version: v2 {{(pid=102008) process_request /opt/stack/glance/glance/api/middleware/version_negotiation.py:69}}
Jun 01 20:07:29.051306 np0000001898 devstack@g-api.service[102008]: DEBUG glance.api.middleware.version_negotiation [None req-ffcc7169-3ce3-4327-b714-992165a97200 tempest-VolumesActionsTest-343546557 tempest-VolumesActionsTest-343546557-project-member] new path /v2/images/a4ba3be0-3a56-4b6c-ba42-56613bb82f82 {{(pid=102008) process_request /opt/stack/glance/glance/api/middleware/version_negotiation.py:70}}
Jun 01 20:07:29.058338 np0000001898 devstack@g-api.service[102008]: [pid: 102008|app: 0|req: 160/467] 127.0.0.1 () {40 vars in 834 bytes} [Mon Jun 1 20:07:29 2026] GET /v2/images/a4ba3be0-3a56-4b6c-ba42-56613bb82f82 => generated 650 bytes in 11 msecs (HTTP/1.1 200) 4 headers in 157 bytes (1 switches on core 0)
Jun 01 20:07:30.019880 np0000001898 devstack@g-api.service[102006]: DEBUG glance.api.middleware.version_negotiation [None req-a310ca4f-613c-4c17-bfa6-4f8ce2c38dbc tempest-VolumesActionsTest-343546557 tempest-VolumesActionsTest-343546557-project-member] Determining version of request: PUT /v2/images/a4ba3be0-3a56-4b6c-ba42-56613bb82f82/file Accept: */* {{(pid=102006) process_request /opt/stack/glance/glance/api/middleware/version_negotiation.py:44}}
Jun 01 20:07:30.020362 np0000001898 devstack@g-api.service[102006]: DEBUG glance.api.middleware.version_negotiation [None req-a310ca4f-613c-4c17-bfa6-4f8ce2c38dbc tempest-VolumesActionsTest-343546557 tempest-VolumesActionsTest-343546557-project-member] Using url versioning {{(pid=102006) process_request /opt/stack/glance/glance/api/middleware/version_negotiation.py:57}}
Jun 01 20:07:30.020362 np0000001898 devstack@g-api.service[102006]: DEBUG glance.api.middleware.version_negotiation [None req-a310ca4f-613c-4c17-bfa6-4f8ce2c38dbc tempest-VolumesActionsTest-343546557 tempest-VolumesActionsTest-343546557-project-member] Matched version: v2 {{(pid=102006) process_request /opt/stack/glance/glance/api/middleware/version_negotiation.py:69}}
Jun 01 20:07:30.020362 np0000001898 devstack@g-api.service[102006]: DEBUG glance.api.middleware.version_negotiation [None req-a310ca4f-613c-4c17-bfa6-4f8ce2c38dbc tempest-VolumesActionsTest-343546557 tempest-VolumesActionsTest-343546557-project-member] new path /v2/images/a4ba3be0-3a56-4b6c-ba42-56613bb82f82/file {{(pid=102006) process_request /opt/stack/glance/glance/api/middleware/version_negotiation.py:70}}
Jun 01 20:07:30.069329 np0000001898 devstack@g-api.service[102007]: DEBUG glance.api.middleware.version_negotiation [None req-cac2c86f-6764-4242-96c8-a7c20249416e tempest-VolumesActionsTest-343546557 tempest-VolumesActionsTest-343546557-project-member] Determining version of request: GET /v2/images/a4ba3be0-3a56-4b6c-ba42-56613bb82f82 Accept: application/json {{(pid=102007) process_request /opt/stack/glance/glance/api/middleware/version_negotiation.py:44}}
Jun 01 20:07:30.069701 np0000001898 devstack@g-api.service[102007]: DEBUG glance.api.middleware.version_negotiation [None req-cac2c86f-6764-4242-96c8-a7c20249416e tempest-VolumesActionsTest-343546557 tempest-VolumesActionsTest-343546557-project-member] Using url versioning {{(pid=102007) process_request /opt/stack/glance/glance/api/middleware/version_negotiation.py:57}}
Jun 01 20:07:30.069701 np0000001898 devstack@g-api.service[102007]: DEBUG glance.api.middleware.version_negotiation [None req-cac2c86f-6764-4242-96c8-a7c20249416e tempest-VolumesActionsTest-343546557 tempest-VolumesActionsTest-343546557-project-member] Matched version: v2 {{(pid=102007) process_request /opt/stack/glance/glance/api/middleware/version_negotiation.py:69}}
Jun 01 20:07:30.069701 np0000001898 devstack@g-api.service[102007]: DEBUG glance.api.middleware.version_negotiation [None req-cac2c86f-6764-4242-96c8-a7c20249416e tempest-VolumesActionsTest-343546557 tempest-VolumesActionsTest-343546557-project-member] new path /v2/images/a4ba3be0-3a56-4b6c-ba42-56613bb82f82 {{(pid=102007) process_request /opt/stack/glance/glance/api/middleware/version_negotiation.py:70}}
Jun 01 20:07:30.081923 np0000001898 devstack@g-api.service[102007]: [pid: 102007|app: 0|req: 159/468] 127.0.0.1 () {40 vars in 834 bytes} [Mon Jun 1 20:07:30 2026] GET /v2/images/a4ba3be0-3a56-4b6c-ba42-56613bb82f82 => generated 650 bytes in 13 msecs (HTTP/1.1 200) 4 headers in 157 bytes (1 switches on core 0)
Jun 01 20:07:30.541665 np0000001898 devstack@g-api.service[102006]: INFO glance.api.v2.image_data [None req-801c2bcc-22cd-4cec-896f-83c8cade5780 tempest-VolumesActionsTest-343546557 tempest-VolumesActionsTest-343546557-project-member] Unable to create trust: no such option collect_timing in group [keystone_authtoken] Use the existing user token.
Jun 01 20:07:31.097363 np0000001898 devstack@g-api.service[102008]: DEBUG glance.api.middleware.version_negotiation [None req-6df29ce3-c8f0-4883-88ae-01ad946cf9a9 tempest-VolumesActionsTest-343546557 tempest-VolumesActionsTest-343546557-project-member] Determining version of request: GET /v2/images/a4ba3be0-3a56-4b6c-ba42-56613bb82f82 Accept: application/json {{(pid=102008) process_request /opt/stack/glance/glance/api/middleware/version_negotiation.py:44}}
Jun 01 20:07:31.099756 np0000001898 devstack@g-api.service[102008]: DEBUG glance.api.middleware.version_negotiation [None req-6df29ce3-c8f0-4883-88ae-01ad946cf9a9 tempest-VolumesActionsTest-343546557 tempest-VolumesActionsTest-343546557-project-member] Using url versioning {{(pid=102008) process_request /opt/stack/glance/glance/api/middleware/version_negotiation.py:57}}
Jun 01 20:07:31.099756 np0000001898 devstack@g-api.service[102008]: DEBUG glance.api.middleware.version_negotiation [None req-6df29ce3-c8f0-4883-88ae-01ad946cf9a9 tempest-VolumesActionsTest-343546557 tempest-VolumesActionsTest-343546557-project-member] Matched version: v2 {{(pid=102008) process_request /opt/stack/glance/glance/api/middleware/version_negotiation.py:69}}
Jun 01 20:07:31.099756 np0000001898 devstack@g-api.service[102008]: DEBUG glance.api.middleware.version_negotiation [None req-6df29ce3-c8f0-4883-88ae-01ad946cf9a9 tempest-VolumesActionsTest-343546557 tempest-VolumesActionsTest-343546557-project-member] new path /v2/images/a4ba3be0-3a56-4b6c-ba42-56613bb82f82 {{(pid=102008) process_request /opt/stack/glance/glance/api/middleware/version_negotiation.py:70}}
Jun 01 20:07:31.123025 np0000001898 devstack@g-api.service[102008]: [pid: 102008|app: 0|req: 161/469] 127.0.0.1 () {40 vars in 834 bytes} [Mon Jun 1 20:07:31 2026] GET /v2/images/a4ba3be0-3a56-4b6c-ba42-56613bb82f82 => generated 650 bytes in 26 msecs (HTTP/1.1 200) 4 headers in 157 bytes (1 switches on core 0)
Jun 01 20:07:31.265965 np0000001898 devstack@g-api.service[102006]: DEBUG glance.location [None req-801c2bcc-22cd-4cec-896f-83c8cade5780 tempest-VolumesActionsTest-343546557 tempest-VolumesActionsTest-343546557-project-member] Enabling in-flight format inspection for raw {{(pid=102006) set_data /opt/stack/glance/glance/location.py:616}}
Jun 01 20:07:31.267245 np0000001898 devstack@g-api.service[102006]: DEBUG glance_store.backend [None req-801c2bcc-22cd-4cec-896f-83c8cade5780 tempest-VolumesActionsTest-343546557 tempest-VolumesActionsTest-343546557-project-member] Attempting to import store swift {{(pid=102006) _load_store /opt/stack/data/venv/lib/python3.12/site-packages/glance_store/backend.py:215}}
Jun 01 20:07:31.267847 np0000001898 devstack@g-api.service[102006]: DEBUG glance_store.capabilities [None req-801c2bcc-22cd-4cec-896f-83c8cade5780 tempest-VolumesActionsTest-343546557 tempest-VolumesActionsTest-343546557-project-member] Store glance_store._drivers.swift.store.SingleTenantStore doesn't support updating dynamic storage capabilities. Please overwrite 'update_capabilities' method of the store to implement updating logics if needed. {{(pid=102006) update_capabilities /opt/stack/data/venv/lib/python3.12/site-packages/glance_store/capabilities.py:91}}
Jun 01 20:07:31.267952 np0000001898 devstack@g-api.service[102006]: DEBUG glance_store.driver [None req-801c2bcc-22cd-4cec-896f-83c8cade5780 tempest-VolumesActionsTest-343546557 tempest-VolumesActionsTest-343546557-project-member] Late loading location class glance_store._drivers.swift.store.StoreLocation {{(pid=102006) get_store_location_class /opt/stack/data/venv/lib/python3.12/site-packages/glance_store/driver.py:134}}
Jun 01 20:07:31.268069 np0000001898 devstack@g-api.service[102006]: DEBUG glance_store.location [None req-801c2bcc-22cd-4cec-896f-83c8cade5780 tempest-VolumesActionsTest-343546557 tempest-VolumesActionsTest-343546557-project-member] Registering scheme swift+https with {'store': , 'location_class': , 'store_entry': 'swift'} {{(pid=102006) register_scheme_map /opt/stack/data/venv/lib/python3.12/site-packages/glance_store/location.py:146}}
Jun 01 20:07:31.268188 np0000001898 devstack@g-api.service[102006]: DEBUG glance_store.location [None req-801c2bcc-22cd-4cec-896f-83c8cade5780 tempest-VolumesActionsTest-343546557 tempest-VolumesActionsTest-343546557-project-member] Registering scheme swift+https with {'store': , 'location_class': , 'store_entry': 'swift'} {{(pid=102006) register_scheme_map /opt/stack/data/venv/lib/python3.12/site-packages/glance_store/location.py:146}}
Jun 01 20:07:31.268320 np0000001898 devstack@g-api.service[102006]: DEBUG glance_store.location [None req-801c2bcc-22cd-4cec-896f-83c8cade5780 tempest-VolumesActionsTest-343546557 tempest-VolumesActionsTest-343546557-project-member] Registering scheme swift with {'store': , 'location_class': , 'store_entry': 'swift'} {{(pid=102006) register_scheme_map /opt/stack/data/venv/lib/python3.12/site-packages/glance_store/location.py:146}}
Jun 01 20:07:31.268443 np0000001898 devstack@g-api.service[102006]: DEBUG glance_store.location [None req-801c2bcc-22cd-4cec-896f-83c8cade5780 tempest-VolumesActionsTest-343546557 tempest-VolumesActionsTest-343546557-project-member] Registering scheme swift+https with {'store': , 'location_class': , 'store_entry': 'swift'} {{(pid=102006) register_scheme_map /opt/stack/data/venv/lib/python3.12/site-packages/glance_store/location.py:146}}
Jun 01 20:07:31.268553 np0000001898 devstack@g-api.service[102006]: DEBUG glance_store.location [None req-801c2bcc-22cd-4cec-896f-83c8cade5780 tempest-VolumesActionsTest-343546557 tempest-VolumesActionsTest-343546557-project-member] Registering scheme swift with {'store': , 'location_class': , 'store_entry': 'swift'} {{(pid=102006) register_scheme_map /opt/stack/data/venv/lib/python3.12/site-packages/glance_store/location.py:146}}
Jun 01 20:07:31.268662 np0000001898 devstack@g-api.service[102006]: DEBUG glance_store.location [None req-801c2bcc-22cd-4cec-896f-83c8cade5780 tempest-VolumesActionsTest-343546557 tempest-VolumesActionsTest-343546557-project-member] Registering scheme swift+http with {'store': , 'location_class': , 'store_entry': 'swift'} {{(pid=102006) register_scheme_map /opt/stack/data/venv/lib/python3.12/site-packages/glance_store/location.py:146}}
Jun 01 20:07:31.268786 np0000001898 devstack@g-api.service[102006]: DEBUG glance_store.location [None req-801c2bcc-22cd-4cec-896f-83c8cade5780 tempest-VolumesActionsTest-343546557 tempest-VolumesActionsTest-343546557-project-member] Registering scheme swift+https with {'store': , 'location_class': , 'store_entry': 'swift'} {{(pid=102006) register_scheme_map /opt/stack/data/venv/lib/python3.12/site-packages/glance_store/location.py:146}}
Jun 01 20:07:31.268900 np0000001898 devstack@g-api.service[102006]: DEBUG glance_store.location [None req-801c2bcc-22cd-4cec-896f-83c8cade5780 tempest-VolumesActionsTest-343546557 tempest-VolumesActionsTest-343546557-project-member] Registering scheme swift with {'store': , 'location_class': , 'store_entry': 'swift'} {{(pid=102006) register_scheme_map /opt/stack/data/venv/lib/python3.12/site-packages/glance_store/location.py:146}}
Jun 01 20:07:31.269031 np0000001898 devstack@g-api.service[102006]: DEBUG glance_store.location [None req-801c2bcc-22cd-4cec-896f-83c8cade5780 tempest-VolumesActionsTest-343546557 tempest-VolumesActionsTest-343546557-project-member] Registering scheme swift+http with {'store': , 'location_class': , 'store_entry': 'swift'} {{(pid=102006) register_scheme_map /opt/stack/data/venv/lib/python3.12/site-packages/glance_store/location.py:146}}
Jun 01 20:07:31.270301 np0000001898 devstack@g-api.service[102006]: DEBUG glance_store.location [None req-801c2bcc-22cd-4cec-896f-83c8cade5780 tempest-VolumesActionsTest-343546557 tempest-VolumesActionsTest-343546557-project-member] Registering scheme swift+config with {'store': , 'location_class': , 'store_entry': 'swift'} {{(pid=102006) register_scheme_map /opt/stack/data/venv/lib/python3.12/site-packages/glance_store/location.py:146}}
Jun 01 20:07:31.577781 np0000001898 devstack@g-api.service[102006]: DEBUG swiftclient [None req-801c2bcc-22cd-4cec-896f-83c8cade5780 tempest-VolumesActionsTest-343546557 tempest-VolumesActionsTest-343546557-project-member] REQ: curl -i https://10.4.3.70:8080/v1/AUTH_1e21fbb5bfdd4905a45fc94885169232/glance -I -H "X-Auth-Token: gAAAAABqHeaDpehx..." {{(pid=102006) http_log /opt/stack/data/venv/lib/python3.12/site-packages/swiftclient/client.py:160}}
Jun 01 20:07:31.577866 np0000001898 devstack@g-api.service[102006]: DEBUG swiftclient [None req-801c2bcc-22cd-4cec-896f-83c8cade5780 tempest-VolumesActionsTest-343546557 tempest-VolumesActionsTest-343546557-project-member] RESP STATUS: 204 No Content {{(pid=102006) http_log /opt/stack/data/venv/lib/python3.12/site-packages/swiftclient/client.py:161}}
Jun 01 20:07:31.578632 np0000001898 devstack@g-api.service[102006]: DEBUG swiftclient [None req-801c2bcc-22cd-4cec-896f-83c8cade5780 tempest-VolumesActionsTest-343546557 tempest-VolumesActionsTest-343546557-project-member] RESP HEADERS: {'Date': 'Mon, 01 Jun 2026 20:07:31 GMT', 'Server': 'Apache/2.4.58 (Ubuntu)', 'Content-Type': 'text/plain; charset=utf-8', 'X-Container-Object-Count': '3', 'X-Container-Bytes-Used': '64356352', 'X-Timestamp': '1780343848.23142', 'Last-Modified': 'Mon, 01 Jun 2026 19:57:29 GMT', 'Accept-Ranges': 'bytes', 'X-Storage-Policy': 'Policy-0', 'X-Container-Sharding': 'False', 'Vary': 'Accept', 'X-Trans-Id': 'txd041009c90704a8c98287-006a1de683', 'X-Openstack-Request-Id': 'txd041009c90704a8c98287-006a1de683', 'Connection': 'close'} {{(pid=102006) http_log /opt/stack/data/venv/lib/python3.12/site-packages/swiftclient/client.py:162}}
Jun 01 20:07:31.578632 np0000001898 devstack@g-api.service[102006]: DEBUG glance_store._drivers.swift.store [None req-801c2bcc-22cd-4cec-896f-83c8cade5780 tempest-VolumesActionsTest-343546557 tempest-VolumesActionsTest-343546557-project-member] Adding image object 'a4ba3be0-3a56-4b6c-ba42-56613bb82f82' to Swift {{(pid=102006) add /opt/stack/data/venv/lib/python3.12/site-packages/glance_store/_drivers/swift/store.py:970}}
Jun 01 20:07:31.578632 np0000001898 devstack@g-api.service[102006]: DEBUG glance_store._drivers.swift.store [None req-801c2bcc-22cd-4cec-896f-83c8cade5780 tempest-VolumesActionsTest-343546557 tempest-VolumesActionsTest-343546557-project-member] Cannot determine image size because it is either not provided in the request or chunked-transfer encoding is used. Adding image as a segmented object to Swift. {{(pid=102006) add /opt/stack/data/venv/lib/python3.12/site-packages/glance_store/_drivers/swift/store.py:994}}
Jun 01 20:07:31.587920 np0000001898 devstack@g-api.service[102006]: DEBUG oslo_utils.imageutils.format_inspector [None req-801c2bcc-22cd-4cec-896f-83c8cade5780 tempest-VolumesActionsTest-343546557 tempest-VolumesActionsTest-343546557-project-member] Format inspector for vmdk does not match, excluding from consideration (Signature KDMV not found: b'\x00\x00\x00\x00') {{(pid=102006) _process_chunk /opt/stack/data/venv/lib/python3.12/site-packages/oslo_utils/imageutils/format_inspector.py:1758}}
Jun 01 20:07:31.595434 np0000001898 devstack@g-api.service[102006]: DEBUG oslo_utils.imageutils.format_inspector [None req-801c2bcc-22cd-4cec-896f-83c8cade5780 tempest-VolumesActionsTest-343546557 tempest-VolumesActionsTest-343546557-project-member] Format inspector for vhdx does not match, excluding from consideration (Region signature not found at 30000) {{(pid=102006) _process_chunk /opt/stack/data/venv/lib/python3.12/site-packages/oslo_utils/imageutils/format_inspector.py:1758}}
Jun 01 20:07:32.135259 np0000001898 devstack@g-api.service[102007]: DEBUG glance.api.middleware.version_negotiation [None req-e815d30e-1311-4a32-9226-401c02df8501 tempest-VolumesActionsTest-343546557 tempest-VolumesActionsTest-343546557-project-member] Determining version of request: GET /v2/images/a4ba3be0-3a56-4b6c-ba42-56613bb82f82 Accept: application/json {{(pid=102007) process_request /opt/stack/glance/glance/api/middleware/version_negotiation.py:44}}
Jun 01 20:07:32.135259 np0000001898 devstack@g-api.service[102007]: DEBUG glance.api.middleware.version_negotiation [None req-e815d30e-1311-4a32-9226-401c02df8501 tempest-VolumesActionsTest-343546557 tempest-VolumesActionsTest-343546557-project-member] Using url versioning {{(pid=102007) process_request /opt/stack/glance/glance/api/middleware/version_negotiation.py:57}}
Jun 01 20:07:32.135259 np0000001898 devstack@g-api.service[102007]: DEBUG glance.api.middleware.version_negotiation [None req-e815d30e-1311-4a32-9226-401c02df8501 tempest-VolumesActionsTest-343546557 tempest-VolumesActionsTest-343546557-project-member] Matched version: v2 {{(pid=102007) process_request /opt/stack/glance/glance/api/middleware/version_negotiation.py:69}}
Jun 01 20:07:32.135259 np0000001898 devstack@g-api.service[102007]: DEBUG glance.api.middleware.version_negotiation [None req-e815d30e-1311-4a32-9226-401c02df8501 tempest-VolumesActionsTest-343546557 tempest-VolumesActionsTest-343546557-project-member] new path /v2/images/a4ba3be0-3a56-4b6c-ba42-56613bb82f82 {{(pid=102007) process_request /opt/stack/glance/glance/api/middleware/version_negotiation.py:70}}
Jun 01 20:07:32.158220 np0000001898 devstack@g-api.service[102007]: [pid: 102007|app: 0|req: 160/470] 127.0.0.1 () {40 vars in 834 bytes} [Mon Jun 1 20:07:32 2026] GET /v2/images/a4ba3be0-3a56-4b6c-ba42-56613bb82f82 => generated 650 bytes in 24 msecs (HTTP/1.1 200) 4 headers in 157 bytes (1 switches on core 0)
Jun 01 20:07:33.174794 np0000001898 devstack@g-api.service[102008]: DEBUG glance.api.middleware.version_negotiation [None req-68ae10a2-287a-43e4-9125-72b25f018b07 tempest-VolumesActionsTest-343546557 tempest-VolumesActionsTest-343546557-project-member] Determining version of request: GET /v2/images/a4ba3be0-3a56-4b6c-ba42-56613bb82f82 Accept: application/json {{(pid=102008) process_request /opt/stack/glance/glance/api/middleware/version_negotiation.py:44}}
Jun 01 20:07:33.174794 np0000001898 devstack@g-api.service[102008]: DEBUG glance.api.middleware.version_negotiation [None req-68ae10a2-287a-43e4-9125-72b25f018b07 tempest-VolumesActionsTest-343546557 tempest-VolumesActionsTest-343546557-project-member] Using url versioning {{(pid=102008) process_request /opt/stack/glance/glance/api/middleware/version_negotiation.py:57}}
Jun 01 20:07:33.174794 np0000001898 devstack@g-api.service[102008]: DEBUG glance.api.middleware.version_negotiation [None req-68ae10a2-287a-43e4-9125-72b25f018b07 tempest-VolumesActionsTest-343546557 tempest-VolumesActionsTest-343546557-project-member] Matched version: v2 {{(pid=102008) process_request /opt/stack/glance/glance/api/middleware/version_negotiation.py:69}}
Jun 01 20:07:33.174794 np0000001898 devstack@g-api.service[102008]: DEBUG glance.api.middleware.version_negotiation [None req-68ae10a2-287a-43e4-9125-72b25f018b07 tempest-VolumesActionsTest-343546557 tempest-VolumesActionsTest-343546557-project-member] new path /v2/images/a4ba3be0-3a56-4b6c-ba42-56613bb82f82 {{(pid=102008) process_request /opt/stack/glance/glance/api/middleware/version_negotiation.py:70}}
Jun 01 20:07:33.192665 np0000001898 devstack@g-api.service[102008]: [pid: 102008|app: 0|req: 162/471] 127.0.0.1 () {40 vars in 834 bytes} [Mon Jun 1 20:07:33 2026] GET /v2/images/a4ba3be0-3a56-4b6c-ba42-56613bb82f82 => generated 650 bytes in 19 msecs (HTTP/1.1 200) 4 headers in 157 bytes (1 switches on core 0)
Jun 01 20:07:34.210029 np0000001898 devstack@g-api.service[102007]: DEBUG glance.api.middleware.version_negotiation [None req-e17b49e1-cefc-4d87-8d70-8cfc95301e6b tempest-VolumesActionsTest-343546557 tempest-VolumesActionsTest-343546557-project-member] Determining version of request: GET /v2/images/a4ba3be0-3a56-4b6c-ba42-56613bb82f82 Accept: application/json {{(pid=102007) process_request /opt/stack/glance/glance/api/middleware/version_negotiation.py:44}}
Jun 01 20:07:34.210422 np0000001898 devstack@g-api.service[102007]: DEBUG glance.api.middleware.version_negotiation [None req-e17b49e1-cefc-4d87-8d70-8cfc95301e6b tempest-VolumesActionsTest-343546557 tempest-VolumesActionsTest-343546557-project-member] Using url versioning {{(pid=102007) process_request /opt/stack/glance/glance/api/middleware/version_negotiation.py:57}}
Jun 01 20:07:34.210660 np0000001898 devstack@g-api.service[102007]: DEBUG glance.api.middleware.version_negotiation [None req-e17b49e1-cefc-4d87-8d70-8cfc95301e6b tempest-VolumesActionsTest-343546557 tempest-VolumesActionsTest-343546557-project-member] Matched version: v2 {{(pid=102007) process_request /opt/stack/glance/glance/api/middleware/version_negotiation.py:69}}
Jun 01 20:07:34.210808 np0000001898 devstack@g-api.service[102007]: DEBUG glance.api.middleware.version_negotiation [None req-e17b49e1-cefc-4d87-8d70-8cfc95301e6b tempest-VolumesActionsTest-343546557 tempest-VolumesActionsTest-343546557-project-member] new path /v2/images/a4ba3be0-3a56-4b6c-ba42-56613bb82f82 {{(pid=102007) process_request /opt/stack/glance/glance/api/middleware/version_negotiation.py:70}}
Jun 01 20:07:34.229769 np0000001898 devstack@g-api.service[102007]: [pid: 102007|app: 0|req: 161/472] 127.0.0.1 () {40 vars in 834 bytes} [Mon Jun 1 20:07:34 2026] GET /v2/images/a4ba3be0-3a56-4b6c-ba42-56613bb82f82 => generated 650 bytes in 20 msecs (HTTP/1.1 200) 4 headers in 157 bytes (1 switches on core 0)
Jun 01 20:07:34.359535 np0000001898 devstack@g-api.service[102006]: DEBUG swiftclient [None req-801c2bcc-22cd-4cec-896f-83c8cade5780 tempest-VolumesActionsTest-343546557 tempest-VolumesActionsTest-343546557-project-member] REQ: curl -i https://10.4.3.70:8080/v1/AUTH_1e21fbb5bfdd4905a45fc94885169232/glance/a4ba3be0-3a56-4b6c-ba42-56613bb82f82-00001 -X PUT -H "X-Auth-Token: gAAAAABqHeaDpehx..." {{(pid=102006) http_log /opt/stack/data/venv/lib/python3.12/site-packages/swiftclient/client.py:160}}
Jun 01 20:07:34.359535 np0000001898 devstack@g-api.service[102006]: DEBUG swiftclient [None req-801c2bcc-22cd-4cec-896f-83c8cade5780 tempest-VolumesActionsTest-343546557 tempest-VolumesActionsTest-343546557-project-member] RESP STATUS: 201 Created {{(pid=102006) http_log /opt/stack/data/venv/lib/python3.12/site-packages/swiftclient/client.py:161}}
Jun 01 20:07:34.359535 np0000001898 devstack@g-api.service[102006]: DEBUG swiftclient [None req-801c2bcc-22cd-4cec-896f-83c8cade5780 tempest-VolumesActionsTest-343546557 tempest-VolumesActionsTest-343546557-project-member] RESP HEADERS: {'Date': 'Mon, 01 Jun 2026 20:07:34 GMT', 'Server': 'Apache/2.4.58 (Ubuntu)', 'Content-Type': 'text/html; charset=UTF-8', 'Content-Length': '0', 'Etag': 'eda9a9889837ac4bc81d6387d92c1bec', 'Last-Modified': 'Mon, 01 Jun 2026 20:07:32 GMT', 'X-Trans-Id': 'txf921427cf11f4b47b4914-006a1de683', 'X-Openstack-Request-Id': 'txf921427cf11f4b47b4914-006a1de683', 'Connection': 'close'} {{(pid=102006) http_log /opt/stack/data/venv/lib/python3.12/site-packages/swiftclient/client.py:162}}
Jun 01 20:07:34.359535 np0000001898 devstack@g-api.service[102006]: DEBUG glance_store._drivers.swift.store [None req-801c2bcc-22cd-4cec-896f-83c8cade5780 tempest-VolumesActionsTest-343546557 tempest-VolumesActionsTest-343546557-project-member] Wrote chunk a4ba3be0-3a56-4b6c-ba42-56613bb82f82-00001 (1/?) of length 204800000 to Swift returning MD5 of content: eda9a9889837ac4bc81d6387d92c1bec {{(pid=102006) add /opt/stack/data/venv/lib/python3.12/site-packages/glance_store/_drivers/swift/store.py:1059}}
Jun 01 20:07:35.246403 np0000001898 devstack@g-api.service[102008]: DEBUG glance.api.middleware.version_negotiation [None req-818bdf8f-3be1-4e57-8839-3aa5a02d10e4 tempest-VolumesActionsTest-343546557 tempest-VolumesActionsTest-343546557-project-member] Determining version of request: GET /v2/images/a4ba3be0-3a56-4b6c-ba42-56613bb82f82 Accept: application/json {{(pid=102008) process_request /opt/stack/glance/glance/api/middleware/version_negotiation.py:44}}
Jun 01 20:07:35.246403 np0000001898 devstack@g-api.service[102008]: DEBUG glance.api.middleware.version_negotiation [None req-818bdf8f-3be1-4e57-8839-3aa5a02d10e4 tempest-VolumesActionsTest-343546557 tempest-VolumesActionsTest-343546557-project-member] Using url versioning {{(pid=102008) process_request /opt/stack/glance/glance/api/middleware/version_negotiation.py:57}}
Jun 01 20:07:35.246403 np0000001898 devstack@g-api.service[102008]: DEBUG glance.api.middleware.version_negotiation [None req-818bdf8f-3be1-4e57-8839-3aa5a02d10e4 tempest-VolumesActionsTest-343546557 tempest-VolumesActionsTest-343546557-project-member] Matched version: v2 {{(pid=102008) process_request /opt/stack/glance/glance/api/middleware/version_negotiation.py:69}}
Jun 01 20:07:35.246403 np0000001898 devstack@g-api.service[102008]: DEBUG glance.api.middleware.version_negotiation [None req-818bdf8f-3be1-4e57-8839-3aa5a02d10e4 tempest-VolumesActionsTest-343546557 tempest-VolumesActionsTest-343546557-project-member] new path /v2/images/a4ba3be0-3a56-4b6c-ba42-56613bb82f82 {{(pid=102008) process_request /opt/stack/glance/glance/api/middleware/version_negotiation.py:70}}
Jun 01 20:07:35.261759 np0000001898 devstack@g-api.service[102008]: [pid: 102008|app: 0|req: 163/473] 127.0.0.1 () {40 vars in 834 bytes} [Mon Jun 1 20:07:35 2026] GET /v2/images/a4ba3be0-3a56-4b6c-ba42-56613bb82f82 => generated 650 bytes in 19 msecs (HTTP/1.1 200) 4 headers in 157 bytes (1 switches on core 0)
Jun 01 20:07:36.272556 np0000001898 devstack@g-api.service[102007]: DEBUG glance.api.middleware.version_negotiation [None req-99385d4b-fdd1-48fd-8284-406d72087cf5 tempest-VolumesActionsTest-343546557 tempest-VolumesActionsTest-343546557-project-member] Determining version of request: GET /v2/images/a4ba3be0-3a56-4b6c-ba42-56613bb82f82 Accept: application/json {{(pid=102007) process_request /opt/stack/glance/glance/api/middleware/version_negotiation.py:44}}
Jun 01 20:07:36.272556 np0000001898 devstack@g-api.service[102007]: DEBUG glance.api.middleware.version_negotiation [None req-99385d4b-fdd1-48fd-8284-406d72087cf5 tempest-VolumesActionsTest-343546557 tempest-VolumesActionsTest-343546557-project-member] Using url versioning {{(pid=102007) process_request /opt/stack/glance/glance/api/middleware/version_negotiation.py:57}}
Jun 01 20:07:36.272556 np0000001898 devstack@g-api.service[102007]: DEBUG glance.api.middleware.version_negotiation [None req-99385d4b-fdd1-48fd-8284-406d72087cf5 tempest-VolumesActionsTest-343546557 tempest-VolumesActionsTest-343546557-project-member] Matched version: v2 {{(pid=102007) process_request /opt/stack/glance/glance/api/middleware/version_negotiation.py:69}}
Jun 01 20:07:36.273081 np0000001898 devstack@g-api.service[102007]: DEBUG glance.api.middleware.version_negotiation [None req-99385d4b-fdd1-48fd-8284-406d72087cf5 tempest-VolumesActionsTest-343546557 tempest-VolumesActionsTest-343546557-project-member] new path /v2/images/a4ba3be0-3a56-4b6c-ba42-56613bb82f82 {{(pid=102007) process_request /opt/stack/glance/glance/api/middleware/version_negotiation.py:70}}
Jun 01 20:07:36.298422 np0000001898 devstack@g-api.service[102007]: [pid: 102007|app: 0|req: 162/474] 127.0.0.1 () {40 vars in 834 bytes} [Mon Jun 1 20:07:36 2026] GET /v2/images/a4ba3be0-3a56-4b6c-ba42-56613bb82f82 => generated 650 bytes in 25 msecs (HTTP/1.1 200) 4 headers in 157 bytes (1 switches on core 0)
Jun 01 20:07:36.611136 np0000001898 devstack@g-api.service[102006]: DEBUG swiftclient [None req-801c2bcc-22cd-4cec-896f-83c8cade5780 tempest-VolumesActionsTest-343546557 tempest-VolumesActionsTest-343546557-project-member] REQ: curl -i https://10.4.3.70:8080/v1/AUTH_1e21fbb5bfdd4905a45fc94885169232/glance/a4ba3be0-3a56-4b6c-ba42-56613bb82f82-00002 -X PUT -H "X-Auth-Token: gAAAAABqHeaDpehx..." {{(pid=102006) http_log /opt/stack/data/venv/lib/python3.12/site-packages/swiftclient/client.py:160}}
Jun 01 20:07:36.611406 np0000001898 devstack@g-api.service[102006]: DEBUG swiftclient [None req-801c2bcc-22cd-4cec-896f-83c8cade5780 tempest-VolumesActionsTest-343546557 tempest-VolumesActionsTest-343546557-project-member] RESP STATUS: 201 Created {{(pid=102006) http_log /opt/stack/data/venv/lib/python3.12/site-packages/swiftclient/client.py:161}}
Jun 01 20:07:36.611440 np0000001898 devstack@g-api.service[102006]: DEBUG swiftclient [None req-801c2bcc-22cd-4cec-896f-83c8cade5780 tempest-VolumesActionsTest-343546557 tempest-VolumesActionsTest-343546557-project-member] RESP HEADERS: {'Date': 'Mon, 01 Jun 2026 20:07:36 GMT', 'Server': 'Apache/2.4.58 (Ubuntu)', 'Content-Type': 'text/html; charset=UTF-8', 'Content-Length': '0', 'Etag': 'eda9a9889837ac4bc81d6387d92c1bec', 'Last-Modified': 'Mon, 01 Jun 2026 20:07:35 GMT', 'X-Trans-Id': 'txe8eedd1609fe4ac5837e7-006a1de686', 'X-Openstack-Request-Id': 'txe8eedd1609fe4ac5837e7-006a1de686', 'Connection': 'close'} {{(pid=102006) http_log /opt/stack/data/venv/lib/python3.12/site-packages/swiftclient/client.py:162}}
Jun 01 20:07:36.611575 np0000001898 devstack@g-api.service[102006]: DEBUG glance_store._drivers.swift.store [None req-801c2bcc-22cd-4cec-896f-83c8cade5780 tempest-VolumesActionsTest-343546557 tempest-VolumesActionsTest-343546557-project-member] Wrote chunk a4ba3be0-3a56-4b6c-ba42-56613bb82f82-00002 (2/?) of length 204800000 to Swift returning MD5 of content: eda9a9889837ac4bc81d6387d92c1bec {{(pid=102006) add /opt/stack/data/venv/lib/python3.12/site-packages/glance_store/_drivers/swift/store.py:1059}}
Jun 01 20:07:37.312302 np0000001898 devstack@g-api.service[102008]: DEBUG glance.api.middleware.version_negotiation [None req-1312ed7d-07a2-4c95-bade-8441edaa7b30 tempest-VolumesActionsTest-343546557 tempest-VolumesActionsTest-343546557-project-member] Determining version of request: GET /v2/images/a4ba3be0-3a56-4b6c-ba42-56613bb82f82 Accept: application/json {{(pid=102008) process_request /opt/stack/glance/glance/api/middleware/version_negotiation.py:44}}
Jun 01 20:07:37.313256 np0000001898 devstack@g-api.service[102008]: DEBUG glance.api.middleware.version_negotiation [None req-1312ed7d-07a2-4c95-bade-8441edaa7b30 tempest-VolumesActionsTest-343546557 tempest-VolumesActionsTest-343546557-project-member] Using url versioning {{(pid=102008) process_request /opt/stack/glance/glance/api/middleware/version_negotiation.py:57}}
Jun 01 20:07:37.313414 np0000001898 devstack@g-api.service[102008]: DEBUG glance.api.middleware.version_negotiation [None req-1312ed7d-07a2-4c95-bade-8441edaa7b30 tempest-VolumesActionsTest-343546557 tempest-VolumesActionsTest-343546557-project-member] Matched version: v2 {{(pid=102008) process_request /opt/stack/glance/glance/api/middleware/version_negotiation.py:69}}
Jun 01 20:07:37.313521 np0000001898 devstack@g-api.service[102008]: DEBUG glance.api.middleware.version_negotiation [None req-1312ed7d-07a2-4c95-bade-8441edaa7b30 tempest-VolumesActionsTest-343546557 tempest-VolumesActionsTest-343546557-project-member] new path /v2/images/a4ba3be0-3a56-4b6c-ba42-56613bb82f82 {{(pid=102008) process_request /opt/stack/glance/glance/api/middleware/version_negotiation.py:70}}
Jun 01 20:07:37.331246 np0000001898 devstack@g-api.service[102008]: [pid: 102008|app: 0|req: 164/475] 127.0.0.1 () {40 vars in 834 bytes} [Mon Jun 1 20:07:37 2026] GET /v2/images/a4ba3be0-3a56-4b6c-ba42-56613bb82f82 => generated 650 bytes in 19 msecs (HTTP/1.1 200) 4 headers in 157 bytes (1 switches on core 0)
Jun 01 20:07:38.345326 np0000001898 devstack@g-api.service[102007]: DEBUG glance.api.middleware.version_negotiation [None req-01bff401-de10-428d-beec-1d0810e7b07a tempest-VolumesActionsTest-343546557 tempest-VolumesActionsTest-343546557-project-member] Determining version of request: GET /v2/images/a4ba3be0-3a56-4b6c-ba42-56613bb82f82 Accept: application/json {{(pid=102007) process_request /opt/stack/glance/glance/api/middleware/version_negotiation.py:44}}
Jun 01 20:07:38.346333 np0000001898 devstack@g-api.service[102007]: DEBUG glance.api.middleware.version_negotiation [None req-01bff401-de10-428d-beec-1d0810e7b07a tempest-VolumesActionsTest-343546557 tempest-VolumesActionsTest-343546557-project-member] Using url versioning {{(pid=102007) process_request /opt/stack/glance/glance/api/middleware/version_negotiation.py:57}}
Jun 01 20:07:38.346333 np0000001898 devstack@g-api.service[102007]: DEBUG glance.api.middleware.version_negotiation [None req-01bff401-de10-428d-beec-1d0810e7b07a tempest-VolumesActionsTest-343546557 tempest-VolumesActionsTest-343546557-project-member] Matched version: v2 {{(pid=102007) process_request /opt/stack/glance/glance/api/middleware/version_negotiation.py:69}}
Jun 01 20:07:38.346333 np0000001898 devstack@g-api.service[102007]: DEBUG glance.api.middleware.version_negotiation [None req-01bff401-de10-428d-beec-1d0810e7b07a tempest-VolumesActionsTest-343546557 tempest-VolumesActionsTest-343546557-project-member] new path /v2/images/a4ba3be0-3a56-4b6c-ba42-56613bb82f82 {{(pid=102007) process_request /opt/stack/glance/glance/api/middleware/version_negotiation.py:70}}
Jun 01 20:07:38.362504 np0000001898 devstack@g-api.service[102007]: [pid: 102007|app: 0|req: 163/476] 127.0.0.1 () {40 vars in 834 bytes} [Mon Jun 1 20:07:38 2026] GET /v2/images/a4ba3be0-3a56-4b6c-ba42-56613bb82f82 => generated 650 bytes in 18 msecs (HTTP/1.1 200) 4 headers in 157 bytes (1 switches on core 0)
Jun 01 20:07:38.979010 np0000001898 devstack@g-api.service[102006]: DEBUG swiftclient [None req-801c2bcc-22cd-4cec-896f-83c8cade5780 tempest-VolumesActionsTest-343546557 tempest-VolumesActionsTest-343546557-project-member] REQ: curl -i https://10.4.3.70:8080/v1/AUTH_1e21fbb5bfdd4905a45fc94885169232/glance/a4ba3be0-3a56-4b6c-ba42-56613bb82f82-00003 -X PUT -H "X-Auth-Token: gAAAAABqHeaDpehx..." {{(pid=102006) http_log /opt/stack/data/venv/lib/python3.12/site-packages/swiftclient/client.py:160}}
Jun 01 20:07:38.979571 np0000001898 devstack@g-api.service[102006]: DEBUG swiftclient [None req-801c2bcc-22cd-4cec-896f-83c8cade5780 tempest-VolumesActionsTest-343546557 tempest-VolumesActionsTest-343546557-project-member] RESP STATUS: 201 Created {{(pid=102006) http_log /opt/stack/data/venv/lib/python3.12/site-packages/swiftclient/client.py:161}}
Jun 01 20:07:38.979571 np0000001898 devstack@g-api.service[102006]: DEBUG swiftclient [None req-801c2bcc-22cd-4cec-896f-83c8cade5780 tempest-VolumesActionsTest-343546557 tempest-VolumesActionsTest-343546557-project-member] RESP HEADERS: {'Date': 'Mon, 01 Jun 2026 20:07:38 GMT', 'Server': 'Apache/2.4.58 (Ubuntu)', 'Content-Type': 'text/html; charset=UTF-8', 'Content-Length': '0', 'Etag': 'eda9a9889837ac4bc81d6387d92c1bec', 'Last-Modified': 'Mon, 01 Jun 2026 20:07:37 GMT', 'X-Trans-Id': 'tx59c804921c5b4ada95ae7-006a1de688', 'X-Openstack-Request-Id': 'tx59c804921c5b4ada95ae7-006a1de688', 'Connection': 'close'} {{(pid=102006) http_log /opt/stack/data/venv/lib/python3.12/site-packages/swiftclient/client.py:162}}
Jun 01 20:07:38.979571 np0000001898 devstack@g-api.service[102006]: DEBUG glance_store._drivers.swift.store [None req-801c2bcc-22cd-4cec-896f-83c8cade5780 tempest-VolumesActionsTest-343546557 tempest-VolumesActionsTest-343546557-project-member] Wrote chunk a4ba3be0-3a56-4b6c-ba42-56613bb82f82-00003 (3/?) of length 204800000 to Swift returning MD5 of content: eda9a9889837ac4bc81d6387d92c1bec {{(pid=102006) add /opt/stack/data/venv/lib/python3.12/site-packages/glance_store/_drivers/swift/store.py:1059}}
Jun 01 20:07:39.373179 np0000001898 devstack@g-api.service[102008]: DEBUG glance.api.middleware.version_negotiation [None req-82845545-d8e9-48f2-8e9c-502a4a52ef77 tempest-VolumesActionsTest-343546557 tempest-VolumesActionsTest-343546557-project-member] Determining version of request: GET /v2/images/a4ba3be0-3a56-4b6c-ba42-56613bb82f82 Accept: application/json {{(pid=102008) process_request /opt/stack/glance/glance/api/middleware/version_negotiation.py:44}}
Jun 01 20:07:39.374968 np0000001898 devstack@g-api.service[102008]: DEBUG glance.api.middleware.version_negotiation [None req-82845545-d8e9-48f2-8e9c-502a4a52ef77 tempest-VolumesActionsTest-343546557 tempest-VolumesActionsTest-343546557-project-member] Using url versioning {{(pid=102008) process_request /opt/stack/glance/glance/api/middleware/version_negotiation.py:57}}
Jun 01 20:07:39.375399 np0000001898 devstack@g-api.service[102008]: DEBUG glance.api.middleware.version_negotiation [None req-82845545-d8e9-48f2-8e9c-502a4a52ef77 tempest-VolumesActionsTest-343546557 tempest-VolumesActionsTest-343546557-project-member] Matched version: v2 {{(pid=102008) process_request /opt/stack/glance/glance/api/middleware/version_negotiation.py:69}}
Jun 01 20:07:39.375896 np0000001898 devstack@g-api.service[102008]: DEBUG glance.api.middleware.version_negotiation [None req-82845545-d8e9-48f2-8e9c-502a4a52ef77 tempest-VolumesActionsTest-343546557 tempest-VolumesActionsTest-343546557-project-member] new path /v2/images/a4ba3be0-3a56-4b6c-ba42-56613bb82f82 {{(pid=102008) process_request /opt/stack/glance/glance/api/middleware/version_negotiation.py:70}}
Jun 01 20:07:39.390261 np0000001898 devstack@g-api.service[102008]: [pid: 102008|app: 0|req: 165/477] 127.0.0.1 () {40 vars in 834 bytes} [Mon Jun 1 20:07:39 2026] GET /v2/images/a4ba3be0-3a56-4b6c-ba42-56613bb82f82 => generated 650 bytes in 17 msecs (HTTP/1.1 200) 4 headers in 157 bytes (1 switches on core 0)
Jun 01 20:07:40.401821 np0000001898 devstack@g-api.service[102007]: DEBUG glance.api.middleware.version_negotiation [None req-e97f52af-0831-4234-9eff-a523795514c3 tempest-VolumesActionsTest-343546557 tempest-VolumesActionsTest-343546557-project-member] Determining version of request: GET /v2/images/a4ba3be0-3a56-4b6c-ba42-56613bb82f82 Accept: application/json {{(pid=102007) process_request /opt/stack/glance/glance/api/middleware/version_negotiation.py:44}}
Jun 01 20:07:40.402075 np0000001898 devstack@g-api.service[102007]: DEBUG glance.api.middleware.version_negotiation [None req-e97f52af-0831-4234-9eff-a523795514c3 tempest-VolumesActionsTest-343546557 tempest-VolumesActionsTest-343546557-project-member] Using url versioning {{(pid=102007) process_request /opt/stack/glance/glance/api/middleware/version_negotiation.py:57}}
Jun 01 20:07:40.402112 np0000001898 devstack@g-api.service[102007]: DEBUG glance.api.middleware.version_negotiation [None req-e97f52af-0831-4234-9eff-a523795514c3 tempest-VolumesActionsTest-343546557 tempest-VolumesActionsTest-343546557-project-member] Matched version: v2 {{(pid=102007) process_request /opt/stack/glance/glance/api/middleware/version_negotiation.py:69}}
Jun 01 20:07:40.402252 np0000001898 devstack@g-api.service[102007]: DEBUG glance.api.middleware.version_negotiation [None req-e97f52af-0831-4234-9eff-a523795514c3 tempest-VolumesActionsTest-343546557 tempest-VolumesActionsTest-343546557-project-member] new path /v2/images/a4ba3be0-3a56-4b6c-ba42-56613bb82f82 {{(pid=102007) process_request /opt/stack/glance/glance/api/middleware/version_negotiation.py:70}}
Jun 01 20:07:40.420519 np0000001898 devstack@g-api.service[102007]: [pid: 102007|app: 0|req: 164/478] 127.0.0.1 () {40 vars in 834 bytes} [Mon Jun 1 20:07:40 2026] GET /v2/images/a4ba3be0-3a56-4b6c-ba42-56613bb82f82 => generated 650 bytes in 20 msecs (HTTP/1.1 200) 4 headers in 157 bytes (1 switches on core 0)
Jun 01 20:07:41.213048 np0000001898 devstack@g-api.service[102006]: DEBUG swiftclient [None req-801c2bcc-22cd-4cec-896f-83c8cade5780 tempest-VolumesActionsTest-343546557 tempest-VolumesActionsTest-343546557-project-member] REQ: curl -i https://10.4.3.70:8080/v1/AUTH_1e21fbb5bfdd4905a45fc94885169232/glance/a4ba3be0-3a56-4b6c-ba42-56613bb82f82-00004 -X PUT -H "X-Auth-Token: gAAAAABqHeaDpehx..." {{(pid=102006) http_log /opt/stack/data/venv/lib/python3.12/site-packages/swiftclient/client.py:160}}
Jun 01 20:07:41.213401 np0000001898 devstack@g-api.service[102006]: DEBUG swiftclient [None req-801c2bcc-22cd-4cec-896f-83c8cade5780 tempest-VolumesActionsTest-343546557 tempest-VolumesActionsTest-343546557-project-member] RESP STATUS: 201 Created {{(pid=102006) http_log /opt/stack/data/venv/lib/python3.12/site-packages/swiftclient/client.py:161}}
