Jun 26 21:51:28.727084 np0000003800 nova-scheduler[96379]: DEBUG cotyledon.oslo_config_glue [-] profiler.hmac_keys = **** {{(pid=96379) log_opt_values /opt/stack/data/venv/lib/python3.12/site-packages/oslo_config/cfg.py:3253}}
Jun 26 21:51:28.727084 np0000003800 nova-scheduler[96379]: DEBUG cotyledon.oslo_config_glue [-] profiler.sentinel_service_name = mymaster {{(pid=96379) log_opt_values /opt/stack/data/venv/lib/python3.12/site-packages/oslo_config/cfg.py:3253}}
Jun 26 21:51:28.727084 np0000003800 nova-scheduler[96379]: DEBUG cotyledon.oslo_config_glue [-] profiler.socket_timeout = 0.1 {{(pid=96379) log_opt_values /opt/stack/data/venv/lib/python3.12/site-packages/oslo_config/cfg.py:3253}}
Jun 26 21:51:28.727084 np0000003800 nova-scheduler[96379]: DEBUG cotyledon.oslo_config_glue [-] profiler.trace_requests = False {{(pid=96379) log_opt_values /opt/stack/data/venv/lib/python3.12/site-packages/oslo_config/cfg.py:3253}}
Jun 26 21:51:28.727084 np0000003800 nova-scheduler[96379]: DEBUG cotyledon.oslo_config_glue [-] profiler.trace_sqlalchemy = False {{(pid=96379) log_opt_values /opt/stack/data/venv/lib/python3.12/site-packages/oslo_config/cfg.py:3253}}
Jun 26 21:51:28.727084 np0000003800 nova-scheduler[96379]: DEBUG cotyledon.oslo_config_glue [-] profiler_jaeger.process_tags = {} {{(pid=96379) log_opt_values /opt/stack/data/venv/lib/python3.12/site-packages/oslo_config/cfg.py:3253}}
Jun 26 21:51:28.727084 np0000003800 nova-scheduler[96379]: DEBUG cotyledon.oslo_config_glue [-] profiler_jaeger.service_name_prefix = None {{(pid=96379) log_opt_values /opt/stack/data/venv/lib/python3.12/site-packages/oslo_config/cfg.py:3253}}
Jun 26 21:51:28.727398 np0000003800 nova-scheduler[96379]: DEBUG cotyledon.oslo_config_glue [-] profiler_otlp.service_name_prefix = None {{(pid=96379) log_opt_values /opt/stack/data/venv/lib/python3.12/site-packages/oslo_config/cfg.py:3253}}
Jun 26 21:51:28.727398 np0000003800 nova-scheduler[96379]: DEBUG cotyledon.oslo_config_glue [-] oslo_messaging_rabbit.amqp_auto_delete = False {{(pid=96379) log_opt_values /opt/stack/data/venv/lib/python3.12/site-packages/oslo_config/cfg.py:3253}}
Jun 26 21:51:28.727398 np0000003800 nova-scheduler[96379]: DEBUG cotyledon.oslo_config_glue [-] oslo_messaging_rabbit.amqp_durable_queues = False {{(pid=96379) log_opt_values /opt/stack/data/venv/lib/python3.12/site-packages/oslo_config/cfg.py:3253}}
Jun 26 21:51:28.727398 np0000003800 nova-scheduler[96379]: DEBUG cotyledon.oslo_config_glue [-] oslo_messaging_rabbit.conn_pool_min_size = 2 {{(pid=96379) log_opt_values /opt/stack/data/venv/lib/python3.12/site-packages/oslo_config/cfg.py:3253}}
Jun 26 21:51:28.727398 np0000003800 nova-scheduler[96379]: DEBUG cotyledon.oslo_config_glue [-] oslo_messaging_rabbit.conn_pool_ttl = 1200 {{(pid=96379) log_opt_values /opt/stack/data/venv/lib/python3.12/site-packages/oslo_config/cfg.py:3253}}
Jun 26 21:51:28.727398 np0000003800 nova-scheduler[96379]: DEBUG cotyledon.oslo_config_glue [-] oslo_messaging_rabbit.direct_mandatory_flag = True {{(pid=96379) log_opt_values /opt/stack/data/venv/lib/python3.12/site-packages/oslo_config/cfg.py:3253}}
Jun 26 21:51:28.727398 np0000003800 nova-scheduler[96379]: DEBUG cotyledon.oslo_config_glue [-] oslo_messaging_rabbit.enable_cancel_on_failover = False {{(pid=96379) log_opt_values /opt/stack/data/venv/lib/python3.12/site-packages/oslo_config/cfg.py:3253}}
Jun 26 21:51:28.727398 np0000003800 nova-scheduler[96379]: DEBUG cotyledon.oslo_config_glue [-] oslo_messaging_rabbit.heartbeat_rate = 3 {{(pid=96379) log_opt_values /opt/stack/data/venv/lib/python3.12/site-packages/oslo_config/cfg.py:3253}}
Jun 26 21:51:28.727398 np0000003800 nova-scheduler[96379]: DEBUG cotyledon.oslo_config_glue [-] oslo_messaging_rabbit.heartbeat_timeout_threshold = 60 {{(pid=96379) log_opt_values /opt/stack/data/venv/lib/python3.12/site-packages/oslo_config/cfg.py:3253}}
Jun 26 21:51:28.727735 np0000003800 nova-scheduler[96379]: DEBUG cotyledon.oslo_config_glue [-] oslo_messaging_rabbit.hostname = np0000003800 {{(pid=96379) log_opt_values /opt/stack/data/venv/lib/python3.12/site-packages/oslo_config/cfg.py:3253}}
Jun 26 21:51:28.727735 np0000003800 nova-scheduler[96379]: DEBUG cotyledon.oslo_config_glue [-] oslo_messaging_rabbit.kombu_compression = None {{(pid=96379) log_opt_values /opt/stack/data/venv/lib/python3.12/site-packages/oslo_config/cfg.py:3253}}
Jun 26 21:51:28.727735 np0000003800 nova-scheduler[96379]: DEBUG cotyledon.oslo_config_glue [-] oslo_messaging_rabbit.kombu_failover_strategy = round-robin {{(pid=96379) log_opt_values /opt/stack/data/venv/lib/python3.12/site-packages/oslo_config/cfg.py:3253}}
Jun 26 21:51:28.727735 np0000003800 nova-scheduler[96379]: DEBUG cotyledon.oslo_config_glue [-] oslo_messaging_rabbit.kombu_missing_consumer_retry_timeout = 60 {{(pid=96379) log_opt_values /opt/stack/data/venv/lib/python3.12/site-packages/oslo_config/cfg.py:3253}}
Jun 26 21:51:28.727735 np0000003800 nova-scheduler[96379]: DEBUG cotyledon.oslo_config_glue [-] oslo_messaging_rabbit.kombu_reconnect_delay = 1.0 {{(pid=96379) log_opt_values /opt/stack/data/venv/lib/python3.12/site-packages/oslo_config/cfg.py:3253}}
Jun 26 21:51:28.727735 np0000003800 nova-scheduler[96379]: DEBUG cotyledon.oslo_config_glue [-] oslo_messaging_rabbit.kombu_reconnect_splay = 0.0 {{(pid=96379) log_opt_values /opt/stack/data/venv/lib/python3.12/site-packages/oslo_config/cfg.py:3253}}
Jun 26 21:51:28.727735 np0000003800 nova-scheduler[96379]: DEBUG cotyledon.oslo_config_glue [-] oslo_messaging_rabbit.processname = nova-scheduler {{(pid=96379) log_opt_values /opt/stack/data/venv/lib/python3.12/site-packages/oslo_config/cfg.py:3253}}
Jun 26 21:51:28.727735 np0000003800 nova-scheduler[96379]: DEBUG cotyledon.oslo_config_glue [-] oslo_messaging_rabbit.rabbit_ha_queues = False {{(pid=96379) log_opt_values /opt/stack/data/venv/lib/python3.12/site-packages/oslo_config/cfg.py:3253}}
Jun 26 21:51:28.727735 np0000003800 nova-scheduler[96379]: DEBUG cotyledon.oslo_config_glue [-] oslo_messaging_rabbit.rabbit_interval_max = 30 {{(pid=96379) log_opt_values /opt/stack/data/venv/lib/python3.12/site-packages/oslo_config/cfg.py:3253}}
Jun 26 21:51:28.728091 np0000003800 nova-scheduler[96379]: DEBUG cotyledon.oslo_config_glue [-] oslo_messaging_rabbit.rabbit_login_method = AMQPLAIN {{(pid=96379) log_opt_values /opt/stack/data/venv/lib/python3.12/site-packages/oslo_config/cfg.py:3253}}
Jun 26 21:51:28.728091 np0000003800 nova-scheduler[96379]: DEBUG cotyledon.oslo_config_glue [-] oslo_messaging_rabbit.rabbit_qos_prefetch_count = 0 {{(pid=96379) log_opt_values /opt/stack/data/venv/lib/python3.12/site-packages/oslo_config/cfg.py:3253}}
Jun 26 21:51:28.728091 np0000003800 nova-scheduler[96379]: DEBUG cotyledon.oslo_config_glue [-] oslo_messaging_rabbit.rabbit_quorum_delivery_limit = 0 {{(pid=96379) log_opt_values /opt/stack/data/venv/lib/python3.12/site-packages/oslo_config/cfg.py:3253}}
Jun 26 21:51:28.728091 np0000003800 nova-scheduler[96379]: DEBUG cotyledon.oslo_config_glue [-] oslo_messaging_rabbit.rabbit_quorum_max_memory_bytes = 0 {{(pid=96379) log_opt_values /opt/stack/data/venv/lib/python3.12/site-packages/oslo_config/cfg.py:3253}}
Jun 26 21:51:28.728091 np0000003800 nova-scheduler[96379]: DEBUG cotyledon.oslo_config_glue [-] oslo_messaging_rabbit.rabbit_quorum_max_memory_length = 0 {{(pid=96379) log_opt_values /opt/stack/data/venv/lib/python3.12/site-packages/oslo_config/cfg.py:3253}}
Jun 26 21:51:28.728091 np0000003800 nova-scheduler[96379]: DEBUG cotyledon.oslo_config_glue [-] oslo_messaging_rabbit.rabbit_quorum_queue = False {{(pid=96379) log_opt_values /opt/stack/data/venv/lib/python3.12/site-packages/oslo_config/cfg.py:3253}}
Jun 26 21:51:28.728091 np0000003800 nova-scheduler[96379]: DEBUG cotyledon.oslo_config_glue [-] oslo_messaging_rabbit.rabbit_retry_backoff = 2 {{(pid=96379) log_opt_values /opt/stack/data/venv/lib/python3.12/site-packages/oslo_config/cfg.py:3253}}
Jun 26 21:51:28.728091 np0000003800 nova-scheduler[96379]: DEBUG cotyledon.oslo_config_glue [-] oslo_messaging_rabbit.rabbit_retry_interval = 1 {{(pid=96379) log_opt_values /opt/stack/data/venv/lib/python3.12/site-packages/oslo_config/cfg.py:3253}}
Jun 26 21:51:28.728091 np0000003800 nova-scheduler[96379]: DEBUG cotyledon.oslo_config_glue [-] oslo_messaging_rabbit.rabbit_stream_fanout = False {{(pid=96379) log_opt_values /opt/stack/data/venv/lib/python3.12/site-packages/oslo_config/cfg.py:3253}}
Jun 26 21:51:28.728366 np0000003800 nova-scheduler[96379]: DEBUG cotyledon.oslo_config_glue [-] oslo_messaging_rabbit.rabbit_transient_queues_ttl = 1800 {{(pid=96379) log_opt_values /opt/stack/data/venv/lib/python3.12/site-packages/oslo_config/cfg.py:3253}}
Jun 26 21:51:28.728366 np0000003800 nova-scheduler[96379]: DEBUG cotyledon.oslo_config_glue [-] oslo_messaging_rabbit.rabbit_transient_quorum_queue = False {{(pid=96379) log_opt_values /opt/stack/data/venv/lib/python3.12/site-packages/oslo_config/cfg.py:3253}}
Jun 26 21:51:28.728366 np0000003800 nova-scheduler[96379]: DEBUG cotyledon.oslo_config_glue [-] oslo_messaging_rabbit.rpc_conn_pool_size = 30 {{(pid=96379) log_opt_values /opt/stack/data/venv/lib/python3.12/site-packages/oslo_config/cfg.py:3253}}
Jun 26 21:51:28.728366 np0000003800 nova-scheduler[96379]: DEBUG cotyledon.oslo_config_glue [-] oslo_messaging_rabbit.ssl = False {{(pid=96379) log_opt_values /opt/stack/data/venv/lib/python3.12/site-packages/oslo_config/cfg.py:3253}}
Jun 26 21:51:28.728366 np0000003800 nova-scheduler[96379]: DEBUG cotyledon.oslo_config_glue [-] oslo_messaging_rabbit.ssl_ca_file = {{(pid=96379) log_opt_values /opt/stack/data/venv/lib/python3.12/site-packages/oslo_config/cfg.py:3253}}
Jun 26 21:51:28.728366 np0000003800 nova-scheduler[96379]: DEBUG cotyledon.oslo_config_glue [-] oslo_messaging_rabbit.ssl_cert_file = {{(pid=96379) log_opt_values /opt/stack/data/venv/lib/python3.12/site-packages/oslo_config/cfg.py:3253}}
Jun 26 21:51:28.728366 np0000003800 nova-scheduler[96379]: DEBUG cotyledon.oslo_config_glue [-] oslo_messaging_rabbit.ssl_enforce_fips_mode = False {{(pid=96379) log_opt_values /opt/stack/data/venv/lib/python3.12/site-packages/oslo_config/cfg.py:3253}}
Jun 26 21:51:28.728366 np0000003800 nova-scheduler[96379]: DEBUG cotyledon.oslo_config_glue [-] oslo_messaging_rabbit.ssl_enforce_hostname_verification = True {{(pid=96379) log_opt_values /opt/stack/data/venv/lib/python3.12/site-packages/oslo_config/cfg.py:3253}}
Jun 26 21:51:28.728366 np0000003800 nova-scheduler[96379]: DEBUG cotyledon.oslo_config_glue [-] oslo_messaging_rabbit.ssl_key_file = {{(pid=96379) log_opt_values /opt/stack/data/venv/lib/python3.12/site-packages/oslo_config/cfg.py:3253}}
Jun 26 21:51:28.728682 np0000003800 nova-scheduler[96379]: DEBUG cotyledon.oslo_config_glue [-] oslo_messaging_rabbit.ssl_version = {{(pid=96379) log_opt_values /opt/stack/data/venv/lib/python3.12/site-packages/oslo_config/cfg.py:3253}}
Jun 26 21:51:28.728682 np0000003800 nova-scheduler[96379]: DEBUG cotyledon.oslo_config_glue [-] oslo_messaging_rabbit.use_queue_manager = False {{(pid=96379) log_opt_values /opt/stack/data/venv/lib/python3.12/site-packages/oslo_config/cfg.py:3253}}
Jun 26 21:51:28.728682 np0000003800 nova-scheduler[96379]: DEBUG cotyledon.oslo_config_glue [-] oslo_messaging_notifications.driver = ['messagingv2'] {{(pid=96379) log_opt_values /opt/stack/data/venv/lib/python3.12/site-packages/oslo_config/cfg.py:3253}}
Jun 26 21:51:28.728682 np0000003800 nova-scheduler[96379]: DEBUG cotyledon.oslo_config_glue [-] oslo_messaging_notifications.retry = -1 {{(pid=96379) log_opt_values /opt/stack/data/venv/lib/python3.12/site-packages/oslo_config/cfg.py:3253}}
Jun 26 21:51:28.728682 np0000003800 nova-scheduler[96379]: DEBUG cotyledon.oslo_config_glue [-] oslo_messaging_notifications.topics = ['notifications'] {{(pid=96379) log_opt_values /opt/stack/data/venv/lib/python3.12/site-packages/oslo_config/cfg.py:3253}}
Jun 26 21:51:28.728682 np0000003800 nova-scheduler[96379]: DEBUG cotyledon.oslo_config_glue [-] oslo_messaging_notifications.transport_url = **** {{(pid=96379) log_opt_values /opt/stack/data/venv/lib/python3.12/site-packages/oslo_config/cfg.py:3253}}
Jun 26 21:51:28.728682 np0000003800 nova-scheduler[96379]: DEBUG cotyledon.oslo_config_glue [-] oslo_limit.auth_section = None {{(pid=96379) log_opt_values /opt/stack/data/venv/lib/python3.12/site-packages/oslo_config/cfg.py:3253}}
Jun 26 21:51:28.728682 np0000003800 nova-scheduler[96379]: DEBUG cotyledon.oslo_config_glue [-] oslo_limit.auth_type = None {{(pid=96379) log_opt_values /opt/stack/data/venv/lib/python3.12/site-packages/oslo_config/cfg.py:3253}}
Jun 26 21:51:28.728682 np0000003800 nova-scheduler[96379]: DEBUG cotyledon.oslo_config_glue [-] oslo_limit.cafile = None {{(pid=96379) log_opt_values /opt/stack/data/venv/lib/python3.12/site-packages/oslo_config/cfg.py:3253}}
Jun 26 21:51:28.728959 np0000003800 nova-scheduler[96379]: DEBUG cotyledon.oslo_config_glue [-] oslo_limit.certfile = None {{(pid=96379) log_opt_values /opt/stack/data/venv/lib/python3.12/site-packages/oslo_config/cfg.py:3253}}
Jun 26 21:51:28.728959 np0000003800 nova-scheduler[96379]: DEBUG cotyledon.oslo_config_glue [-] oslo_limit.collect_timing = False {{(pid=96379) log_opt_values /opt/stack/data/venv/lib/python3.12/site-packages/oslo_config/cfg.py:3253}}
Jun 26 21:51:28.728959 np0000003800 nova-scheduler[96379]: DEBUG cotyledon.oslo_config_glue [-] oslo_limit.connect_retries = None {{(pid=96379) log_opt_values /opt/stack/data/venv/lib/python3.12/site-packages/oslo_config/cfg.py:3253}}
Jun 26 21:51:28.729049 np0000003800 nova-scheduler[96377]: INFO dbcounter [None req-05293997-efd5-4029-afd5-b4d09b557fb5 None None] Registered counter for database nova_cell0
Jun 26 21:51:28.729093 np0000003800 nova-scheduler[96379]: DEBUG cotyledon.oslo_config_glue [-] oslo_limit.connect_retry_delay = None {{(pid=96379) log_opt_values /opt/stack/data/venv/lib/python3.12/site-packages/oslo_config/cfg.py:3253}}
Jun 26 21:51:28.729093 np0000003800 nova-scheduler[96379]: DEBUG cotyledon.oslo_config_glue [-] oslo_limit.endpoint_id = None {{(pid=96379) log_opt_values /opt/stack/data/venv/lib/python3.12/site-packages/oslo_config/cfg.py:3253}}
Jun 26 21:51:28.729093 np0000003800 nova-scheduler[96379]: DEBUG cotyledon.oslo_config_glue [-] oslo_limit.endpoint_interface = public {{(pid=96379) log_opt_values /opt/stack/data/venv/lib/python3.12/site-packages/oslo_config/cfg.py:3253}}
Jun 26 21:51:28.729093 np0000003800 nova-scheduler[96379]: DEBUG cotyledon.oslo_config_glue [-] oslo_limit.endpoint_override = None {{(pid=96379) log_opt_values /opt/stack/data/venv/lib/python3.12/site-packages/oslo_config/cfg.py:3253}}
Jun 26 21:51:28.729093 np0000003800 nova-scheduler[96379]: DEBUG cotyledon.oslo_config_glue [-] oslo_limit.endpoint_region_name = None {{(pid=96379) log_opt_values /opt/stack/data/venv/lib/python3.12/site-packages/oslo_config/cfg.py:3253}}
Jun 26 21:51:28.729093 np0000003800 nova-scheduler[96379]: DEBUG cotyledon.oslo_config_glue [-] oslo_limit.endpoint_service_name = None {{(pid=96379) log_opt_values /opt/stack/data/venv/lib/python3.12/site-packages/oslo_config/cfg.py:3253}}
Jun 26 21:51:28.729093 np0000003800 nova-scheduler[96379]: DEBUG cotyledon.oslo_config_glue [-] oslo_limit.endpoint_service_type = None {{(pid=96379) log_opt_values /opt/stack/data/venv/lib/python3.12/site-packages/oslo_config/cfg.py:3253}}
Jun 26 21:51:28.729093 np0000003800 nova-scheduler[96379]: DEBUG cotyledon.oslo_config_glue [-] oslo_limit.insecure = False {{(pid=96379) log_opt_values /opt/stack/data/venv/lib/python3.12/site-packages/oslo_config/cfg.py:3253}}
Jun 26 21:51:28.729093 np0000003800 nova-scheduler[96379]: DEBUG cotyledon.oslo_config_glue [-] oslo_limit.keyfile = None {{(pid=96379) log_opt_values /opt/stack/data/venv/lib/python3.12/site-packages/oslo_config/cfg.py:3253}}
Jun 26 21:51:28.729366 np0000003800 nova-scheduler[96379]: DEBUG cotyledon.oslo_config_glue [-] oslo_limit.max_version = None {{(pid=96379) log_opt_values /opt/stack/data/venv/lib/python3.12/site-packages/oslo_config/cfg.py:3253}}
Jun 26 21:51:28.729366 np0000003800 nova-scheduler[96379]: DEBUG cotyledon.oslo_config_glue [-] oslo_limit.min_version = None {{(pid=96379) log_opt_values /opt/stack/data/venv/lib/python3.12/site-packages/oslo_config/cfg.py:3253}}
Jun 26 21:51:28.729366 np0000003800 nova-scheduler[96379]: DEBUG cotyledon.oslo_config_glue [-] oslo_limit.region_name = None {{(pid=96379) log_opt_values /opt/stack/data/venv/lib/python3.12/site-packages/oslo_config/cfg.py:3253}}
Jun 26 21:51:28.729366 np0000003800 nova-scheduler[96379]: DEBUG cotyledon.oslo_config_glue [-] oslo_limit.retriable_status_codes = None {{(pid=96379) log_opt_values /opt/stack/data/venv/lib/python3.12/site-packages/oslo_config/cfg.py:3253}}
Jun 26 21:51:28.729366 np0000003800 nova-scheduler[96379]: DEBUG cotyledon.oslo_config_glue [-] oslo_limit.service_name = None {{(pid=96379) log_opt_values /opt/stack/data/venv/lib/python3.12/site-packages/oslo_config/cfg.py:3253}}
Jun 26 21:51:28.729366 np0000003800 nova-scheduler[96379]: DEBUG cotyledon.oslo_config_glue [-] oslo_limit.service_type = None {{(pid=96379) log_opt_values /opt/stack/data/venv/lib/python3.12/site-packages/oslo_config/cfg.py:3253}}
Jun 26 21:51:28.729366 np0000003800 nova-scheduler[96379]: DEBUG cotyledon.oslo_config_glue [-] oslo_limit.split_loggers = False {{(pid=96379) log_opt_values /opt/stack/data/venv/lib/python3.12/site-packages/oslo_config/cfg.py:3253}}
Jun 26 21:51:28.729366 np0000003800 nova-scheduler[96379]: DEBUG cotyledon.oslo_config_glue [-] oslo_limit.status_code_retries = None {{(pid=96379) log_opt_values /opt/stack/data/venv/lib/python3.12/site-packages/oslo_config/cfg.py:3253}}
Jun 26 21:51:28.729366 np0000003800 nova-scheduler[96379]: DEBUG cotyledon.oslo_config_glue [-] oslo_limit.status_code_retry_delay = None {{(pid=96379) log_opt_values /opt/stack/data/venv/lib/python3.12/site-packages/oslo_config/cfg.py:3253}}
Jun 26 21:51:28.729655 np0000003800 nova-scheduler[96379]: DEBUG cotyledon.oslo_config_glue [-] oslo_limit.timeout = None {{(pid=96379) log_opt_values /opt/stack/data/venv/lib/python3.12/site-packages/oslo_config/cfg.py:3253}}
Jun 26 21:51:28.729655 np0000003800 nova-scheduler[96379]: DEBUG cotyledon.oslo_config_glue [-] oslo_limit.valid_interfaces = None {{(pid=96379) log_opt_values /opt/stack/data/venv/lib/python3.12/site-packages/oslo_config/cfg.py:3253}}
Jun 26 21:51:28.729655 np0000003800 nova-scheduler[96379]: DEBUG cotyledon.oslo_config_glue [-] oslo_limit.version = None {{(pid=96379) log_opt_values /opt/stack/data/venv/lib/python3.12/site-packages/oslo_config/cfg.py:3253}}
Jun 26 21:51:28.729655 np0000003800 nova-scheduler[96379]: DEBUG cotyledon.oslo_config_glue [-] oslo_reports.file_event_handler = None {{(pid=96379) log_opt_values /opt/stack/data/venv/lib/python3.12/site-packages/oslo_config/cfg.py:3253}}
Jun 26 21:51:28.729655 np0000003800 nova-scheduler[96379]: DEBUG cotyledon.oslo_config_glue [-] oslo_reports.file_event_handler_interval = 1 {{(pid=96379) log_opt_values /opt/stack/data/venv/lib/python3.12/site-packages/oslo_config/cfg.py:3253}}
Jun 26 21:51:28.729655 np0000003800 nova-scheduler[96379]: DEBUG cotyledon.oslo_config_glue [-] oslo_reports.log_dir = None {{(pid=96379) log_opt_values /opt/stack/data/venv/lib/python3.12/site-packages/oslo_config/cfg.py:3253}}
Jun 26 21:51:28.729655 np0000003800 nova-scheduler[96379]: DEBUG cotyledon.oslo_config_glue [-] ******************************************************************************** {{(pid=96379) log_opt_values /opt/stack/data/venv/lib/python3.12/site-packages/oslo_config/cfg.py:3260}}
Jun 26 21:51:28.729655 np0000003800 nova-scheduler[96379]: DEBUG cotyledon._service_worker [-] Run service ServiceWrapper(3) [96379] {{(pid=96379) wait_forever /opt/stack/data/venv/lib/python3.12/site-packages/cotyledon/_service_worker.py:218}}
Jun 26 21:51:28.729655 np0000003800 nova-scheduler[96379]: INFO nova.service [-] Starting scheduler node (version 33.1.0)
Jun 26 21:51:28.729655 np0000003800 nova-scheduler[96379]: INFO dbcounter [None req-d3a231ac-1cab-4c27-a86f-e5d42abe30fe None None] Registered counter for database nova_cell0
Jun 26 21:51:28.729936 np0000003800 nova-scheduler[96373]: DEBUG oslo_db.sqlalchemy.engines [None req-191cb780-8c4a-46b0-88a0-15f590b7e454 None None] MySQL server mode set to STRICT_TRANS_TABLES,STRICT_ALL_TABLES,NO_ZERO_IN_DATE,NO_ZERO_DATE,ERROR_FOR_DIVISION_BY_ZERO,TRADITIONAL,NO_ENGINE_SUBSTITUTION {{(pid=96373) _check_effective_sql_mode /opt/stack/data/venv/lib/python3.12/site-packages/oslo_db/sqlalchemy/engines.py:325}}
Jun 26 21:51:28.729936 np0000003800 nova-scheduler[96373]: DEBUG dbcounter [-] [96373] Writer thread running {{(pid=96373) stat_writer /opt/stack/data/venv/lib/python3.12/site-packages/dbcounter.py:102}}
Jun 26 21:51:28.730012 np0000003800 nova-scheduler[96375]: DEBUG oslo_db.sqlalchemy.engines [None req-1bb55420-a0b8-43bb-b085-934e8fde902f None None] MySQL server mode set to STRICT_TRANS_TABLES,STRICT_ALL_TABLES,NO_ZERO_IN_DATE,NO_ZERO_DATE,ERROR_FOR_DIVISION_BY_ZERO,TRADITIONAL,NO_ENGINE_SUBSTITUTION {{(pid=96375) _check_effective_sql_mode /opt/stack/data/venv/lib/python3.12/site-packages/oslo_db/sqlalchemy/engines.py:325}}
Jun 26 21:51:28.730062 np0000003800 nova-scheduler[96373]: DEBUG nova.service [None req-191cb780-8c4a-46b0-88a0-15f590b7e454 None None] Creating RPC server for service: nova-scheduler on topic: scheduler {{(pid=96373) start /opt/stack/nova/nova/service.py:196}}
Jun 26 21:51:28.730124 np0000003800 nova-scheduler[96375]: DEBUG dbcounter [-] [96375] Writer thread running {{(pid=96375) stat_writer /opt/stack/data/venv/lib/python3.12/site-packages/dbcounter.py:102}}
Jun 26 21:51:28.730979 np0000003800 nova-scheduler[96377]: DEBUG oslo_db.sqlalchemy.engines [None req-05293997-efd5-4029-afd5-b4d09b557fb5 None None] MySQL server mode set to STRICT_TRANS_TABLES,STRICT_ALL_TABLES,NO_ZERO_IN_DATE,NO_ZERO_DATE,ERROR_FOR_DIVISION_BY_ZERO,TRADITIONAL,NO_ENGINE_SUBSTITUTION {{(pid=96377) _check_effective_sql_mode /opt/stack/data/venv/lib/python3.12/site-packages/oslo_db/sqlalchemy/engines.py:325}}
Jun 26 21:51:28.733976 np0000003800 nova-scheduler[96379]: DEBUG oslo_db.sqlalchemy.engines [None req-d3a231ac-1cab-4c27-a86f-e5d42abe30fe None None] MySQL server mode set to STRICT_TRANS_TABLES,STRICT_ALL_TABLES,NO_ZERO_IN_DATE,NO_ZERO_DATE,ERROR_FOR_DIVISION_BY_ZERO,TRADITIONAL,NO_ENGINE_SUBSTITUTION {{(pid=96379) _check_effective_sql_mode /opt/stack/data/venv/lib/python3.12/site-packages/oslo_db/sqlalchemy/engines.py:325}}
Jun 26 21:51:28.739255 np0000003800 nova-scheduler[96375]: DEBUG nova.service [None req-1bb55420-a0b8-43bb-b085-934e8fde902f None None] Creating RPC server for service: nova-scheduler on topic: scheduler {{(pid=96375) start /opt/stack/nova/nova/service.py:196}}
Jun 26 21:51:28.747371 np0000003800 nova-scheduler[96377]: DEBUG dbcounter [-] [96377] Writer thread running {{(pid=96377) stat_writer /opt/stack/data/venv/lib/python3.12/site-packages/dbcounter.py:102}}
Jun 26 21:51:28.751394 np0000003800 nova-scheduler[96377]: DEBUG nova.service [None req-05293997-efd5-4029-afd5-b4d09b557fb5 None None] Creating RPC server for service: nova-scheduler on topic: scheduler {{(pid=96377) start /opt/stack/nova/nova/service.py:196}}
Jun 26 21:51:28.752532 np0000003800 nova-scheduler[96379]: DEBUG dbcounter [-] [96379] Writer thread running {{(pid=96379) stat_writer /opt/stack/data/venv/lib/python3.12/site-packages/dbcounter.py:102}}
Jun 26 21:51:28.756695 np0000003800 nova-scheduler[96379]: DEBUG nova.service [None req-d3a231ac-1cab-4c27-a86f-e5d42abe30fe None None] Creating RPC server for service: nova-scheduler on topic: scheduler {{(pid=96379) start /opt/stack/nova/nova/service.py:196}}
Jun 26 21:51:28.759684 np0000003800 nova-scheduler[96373]: DEBUG nova.service [None req-191cb780-8c4a-46b0-88a0-15f590b7e454 None None] Join ServiceGroup membership for this service scheduler {{(pid=96373) start /opt/stack/nova/nova/service.py:222}}
Jun 26 21:51:28.760047 np0000003800 nova-scheduler[96373]: DEBUG nova.servicegroup.drivers.db [None req-191cb780-8c4a-46b0-88a0-15f590b7e454 None None] DB_Driver: join new ServiceGroup member np0000003800 to the scheduler group, service = {{(pid=96373) join /opt/stack/nova/nova/servicegroup/drivers/db.py:44}}
Jun 26 21:51:28.763676 np0000003800 nova-scheduler[96375]: DEBUG nova.service [None req-1bb55420-a0b8-43bb-b085-934e8fde902f None None] Join ServiceGroup membership for this service scheduler {{(pid=96375) start /opt/stack/nova/nova/service.py:222}}
Jun 26 21:51:28.764144 np0000003800 nova-scheduler[96375]: DEBUG nova.servicegroup.drivers.db [None req-1bb55420-a0b8-43bb-b085-934e8fde902f None None] DB_Driver: join new ServiceGroup member np0000003800 to the scheduler group, service = {{(pid=96375) join /opt/stack/nova/nova/servicegroup/drivers/db.py:44}}
Jun 26 21:51:28.771299 np0000003800 nova-scheduler[96377]: DEBUG nova.service [None req-05293997-efd5-4029-afd5-b4d09b557fb5 None None] Join ServiceGroup membership for this service scheduler {{(pid=96377) start /opt/stack/nova/nova/service.py:222}}
Jun 26 21:51:28.771634 np0000003800 nova-scheduler[96377]: DEBUG nova.servicegroup.drivers.db [None req-05293997-efd5-4029-afd5-b4d09b557fb5 None None] DB_Driver: join new ServiceGroup member np0000003800 to the scheduler group, service = {{(pid=96377) join /opt/stack/nova/nova/servicegroup/drivers/db.py:44}}
Jun 26 21:51:28.784405 np0000003800 nova-scheduler[96379]: DEBUG nova.service [None req-d3a231ac-1cab-4c27-a86f-e5d42abe30fe None None] Join ServiceGroup membership for this service scheduler {{(pid=96379) start /opt/stack/nova/nova/service.py:222}}
Jun 26 21:51:28.784623 np0000003800 nova-scheduler[96379]: DEBUG nova.servicegroup.drivers.db [None req-d3a231ac-1cab-4c27-a86f-e5d42abe30fe None None] DB_Driver: join new ServiceGroup member np0000003800 to the scheduler group, service = {{(pid=96379) join /opt/stack/nova/nova/servicegroup/drivers/db.py:44}}
Jun 26 21:51:29.787022 np0000003800 nova-scheduler[96379]: DEBUG oslo.service.backend._threading.loopingcall [None req-cf9ea9e2-2300-4197-9ad7-ab46ee08be7b None None] Dynamic interval looping call 'nova.service.Service.periodic_tasks' sleeping for 60.00 seconds {{(pid=96379) _run_loop /opt/stack/data/venv/lib/python3.12/site-packages/oslo_service/backend/_threading/loopingcall.py:125}}
Jun 26 21:51:31.766988 np0000003800 nova-scheduler[96375]: DEBUG oslo.service.backend._threading.loopingcall [None req-2b79762e-45c0-4a2c-9062-a6bb35d37b0b None None] Dynamic interval looping call 'nova.service.Service.periodic_tasks' sleeping for 60.00 seconds {{(pid=96375) _run_loop /opt/stack/data/venv/lib/python3.12/site-packages/oslo_service/backend/_threading/loopingcall.py:125}}
Jun 26 21:51:33.773830 np0000003800 nova-scheduler[96373]: DEBUG oslo.service.backend._threading.loopingcall [-] Fixed interval looping call 'nova.servicegroup.drivers.db.DbDriver._report_state' sleeping for 119.99 seconds {{(pid=96373) _run_loop /opt/stack/data/venv/lib/python3.12/site-packages/oslo_service/backend/_threading/loopingcall.py:125}}
Jun 26 21:51:33.778469 np0000003800 nova-scheduler[96375]: DEBUG oslo.service.backend._threading.loopingcall [-] Fixed interval looping call 'nova.servicegroup.drivers.db.DbDriver._report_state' sleeping for 119.99 seconds {{(pid=96375) _run_loop /opt/stack/data/venv/lib/python3.12/site-packages/oslo_service/backend/_threading/loopingcall.py:125}}
Jun 26 21:51:33.782728 np0000003800 nova-scheduler[96377]: DEBUG oslo.service.backend._threading.loopingcall [-] Fixed interval looping call 'nova.servicegroup.drivers.db.DbDriver._report_state' sleeping for 119.99 seconds {{(pid=96377) _run_loop /opt/stack/data/venv/lib/python3.12/site-packages/oslo_service/backend/_threading/loopingcall.py:125}}
Jun 26 21:51:33.795406 np0000003800 nova-scheduler[96379]: DEBUG oslo.service.backend._threading.loopingcall [-] Fixed interval looping call 'nova.servicegroup.drivers.db.DbDriver._report_state' sleeping for 119.99 seconds {{(pid=96379) _run_loop /opt/stack/data/venv/lib/python3.12/site-packages/oslo_service/backend/_threading/loopingcall.py:125}}
Jun 26 21:51:37.213782 np0000003800 nova-scheduler[95181]: DEBUG dbcounter [-] [95181] Writing DB stats nova_api:SELECT=3 {{(pid=95181) stat_writer /opt/stack/data/venv/lib/python3.12/site-packages/dbcounter.py:115}}
Jun 26 21:51:37.384587 np0000003800 nova-scheduler[95181]: DEBUG dbcounter [-] [95181] Writing DB stats nova_cell1:SELECT=1 {{(pid=95181) stat_writer /opt/stack/data/venv/lib/python3.12/site-packages/dbcounter.py:115}}
Jun 26 21:51:37.388360 np0000003800 nova-scheduler[95181]: DEBUG dbcounter [-] [95181] Writing DB stats nova_cell0:SELECT=1 {{(pid=95181) stat_writer /opt/stack/data/venv/lib/python3.12/site-packages/dbcounter.py:115}}
Jun 26 21:51:38.774676 np0000003800 nova-scheduler[96377]: DEBUG oslo.service.backend._threading.loopingcall [None req-c1d914ee-8d15-4968-a6af-b9b7c8a569b5 None None] Dynamic interval looping call 'nova.service.Service.periodic_tasks' sleeping for 60.00 seconds {{(pid=96377) _run_loop /opt/stack/data/venv/lib/python3.12/site-packages/oslo_service/backend/_threading/loopingcall.py:125}}
Jun 26 21:51:43.770385 np0000003800 nova-scheduler[96373]: DEBUG dbcounter [-] [96373] Writing DB stats nova_cell0:SELECT=4,nova_cell0:INSERT=1,nova_cell0:UPDATE=1 {{(pid=96373) stat_writer /opt/stack/data/venv/lib/python3.12/site-packages/dbcounter.py:115}}
Jun 26 21:51:43.776944 np0000003800 nova-scheduler[96375]: DEBUG dbcounter [-] [96375] Writing DB stats nova_cell0:SELECT=3,nova_cell0:UPDATE=1 {{(pid=96375) stat_writer /opt/stack/data/venv/lib/python3.12/site-packages/dbcounter.py:115}}
Jun 26 21:51:43.780009 np0000003800 nova-scheduler[96377]: DEBUG dbcounter [-] [96377] Writing DB stats nova_cell0:SELECT=3 {{(pid=96377) stat_writer /opt/stack/data/venv/lib/python3.12/site-packages/dbcounter.py:115}}
Jun 26 21:51:43.791897 np0000003800 nova-scheduler[96379]: DEBUG dbcounter [-] [96379] Writing DB stats nova_cell0:SELECT=3 {{(pid=96379) stat_writer /opt/stack/data/venv/lib/python3.12/site-packages/dbcounter.py:115}}
Jun 26 21:51:57.762366 np0000003800 nova-scheduler[96373]: DEBUG oslo.service.backend._threading.loopingcall [None req-6a2d6a56-9988-4c9a-8ac1-c1de3aeede29 None None] Dynamic interval looping call 'nova.service.Service.periodic_tasks' sleeping for 60.00 seconds {{(pid=96373) _run_loop /opt/stack/data/venv/lib/python3.12/site-packages/oslo_service/backend/_threading/loopingcall.py:125}}
Jun 26 21:52:29.787399 np0000003800 nova-scheduler[96379]: DEBUG oslo.service.backend._threading.loopingcall [None req-cf9ea9e2-2300-4197-9ad7-ab46ee08be7b None None] Dynamic interval looping call 'nova.service.Service.periodic_tasks' sleeping for 60.00 seconds {{(pid=96379) _run_loop /opt/stack/data/venv/lib/python3.12/site-packages/oslo_service/backend/_threading/loopingcall.py:125}}
Jun 26 21:52:31.767500 np0000003800 nova-scheduler[96375]: DEBUG oslo.service.backend._threading.loopingcall [None req-2b79762e-45c0-4a2c-9062-a6bb35d37b0b None None] Dynamic interval looping call 'nova.service.Service.periodic_tasks' sleeping for 60.00 seconds {{(pid=96375) _run_loop /opt/stack/data/venv/lib/python3.12/site-packages/oslo_service/backend/_threading/loopingcall.py:125}}
Jun 26 21:52:38.775244 np0000003800 nova-scheduler[96377]: DEBUG oslo.service.backend._threading.loopingcall [None req-c1d914ee-8d15-4968-a6af-b9b7c8a569b5 None None] Dynamic interval looping call 'nova.service.Service.periodic_tasks' sleeping for 60.00 seconds {{(pid=96377) _run_loop /opt/stack/data/venv/lib/python3.12/site-packages/oslo_service/backend/_threading/loopingcall.py:125}}
Jun 26 21:52:57.762949 np0000003800 nova-scheduler[96373]: DEBUG oslo.service.backend._threading.loopingcall [None req-6a2d6a56-9988-4c9a-8ac1-c1de3aeede29 None None] Dynamic interval looping call 'nova.service.Service.periodic_tasks' sleeping for 60.00 seconds {{(pid=96373) _run_loop /opt/stack/data/venv/lib/python3.12/site-packages/oslo_service/backend/_threading/loopingcall.py:125}}
Jun 26 21:53:29.788024 np0000003800 nova-scheduler[96379]: DEBUG oslo.service.backend._threading.loopingcall [None req-cf9ea9e2-2300-4197-9ad7-ab46ee08be7b None None] Dynamic interval looping call 'nova.service.Service.periodic_tasks' sleeping for 60.00 seconds {{(pid=96379) _run_loop /opt/stack/data/venv/lib/python3.12/site-packages/oslo_service/backend/_threading/loopingcall.py:125}}
Jun 26 21:53:31.767915 np0000003800 nova-scheduler[96375]: DEBUG oslo.service.backend._threading.loopingcall [None req-2b79762e-45c0-4a2c-9062-a6bb35d37b0b None None] Dynamic interval looping call 'nova.service.Service.periodic_tasks' sleeping for 60.00 seconds {{(pid=96375) _run_loop /opt/stack/data/venv/lib/python3.12/site-packages/oslo_service/backend/_threading/loopingcall.py:125}}
Jun 26 21:53:33.778492 np0000003800 nova-scheduler[96373]: DEBUG oslo.service.backend._threading.loopingcall [-] Fixed interval looping call 'nova.servicegroup.drivers.db.DbDriver._report_state' sleeping for 119.99 seconds {{(pid=96373) _run_loop /opt/stack/data/venv/lib/python3.12/site-packages/oslo_service/backend/_threading/loopingcall.py:125}}
Jun 26 21:53:33.778999 np0000003800 nova-scheduler[96375]: DEBUG oslo.service.backend._threading.loopingcall [-] Fixed interval looping call 'nova.servicegroup.drivers.db.DbDriver._report_state' sleeping for 119.99 seconds {{(pid=96375) _run_loop /opt/stack/data/venv/lib/python3.12/site-packages/oslo_service/backend/_threading/loopingcall.py:125}}
Jun 26 21:53:33.779788 np0000003800 nova-scheduler[96377]: DEBUG oslo.service.backend._threading.loopingcall [-] Fixed interval looping call 'nova.servicegroup.drivers.db.DbDriver._report_state' sleeping for 119.99 seconds {{(pid=96377) _run_loop /opt/stack/data/venv/lib/python3.12/site-packages/oslo_service/backend/_threading/loopingcall.py:125}}
Jun 26 21:53:33.789108 np0000003800 nova-scheduler[96379]: DEBUG oslo.service.backend._threading.loopingcall [-] Fixed interval looping call 'nova.servicegroup.drivers.db.DbDriver._report_state' sleeping for 120.00 seconds {{(pid=96379) _run_loop /opt/stack/data/venv/lib/python3.12/site-packages/oslo_service/backend/_threading/loopingcall.py:125}}
Jun 26 21:53:38.775704 np0000003800 nova-scheduler[96377]: DEBUG oslo.service.backend._threading.loopingcall [None req-c1d914ee-8d15-4968-a6af-b9b7c8a569b5 None None] Dynamic interval looping call 'nova.service.Service.periodic_tasks' sleeping for 60.00 seconds {{(pid=96377) _run_loop /opt/stack/data/venv/lib/python3.12/site-packages/oslo_service/backend/_threading/loopingcall.py:125}}
Jun 26 21:53:43.767642 np0000003800 nova-scheduler[96373]: DEBUG dbcounter [-] [96373] Writing DB stats nova_cell0:SELECT=1,nova_cell0:UPDATE=1 {{(pid=96373) stat_writer /opt/stack/data/venv/lib/python3.12/site-packages/dbcounter.py:115}}
Jun 26 21:53:43.771987 np0000003800 nova-scheduler[96375]: DEBUG dbcounter [-] [96375] Writing DB stats nova_cell0:SELECT=1,nova_cell0:UPDATE=1 {{(pid=96375) stat_writer /opt/stack/data/venv/lib/python3.12/site-packages/dbcounter.py:115}}
Jun 26 21:53:43.778125 np0000003800 nova-scheduler[96377]: DEBUG dbcounter [-] [96377] Writing DB stats nova_cell0:SELECT=1,nova_cell0:UPDATE=1 {{(pid=96377) stat_writer /opt/stack/data/venv/lib/python3.12/site-packages/dbcounter.py:115}}
Jun 26 21:53:43.787151 np0000003800 nova-scheduler[96379]: DEBUG dbcounter [-] [96379] Writing DB stats nova_cell0:SELECT=1 {{(pid=96379) stat_writer /opt/stack/data/venv/lib/python3.12/site-packages/dbcounter.py:115}}
Jun 26 21:53:57.763490 np0000003800 nova-scheduler[96373]: DEBUG oslo.service.backend._threading.loopingcall [None req-6a2d6a56-9988-4c9a-8ac1-c1de3aeede29 None None] Dynamic interval looping call 'nova.service.Service.periodic_tasks' sleeping for 60.00 seconds {{(pid=96373) _run_loop /opt/stack/data/venv/lib/python3.12/site-packages/oslo_service/backend/_threading/loopingcall.py:125}}
Jun 26 21:54:29.788697 np0000003800 nova-scheduler[96379]: DEBUG oslo.service.backend._threading.loopingcall [None req-cf9ea9e2-2300-4197-9ad7-ab46ee08be7b None None] Dynamic interval looping call 'nova.service.Service.periodic_tasks' sleeping for 60.00 seconds {{(pid=96379) _run_loop /opt/stack/data/venv/lib/python3.12/site-packages/oslo_service/backend/_threading/loopingcall.py:125}}
Jun 26 21:54:30.171315 np0000003800 nova-scheduler[96373]: DEBUG nova.scheduler.manager [None req-b67fd851-31eb-4456-a3d6-17d0c675cfdc tempest-DeleteServersTestJSON-2039711573 tempest-DeleteServersTestJSON-2039711573-project-member] Starting to schedule for instances: ['56baec7d-7ff4-4dd1-8cdc-66c5e71fdf1e'] {{(pid=96373) select_destinations /opt/stack/nova/nova/scheduler/manager.py:210}}
Jun 26 21:54:30.171665 np0000003800 nova-scheduler[96373]: DEBUG nova.scheduler.request_filter [None req-b67fd851-31eb-4456-a3d6-17d0c675cfdc tempest-DeleteServersTestJSON-2039711573 tempest-DeleteServersTestJSON-2039711573-project-member] compute_status_filter request filter added forbidden trait COMPUTE_STATUS_DISABLED {{(pid=96373) compute_status_filter /opt/stack/nova/nova/scheduler/request_filter.py:253}}
Jun 26 21:54:30.173815 np0000003800 nova-scheduler[96373]: DEBUG nova.scheduler.request_filter [None req-b67fd851-31eb-4456-a3d6-17d0c675cfdc tempest-DeleteServersTestJSON-2039711573 tempest-DeleteServersTestJSON-2039711573-project-member] Request filter 'compute_status_filter' took 0.0 seconds {{(pid=96373) wrapper /opt/stack/nova/nova/scheduler/request_filter.py:46}}
Jun 26 21:54:30.173815 np0000003800 nova-scheduler[96373]: DEBUG nova.scheduler.request_filter [None req-b67fd851-31eb-4456-a3d6-17d0c675cfdc tempest-DeleteServersTestJSON-2039711573 tempest-DeleteServersTestJSON-2039711573-project-member] Request filter 'accelerators_filter' took 0.0 seconds {{(pid=96373) wrapper /opt/stack/nova/nova/scheduler/request_filter.py:46}}
Jun 26 21:54:30.173815 np0000003800 nova-scheduler[96373]: DEBUG nova.scheduler.request_filter [None req-b67fd851-31eb-4456-a3d6-17d0c675cfdc tempest-DeleteServersTestJSON-2039711573 tempest-DeleteServersTestJSON-2039711573-project-member] Request filter 'packed_virtqueue_filter' took 0.0 seconds {{(pid=96373) wrapper /opt/stack/nova/nova/scheduler/request_filter.py:46}}
Jun 26 21:54:30.175234 np0000003800 nova-scheduler[96373]: DEBUG nova.scheduler.request_filter [None req-b67fd851-31eb-4456-a3d6-17d0c675cfdc tempest-DeleteServersTestJSON-2039711573 tempest-DeleteServersTestJSON-2039711573-project-member] Request filter 'remote_managed_ports_filter' took 0.0 seconds {{(pid=96373) wrapper /opt/stack/nova/nova/scheduler/request_filter.py:46}}
Jun 26 21:54:30.175476 np0000003800 nova-scheduler[96373]: DEBUG nova.scheduler.request_filter [None req-b67fd851-31eb-4456-a3d6-17d0c675cfdc tempest-DeleteServersTestJSON-2039711573 tempest-DeleteServersTestJSON-2039711573-project-member] ephemeral_encryption_filter skipped {{(pid=96373) ephemeral_encryption_filter /opt/stack/nova/nova/scheduler/request_filter.py:426}}
Jun 26 21:54:30.176273 np0000003800 nova-scheduler[96373]: DEBUG nova.scheduler.request_filter [None req-b67fd851-31eb-4456-a3d6-17d0c675cfdc tempest-DeleteServersTestJSON-2039711573 tempest-DeleteServersTestJSON-2039711573-project-member] virtio_sound_filter skipped {{(pid=96373) virtio_sound_filter /opt/stack/nova/nova/scheduler/request_filter.py:460}}
Jun 26 21:54:30.176273 np0000003800 nova-scheduler[96373]: DEBUG nova.scheduler.request_filter [None req-b67fd851-31eb-4456-a3d6-17d0c675cfdc tempest-DeleteServersTestJSON-2039711573 tempest-DeleteServersTestJSON-2039711573-project-member] tpm_secret_security_filter skipped {{(pid=96373) tpm_secret_security_filter /opt/stack/nova/nova/scheduler/request_filter.py:477}}
Jun 26 21:54:30.979257 np0000003800 nova-scheduler[96373]: INFO nova.utils [None req-b67fd851-31eb-4456-a3d6-17d0c675cfdc tempest-DeleteServersTestJSON-2039711573 tempest-DeleteServersTestJSON-2039711573-project-member] The cell worker thread pool ForkProcess-1.cell_worker is initialized
Jun 26 21:54:30.979624 np0000003800 nova-scheduler[96373]: DEBUG oslo_concurrency.lockutils [None req-b67fd851-31eb-4456-a3d6-17d0c675cfdc tempest-DeleteServersTestJSON-2039711573 tempest-DeleteServersTestJSON-2039711573-project-member] Acquiring lock "50f83902-767a-4004-95f3-731638813c69" by "nova.context.set_target_cell..get_or_set_cached_cell_and_set_connections" {{(pid=96373) inner /opt/stack/data/venv/lib/python3.12/site-packages/oslo_concurrency/lockutils.py:511}}
Jun 26 21:54:30.979973 np0000003800 nova-scheduler[96373]: DEBUG oslo_concurrency.lockutils [None req-b67fd851-31eb-4456-a3d6-17d0c675cfdc tempest-DeleteServersTestJSON-2039711573 tempest-DeleteServersTestJSON-2039711573-project-member] Lock "50f83902-767a-4004-95f3-731638813c69" acquired by "nova.context.set_target_cell..get_or_set_cached_cell_and_set_connections" :: waited 0.000s {{(pid=96373) inner /opt/stack/data/venv/lib/python3.12/site-packages/oslo_concurrency/lockutils.py:524}}
Jun 26 21:54:30.981261 np0000003800 nova-scheduler[96373]: DEBUG oslo_concurrency.lockutils [None req-b67fd851-31eb-4456-a3d6-17d0c675cfdc tempest-DeleteServersTestJSON-2039711573 tempest-DeleteServersTestJSON-2039711573-project-member] Lock "50f83902-767a-4004-95f3-731638813c69" "released" by "nova.context.set_target_cell..get_or_set_cached_cell_and_set_connections" :: held 0.001s {{(pid=96373) inner /opt/stack/data/venv/lib/python3.12/site-packages/oslo_concurrency/lockutils.py:543}}
Jun 26 21:54:30.983869 np0000003800 nova-scheduler[96373]: INFO dbcounter [None req-b67fd851-31eb-4456-a3d6-17d0c675cfdc tempest-DeleteServersTestJSON-2039711573 tempest-DeleteServersTestJSON-2039711573-project-member] Registered counter for database nova_cell1
Jun 26 21:54:31.034376 np0000003800 nova-scheduler[96373]: DEBUG oslo_db.sqlalchemy.engines [None req-b67fd851-31eb-4456-a3d6-17d0c675cfdc tempest-DeleteServersTestJSON-2039711573 tempest-DeleteServersTestJSON-2039711573-project-member] MySQL server mode set to STRICT_TRANS_TABLES,STRICT_ALL_TABLES,NO_ZERO_IN_DATE,NO_ZERO_DATE,ERROR_FOR_DIVISION_BY_ZERO,TRADITIONAL,NO_ENGINE_SUBSTITUTION {{(pid=96373) _check_effective_sql_mode /opt/stack/data/venv/lib/python3.12/site-packages/oslo_db/sqlalchemy/engines.py:325}}
Jun 26 21:54:31.041331 np0000003800 nova-scheduler[96373]: DEBUG dbcounter [-] [96373] Writer thread running {{(pid=96373) stat_writer /opt/stack/data/venv/lib/python3.12/site-packages/dbcounter.py:102}}
Jun 26 21:54:31.057351 np0000003800 nova-scheduler[96373]: DEBUG oslo_db.sqlalchemy.engines [None req-b67fd851-31eb-4456-a3d6-17d0c675cfdc tempest-DeleteServersTestJSON-2039711573 tempest-DeleteServersTestJSON-2039711573-project-member] Parent process 95181 forked (96373) with an open database connection, which is being discarded and recreated. {{(pid=96373) checkout /opt/stack/data/venv/lib/python3.12/site-packages/oslo_db/sqlalchemy/engines.py:402}}
Jun 26 21:54:31.117982 np0000003800 nova-scheduler[96373]: DEBUG dbcounter [-] [96373] Writer thread running {{(pid=96373) stat_writer /opt/stack/data/venv/lib/python3.12/site-packages/dbcounter.py:102}}
Jun 26 21:54:31.122180 np0000003800 nova-scheduler[96373]: DEBUG oslo_concurrency.lockutils [None req-b67fd851-31eb-4456-a3d6-17d0c675cfdc tempest-DeleteServersTestJSON-2039711573 tempest-DeleteServersTestJSON-2039711573-project-member] Acquiring lock "50f83902-767a-4004-95f3-731638813c69" by "nova.context.set_target_cell..get_or_set_cached_cell_and_set_connections" {{(pid=96373) inner /opt/stack/data/venv/lib/python3.12/site-packages/oslo_concurrency/lockutils.py:511}}
Jun 26 21:54:31.122323 np0000003800 nova-scheduler[96373]: DEBUG oslo_concurrency.lockutils [None req-b67fd851-31eb-4456-a3d6-17d0c675cfdc tempest-DeleteServersTestJSON-2039711573 tempest-DeleteServersTestJSON-2039711573-project-member] Lock "50f83902-767a-4004-95f3-731638813c69" acquired by "nova.context.set_target_cell..get_or_set_cached_cell_and_set_connections" :: waited 0.000s {{(pid=96373) inner /opt/stack/data/venv/lib/python3.12/site-packages/oslo_concurrency/lockutils.py:524}}
Jun 26 21:54:31.122373 np0000003800 nova-scheduler[96373]: DEBUG oslo_concurrency.lockutils [None req-b67fd851-31eb-4456-a3d6-17d0c675cfdc tempest-DeleteServersTestJSON-2039711573 tempest-DeleteServersTestJSON-2039711573-project-member] Lock "50f83902-767a-4004-95f3-731638813c69" "released" by "nova.context.set_target_cell..get_or_set_cached_cell_and_set_connections" :: held 0.000s {{(pid=96373) inner /opt/stack/data/venv/lib/python3.12/site-packages/oslo_concurrency/lockutils.py:543}}
Jun 26 21:54:31.126243 np0000003800 nova-scheduler[96373]: DEBUG oslo_concurrency.lockutils [None req-b67fd851-31eb-4456-a3d6-17d0c675cfdc tempest-DeleteServersTestJSON-2039711573 tempest-DeleteServersTestJSON-2039711573-project-member] Acquiring lock "('np0000003800', 'np0000003800')" by "nova.scheduler.host_manager.HostState.update.._locked_update" {{(pid=96373) inner /opt/stack/data/venv/lib/python3.12/site-packages/oslo_concurrency/lockutils.py:511}}
Jun 26 21:54:31.126426 np0000003800 nova-scheduler[96373]: DEBUG oslo_concurrency.lockutils [None req-b67fd851-31eb-4456-a3d6-17d0c675cfdc tempest-DeleteServersTestJSON-2039711573 tempest-DeleteServersTestJSON-2039711573-project-member] Lock "('np0000003800', 'np0000003800')" acquired by "nova.scheduler.host_manager.HostState.update.._locked_update" :: waited 0.000s {{(pid=96373) inner /opt/stack/data/venv/lib/python3.12/site-packages/oslo_concurrency/lockutils.py:524}}
Jun 26 21:54:31.127522 np0000003800 nova-scheduler[96373]: DEBUG nova.scheduler.host_manager [None req-b67fd851-31eb-4456-a3d6-17d0c675cfdc tempest-DeleteServersTestJSON-2039711573 tempest-DeleteServersTestJSON-2039711573-project-member] Update host state from compute node: ComputeNode(cpu_allocation_ratio=4.0,cpu_info='{"arch": "x86_64", "model": "EPYC-Milan", "vendor": "AMD", "topology": {"cells": 1, "sockets": 16, "cores": 1, "threads": 1}, "maxphysaddr": {"mode": "emulate", "bits": 40}, "features": ["xgetbv1", "aes", "syscall", "fxsr_opt", "amd-psfd", "amd-stibp", "abm", "pge", "mtrr", "de", "amd-ssbd", "tsc-deadline", "x2apic", "rdrand", "stibp-always-on", "sse2", "nx", "xsaveopt", "pause-filter", "ssse3", "cr8legacy", "xsave", "f16c", "sha-ni", "xsaves", "pdpe1gb", "fma", "pclmuldq", "bmi1", "svme-addr-chk", "cx8", "vme", "npt", "vaes", "fxsr", "lfence-always-serializing", "null-sel-clr-base", "flushbyasid", "hypervisor", "pat", "fpu", "rdctl-no", "mmx", "pschange-mc-no", "xsavec", "clflush", "misalignsse", "osvw", "cx16", "rdtscp", "popcnt", "mce", "nrip-save", "clzero", "fsrm", "arat", "sse4a", "bmi2", "clwb", "rdseed", "erms", "avx2", "invpcid", "mca", "v-vmsave-vmload", "3dnowprefetch", "vgif", "spec-ctrl", "sse4.2", "movbe", "pae", "vmcb-clean", "msr", "apic", "virt-ssbd", "pku", "no-nested-data-bp", "pcid", "vpclmulqdq", "adx", "pfthreshold", "tsc", "avx", "gds-no", "lm", "tsc_adjust", "lahf_lm", "sse4.1", "umip", "smep", "svm", "mmxext", "ibrs", "lbrv", "xsaveerptr", "ibpb", "skip-l1dfl-vmentry", "rdpid", "pni", "pse36", "topoext", "ssbd", "tsc-scale", "perfctr_core", "sep", "smap", "arch-capabilities", "fsgsbase", "stibp", "clflushopt", "cmov", "pse", "cmp_legacy", "wbnoinvd", "sse", "mds-no"]}',created_at=2026-06-26T21:51:54Z,current_workload=0,deleted=False,deleted_at=None,disk_allocation_ratio=1.0,disk_available_least=74,free_disk_gb=95,free_ram_mb=63789,host='np0000003800',host_ip=10.4.3.64,hypervisor_hostname='np0000003800',hypervisor_type='QEMU',hypervisor_version=8002002,id=1,local_gb=95,local_gb_used=0,mapped=1,memory_mb=64301,memory_mb_used=512,metrics='[]',numa_topology='{"nova_object.name": "NUMATopology", "nova_object.namespace": "nova", "nova_object.version": "1.2", "nova_object.data": {"cells": [{"nova_object.name": "NUMACell", "nova_object.namespace": "nova", "nova_object.version": "1.5", "nova_object.data": {"id": 0, "cpuset": [0, 1, 2, 3, 4, 5, 6, 7, 8, 9, 10, 11, 12, 13, 14, 15], "pcpuset": [0, 1, 2, 3, 4, 5, 6, 7, 8, 9, 10, 11, 12, 13, 14, 15], "memory": 64301, "cpu_usage": 0, "memory_usage": 0, "pinned_cpus": [], "siblings": [[6], [12], [2], [15], [5], [11], [8], [14], [4], [1], [7], [10], [0], [13], [3], [9]], "mempages": [{"nova_object.name": "NUMAPagesTopology", "nova_object.namespace": "nova", "nova_object.version": "1.1", "nova_object.data": {"size_kb": 4, "total": 16461069, "used": 0, "reserved": 0}, "nova_object.changes": ["reserved", "used", "total", "size_kb"]}, {"nova_object.name": "NUMAPagesTopology", "nova_object.namespace": "nova", "nova_object.version": "1.1", "nova_object.data": {"size_kb": 2048, "total": 0, "used": 0, "reserved": 0}, "nova_object.changes": ["reserved", "used", "total", "size_kb"]}, {"nova_object.name": "NUMAPagesTopology", "nova_object.namespace": "nova", "nova_object.version": "1.1", "nova_object.data": {"size_kb": 1048576, "total": 0, "used": 0, "reserved": 0}, "nova_object.changes": ["reserved", "used", "total", "size_kb"]}], "network_metadata": {"nova_object.name": "NetworkMetadata", "nova_object.namespace": "nova", "nova_object.version": "1.0", "nova_object.data": {"physnets": [], "tunneled": false}, "nova_object.changes": ["tunneled", "physnets"]}, "socket": null}, "nova_object.changes": ["pcpuset", "socket", "pinned_cpus", "memory", "mempages", "cpu_usage", "network_metadata", "cpuset", "id", "memory_usage", "siblings"]}]}, "nova_object.changes": ["cells"]}',pci_device_pools=PciDevicePoolList,ram_allocation_ratio=1.0,running_vms=0,service_id=4,stats={failed_builds='0',uptime=' 21:53:40 up 26 min, 2 users, load average: 1.18, 1.51, 0.95
