Jul 17 14:31:22.392226 np0000005345 nova-scheduler[96469]: DEBUG cotyledon.oslo_config_glue [-] workarounds.disable_fallback_pcpu_query = False {{(pid=96469) log_opt_values /opt/stack/data/venv/lib/python3.12/site-packages/oslo_config/cfg.py:3253}}
Jul 17 14:31:22.392226 np0000005345 nova-scheduler[96469]: DEBUG cotyledon.oslo_config_glue [-] workarounds.disable_group_policy_check_upcall = False {{(pid=96469) log_opt_values /opt/stack/data/venv/lib/python3.12/site-packages/oslo_config/cfg.py:3253}}
Jul 17 14:31:22.392226 np0000005345 nova-scheduler[96469]: DEBUG cotyledon.oslo_config_glue [-] workarounds.disable_libvirt_livesnapshot = False {{(pid=96469) log_opt_values /opt/stack/data/venv/lib/python3.12/site-packages/oslo_config/cfg.py:3253}}
Jul 17 14:31:22.392226 np0000005345 nova-scheduler[96469]: DEBUG cotyledon.oslo_config_glue [-] workarounds.disable_rootwrap = False {{(pid=96469) log_opt_values /opt/stack/data/venv/lib/python3.12/site-packages/oslo_config/cfg.py:3253}}
Jul 17 14:31:22.392397 np0000005345 nova-scheduler[96469]: DEBUG cotyledon.oslo_config_glue [-] workarounds.enable_numa_live_migration = False {{(pid=96469) log_opt_values /opt/stack/data/venv/lib/python3.12/site-packages/oslo_config/cfg.py:3253}}
Jul 17 14:31:22.392397 np0000005345 nova-scheduler[96469]: DEBUG cotyledon.oslo_config_glue [-] workarounds.enable_qemu_monitor_announce_self = False {{(pid=96469) log_opt_values /opt/stack/data/venv/lib/python3.12/site-packages/oslo_config/cfg.py:3253}}
Jul 17 14:31:22.392397 np0000005345 nova-scheduler[96469]: DEBUG cotyledon.oslo_config_glue [-] workarounds.ensure_libvirt_rbd_instance_dir_cleanup = False {{(pid=96469) log_opt_values /opt/stack/data/venv/lib/python3.12/site-packages/oslo_config/cfg.py:3253}}
Jul 17 14:31:22.392397 np0000005345 nova-scheduler[96469]: DEBUG cotyledon.oslo_config_glue [-] workarounds.handle_virt_lifecycle_events = True {{(pid=96469) log_opt_values /opt/stack/data/venv/lib/python3.12/site-packages/oslo_config/cfg.py:3253}}
Jul 17 14:31:22.392397 np0000005345 nova-scheduler[96469]: DEBUG cotyledon.oslo_config_glue [-] workarounds.libvirt_disable_apic = False {{(pid=96469) log_opt_values /opt/stack/data/venv/lib/python3.12/site-packages/oslo_config/cfg.py:3253}}
Jul 17 14:31:22.392397 np0000005345 nova-scheduler[96469]: DEBUG cotyledon.oslo_config_glue [-] workarounds.never_download_image_if_on_rbd = False {{(pid=96469) log_opt_values /opt/stack/data/venv/lib/python3.12/site-packages/oslo_config/cfg.py:3253}}
Jul 17 14:31:22.392397 np0000005345 nova-scheduler[96469]: DEBUG cotyledon.oslo_config_glue [-] workarounds.qemu_monitor_announce_self_count = 3 {{(pid=96469) log_opt_values /opt/stack/data/venv/lib/python3.12/site-packages/oslo_config/cfg.py:3253}}
Jul 17 14:31:22.392397 np0000005345 nova-scheduler[96469]: DEBUG cotyledon.oslo_config_glue [-] workarounds.qemu_monitor_announce_self_interval = 1 {{(pid=96469) log_opt_values /opt/stack/data/venv/lib/python3.12/site-packages/oslo_config/cfg.py:3253}}
Jul 17 14:31:22.392397 np0000005345 nova-scheduler[96469]: DEBUG cotyledon.oslo_config_glue [-] workarounds.reserve_disk_resource_for_image_cache = False {{(pid=96469) log_opt_values /opt/stack/data/venv/lib/python3.12/site-packages/oslo_config/cfg.py:3253}}
Jul 17 14:31:22.392555 np0000005345 nova-scheduler[96469]: DEBUG cotyledon.oslo_config_glue [-] workarounds.skip_cpu_compare_at_startup = False {{(pid=96469) log_opt_values /opt/stack/data/venv/lib/python3.12/site-packages/oslo_config/cfg.py:3253}}
Jul 17 14:31:22.392555 np0000005345 nova-scheduler[96469]: DEBUG cotyledon.oslo_config_glue [-] workarounds.skip_cpu_compare_on_dest = False {{(pid=96469) log_opt_values /opt/stack/data/venv/lib/python3.12/site-packages/oslo_config/cfg.py:3253}}
Jul 17 14:31:22.392555 np0000005345 nova-scheduler[96469]: DEBUG cotyledon.oslo_config_glue [-] workarounds.skip_hypervisor_version_check_on_lm = False {{(pid=96469) log_opt_values /opt/stack/data/venv/lib/python3.12/site-packages/oslo_config/cfg.py:3253}}
Jul 17 14:31:22.392555 np0000005345 nova-scheduler[96469]: DEBUG cotyledon.oslo_config_glue [-] workarounds.skip_reserve_in_use_ironic_nodes = False {{(pid=96469) log_opt_values /opt/stack/data/venv/lib/python3.12/site-packages/oslo_config/cfg.py:3253}}
Jul 17 14:31:22.392555 np0000005345 nova-scheduler[96469]: DEBUG cotyledon.oslo_config_glue [-] workarounds.unified_limits_count_pcpu_as_vcpu = False {{(pid=96469) log_opt_values /opt/stack/data/venv/lib/python3.12/site-packages/oslo_config/cfg.py:3253}}
Jul 17 14:31:22.392555 np0000005345 nova-scheduler[96469]: DEBUG cotyledon.oslo_config_glue [-] workarounds.wait_for_vif_plugged_event_during_hard_reboot = [] {{(pid=96469) log_opt_values /opt/stack/data/venv/lib/python3.12/site-packages/oslo_config/cfg.py:3253}}
Jul 17 14:31:22.392555 np0000005345 nova-scheduler[96469]: DEBUG cotyledon.oslo_config_glue [-] wsgi.api_paste_config = /etc/nova/api-paste.ini {{(pid=96469) log_opt_values /opt/stack/data/venv/lib/python3.12/site-packages/oslo_config/cfg.py:3253}}
Jul 17 14:31:22.392555 np0000005345 nova-scheduler[96469]: DEBUG cotyledon.oslo_config_glue [-] wsgi.secure_proxy_ssl_header = None {{(pid=96469) log_opt_values /opt/stack/data/venv/lib/python3.12/site-packages/oslo_config/cfg.py:3253}}
Jul 17 14:31:22.392555 np0000005345 nova-scheduler[96469]: DEBUG cotyledon.oslo_config_glue [-] zvm.ca_file = None {{(pid=96469) log_opt_values /opt/stack/data/venv/lib/python3.12/site-packages/oslo_config/cfg.py:3253}}
Jul 17 14:31:22.392722 np0000005345 nova-scheduler[96469]: DEBUG cotyledon.oslo_config_glue [-] zvm.cloud_connector_url = None {{(pid=96469) log_opt_values /opt/stack/data/venv/lib/python3.12/site-packages/oslo_config/cfg.py:3253}}
Jul 17 14:31:22.392722 np0000005345 nova-scheduler[96469]: DEBUG cotyledon.oslo_config_glue [-] zvm.image_tmp_path = /opt/stack/data/nova/images {{(pid=96469) log_opt_values /opt/stack/data/venv/lib/python3.12/site-packages/oslo_config/cfg.py:3253}}
Jul 17 14:31:22.392722 np0000005345 nova-scheduler[96469]: DEBUG cotyledon.oslo_config_glue [-] zvm.reachable_timeout = 300 {{(pid=96469) log_opt_values /opt/stack/data/venv/lib/python3.12/site-packages/oslo_config/cfg.py:3253}}
Jul 17 14:31:22.392722 np0000005345 nova-scheduler[96469]: DEBUG cotyledon.oslo_config_glue [-] oslo_versionedobjects.fatal_exception_format_errors = False {{(pid=96469) log_opt_values /opt/stack/data/venv/lib/python3.12/site-packages/oslo_config/cfg.py:3253}}
Jul 17 14:31:22.392722 np0000005345 nova-scheduler[96469]: DEBUG cotyledon.oslo_config_glue [-] oslo_middleware.http_basic_auth_user_file = /etc/htpasswd {{(pid=96469) log_opt_values /opt/stack/data/venv/lib/python3.12/site-packages/oslo_config/cfg.py:3253}}
Jul 17 14:31:22.392722 np0000005345 nova-scheduler[96469]: DEBUG cotyledon.oslo_config_glue [-] oslo_messaging_metrics.metrics_buffer_size = 1000 {{(pid=96469) log_opt_values /opt/stack/data/venv/lib/python3.12/site-packages/oslo_config/cfg.py:3253}}
Jul 17 14:31:22.392722 np0000005345 nova-scheduler[96469]: DEBUG cotyledon.oslo_config_glue [-] oslo_messaging_metrics.metrics_enabled = False {{(pid=96469) log_opt_values /opt/stack/data/venv/lib/python3.12/site-packages/oslo_config/cfg.py:3253}}
Jul 17 14:31:22.392722 np0000005345 nova-scheduler[96469]: DEBUG cotyledon.oslo_config_glue [-] oslo_messaging_metrics.metrics_process_name = {{(pid=96469) log_opt_values /opt/stack/data/venv/lib/python3.12/site-packages/oslo_config/cfg.py:3253}}
Jul 17 14:31:22.392882 np0000005345 nova-scheduler[96469]: DEBUG cotyledon.oslo_config_glue [-] oslo_messaging_metrics.metrics_socket_file = /var/tmp/metrics_collector.sock {{(pid=96469) log_opt_values /opt/stack/data/venv/lib/python3.12/site-packages/oslo_config/cfg.py:3253}}
Jul 17 14:31:22.392882 np0000005345 nova-scheduler[96469]: DEBUG cotyledon.oslo_config_glue [-] oslo_messaging_metrics.metrics_thread_stop_timeout = 10 {{(pid=96469) log_opt_values /opt/stack/data/venv/lib/python3.12/site-packages/oslo_config/cfg.py:3253}}
Jul 17 14:31:22.392882 np0000005345 nova-scheduler[96469]: DEBUG cotyledon.oslo_config_glue [-] profiler.connection_string = messaging:// {{(pid=96469) log_opt_values /opt/stack/data/venv/lib/python3.12/site-packages/oslo_config/cfg.py:3253}}
Jul 17 14:31:22.392882 np0000005345 nova-scheduler[96469]: DEBUG cotyledon.oslo_config_glue [-] profiler.enabled = False {{(pid=96469) log_opt_values /opt/stack/data/venv/lib/python3.12/site-packages/oslo_config/cfg.py:3253}}
Jul 17 14:31:22.392882 np0000005345 nova-scheduler[96469]: DEBUG cotyledon.oslo_config_glue [-] profiler.es_doc_type = notification {{(pid=96469) log_opt_values /opt/stack/data/venv/lib/python3.12/site-packages/oslo_config/cfg.py:3253}}
Jul 17 14:31:22.392882 np0000005345 nova-scheduler[96469]: DEBUG cotyledon.oslo_config_glue [-] profiler.es_scroll_size = 10000 {{(pid=96469) log_opt_values /opt/stack/data/venv/lib/python3.12/site-packages/oslo_config/cfg.py:3253}}
Jul 17 14:31:22.392882 np0000005345 nova-scheduler[96469]: DEBUG cotyledon.oslo_config_glue [-] profiler.es_scroll_time = 2m {{(pid=96469) log_opt_values /opt/stack/data/venv/lib/python3.12/site-packages/oslo_config/cfg.py:3253}}
Jul 17 14:31:22.392882 np0000005345 nova-scheduler[96469]: DEBUG cotyledon.oslo_config_glue [-] profiler.filter_error_trace = False {{(pid=96469) log_opt_values /opt/stack/data/venv/lib/python3.12/site-packages/oslo_config/cfg.py:3253}}
Jul 17 14:31:22.392882 np0000005345 nova-scheduler[96469]: DEBUG cotyledon.oslo_config_glue [-] profiler.hmac_keys = **** {{(pid=96469) log_opt_values /opt/stack/data/venv/lib/python3.12/site-packages/oslo_config/cfg.py:3253}}
Jul 17 14:31:22.393053 np0000005345 nova-scheduler[96469]: DEBUG cotyledon.oslo_config_glue [-] profiler.sentinel_service_name = mymaster {{(pid=96469) log_opt_values /opt/stack/data/venv/lib/python3.12/site-packages/oslo_config/cfg.py:3253}}
Jul 17 14:31:22.393053 np0000005345 nova-scheduler[96469]: DEBUG cotyledon.oslo_config_glue [-] profiler.socket_timeout = 0.1 {{(pid=96469) log_opt_values /opt/stack/data/venv/lib/python3.12/site-packages/oslo_config/cfg.py:3253}}
Jul 17 14:31:22.393053 np0000005345 nova-scheduler[96469]: DEBUG cotyledon.oslo_config_glue [-] profiler.trace_requests = False {{(pid=96469) log_opt_values /opt/stack/data/venv/lib/python3.12/site-packages/oslo_config/cfg.py:3253}}
Jul 17 14:31:22.393053 np0000005345 nova-scheduler[96469]: DEBUG cotyledon.oslo_config_glue [-] profiler.trace_sqlalchemy = False {{(pid=96469) log_opt_values /opt/stack/data/venv/lib/python3.12/site-packages/oslo_config/cfg.py:3253}}
Jul 17 14:31:22.393053 np0000005345 nova-scheduler[96469]: DEBUG cotyledon.oslo_config_glue [-] profiler_jaeger.process_tags = {} {{(pid=96469) log_opt_values /opt/stack/data/venv/lib/python3.12/site-packages/oslo_config/cfg.py:3253}}
Jul 17 14:31:22.393053 np0000005345 nova-scheduler[96469]: DEBUG cotyledon.oslo_config_glue [-] profiler_jaeger.service_name_prefix = None {{(pid=96469) log_opt_values /opt/stack/data/venv/lib/python3.12/site-packages/oslo_config/cfg.py:3253}}
Jul 17 14:31:22.393053 np0000005345 nova-scheduler[96469]: DEBUG cotyledon.oslo_config_glue [-] profiler_otlp.service_name_prefix = None {{(pid=96469) log_opt_values /opt/stack/data/venv/lib/python3.12/site-packages/oslo_config/cfg.py:3253}}
Jul 17 14:31:22.393053 np0000005345 nova-scheduler[96469]: DEBUG cotyledon.oslo_config_glue [-] oslo_messaging_rabbit.amqp_auto_delete = False {{(pid=96469) log_opt_values /opt/stack/data/venv/lib/python3.12/site-packages/oslo_config/cfg.py:3253}}
Jul 17 14:31:22.393053 np0000005345 nova-scheduler[96469]: DEBUG cotyledon.oslo_config_glue [-] oslo_messaging_rabbit.amqp_durable_queues = False {{(pid=96469) log_opt_values /opt/stack/data/venv/lib/python3.12/site-packages/oslo_config/cfg.py:3253}}
Jul 17 14:31:22.393218 np0000005345 nova-scheduler[96469]: DEBUG cotyledon.oslo_config_glue [-] oslo_messaging_rabbit.conn_pool_min_size = 2 {{(pid=96469) log_opt_values /opt/stack/data/venv/lib/python3.12/site-packages/oslo_config/cfg.py:3253}}
Jul 17 14:31:22.393218 np0000005345 nova-scheduler[96469]: DEBUG cotyledon.oslo_config_glue [-] oslo_messaging_rabbit.conn_pool_ttl = 1200 {{(pid=96469) log_opt_values /opt/stack/data/venv/lib/python3.12/site-packages/oslo_config/cfg.py:3253}}
Jul 17 14:31:22.393218 np0000005345 nova-scheduler[96469]: DEBUG cotyledon.oslo_config_glue [-] oslo_messaging_rabbit.direct_mandatory_flag = True {{(pid=96469) log_opt_values /opt/stack/data/venv/lib/python3.12/site-packages/oslo_config/cfg.py:3253}}
Jul 17 14:31:22.393218 np0000005345 nova-scheduler[96469]: DEBUG cotyledon.oslo_config_glue [-] oslo_messaging_rabbit.enable_cancel_on_failover = False {{(pid=96469) log_opt_values /opt/stack/data/venv/lib/python3.12/site-packages/oslo_config/cfg.py:3253}}
Jul 17 14:31:22.393218 np0000005345 nova-scheduler[96469]: DEBUG cotyledon.oslo_config_glue [-] oslo_messaging_rabbit.heartbeat_rate = 3 {{(pid=96469) log_opt_values /opt/stack/data/venv/lib/python3.12/site-packages/oslo_config/cfg.py:3253}}
Jul 17 14:31:22.393218 np0000005345 nova-scheduler[96469]: DEBUG cotyledon.oslo_config_glue [-] oslo_messaging_rabbit.heartbeat_timeout_threshold = 60 {{(pid=96469) log_opt_values /opt/stack/data/venv/lib/python3.12/site-packages/oslo_config/cfg.py:3253}}
Jul 17 14:31:22.393218 np0000005345 nova-scheduler[96469]: DEBUG cotyledon.oslo_config_glue [-] oslo_messaging_rabbit.hostname = np0000005345 {{(pid=96469) log_opt_values /opt/stack/data/venv/lib/python3.12/site-packages/oslo_config/cfg.py:3253}}
Jul 17 14:31:22.393218 np0000005345 nova-scheduler[96469]: DEBUG cotyledon.oslo_config_glue [-] oslo_messaging_rabbit.kombu_compression = None {{(pid=96469) log_opt_values /opt/stack/data/venv/lib/python3.12/site-packages/oslo_config/cfg.py:3253}}
Jul 17 14:31:22.393218 np0000005345 nova-scheduler[96469]: DEBUG cotyledon.oslo_config_glue [-] oslo_messaging_rabbit.kombu_failover_strategy = round-robin {{(pid=96469) log_opt_values /opt/stack/data/venv/lib/python3.12/site-packages/oslo_config/cfg.py:3253}}
Jul 17 14:31:22.393403 np0000005345 nova-scheduler[96469]: DEBUG cotyledon.oslo_config_glue [-] oslo_messaging_rabbit.kombu_missing_consumer_retry_timeout = 60 {{(pid=96469) log_opt_values /opt/stack/data/venv/lib/python3.12/site-packages/oslo_config/cfg.py:3253}}
Jul 17 14:31:22.393403 np0000005345 nova-scheduler[96469]: DEBUG cotyledon.oslo_config_glue [-] oslo_messaging_rabbit.kombu_reconnect_delay = 1.0 {{(pid=96469) log_opt_values /opt/stack/data/venv/lib/python3.12/site-packages/oslo_config/cfg.py:3253}}
Jul 17 14:31:22.393403 np0000005345 nova-scheduler[96469]: DEBUG cotyledon.oslo_config_glue [-] oslo_messaging_rabbit.kombu_reconnect_splay = 0.0 {{(pid=96469) log_opt_values /opt/stack/data/venv/lib/python3.12/site-packages/oslo_config/cfg.py:3253}}
Jul 17 14:31:22.393403 np0000005345 nova-scheduler[96469]: DEBUG cotyledon.oslo_config_glue [-] oslo_messaging_rabbit.processname = nova-scheduler {{(pid=96469) log_opt_values /opt/stack/data/venv/lib/python3.12/site-packages/oslo_config/cfg.py:3253}}
Jul 17 14:31:22.393403 np0000005345 nova-scheduler[96469]: DEBUG cotyledon.oslo_config_glue [-] oslo_messaging_rabbit.rabbit_ha_queues = False {{(pid=96469) log_opt_values /opt/stack/data/venv/lib/python3.12/site-packages/oslo_config/cfg.py:3253}}
Jul 17 14:31:22.393403 np0000005345 nova-scheduler[96469]: DEBUG cotyledon.oslo_config_glue [-] oslo_messaging_rabbit.rabbit_interval_max = 30 {{(pid=96469) log_opt_values /opt/stack/data/venv/lib/python3.12/site-packages/oslo_config/cfg.py:3253}}
Jul 17 14:31:22.393403 np0000005345 nova-scheduler[96469]: DEBUG cotyledon.oslo_config_glue [-] oslo_messaging_rabbit.rabbit_login_method = AMQPLAIN {{(pid=96469) log_opt_values /opt/stack/data/venv/lib/python3.12/site-packages/oslo_config/cfg.py:3253}}
Jul 17 14:31:22.393403 np0000005345 nova-scheduler[96469]: DEBUG cotyledon.oslo_config_glue [-] oslo_messaging_rabbit.rabbit_qos_prefetch_count = 0 {{(pid=96469) log_opt_values /opt/stack/data/venv/lib/python3.12/site-packages/oslo_config/cfg.py:3253}}
Jul 17 14:31:22.393403 np0000005345 nova-scheduler[96469]: DEBUG cotyledon.oslo_config_glue [-] oslo_messaging_rabbit.rabbit_quorum_delivery_limit = 0 {{(pid=96469) log_opt_values /opt/stack/data/venv/lib/python3.12/site-packages/oslo_config/cfg.py:3253}}
Jul 17 14:31:22.393575 np0000005345 nova-scheduler[96469]: DEBUG cotyledon.oslo_config_glue [-] oslo_messaging_rabbit.rabbit_quorum_max_memory_bytes = 0 {{(pid=96469) log_opt_values /opt/stack/data/venv/lib/python3.12/site-packages/oslo_config/cfg.py:3253}}
Jul 17 14:31:22.393575 np0000005345 nova-scheduler[96469]: DEBUG cotyledon.oslo_config_glue [-] oslo_messaging_rabbit.rabbit_quorum_max_memory_length = 0 {{(pid=96469) log_opt_values /opt/stack/data/venv/lib/python3.12/site-packages/oslo_config/cfg.py:3253}}
Jul 17 14:31:22.393575 np0000005345 nova-scheduler[96469]: DEBUG cotyledon.oslo_config_glue [-] oslo_messaging_rabbit.rabbit_quorum_queue = False {{(pid=96469) log_opt_values /opt/stack/data/venv/lib/python3.12/site-packages/oslo_config/cfg.py:3253}}
Jul 17 14:31:22.393575 np0000005345 nova-scheduler[96469]: DEBUG cotyledon.oslo_config_glue [-] oslo_messaging_rabbit.rabbit_retry_backoff = 2 {{(pid=96469) log_opt_values /opt/stack/data/venv/lib/python3.12/site-packages/oslo_config/cfg.py:3253}}
Jul 17 14:31:22.393575 np0000005345 nova-scheduler[96469]: DEBUG cotyledon.oslo_config_glue [-] oslo_messaging_rabbit.rabbit_retry_interval = 1 {{(pid=96469) log_opt_values /opt/stack/data/venv/lib/python3.12/site-packages/oslo_config/cfg.py:3253}}
Jul 17 14:31:22.393575 np0000005345 nova-scheduler[96469]: DEBUG cotyledon.oslo_config_glue [-] oslo_messaging_rabbit.rabbit_stream_fanout = False {{(pid=96469) log_opt_values /opt/stack/data/venv/lib/python3.12/site-packages/oslo_config/cfg.py:3253}}
Jul 17 14:31:22.393575 np0000005345 nova-scheduler[96469]: DEBUG cotyledon.oslo_config_glue [-] oslo_messaging_rabbit.rabbit_transient_queues_ttl = 1800 {{(pid=96469) log_opt_values /opt/stack/data/venv/lib/python3.12/site-packages/oslo_config/cfg.py:3253}}
Jul 17 14:31:22.393575 np0000005345 nova-scheduler[96469]: DEBUG cotyledon.oslo_config_glue [-] oslo_messaging_rabbit.rabbit_transient_quorum_queue = False {{(pid=96469) log_opt_values /opt/stack/data/venv/lib/python3.12/site-packages/oslo_config/cfg.py:3253}}
Jul 17 14:31:22.393717 np0000005345 nova-scheduler[96469]: DEBUG cotyledon.oslo_config_glue [-] oslo_messaging_rabbit.rpc_conn_pool_size = 30 {{(pid=96469) log_opt_values /opt/stack/data/venv/lib/python3.12/site-packages/oslo_config/cfg.py:3253}}
Jul 17 14:31:22.393717 np0000005345 nova-scheduler[96469]: DEBUG cotyledon.oslo_config_glue [-] oslo_messaging_rabbit.ssl = False {{(pid=96469) log_opt_values /opt/stack/data/venv/lib/python3.12/site-packages/oslo_config/cfg.py:3253}}
Jul 17 14:31:22.393717 np0000005345 nova-scheduler[96469]: DEBUG cotyledon.oslo_config_glue [-] oslo_messaging_rabbit.ssl_ca_file = {{(pid=96469) log_opt_values /opt/stack/data/venv/lib/python3.12/site-packages/oslo_config/cfg.py:3253}}
Jul 17 14:31:22.393717 np0000005345 nova-scheduler[96469]: DEBUG cotyledon.oslo_config_glue [-] oslo_messaging_rabbit.ssl_cert_file = {{(pid=96469) log_opt_values /opt/stack/data/venv/lib/python3.12/site-packages/oslo_config/cfg.py:3253}}
Jul 17 14:31:22.393717 np0000005345 nova-scheduler[96469]: DEBUG cotyledon.oslo_config_glue [-] oslo_messaging_rabbit.ssl_enforce_fips_mode = False {{(pid=96469) log_opt_values /opt/stack/data/venv/lib/python3.12/site-packages/oslo_config/cfg.py:3253}}
Jul 17 14:31:22.393717 np0000005345 nova-scheduler[96469]: DEBUG cotyledon.oslo_config_glue [-] oslo_messaging_rabbit.ssl_enforce_hostname_verification = True {{(pid=96469) log_opt_values /opt/stack/data/venv/lib/python3.12/site-packages/oslo_config/cfg.py:3253}}
Jul 17 14:31:22.393717 np0000005345 nova-scheduler[96469]: DEBUG cotyledon.oslo_config_glue [-] oslo_messaging_rabbit.ssl_key_file = {{(pid=96469) log_opt_values /opt/stack/data/venv/lib/python3.12/site-packages/oslo_config/cfg.py:3253}}
Jul 17 14:31:22.393717 np0000005345 nova-scheduler[96469]: DEBUG cotyledon.oslo_config_glue [-] oslo_messaging_rabbit.ssl_version = {{(pid=96469) log_opt_values /opt/stack/data/venv/lib/python3.12/site-packages/oslo_config/cfg.py:3253}}
Jul 17 14:31:22.393717 np0000005345 nova-scheduler[96469]: DEBUG cotyledon.oslo_config_glue [-] oslo_messaging_rabbit.use_queue_manager = False {{(pid=96469) log_opt_values /opt/stack/data/venv/lib/python3.12/site-packages/oslo_config/cfg.py:3253}}
Jul 17 14:31:22.393918 np0000005345 nova-scheduler[96469]: DEBUG cotyledon.oslo_config_glue [-] oslo_messaging_notifications.driver = ['messagingv2'] {{(pid=96469) log_opt_values /opt/stack/data/venv/lib/python3.12/site-packages/oslo_config/cfg.py:3253}}
Jul 17 14:31:22.393918 np0000005345 nova-scheduler[96469]: DEBUG cotyledon.oslo_config_glue [-] oslo_messaging_notifications.retry = -1 {{(pid=96469) log_opt_values /opt/stack/data/venv/lib/python3.12/site-packages/oslo_config/cfg.py:3253}}
Jul 17 14:31:22.393918 np0000005345 nova-scheduler[96469]: DEBUG cotyledon.oslo_config_glue [-] oslo_messaging_notifications.topics = ['notifications'] {{(pid=96469) log_opt_values /opt/stack/data/venv/lib/python3.12/site-packages/oslo_config/cfg.py:3253}}
Jul 17 14:31:22.393918 np0000005345 nova-scheduler[96469]: DEBUG cotyledon.oslo_config_glue [-] oslo_messaging_notifications.transport_url = **** {{(pid=96469) log_opt_values /opt/stack/data/venv/lib/python3.12/site-packages/oslo_config/cfg.py:3253}}
Jul 17 14:31:22.393918 np0000005345 nova-scheduler[96469]: DEBUG cotyledon.oslo_config_glue [-] oslo_limit.auth_section = None {{(pid=96469) log_opt_values /opt/stack/data/venv/lib/python3.12/site-packages/oslo_config/cfg.py:3253}}
Jul 17 14:31:22.393918 np0000005345 nova-scheduler[96469]: DEBUG cotyledon.oslo_config_glue [-] oslo_limit.auth_type = None {{(pid=96469) log_opt_values /opt/stack/data/venv/lib/python3.12/site-packages/oslo_config/cfg.py:3253}}
Jul 17 14:31:22.393918 np0000005345 nova-scheduler[96469]: DEBUG cotyledon.oslo_config_glue [-] oslo_limit.cafile = None {{(pid=96469) log_opt_values /opt/stack/data/venv/lib/python3.12/site-packages/oslo_config/cfg.py:3253}}
Jul 17 14:31:22.393918 np0000005345 nova-scheduler[96469]: DEBUG cotyledon.oslo_config_glue [-] oslo_limit.certfile = None {{(pid=96469) log_opt_values /opt/stack/data/venv/lib/python3.12/site-packages/oslo_config/cfg.py:3253}}
Jul 17 14:31:22.393918 np0000005345 nova-scheduler[96469]: DEBUG cotyledon.oslo_config_glue [-] oslo_limit.collect_timing = False {{(pid=96469) log_opt_values /opt/stack/data/venv/lib/python3.12/site-packages/oslo_config/cfg.py:3253}}
Jul 17 14:31:22.394108 np0000005345 nova-scheduler[96469]: DEBUG cotyledon.oslo_config_glue [-] oslo_limit.connect_retries = None {{(pid=96469) log_opt_values /opt/stack/data/venv/lib/python3.12/site-packages/oslo_config/cfg.py:3253}}
Jul 17 14:31:22.394108 np0000005345 nova-scheduler[96469]: DEBUG cotyledon.oslo_config_glue [-] oslo_limit.connect_retry_delay = None {{(pid=96469) log_opt_values /opt/stack/data/venv/lib/python3.12/site-packages/oslo_config/cfg.py:3253}}
Jul 17 14:31:22.394108 np0000005345 nova-scheduler[96469]: DEBUG cotyledon.oslo_config_glue [-] oslo_limit.endpoint_id = None {{(pid=96469) log_opt_values /opt/stack/data/venv/lib/python3.12/site-packages/oslo_config/cfg.py:3253}}
Jul 17 14:31:22.394108 np0000005345 nova-scheduler[96469]: DEBUG cotyledon.oslo_config_glue [-] oslo_limit.endpoint_interface = public {{(pid=96469) log_opt_values /opt/stack/data/venv/lib/python3.12/site-packages/oslo_config/cfg.py:3253}}
Jul 17 14:31:22.394108 np0000005345 nova-scheduler[96469]: DEBUG cotyledon.oslo_config_glue [-] oslo_limit.endpoint_override = None {{(pid=96469) log_opt_values /opt/stack/data/venv/lib/python3.12/site-packages/oslo_config/cfg.py:3253}}
Jul 17 14:31:22.394108 np0000005345 nova-scheduler[96469]: DEBUG cotyledon.oslo_config_glue [-] oslo_limit.endpoint_region_name = None {{(pid=96469) log_opt_values /opt/stack/data/venv/lib/python3.12/site-packages/oslo_config/cfg.py:3253}}
Jul 17 14:31:22.394108 np0000005345 nova-scheduler[96469]: DEBUG cotyledon.oslo_config_glue [-] oslo_limit.endpoint_service_name = None {{(pid=96469) log_opt_values /opt/stack/data/venv/lib/python3.12/site-packages/oslo_config/cfg.py:3253}}
Jul 17 14:31:22.394108 np0000005345 nova-scheduler[96469]: DEBUG cotyledon.oslo_config_glue [-] oslo_limit.endpoint_service_type = None {{(pid=96469) log_opt_values /opt/stack/data/venv/lib/python3.12/site-packages/oslo_config/cfg.py:3253}}
Jul 17 14:31:22.394108 np0000005345 nova-scheduler[96469]: DEBUG cotyledon.oslo_config_glue [-] oslo_limit.insecure = False {{(pid=96469) log_opt_values /opt/stack/data/venv/lib/python3.12/site-packages/oslo_config/cfg.py:3253}}
Jul 17 14:31:22.394287 np0000005345 nova-scheduler[96469]: DEBUG cotyledon.oslo_config_glue [-] oslo_limit.keyfile = None {{(pid=96469) log_opt_values /opt/stack/data/venv/lib/python3.12/site-packages/oslo_config/cfg.py:3253}}
Jul 17 14:31:22.394287 np0000005345 nova-scheduler[96469]: DEBUG cotyledon.oslo_config_glue [-] oslo_limit.max_version = None {{(pid=96469) log_opt_values /opt/stack/data/venv/lib/python3.12/site-packages/oslo_config/cfg.py:3253}}
Jul 17 14:31:22.394287 np0000005345 nova-scheduler[96469]: DEBUG cotyledon.oslo_config_glue [-] oslo_limit.min_version = None {{(pid=96469) log_opt_values /opt/stack/data/venv/lib/python3.12/site-packages/oslo_config/cfg.py:3253}}
Jul 17 14:31:22.394287 np0000005345 nova-scheduler[96469]: DEBUG cotyledon.oslo_config_glue [-] oslo_limit.region_name = None {{(pid=96469) log_opt_values /opt/stack/data/venv/lib/python3.12/site-packages/oslo_config/cfg.py:3253}}
Jul 17 14:31:22.394287 np0000005345 nova-scheduler[96469]: DEBUG cotyledon.oslo_config_glue [-] oslo_limit.retriable_status_codes = None {{(pid=96469) log_opt_values /opt/stack/data/venv/lib/python3.12/site-packages/oslo_config/cfg.py:3253}}
Jul 17 14:31:22.394287 np0000005345 nova-scheduler[96469]: DEBUG cotyledon.oslo_config_glue [-] oslo_limit.service_name = None {{(pid=96469) log_opt_values /opt/stack/data/venv/lib/python3.12/site-packages/oslo_config/cfg.py:3253}}
Jul 17 14:31:22.394287 np0000005345 nova-scheduler[96469]: DEBUG cotyledon.oslo_config_glue [-] oslo_limit.service_type = None {{(pid=96469) log_opt_values /opt/stack/data/venv/lib/python3.12/site-packages/oslo_config/cfg.py:3253}}
Jul 17 14:31:22.394287 np0000005345 nova-scheduler[96469]: DEBUG cotyledon.oslo_config_glue [-] oslo_limit.split_loggers = False {{(pid=96469) log_opt_values /opt/stack/data/venv/lib/python3.12/site-packages/oslo_config/cfg.py:3253}}
Jul 17 14:31:22.394287 np0000005345 nova-scheduler[96469]: DEBUG cotyledon.oslo_config_glue [-] oslo_limit.status_code_retries = None {{(pid=96469) log_opt_values /opt/stack/data/venv/lib/python3.12/site-packages/oslo_config/cfg.py:3253}}
Jul 17 14:31:22.394481 np0000005345 nova-scheduler[96469]: DEBUG cotyledon.oslo_config_glue [-] oslo_limit.status_code_retry_delay = None {{(pid=96469) log_opt_values /opt/stack/data/venv/lib/python3.12/site-packages/oslo_config/cfg.py:3253}}
Jul 17 14:31:22.394481 np0000005345 nova-scheduler[96469]: DEBUG cotyledon.oslo_config_glue [-] oslo_limit.timeout = None {{(pid=96469) log_opt_values /opt/stack/data/venv/lib/python3.12/site-packages/oslo_config/cfg.py:3253}}
Jul 17 14:31:22.394481 np0000005345 nova-scheduler[96469]: DEBUG cotyledon.oslo_config_glue [-] oslo_limit.valid_interfaces = None {{(pid=96469) log_opt_values /opt/stack/data/venv/lib/python3.12/site-packages/oslo_config/cfg.py:3253}}
Jul 17 14:31:22.394481 np0000005345 nova-scheduler[96469]: DEBUG cotyledon.oslo_config_glue [-] oslo_limit.version = None {{(pid=96469) log_opt_values /opt/stack/data/venv/lib/python3.12/site-packages/oslo_config/cfg.py:3253}}
Jul 17 14:31:22.394481 np0000005345 nova-scheduler[96469]: DEBUG cotyledon.oslo_config_glue [-] oslo_reports.file_event_handler = None {{(pid=96469) log_opt_values /opt/stack/data/venv/lib/python3.12/site-packages/oslo_config/cfg.py:3253}}
Jul 17 14:31:22.394481 np0000005345 nova-scheduler[96469]: DEBUG cotyledon.oslo_config_glue [-] oslo_reports.file_event_handler_interval = 1 {{(pid=96469) log_opt_values /opt/stack/data/venv/lib/python3.12/site-packages/oslo_config/cfg.py:3253}}
Jul 17 14:31:22.394481 np0000005345 nova-scheduler[96469]: DEBUG cotyledon.oslo_config_glue [-] oslo_reports.log_dir = None {{(pid=96469) log_opt_values /opt/stack/data/venv/lib/python3.12/site-packages/oslo_config/cfg.py:3253}}
Jul 17 14:31:22.394481 np0000005345 nova-scheduler[96469]: DEBUG cotyledon.oslo_config_glue [-] ******************************************************************************** {{(pid=96469) log_opt_values /opt/stack/data/venv/lib/python3.12/site-packages/oslo_config/cfg.py:3260}}
Jul 17 14:31:22.394481 np0000005345 nova-scheduler[96469]: DEBUG cotyledon._service_worker [-] Run service ServiceWrapper(3) [96469] {{(pid=96469) wait_forever /opt/stack/data/venv/lib/python3.12/site-packages/cotyledon/_service_worker.py:218}}
Jul 17 14:31:22.394647 np0000005345 nova-scheduler[96469]: INFO nova.service [-] Starting scheduler node (version 33.1.0)
Jul 17 14:31:22.394647 np0000005345 nova-scheduler[96469]: INFO dbcounter [None req-7cd6411c-3a9c-4ea7-a28e-f8221ad2283a None None] Registered counter for database nova_cell0
Jul 17 14:31:22.394690 np0000005345 nova-scheduler[96463]: DEBUG oslo_db.sqlalchemy.engines [None req-662ddc75-3ee9-4521-9742-93926e233e83 None None] MySQL server mode set to STRICT_TRANS_TABLES,STRICT_ALL_TABLES,NO_ZERO_IN_DATE,NO_ZERO_DATE,ERROR_FOR_DIVISION_BY_ZERO,TRADITIONAL,NO_ENGINE_SUBSTITUTION {{(pid=96463) _check_effective_sql_mode /opt/stack/data/venv/lib/python3.12/site-packages/oslo_db/sqlalchemy/engines.py:325}}
Jul 17 14:31:22.394719 np0000005345 nova-scheduler[96465]: DEBUG oslo_db.sqlalchemy.engines [None req-2aef8c21-b1e3-4eab-aad2-70d9b16764f8 None None] MySQL server mode set to STRICT_TRANS_TABLES,STRICT_ALL_TABLES,NO_ZERO_IN_DATE,NO_ZERO_DATE,ERROR_FOR_DIVISION_BY_ZERO,TRADITIONAL,NO_ENGINE_SUBSTITUTION {{(pid=96465) _check_effective_sql_mode /opt/stack/data/venv/lib/python3.12/site-packages/oslo_db/sqlalchemy/engines.py:325}}
Jul 17 14:31:22.394744 np0000005345 nova-scheduler[96463]: DEBUG dbcounter [-] [96463] Writer thread running {{(pid=96463) stat_writer /opt/stack/data/venv/lib/python3.12/site-packages/dbcounter.py:102}}
Jul 17 14:31:22.394784 np0000005345 nova-scheduler[96465]: DEBUG dbcounter [-] [96465] Writer thread running {{(pid=96465) stat_writer /opt/stack/data/venv/lib/python3.12/site-packages/dbcounter.py:102}}
Jul 17 14:31:22.394820 np0000005345 nova-scheduler[96469]: DEBUG oslo_db.sqlalchemy.engines [None req-7cd6411c-3a9c-4ea7-a28e-f8221ad2283a None None] MySQL server mode set to STRICT_TRANS_TABLES,STRICT_ALL_TABLES,NO_ZERO_IN_DATE,NO_ZERO_DATE,ERROR_FOR_DIVISION_BY_ZERO,TRADITIONAL,NO_ENGINE_SUBSTITUTION {{(pid=96469) _check_effective_sql_mode /opt/stack/data/venv/lib/python3.12/site-packages/oslo_db/sqlalchemy/engines.py:325}}
Jul 17 14:31:22.394846 np0000005345 nova-scheduler[96463]: DEBUG nova.service [None req-662ddc75-3ee9-4521-9742-93926e233e83 None None] Creating RPC server for service: nova-scheduler on topic: scheduler {{(pid=96463) start /opt/stack/nova/nova/service.py:196}}
Jul 17 14:31:22.394871 np0000005345 nova-scheduler[96467]: DEBUG oslo_db.sqlalchemy.engines [None req-abcf7c55-1976-4a98-9272-86a94128ca35 None None] MySQL server mode set to STRICT_TRANS_TABLES,STRICT_ALL_TABLES,NO_ZERO_IN_DATE,NO_ZERO_DATE,ERROR_FOR_DIVISION_BY_ZERO,TRADITIONAL,NO_ENGINE_SUBSTITUTION {{(pid=96467) _check_effective_sql_mode /opt/stack/data/venv/lib/python3.12/site-packages/oslo_db/sqlalchemy/engines.py:325}}
Jul 17 14:31:22.401771 np0000005345 nova-scheduler[96465]: DEBUG nova.service [None req-2aef8c21-b1e3-4eab-aad2-70d9b16764f8 None None] Creating RPC server for service: nova-scheduler on topic: scheduler {{(pid=96465) start /opt/stack/nova/nova/service.py:196}}
Jul 17 14:31:22.404128 np0000005345 nova-scheduler[96467]: DEBUG dbcounter [-] [96467] Writer thread running {{(pid=96467) stat_writer /opt/stack/data/venv/lib/python3.12/site-packages/dbcounter.py:102}}
Jul 17 14:31:22.404777 np0000005345 nova-scheduler[96469]: DEBUG dbcounter [-] [96469] Writer thread running {{(pid=96469) stat_writer /opt/stack/data/venv/lib/python3.12/site-packages/dbcounter.py:102}}
Jul 17 14:31:22.407617 np0000005345 nova-scheduler[96467]: DEBUG nova.service [None req-abcf7c55-1976-4a98-9272-86a94128ca35 None None] Creating RPC server for service: nova-scheduler on topic: scheduler {{(pid=96467) start /opt/stack/nova/nova/service.py:196}}
Jul 17 14:31:22.408662 np0000005345 nova-scheduler[96469]: DEBUG nova.service [None req-7cd6411c-3a9c-4ea7-a28e-f8221ad2283a None None] Creating RPC server for service: nova-scheduler on topic: scheduler {{(pid=96469) start /opt/stack/nova/nova/service.py:196}}
Jul 17 14:31:22.429428 np0000005345 nova-scheduler[96465]: DEBUG nova.service [None req-2aef8c21-b1e3-4eab-aad2-70d9b16764f8 None None] Join ServiceGroup membership for this service scheduler {{(pid=96465) start /opt/stack/nova/nova/service.py:222}}
Jul 17 14:31:22.429537 np0000005345 nova-scheduler[96465]: DEBUG nova.servicegroup.drivers.db [None req-2aef8c21-b1e3-4eab-aad2-70d9b16764f8 None None] DB_Driver: join new ServiceGroup member np0000005345 to the scheduler group, service = {{(pid=96465) join /opt/stack/nova/nova/servicegroup/drivers/db.py:44}}
Jul 17 14:31:22.430897 np0000005345 nova-scheduler[96467]: DEBUG nova.service [None req-abcf7c55-1976-4a98-9272-86a94128ca35 None None] Join ServiceGroup membership for this service scheduler {{(pid=96467) start /opt/stack/nova/nova/service.py:222}}
Jul 17 14:31:22.431216 np0000005345 nova-scheduler[96467]: DEBUG nova.servicegroup.drivers.db [None req-abcf7c55-1976-4a98-9272-86a94128ca35 None None] DB_Driver: join new ServiceGroup member np0000005345 to the scheduler group, service = {{(pid=96467) join /opt/stack/nova/nova/servicegroup/drivers/db.py:44}}
Jul 17 14:31:22.432622 np0000005345 nova-scheduler[96463]: DEBUG nova.service [None req-662ddc75-3ee9-4521-9742-93926e233e83 None None] Join ServiceGroup membership for this service scheduler {{(pid=96463) start /opt/stack/nova/nova/service.py:222}}
Jul 17 14:31:22.433007 np0000005345 nova-scheduler[96463]: DEBUG nova.servicegroup.drivers.db [None req-662ddc75-3ee9-4521-9742-93926e233e83 None None] DB_Driver: join new ServiceGroup member np0000005345 to the scheduler group, service = {{(pid=96463) join /opt/stack/nova/nova/servicegroup/drivers/db.py:44}}
Jul 17 14:31:22.434421 np0000005345 nova-scheduler[96469]: DEBUG nova.service [None req-7cd6411c-3a9c-4ea7-a28e-f8221ad2283a None None] Join ServiceGroup membership for this service scheduler {{(pid=96469) start /opt/stack/nova/nova/service.py:222}}
Jul 17 14:31:22.434654 np0000005345 nova-scheduler[96469]: DEBUG nova.servicegroup.drivers.db [None req-7cd6411c-3a9c-4ea7-a28e-f8221ad2283a None None] DB_Driver: join new ServiceGroup member np0000005345 to the scheduler group, service = {{(pid=96469) join /opt/stack/nova/nova/servicegroup/drivers/db.py:44}}
Jul 17 14:31:27.445640 np0000005345 nova-scheduler[96465]: DEBUG oslo.service.backend._threading.loopingcall [-] Fixed interval looping call 'nova.servicegroup.drivers.db.DbDriver._report_state' sleeping for 119.99 seconds {{(pid=96465) _run_loop /opt/stack/data/venv/lib/python3.12/site-packages/oslo_service/backend/_threading/loopingcall.py:125}}
Jul 17 14:31:27.446059 np0000005345 nova-scheduler[96463]: DEBUG oslo.service.backend._threading.loopingcall [-] Fixed interval looping call 'nova.servicegroup.drivers.db.DbDriver._report_state' sleeping for 119.99 seconds {{(pid=96463) _run_loop /opt/stack/data/venv/lib/python3.12/site-packages/oslo_service/backend/_threading/loopingcall.py:125}}
Jul 17 14:31:27.449664 np0000005345 nova-scheduler[96467]: DEBUG oslo.service.backend._threading.loopingcall [-] Fixed interval looping call 'nova.servicegroup.drivers.db.DbDriver._report_state' sleeping for 119.98 seconds {{(pid=96467) _run_loop /opt/stack/data/venv/lib/python3.12/site-packages/oslo_service/backend/_threading/loopingcall.py:125}}
Jul 17 14:31:27.450379 np0000005345 nova-scheduler[96469]: DEBUG oslo.service.backend._threading.loopingcall [-] Fixed interval looping call 'nova.servicegroup.drivers.db.DbDriver._report_state' sleeping for 119.99 seconds {{(pid=96469) _run_loop /opt/stack/data/venv/lib/python3.12/site-packages/oslo_service/backend/_threading/loopingcall.py:125}}
Jul 17 14:31:30.904867 np0000005345 nova-scheduler[95270]: DEBUG dbcounter [-] [95270] Writing DB stats nova_api:SELECT=3 {{(pid=95270) stat_writer /opt/stack/data/venv/lib/python3.12/site-packages/dbcounter.py:115}}
Jul 17 14:31:31.073224 np0000005345 nova-scheduler[95270]: DEBUG dbcounter [-] [95270] Writing DB stats nova_cell1:SELECT=1 {{(pid=95270) stat_writer /opt/stack/data/venv/lib/python3.12/site-packages/dbcounter.py:115}}
Jul 17 14:31:31.079367 np0000005345 nova-scheduler[95270]: DEBUG dbcounter [-] [95270] Writing DB stats nova_cell0:SELECT=1 {{(pid=95270) stat_writer /opt/stack/data/venv/lib/python3.12/site-packages/dbcounter.py:115}}
Jul 17 14:31:37.441057 np0000005345 nova-scheduler[96465]: DEBUG dbcounter [-] [96465] Writing DB stats nova_cell0:SELECT=5,nova_cell0:INSERT=1,nova_cell0:UPDATE=1 {{(pid=96465) stat_writer /opt/stack/data/venv/lib/python3.12/site-packages/dbcounter.py:115}}
Jul 17 14:31:37.444034 np0000005345 nova-scheduler[96463]: DEBUG dbcounter [-] [96463] Writing DB stats nova_cell0:SELECT=4,nova_cell0:INSERT=1,nova_cell0:UPDATE=1 {{(pid=96463) stat_writer /opt/stack/data/venv/lib/python3.12/site-packages/dbcounter.py:115}}
Jul 17 14:31:37.447921 np0000005345 nova-scheduler[96467]: DEBUG dbcounter [-] [96467] Writing DB stats nova_cell0:SELECT=3,nova_cell0:UPDATE=1 {{(pid=96467) stat_writer /opt/stack/data/venv/lib/python3.12/site-packages/dbcounter.py:115}}
Jul 17 14:31:37.450002 np0000005345 nova-scheduler[96469]: DEBUG dbcounter [-] [96469] Writing DB stats nova_cell0:SELECT=3,nova_cell0:UPDATE=1 {{(pid=96469) stat_writer /opt/stack/data/venv/lib/python3.12/site-packages/dbcounter.py:115}}
Jul 17 14:31:52.431793 np0000005345 nova-scheduler[96465]: DEBUG oslo.service.backend._threading.loopingcall [None req-181f5c32-adf8-423a-8bcd-6f1a7c082336 None None] Dynamic interval looping call 'nova.service.Service.periodic_tasks' sleeping for 60.00 seconds {{(pid=96465) _run_loop /opt/stack/data/venv/lib/python3.12/site-packages/oslo_service/backend/_threading/loopingcall.py:125}}
Jul 17 14:31:55.434389 np0000005345 nova-scheduler[96467]: DEBUG oslo.service.backend._threading.loopingcall [None req-1562147e-0fba-4d4e-974f-116cbe9e98fa None None] Dynamic interval looping call 'nova.service.Service.periodic_tasks' sleeping for 60.00 seconds {{(pid=96467) _run_loop /opt/stack/data/venv/lib/python3.12/site-packages/oslo_service/backend/_threading/loopingcall.py:125}}
Jul 17 14:31:58.435228 np0000005345 nova-scheduler[96463]: DEBUG oslo.service.backend._threading.loopingcall [None req-15d867eb-7b97-4445-b281-021320b51107 None None] Dynamic interval looping call 'nova.service.Service.periodic_tasks' sleeping for 60.00 seconds {{(pid=96463) _run_loop /opt/stack/data/venv/lib/python3.12/site-packages/oslo_service/backend/_threading/loopingcall.py:125}}
Jul 17 14:32:15.436995 np0000005345 nova-scheduler[96469]: DEBUG oslo.service.backend._threading.loopingcall [None req-356b62f4-4554-46c7-bb18-7c7be9cc690a None None] Dynamic interval looping call 'nova.service.Service.periodic_tasks' sleeping for 60.00 seconds {{(pid=96469) _run_loop /opt/stack/data/venv/lib/python3.12/site-packages/oslo_service/backend/_threading/loopingcall.py:125}}
Jul 17 14:32:52.432161 np0000005345 nova-scheduler[96465]: DEBUG oslo.service.backend._threading.loopingcall [None req-181f5c32-adf8-423a-8bcd-6f1a7c082336 None None] Dynamic interval looping call 'nova.service.Service.periodic_tasks' sleeping for 60.00 seconds {{(pid=96465) _run_loop /opt/stack/data/venv/lib/python3.12/site-packages/oslo_service/backend/_threading/loopingcall.py:125}}
Jul 17 14:32:55.435448 np0000005345 nova-scheduler[96467]: DEBUG oslo.service.backend._threading.loopingcall [None req-1562147e-0fba-4d4e-974f-116cbe9e98fa None None] Dynamic interval looping call 'nova.service.Service.periodic_tasks' sleeping for 60.00 seconds {{(pid=96467) _run_loop /opt/stack/data/venv/lib/python3.12/site-packages/oslo_service/backend/_threading/loopingcall.py:125}}
Jul 17 14:32:58.435935 np0000005345 nova-scheduler[96463]: DEBUG oslo.service.backend._threading.loopingcall [None req-15d867eb-7b97-4445-b281-021320b51107 None None] Dynamic interval looping call 'nova.service.Service.periodic_tasks' sleeping for 60.00 seconds {{(pid=96463) _run_loop /opt/stack/data/venv/lib/python3.12/site-packages/oslo_service/backend/_threading/loopingcall.py:125}}
Jul 17 14:33:15.437589 np0000005345 nova-scheduler[96469]: DEBUG oslo.service.backend._threading.loopingcall [None req-356b62f4-4554-46c7-bb18-7c7be9cc690a None None] Dynamic interval looping call 'nova.service.Service.periodic_tasks' sleeping for 60.00 seconds {{(pid=96469) _run_loop /opt/stack/data/venv/lib/python3.12/site-packages/oslo_service/backend/_threading/loopingcall.py:125}}
Jul 17 14:33:27.439221 np0000005345 nova-scheduler[96467]: DEBUG oslo.service.backend._threading.loopingcall [-] Fixed interval looping call 'nova.servicegroup.drivers.db.DbDriver._report_state' sleeping for 119.99 seconds {{(pid=96467) _run_loop /opt/stack/data/venv/lib/python3.12/site-packages/oslo_service/backend/_threading/loopingcall.py:125}}
Jul 17 14:33:27.440198 np0000005345 nova-scheduler[96463]: DEBUG oslo.service.backend._threading.loopingcall [-] Fixed interval looping call 'nova.servicegroup.drivers.db.DbDriver._report_state' sleeping for 120.00 seconds {{(pid=96463) _run_loop /opt/stack/data/venv/lib/python3.12/site-packages/oslo_service/backend/_threading/loopingcall.py:125}}
Jul 17 14:33:27.440459 np0000005345 nova-scheduler[96465]: DEBUG oslo.service.backend._threading.loopingcall [-] Fixed interval looping call 'nova.servicegroup.drivers.db.DbDriver._report_state' sleeping for 120.00 seconds {{(pid=96465) _run_loop /opt/stack/data/venv/lib/python3.12/site-packages/oslo_service/backend/_threading/loopingcall.py:125}}
Jul 17 14:33:27.446932 np0000005345 nova-scheduler[96469]: DEBUG oslo.service.backend._threading.loopingcall [-] Fixed interval looping call 'nova.servicegroup.drivers.db.DbDriver._report_state' sleeping for 119.99 seconds {{(pid=96469) _run_loop /opt/stack/data/venv/lib/python3.12/site-packages/oslo_service/backend/_threading/loopingcall.py:125}}
Jul 17 14:33:37.847354 np0000005345 nova-scheduler[96467]: DEBUG dbcounter [-] [96467] Writing DB stats nova_cell0:SELECT=1,nova_cell0:UPDATE=1 {{(pid=96467) stat_writer /opt/stack/data/venv/lib/python3.12/site-packages/dbcounter.py:115}}
Jul 17 14:33:37.849116 np0000005345 nova-scheduler[96465]: DEBUG dbcounter [-] [96465] Writing DB stats nova_cell0:SELECT=1 {{(pid=96465) stat_writer /opt/stack/data/venv/lib/python3.12/site-packages/dbcounter.py:115}}
Jul 17 14:33:37.849990 np0000005345 nova-scheduler[96463]: DEBUG dbcounter [-] [96463] Writing DB stats nova_cell0:SELECT=1,nova_cell0:UPDATE=1 {{(pid=96463) stat_writer /opt/stack/data/venv/lib/python3.12/site-packages/dbcounter.py:115}}
Jul 17 14:33:37.850708 np0000005345 nova-scheduler[96469]: DEBUG dbcounter [-] [96469] Writing DB stats nova_cell0:SELECT=1 {{(pid=96469) stat_writer /opt/stack/data/venv/lib/python3.12/site-packages/dbcounter.py:115}}
Jul 17 14:33:47.153469 np0000005345 nova-scheduler[96465]: DEBUG nova.scheduler.manager [None req-cda0e9ab-e703-4e2f-97f9-15d3959d42dc tempest-ServerRescueNegativeTestJSON-1771795046 tempest-ServerRescueNegativeTestJSON-1771795046-project-member] Starting to schedule for instances: ['f4060c40-0f1a-40db-a921-ff9d61e9bca0'] {{(pid=96465) select_destinations /opt/stack/nova/nova/scheduler/manager.py:209}}
Jul 17 14:33:47.153469 np0000005345 nova-scheduler[96465]: DEBUG nova.scheduler.request_filter [None req-cda0e9ab-e703-4e2f-97f9-15d3959d42dc tempest-ServerRescueNegativeTestJSON-1771795046 tempest-ServerRescueNegativeTestJSON-1771795046-project-member] compute_status_filter request filter added forbidden trait COMPUTE_STATUS_DISABLED {{(pid=96465) compute_status_filter /opt/stack/nova/nova/scheduler/request_filter.py:253}}
Jul 17 14:33:47.153469 np0000005345 nova-scheduler[96465]: DEBUG nova.scheduler.request_filter [None req-cda0e9ab-e703-4e2f-97f9-15d3959d42dc tempest-ServerRescueNegativeTestJSON-1771795046 tempest-ServerRescueNegativeTestJSON-1771795046-project-member] Request filter 'compute_status_filter' took 0.0 seconds {{(pid=96465) wrapper /opt/stack/nova/nova/scheduler/request_filter.py:46}}
Jul 17 14:33:47.153469 np0000005345 nova-scheduler[96465]: DEBUG nova.scheduler.request_filter [None req-cda0e9ab-e703-4e2f-97f9-15d3959d42dc tempest-ServerRescueNegativeTestJSON-1771795046 tempest-ServerRescueNegativeTestJSON-1771795046-project-member] Request filter 'accelerators_filter' took 0.0 seconds {{(pid=96465) wrapper /opt/stack/nova/nova/scheduler/request_filter.py:46}}
Jul 17 14:33:47.154035 np0000005345 nova-scheduler[96465]: DEBUG nova.scheduler.request_filter [None req-cda0e9ab-e703-4e2f-97f9-15d3959d42dc tempest-ServerRescueNegativeTestJSON-1771795046 tempest-ServerRescueNegativeTestJSON-1771795046-project-member] Request filter 'packed_virtqueue_filter' took 0.0 seconds {{(pid=96465) wrapper /opt/stack/nova/nova/scheduler/request_filter.py:46}}
Jul 17 14:33:47.154169 np0000005345 nova-scheduler[96465]: DEBUG nova.scheduler.request_filter [None req-cda0e9ab-e703-4e2f-97f9-15d3959d42dc tempest-ServerRescueNegativeTestJSON-1771795046 tempest-ServerRescueNegativeTestJSON-1771795046-project-member] Request filter 'remote_managed_ports_filter' took 0.0 seconds {{(pid=96465) wrapper /opt/stack/nova/nova/scheduler/request_filter.py:46}}
Jul 17 14:33:47.155035 np0000005345 nova-scheduler[96465]: DEBUG nova.scheduler.request_filter [None req-cda0e9ab-e703-4e2f-97f9-15d3959d42dc tempest-ServerRescueNegativeTestJSON-1771795046 tempest-ServerRescueNegativeTestJSON-1771795046-project-member] ephemeral_encryption_filter skipped {{(pid=96465) ephemeral_encryption_filter /opt/stack/nova/nova/scheduler/request_filter.py:426}}
Jul 17 14:33:47.155114 np0000005345 nova-scheduler[96465]: DEBUG nova.scheduler.request_filter [None req-cda0e9ab-e703-4e2f-97f9-15d3959d42dc tempest-ServerRescueNegativeTestJSON-1771795046 tempest-ServerRescueNegativeTestJSON-1771795046-project-member] virtio_sound_filter skipped {{(pid=96465) virtio_sound_filter /opt/stack/nova/nova/scheduler/request_filter.py:460}}
Jul 17 14:33:47.155254 np0000005345 nova-scheduler[96465]: DEBUG nova.scheduler.request_filter [None req-cda0e9ab-e703-4e2f-97f9-15d3959d42dc tempest-ServerRescueNegativeTestJSON-1771795046 tempest-ServerRescueNegativeTestJSON-1771795046-project-member] tpm_secret_security_filter skipped {{(pid=96465) tpm_secret_security_filter /opt/stack/nova/nova/scheduler/request_filter.py:477}}
Jul 17 14:33:47.862396 np0000005345 nova-scheduler[96465]: INFO nova.utils [None req-cda0e9ab-e703-4e2f-97f9-15d3959d42dc tempest-ServerRescueNegativeTestJSON-1771795046 tempest-ServerRescueNegativeTestJSON-1771795046-project-member] The cell worker thread pool ForkProcess-2.cell_worker is initialized
Jul 17 14:33:47.862994 np0000005345 nova-scheduler[96465]: DEBUG oslo_concurrency.lockutils [None req-cda0e9ab-e703-4e2f-97f9-15d3959d42dc tempest-ServerRescueNegativeTestJSON-1771795046 tempest-ServerRescueNegativeTestJSON-1771795046-project-member] Acquiring lock "7cec3a25-0264-4865-a232-4df27fc4adb7" by "nova.context.set_target_cell..get_or_set_cached_cell_and_set_connections" {{(pid=96465) inner /opt/stack/data/venv/lib/python3.12/site-packages/oslo_concurrency/lockutils.py:512}}
Jul 17 14:33:47.862994 np0000005345 nova-scheduler[96465]: DEBUG oslo_concurrency.lockutils [None req-cda0e9ab-e703-4e2f-97f9-15d3959d42dc tempest-ServerRescueNegativeTestJSON-1771795046 tempest-ServerRescueNegativeTestJSON-1771795046-project-member] Lock "7cec3a25-0264-4865-a232-4df27fc4adb7" acquired by "nova.context.set_target_cell..get_or_set_cached_cell_and_set_connections" :: waited 0.000s {{(pid=96465) inner /opt/stack/data/venv/lib/python3.12/site-packages/oslo_concurrency/lockutils.py:525}}
Jul 17 14:33:47.864715 np0000005345 nova-scheduler[96465]: DEBUG oslo_concurrency.lockutils [None req-cda0e9ab-e703-4e2f-97f9-15d3959d42dc tempest-ServerRescueNegativeTestJSON-1771795046 tempest-ServerRescueNegativeTestJSON-1771795046-project-member] Lock "7cec3a25-0264-4865-a232-4df27fc4adb7" "released" by "nova.context.set_target_cell..get_or_set_cached_cell_and_set_connections" :: held 0.002s {{(pid=96465) inner /opt/stack/data/venv/lib/python3.12/site-packages/oslo_concurrency/lockutils.py:544}}
Jul 17 14:33:47.870964 np0000005345 nova-scheduler[96465]: INFO dbcounter [None req-cda0e9ab-e703-4e2f-97f9-15d3959d42dc tempest-ServerRescueNegativeTestJSON-1771795046 tempest-ServerRescueNegativeTestJSON-1771795046-project-member] Registered counter for database nova_cell1
Jul 17 14:33:47.921142 np0000005345 nova-scheduler[96465]: DEBUG oslo_db.sqlalchemy.engines [None req-cda0e9ab-e703-4e2f-97f9-15d3959d42dc tempest-ServerRescueNegativeTestJSON-1771795046 tempest-ServerRescueNegativeTestJSON-1771795046-project-member] MySQL server mode set to STRICT_TRANS_TABLES,STRICT_ALL_TABLES,NO_ZERO_IN_DATE,NO_ZERO_DATE,ERROR_FOR_DIVISION_BY_ZERO,TRADITIONAL,NO_ENGINE_SUBSTITUTION {{(pid=96465) _check_effective_sql_mode /opt/stack/data/venv/lib/python3.12/site-packages/oslo_db/sqlalchemy/engines.py:325}}
