Aug 25 04:42:12.930823 np0000008045 systemd[1]: Starting devstack@n-api.service - Devstack devstack@n-api.service...
Aug 25 04:42:12.937439 np0000008045 devstack@n-api.service[87552]: [uWSGI] getting INI configuration from /etc/nova/nova-api-uwsgi.ini
Aug 25 04:42:12.940335 np0000008045 devstack@n-api.service[87552]: *** Starting uWSGI 2.0.24-debian (64bit) on [Tue Aug 25 04:42:12 2026] ***
Aug 25 04:42:12.940335 np0000008045 devstack@n-api.service[87552]: compiled with version: 13.2.0 on 17 April 2024 16:23:48
Aug 25 04:42:12.940335 np0000008045 devstack@n-api.service[87552]: os: Linux-6.8.0-100-generic #100-Ubuntu SMP PREEMPT_DYNAMIC Tue Jan 13 16:40:06 UTC 2026
Aug 25 04:42:12.940335 np0000008045 devstack@n-api.service[87552]: nodename: np0000008045
Aug 25 04:42:12.940335 np0000008045 devstack@n-api.service[87552]: machine: x86_64
Aug 25 04:42:12.940335 np0000008045 devstack@n-api.service[87552]: clock source: unix
Aug 25 04:42:12.940335 np0000008045 devstack@n-api.service[87552]: pcre jit disabled
Aug 25 04:42:12.940335 np0000008045 devstack@n-api.service[87552]: detected number of CPU cores: 16
Aug 25 04:42:12.940335 np0000008045 devstack@n-api.service[87552]: current working directory: /
Aug 25 04:42:12.940335 np0000008045 devstack@n-api.service[87552]: detected binary path: /usr/bin/uwsgi-core
Aug 25 04:42:12.940335 np0000008045 devstack@n-api.service[87552]: your processes number limit is 257052
Aug 25 04:42:12.940335 np0000008045 devstack@n-api.service[87552]: your memory page size is 4096 bytes
Aug 25 04:42:12.940627 np0000008045 devstack@n-api.service[87552]: detected max file descriptor number: 2048
Aug 25 04:42:12.940627 np0000008045 devstack@n-api.service[87552]: lock engine: pthread robust mutexes
Aug 25 04:42:12.940627 np0000008045 devstack@n-api.service[87552]: thunder lock: enabled
Aug 25 04:42:12.940809 np0000008045 devstack@n-api.service[87552]: uwsgi socket 0 bound to UNIX address /var/run/uwsgi/nova-api.socket fd 4
Aug 25 04:42:12.940870 np0000008045 devstack@n-api.service[87552]: Python version: 3.12.3 (main, Jun 19 2026, 12:46:00) [GCC 13.3.0]
Aug 25 04:42:12.940870 np0000008045 devstack@n-api.service[87552]: PEP 405 virtualenv detected: /opt/stack/data/venv
Aug 25 04:42:12.940940 np0000008045 devstack@n-api.service[87552]: Set PythonHome to /opt/stack/data/venv
Aug 25 04:42:12.978291 np0000008045 devstack@n-api.service[87552]: Python main interpreter initialized at 0x773fdd4a4668
Aug 25 04:42:12.978291 np0000008045 devstack@n-api.service[87552]: python threads support enabled
Aug 25 04:42:12.978291 np0000008045 devstack@n-api.service[87552]: your server socket listen backlog is limited to 100 connections
Aug 25 04:42:12.978291 np0000008045 devstack@n-api.service[87552]: your mercy for graceful operations on workers is 80 seconds
Aug 25 04:42:12.978771 np0000008045 devstack@n-api.service[87552]: mapped 671795 bytes (656 KB) for 4 cores
Aug 25 04:42:12.978908 np0000008045 devstack@n-api.service[87552]: *** Operational MODE: preforking ***
Aug 25 04:42:12.979087 np0000008045 devstack@n-api.service[87552]: *** uWSGI is running in multiple interpreter mode ***
Aug 25 04:42:12.979087 np0000008045 devstack@n-api.service[87552]: spawned uWSGI master process (pid: 87552)
Aug 25 04:42:12.979237 np0000008045 systemd[1]: Started devstack@n-api.service - Devstack devstack@n-api.service.
Aug 25 04:42:12.979695 np0000008045 devstack@n-api.service[87552]: spawned uWSGI worker 1 (pid: 87553, cores: 1)
Aug 25 04:42:12.980122 np0000008045 devstack@n-api.service[87552]: spawned uWSGI worker 2 (pid: 87554, cores: 1)
Aug 25 04:42:12.980573 np0000008045 devstack@n-api.service[87552]: spawned uWSGI worker 3 (pid: 87555, cores: 1)
Aug 25 04:42:12.981005 np0000008045 devstack@n-api.service[87552]: spawned uWSGI worker 4 (pid: 87556, cores: 1)
Aug 25 04:42:12.981067 np0000008045 devstack@n-api.service[87552]: running "unix_signal:15 gracefully_kill_them_all" (master-start)...
Aug 25 04:42:14.645195 np0000008045 devstack@n-api.service[87556]: INFO dbcounter [None req-215865ae-61e2-42db-b4df-d639c703eab2 None None] Registered counter for database nova_api
Aug 25 04:42:14.648036 np0000008045 devstack@n-api.service[87554]: INFO dbcounter [None req-c1982336-801f-403f-9ab6-b8c557a52627 None None] Registered counter for database nova_api
Aug 25 04:42:14.662399 np0000008045 devstack@n-api.service[87553]: INFO dbcounter [None req-536cb394-6da8-4058-a241-66ef9fe2c30f None None] Registered counter for database nova_api
Aug 25 04:42:14.693660 np0000008045 devstack@n-api.service[87556]: DEBUG oslo_db.sqlalchemy.engines [None req-215865ae-61e2-42db-b4df-d639c703eab2 None None] MySQL server mode set to STRICT_TRANS_TABLES,STRICT_ALL_TABLES,NO_ZERO_IN_DATE,NO_ZERO_DATE,ERROR_FOR_DIVISION_BY_ZERO,TRADITIONAL,NO_ENGINE_SUBSTITUTION {{(pid=87556) _check_effective_sql_mode /opt/stack/data/venv/lib/python3.12/site-packages/oslo_db/sqlalchemy/engines.py:325}}
Aug 25 04:42:14.696353 np0000008045 devstack@n-api.service[87554]: DEBUG oslo_db.sqlalchemy.engines [None req-c1982336-801f-403f-9ab6-b8c557a52627 None None] MySQL server mode set to STRICT_TRANS_TABLES,STRICT_ALL_TABLES,NO_ZERO_IN_DATE,NO_ZERO_DATE,ERROR_FOR_DIVISION_BY_ZERO,TRADITIONAL,NO_ENGINE_SUBSTITUTION {{(pid=87554) _check_effective_sql_mode /opt/stack/data/venv/lib/python3.12/site-packages/oslo_db/sqlalchemy/engines.py:325}}
Aug 25 04:42:14.710368 np0000008045 devstack@n-api.service[87553]: DEBUG oslo_db.sqlalchemy.engines [None req-536cb394-6da8-4058-a241-66ef9fe2c30f None None] MySQL server mode set to STRICT_TRANS_TABLES,STRICT_ALL_TABLES,NO_ZERO_IN_DATE,NO_ZERO_DATE,ERROR_FOR_DIVISION_BY_ZERO,TRADITIONAL,NO_ENGINE_SUBSTITUTION {{(pid=87553) _check_effective_sql_mode /opt/stack/data/venv/lib/python3.12/site-packages/oslo_db/sqlalchemy/engines.py:325}}
Aug 25 04:42:14.715025 np0000008045 devstack@n-api.service[87555]: INFO dbcounter [None req-51d71daa-6cbe-45df-8ab0-909de4bcfc0b None None] Registered counter for database nova_api
Aug 25 04:42:14.726192 np0000008045 devstack@n-api.service[87556]: DEBUG dbcounter [-] [87556] Writer thread running {{(pid=87556) stat_writer /opt/stack/data/venv/lib/python3.12/site-packages/dbcounter.py:102}}
Aug 25 04:42:14.726989 np0000008045 devstack@n-api.service[87554]: DEBUG dbcounter [-] [87554] Writer thread running {{(pid=87554) stat_writer /opt/stack/data/venv/lib/python3.12/site-packages/dbcounter.py:102}}
Aug 25 04:42:14.729324 np0000008045 devstack@n-api.service[87556]: DEBUG nova.context [None req-215865ae-61e2-42db-b4df-d639c703eab2 None None] Found 2 cells: 00000000-0000-0000-0000-000000000000(cell0),f9b231f3-d0f7-4adf-9c9c-ace5b26bca9b(cell1) {{(pid=87556) load_cells /opt/stack/nova/nova/context.py:509}}
Aug 25 04:42:14.729463 np0000008045 devstack@n-api.service[87554]: DEBUG nova.context [None req-c1982336-801f-403f-9ab6-b8c557a52627 None None] Found 2 cells: 00000000-0000-0000-0000-000000000000(cell0),f9b231f3-d0f7-4adf-9c9c-ace5b26bca9b(cell1) {{(pid=87554) load_cells /opt/stack/nova/nova/context.py:509}}
Aug 25 04:42:14.731151 np0000008045 devstack@n-api.service[87554]: DEBUG oslo_concurrency.lockutils [None req-c1982336-801f-403f-9ab6-b8c557a52627 None None] Acquiring lock "00000000-0000-0000-0000-000000000000" by "nova.context.set_target_cell..get_or_set_cached_cell_and_set_connections" {{(pid=87554) inner /opt/stack/data/venv/lib/python3.12/site-packages/oslo_concurrency/lockutils.py:512}}
Aug 25 04:42:14.731363 np0000008045 devstack@n-api.service[87554]: DEBUG oslo_concurrency.lockutils [None req-c1982336-801f-403f-9ab6-b8c557a52627 None None] Lock "00000000-0000-0000-0000-000000000000" acquired by "nova.context.set_target_cell..get_or_set_cached_cell_and_set_connections" :: waited 0.000s {{(pid=87554) inner /opt/stack/data/venv/lib/python3.12/site-packages/oslo_concurrency/lockutils.py:525}}
Aug 25 04:42:14.731504 np0000008045 devstack@n-api.service[87556]: DEBUG oslo_concurrency.lockutils [None req-215865ae-61e2-42db-b4df-d639c703eab2 None None] Acquiring lock "00000000-0000-0000-0000-000000000000" by "nova.context.set_target_cell..get_or_set_cached_cell_and_set_connections" {{(pid=87556) inner /opt/stack/data/venv/lib/python3.12/site-packages/oslo_concurrency/lockutils.py:512}}
Aug 25 04:42:14.731774 np0000008045 devstack@n-api.service[87556]: DEBUG oslo_concurrency.lockutils [None req-215865ae-61e2-42db-b4df-d639c703eab2 None None] Lock "00000000-0000-0000-0000-000000000000" acquired by "nova.context.set_target_cell..get_or_set_cached_cell_and_set_connections" :: waited 0.000s {{(pid=87556) inner /opt/stack/data/venv/lib/python3.12/site-packages/oslo_concurrency/lockutils.py:525}}
Aug 25 04:42:14.731823 np0000008045 devstack@n-api.service[87554]: DEBUG oslo_concurrency.lockutils [None req-c1982336-801f-403f-9ab6-b8c557a52627 None None] Lock "00000000-0000-0000-0000-000000000000" "released" by "nova.context.set_target_cell..get_or_set_cached_cell_and_set_connections" :: held 0.000s {{(pid=87554) inner /opt/stack/data/venv/lib/python3.12/site-packages/oslo_concurrency/lockutils.py:544}}
Aug 25 04:42:14.732112 np0000008045 devstack@n-api.service[87554]: INFO nova.thread_pool_factory [None req-c1982336-801f-403f-9ab6-b8c557a52627 None None] The cell_worker thread pool MainProcess.cell_worker is initialized
Aug 25 04:42:14.732316 np0000008045 devstack@n-api.service[87556]: DEBUG oslo_concurrency.lockutils [None req-215865ae-61e2-42db-b4df-d639c703eab2 None None] Lock "00000000-0000-0000-0000-000000000000" "released" by "nova.context.set_target_cell..get_or_set_cached_cell_and_set_connections" :: held 0.001s {{(pid=87556) inner /opt/stack/data/venv/lib/python3.12/site-packages/oslo_concurrency/lockutils.py:544}}
Aug 25 04:42:14.732667 np0000008045 devstack@n-api.service[87556]: INFO nova.thread_pool_factory [None req-215865ae-61e2-42db-b4df-d639c703eab2 None None] The cell_worker thread pool MainProcess.cell_worker is initialized
Aug 25 04:42:14.732886 np0000008045 devstack@n-api.service[87554]: DEBUG oslo_concurrency.lockutils [None req-c1982336-801f-403f-9ab6-b8c557a52627 None None] Acquiring lock "f9b231f3-d0f7-4adf-9c9c-ace5b26bca9b" by "nova.context.set_target_cell..get_or_set_cached_cell_and_set_connections" {{(pid=87554) inner /opt/stack/data/venv/lib/python3.12/site-packages/oslo_concurrency/lockutils.py:512}}
Aug 25 04:42:14.733241 np0000008045 devstack@n-api.service[87554]: DEBUG oslo_concurrency.lockutils [None req-c1982336-801f-403f-9ab6-b8c557a52627 None None] Lock "f9b231f3-d0f7-4adf-9c9c-ace5b26bca9b" acquired by "nova.context.set_target_cell..get_or_set_cached_cell_and_set_connections" :: waited 0.000s {{(pid=87554) inner /opt/stack/data/venv/lib/python3.12/site-packages/oslo_concurrency/lockutils.py:525}}
Aug 25 04:42:14.733543 np0000008045 devstack@n-api.service[87556]: DEBUG oslo_concurrency.lockutils [None req-215865ae-61e2-42db-b4df-d639c703eab2 None None] Acquiring lock "f9b231f3-d0f7-4adf-9c9c-ace5b26bca9b" by "nova.context.set_target_cell..get_or_set_cached_cell_and_set_connections" {{(pid=87556) inner /opt/stack/data/venv/lib/python3.12/site-packages/oslo_concurrency/lockutils.py:512}}
Aug 25 04:42:14.734315 np0000008045 devstack@n-api.service[87554]: DEBUG oslo_concurrency.lockutils [None req-c1982336-801f-403f-9ab6-b8c557a52627 None None] Lock "f9b231f3-d0f7-4adf-9c9c-ace5b26bca9b" "released" by "nova.context.set_target_cell..get_or_set_cached_cell_and_set_connections" :: held 0.001s {{(pid=87554) inner /opt/stack/data/venv/lib/python3.12/site-packages/oslo_concurrency/lockutils.py:544}}
Aug 25 04:42:14.734873 np0000008045 devstack@n-api.service[87556]: INFO dbcounter [None req-215865ae-61e2-42db-b4df-d639c703eab2 None None] Registered counter for database nova_cell0
Aug 25 04:42:14.735802 np0000008045 devstack@n-api.service[87554]: INFO dbcounter [None req-c1982336-801f-403f-9ab6-b8c557a52627 None None] Registered counter for database nova_cell0
Aug 25 04:42:14.735903 np0000008045 devstack@n-api.service[87556]: DEBUG oslo_concurrency.lockutils [None req-215865ae-61e2-42db-b4df-d639c703eab2 None None] Lock "f9b231f3-d0f7-4adf-9c9c-ace5b26bca9b" acquired by "nova.context.set_target_cell..get_or_set_cached_cell_and_set_connections" :: waited 0.001s {{(pid=87556) inner /opt/stack/data/venv/lib/python3.12/site-packages/oslo_concurrency/lockutils.py:525}}
Aug 25 04:42:14.736998 np0000008045 devstack@n-api.service[87556]: DEBUG oslo_concurrency.lockutils [None req-215865ae-61e2-42db-b4df-d639c703eab2 None None] Lock "f9b231f3-d0f7-4adf-9c9c-ace5b26bca9b" "released" by "nova.context.set_target_cell..get_or_set_cached_cell_and_set_connections" :: held 0.002s {{(pid=87556) inner /opt/stack/data/venv/lib/python3.12/site-packages/oslo_concurrency/lockutils.py:544}}
Aug 25 04:42:14.738609 np0000008045 devstack@n-api.service[87554]: INFO dbcounter [None req-c1982336-801f-403f-9ab6-b8c557a52627 None None] Registered counter for database nova_cell1
Aug 25 04:42:14.739304 np0000008045 devstack@n-api.service[87556]: INFO dbcounter [None req-215865ae-61e2-42db-b4df-d639c703eab2 None None] Registered counter for database nova_cell1
Aug 25 04:42:14.748457 np0000008045 devstack@n-api.service[87553]: DEBUG dbcounter [-] [87553] Writer thread running {{(pid=87553) stat_writer /opt/stack/data/venv/lib/python3.12/site-packages/dbcounter.py:102}}
Aug 25 04:42:14.751913 np0000008045 devstack@n-api.service[87553]: DEBUG nova.context [None req-536cb394-6da8-4058-a241-66ef9fe2c30f None None] Found 2 cells: 00000000-0000-0000-0000-000000000000(cell0),f9b231f3-d0f7-4adf-9c9c-ace5b26bca9b(cell1) {{(pid=87553) load_cells /opt/stack/nova/nova/context.py:509}}
Aug 25 04:42:14.754621 np0000008045 devstack@n-api.service[87553]: DEBUG oslo_concurrency.lockutils [None req-536cb394-6da8-4058-a241-66ef9fe2c30f None None] Acquiring lock "00000000-0000-0000-0000-000000000000" by "nova.context.set_target_cell..get_or_set_cached_cell_and_set_connections" {{(pid=87553) inner /opt/stack/data/venv/lib/python3.12/site-packages/oslo_concurrency/lockutils.py:512}}
Aug 25 04:42:14.754912 np0000008045 devstack@n-api.service[87553]: DEBUG oslo_concurrency.lockutils [None req-536cb394-6da8-4058-a241-66ef9fe2c30f None None] Lock "00000000-0000-0000-0000-000000000000" acquired by "nova.context.set_target_cell..get_or_set_cached_cell_and_set_connections" :: waited 0.000s {{(pid=87553) inner /opt/stack/data/venv/lib/python3.12/site-packages/oslo_concurrency/lockutils.py:525}}
Aug 25 04:42:14.755545 np0000008045 devstack@n-api.service[87553]: DEBUG oslo_concurrency.lockutils [None req-536cb394-6da8-4058-a241-66ef9fe2c30f None None] Lock "00000000-0000-0000-0000-000000000000" "released" by "nova.context.set_target_cell..get_or_set_cached_cell_and_set_connections" :: held 0.001s {{(pid=87553) inner /opt/stack/data/venv/lib/python3.12/site-packages/oslo_concurrency/lockutils.py:544}}
Aug 25 04:42:14.755872 np0000008045 devstack@n-api.service[87553]: INFO nova.thread_pool_factory [None req-536cb394-6da8-4058-a241-66ef9fe2c30f None None] The cell_worker thread pool MainProcess.cell_worker is initialized
Aug 25 04:42:14.756830 np0000008045 devstack@n-api.service[87553]: DEBUG oslo_concurrency.lockutils [None req-536cb394-6da8-4058-a241-66ef9fe2c30f None None] Acquiring lock "f9b231f3-d0f7-4adf-9c9c-ace5b26bca9b" by "nova.context.set_target_cell..get_or_set_cached_cell_and_set_connections" {{(pid=87553) inner /opt/stack/data/venv/lib/python3.12/site-packages/oslo_concurrency/lockutils.py:512}}
Aug 25 04:42:14.757074 np0000008045 devstack@n-api.service[87553]: DEBUG oslo_concurrency.lockutils [None req-536cb394-6da8-4058-a241-66ef9fe2c30f None None] Lock "f9b231f3-d0f7-4adf-9c9c-ace5b26bca9b" acquired by "nova.context.set_target_cell..get_or_set_cached_cell_and_set_connections" :: waited 0.000s {{(pid=87553) inner /opt/stack/data/venv/lib/python3.12/site-packages/oslo_concurrency/lockutils.py:525}}
Aug 25 04:42:14.758409 np0000008045 devstack@n-api.service[87553]: DEBUG oslo_concurrency.lockutils [None req-536cb394-6da8-4058-a241-66ef9fe2c30f None None] Lock "f9b231f3-d0f7-4adf-9c9c-ace5b26bca9b" "released" by "nova.context.set_target_cell..get_or_set_cached_cell_and_set_connections" :: held 0.001s {{(pid=87553) inner /opt/stack/data/venv/lib/python3.12/site-packages/oslo_concurrency/lockutils.py:544}}
Aug 25 04:42:14.760457 np0000008045 devstack@n-api.service[87553]: INFO dbcounter [None req-536cb394-6da8-4058-a241-66ef9fe2c30f None None] Registered counter for database nova_cell0
Aug 25 04:42:14.763910 np0000008045 devstack@n-api.service[87553]: INFO dbcounter [None req-536cb394-6da8-4058-a241-66ef9fe2c30f None None] Registered counter for database nova_cell1
Aug 25 04:42:14.775815 np0000008045 devstack@n-api.service[87555]: DEBUG oslo_db.sqlalchemy.engines [None req-51d71daa-6cbe-45df-8ab0-909de4bcfc0b None None] MySQL server mode set to STRICT_TRANS_TABLES,STRICT_ALL_TABLES,NO_ZERO_IN_DATE,NO_ZERO_DATE,ERROR_FOR_DIVISION_BY_ZERO,TRADITIONAL,NO_ENGINE_SUBSTITUTION {{(pid=87555) _check_effective_sql_mode /opt/stack/data/venv/lib/python3.12/site-packages/oslo_db/sqlalchemy/engines.py:325}}
Aug 25 04:42:14.788984 np0000008045 devstack@n-api.service[87554]: DEBUG oslo_db.sqlalchemy.engines [None req-c1982336-801f-403f-9ab6-b8c557a52627 None None] MySQL server mode set to STRICT_TRANS_TABLES,STRICT_ALL_TABLES,NO_ZERO_IN_DATE,NO_ZERO_DATE,ERROR_FOR_DIVISION_BY_ZERO,TRADITIONAL,NO_ENGINE_SUBSTITUTION {{(pid=87554) _check_effective_sql_mode /opt/stack/data/venv/lib/python3.12/site-packages/oslo_db/sqlalchemy/engines.py:325}}
Aug 25 04:42:14.794551 np0000008045 devstack@n-api.service[87556]: DEBUG oslo_db.sqlalchemy.engines [None req-215865ae-61e2-42db-b4df-d639c703eab2 None None] MySQL server mode set to STRICT_TRANS_TABLES,STRICT_ALL_TABLES,NO_ZERO_IN_DATE,NO_ZERO_DATE,ERROR_FOR_DIVISION_BY_ZERO,TRADITIONAL,NO_ENGINE_SUBSTITUTION {{(pid=87556) _check_effective_sql_mode /opt/stack/data/venv/lib/python3.12/site-packages/oslo_db/sqlalchemy/engines.py:325}}
Aug 25 04:42:14.796495 np0000008045 devstack@n-api.service[87554]: DEBUG oslo_db.sqlalchemy.engines [None req-c1982336-801f-403f-9ab6-b8c557a52627 None None] MySQL server mode set to STRICT_TRANS_TABLES,STRICT_ALL_TABLES,NO_ZERO_IN_DATE,NO_ZERO_DATE,ERROR_FOR_DIVISION_BY_ZERO,TRADITIONAL,NO_ENGINE_SUBSTITUTION {{(pid=87554) _check_effective_sql_mode /opt/stack/data/venv/lib/python3.12/site-packages/oslo_db/sqlalchemy/engines.py:325}}
Aug 25 04:42:14.804583 np0000008045 devstack@n-api.service[87556]: DEBUG oslo_db.sqlalchemy.engines [None req-215865ae-61e2-42db-b4df-d639c703eab2 None None] MySQL server mode set to STRICT_TRANS_TABLES,STRICT_ALL_TABLES,NO_ZERO_IN_DATE,NO_ZERO_DATE,ERROR_FOR_DIVISION_BY_ZERO,TRADITIONAL,NO_ENGINE_SUBSTITUTION {{(pid=87556) _check_effective_sql_mode /opt/stack/data/venv/lib/python3.12/site-packages/oslo_db/sqlalchemy/engines.py:325}}
Aug 25 04:42:14.805023 np0000008045 devstack@n-api.service[87555]: DEBUG dbcounter [-] [87555] Writer thread running {{(pid=87555) stat_writer /opt/stack/data/venv/lib/python3.12/site-packages/dbcounter.py:102}}
Aug 25 04:42:14.807769 np0000008045 devstack@n-api.service[87555]: DEBUG nova.context [None req-51d71daa-6cbe-45df-8ab0-909de4bcfc0b None None] Found 2 cells: 00000000-0000-0000-0000-000000000000(cell0),f9b231f3-d0f7-4adf-9c9c-ace5b26bca9b(cell1) {{(pid=87555) load_cells /opt/stack/nova/nova/context.py:509}}
Aug 25 04:42:14.809397 np0000008045 devstack@n-api.service[87555]: DEBUG oslo_concurrency.lockutils [None req-51d71daa-6cbe-45df-8ab0-909de4bcfc0b None None] Acquiring lock "00000000-0000-0000-0000-000000000000" by "nova.context.set_target_cell..get_or_set_cached_cell_and_set_connections" {{(pid=87555) inner /opt/stack/data/venv/lib/python3.12/site-packages/oslo_concurrency/lockutils.py:512}}
Aug 25 04:42:14.809579 np0000008045 devstack@n-api.service[87555]: DEBUG oslo_concurrency.lockutils [None req-51d71daa-6cbe-45df-8ab0-909de4bcfc0b None None] Lock "00000000-0000-0000-0000-000000000000" acquired by "nova.context.set_target_cell..get_or_set_cached_cell_and_set_connections" :: waited 0.000s {{(pid=87555) inner /opt/stack/data/venv/lib/python3.12/site-packages/oslo_concurrency/lockutils.py:525}}
Aug 25 04:42:14.809936 np0000008045 devstack@n-api.service[87555]: DEBUG oslo_concurrency.lockutils [None req-51d71daa-6cbe-45df-8ab0-909de4bcfc0b None None] Lock "00000000-0000-0000-0000-000000000000" "released" by "nova.context.set_target_cell..get_or_set_cached_cell_and_set_connections" :: held 0.000s {{(pid=87555) inner /opt/stack/data/venv/lib/python3.12/site-packages/oslo_concurrency/lockutils.py:544}}
Aug 25 04:42:14.810148 np0000008045 devstack@n-api.service[87555]: INFO nova.thread_pool_factory [None req-51d71daa-6cbe-45df-8ab0-909de4bcfc0b None None] The cell_worker thread pool MainProcess.cell_worker is initialized
Aug 25 04:42:14.810793 np0000008045 devstack@n-api.service[87555]: DEBUG oslo_concurrency.lockutils [None req-51d71daa-6cbe-45df-8ab0-909de4bcfc0b None None] Acquiring lock "f9b231f3-d0f7-4adf-9c9c-ace5b26bca9b" by "nova.context.set_target_cell..get_or_set_cached_cell_and_set_connections" {{(pid=87555) inner /opt/stack/data/venv/lib/python3.12/site-packages/oslo_concurrency/lockutils.py:512}}
Aug 25 04:42:14.811020 np0000008045 devstack@n-api.service[87555]: DEBUG oslo_concurrency.lockutils [None req-51d71daa-6cbe-45df-8ab0-909de4bcfc0b None None] Lock "f9b231f3-d0f7-4adf-9c9c-ace5b26bca9b" acquired by "nova.context.set_target_cell..get_or_set_cached_cell_and_set_connections" :: waited 0.000s {{(pid=87555) inner /opt/stack/data/venv/lib/python3.12/site-packages/oslo_concurrency/lockutils.py:525}}
Aug 25 04:42:14.811752 np0000008045 devstack@n-api.service[87555]: DEBUG oslo_concurrency.lockutils [None req-51d71daa-6cbe-45df-8ab0-909de4bcfc0b None None] Lock "f9b231f3-d0f7-4adf-9c9c-ace5b26bca9b" "released" by "nova.context.set_target_cell..get_or_set_cached_cell_and_set_connections" :: held 0.001s {{(pid=87555) inner /opt/stack/data/venv/lib/python3.12/site-packages/oslo_concurrency/lockutils.py:544}}
Aug 25 04:42:14.812994 np0000008045 devstack@n-api.service[87553]: DEBUG oslo_db.sqlalchemy.engines [None req-536cb394-6da8-4058-a241-66ef9fe2c30f None None] MySQL server mode set to STRICT_TRANS_TABLES,STRICT_ALL_TABLES,NO_ZERO_IN_DATE,NO_ZERO_DATE,ERROR_FOR_DIVISION_BY_ZERO,TRADITIONAL,NO_ENGINE_SUBSTITUTION {{(pid=87553) _check_effective_sql_mode /opt/stack/data/venv/lib/python3.12/site-packages/oslo_db/sqlalchemy/engines.py:325}}
Aug 25 04:42:14.813500 np0000008045 devstack@n-api.service[87555]: INFO dbcounter [None req-51d71daa-6cbe-45df-8ab0-909de4bcfc0b None None] Registered counter for database nova_cell0
Aug 25 04:42:14.816262 np0000008045 devstack@n-api.service[87555]: INFO dbcounter [None req-51d71daa-6cbe-45df-8ab0-909de4bcfc0b None None] Registered counter for database nova_cell1
Aug 25 04:42:14.870067 np0000008045 devstack@n-api.service[87554]: DEBUG dbcounter [-] [87554] Writer thread running {{(pid=87554) stat_writer /opt/stack/data/venv/lib/python3.12/site-packages/dbcounter.py:102}}
Aug 25 04:42:14.870186 np0000008045 devstack@n-api.service[87555]: DEBUG oslo_db.sqlalchemy.engines [None req-51d71daa-6cbe-45df-8ab0-909de4bcfc0b None None] MySQL server mode set to STRICT_TRANS_TABLES,STRICT_ALL_TABLES,NO_ZERO_IN_DATE,NO_ZERO_DATE,ERROR_FOR_DIVISION_BY_ZERO,TRADITIONAL,NO_ENGINE_SUBSTITUTION {{(pid=87555) _check_effective_sql_mode /opt/stack/data/venv/lib/python3.12/site-packages/oslo_db/sqlalchemy/engines.py:325}}
Aug 25 04:42:14.873143 np0000008045 devstack@n-api.service[87555]: DEBUG oslo_db.sqlalchemy.engines [None req-51d71daa-6cbe-45df-8ab0-909de4bcfc0b None None] MySQL server mode set to STRICT_TRANS_TABLES,STRICT_ALL_TABLES,NO_ZERO_IN_DATE,NO_ZERO_DATE,ERROR_FOR_DIVISION_BY_ZERO,TRADITIONAL,NO_ENGINE_SUBSTITUTION {{(pid=87555) _check_effective_sql_mode /opt/stack/data/venv/lib/python3.12/site-packages/oslo_db/sqlalchemy/engines.py:325}}
Aug 25 04:42:14.876286 np0000008045 devstack@n-api.service[87554]: DEBUG dbcounter [-] [87554] Writer thread running {{(pid=87554) stat_writer /opt/stack/data/venv/lib/python3.12/site-packages/dbcounter.py:102}}
Aug 25 04:42:14.880336 np0000008045 devstack@n-api.service[87554]: INFO dbcounter [None req-c1982336-801f-403f-9ab6-b8c557a52627 None None] Registered counter for database nova_cell0
Aug 25 04:42:14.886042 np0000008045 devstack@n-api.service[87556]: DEBUG dbcounter [-] [87556] Writer thread running {{(pid=87556) stat_writer /opt/stack/data/venv/lib/python3.12/site-packages/dbcounter.py:102}}
Aug 25 04:42:14.889756 np0000008045 devstack@n-api.service[87556]: DEBUG dbcounter [-] [87556] Writer thread running {{(pid=87556) stat_writer /opt/stack/data/venv/lib/python3.12/site-packages/dbcounter.py:102}}
Aug 25 04:42:14.893053 np0000008045 devstack@n-api.service[87556]: INFO dbcounter [None req-215865ae-61e2-42db-b4df-d639c703eab2 None None] Registered counter for database nova_cell0
Aug 25 04:42:14.900751 np0000008045 devstack@n-api.service[87553]: DEBUG oslo_db.sqlalchemy.engines [None req-536cb394-6da8-4058-a241-66ef9fe2c30f None None] MySQL server mode set to STRICT_TRANS_TABLES,STRICT_ALL_TABLES,NO_ZERO_IN_DATE,NO_ZERO_DATE,ERROR_FOR_DIVISION_BY_ZERO,TRADITIONAL,NO_ENGINE_SUBSTITUTION {{(pid=87553) _check_effective_sql_mode /opt/stack/data/venv/lib/python3.12/site-packages/oslo_db/sqlalchemy/engines.py:325}}
Aug 25 04:42:14.903842 np0000008045 devstack@n-api.service[87553]: DEBUG dbcounter [-] [87553] Writer thread running {{(pid=87553) stat_writer /opt/stack/data/venv/lib/python3.12/site-packages/dbcounter.py:102}}
Aug 25 04:42:14.909795 np0000008045 devstack@n-api.service[87553]: DEBUG dbcounter [-] [87553] Writer thread running {{(pid=87553) stat_writer /opt/stack/data/venv/lib/python3.12/site-packages/dbcounter.py:102}}
Aug 25 04:42:14.914645 np0000008045 devstack@n-api.service[87554]: DEBUG oslo_db.sqlalchemy.engines [None req-c1982336-801f-403f-9ab6-b8c557a52627 None None] MySQL server mode set to STRICT_TRANS_TABLES,STRICT_ALL_TABLES,NO_ZERO_IN_DATE,NO_ZERO_DATE,ERROR_FOR_DIVISION_BY_ZERO,TRADITIONAL,NO_ENGINE_SUBSTITUTION {{(pid=87554) _check_effective_sql_mode /opt/stack/data/venv/lib/python3.12/site-packages/oslo_db/sqlalchemy/engines.py:325}}
Aug 25 04:42:14.920658 np0000008045 devstack@n-api.service[87554]: DEBUG dbcounter [-] [87554] Writer thread running {{(pid=87554) stat_writer /opt/stack/data/venv/lib/python3.12/site-packages/dbcounter.py:102}}
Aug 25 04:42:14.932126 np0000008045 devstack@n-api.service[87556]: DEBUG oslo_db.sqlalchemy.engines [None req-215865ae-61e2-42db-b4df-d639c703eab2 None None] MySQL server mode set to STRICT_TRANS_TABLES,STRICT_ALL_TABLES,NO_ZERO_IN_DATE,NO_ZERO_DATE,ERROR_FOR_DIVISION_BY_ZERO,TRADITIONAL,NO_ENGINE_SUBSTITUTION {{(pid=87556) _check_effective_sql_mode /opt/stack/data/venv/lib/python3.12/site-packages/oslo_db/sqlalchemy/engines.py:325}}
Aug 25 04:42:14.938507 np0000008045 devstack@n-api.service[87556]: DEBUG dbcounter [-] [87556] Writer thread running {{(pid=87556) stat_writer /opt/stack/data/venv/lib/python3.12/site-packages/dbcounter.py:102}}
Aug 25 04:42:14.954038 np0000008045 devstack@n-api.service[87553]: INFO dbcounter [None req-536cb394-6da8-4058-a241-66ef9fe2c30f None None] Registered counter for database nova_cell0
Aug 25 04:42:14.989993 np0000008045 devstack@n-api.service[87553]: DEBUG oslo_db.sqlalchemy.engines [None req-536cb394-6da8-4058-a241-66ef9fe2c30f None None] MySQL server mode set to STRICT_TRANS_TABLES,STRICT_ALL_TABLES,NO_ZERO_IN_DATE,NO_ZERO_DATE,ERROR_FOR_DIVISION_BY_ZERO,TRADITIONAL,NO_ENGINE_SUBSTITUTION {{(pid=87553) _check_effective_sql_mode /opt/stack/data/venv/lib/python3.12/site-packages/oslo_db/sqlalchemy/engines.py:325}}
Aug 25 04:42:14.996029 np0000008045 devstack@n-api.service[87553]: DEBUG dbcounter [-] [87553] Writer thread running {{(pid=87553) stat_writer /opt/stack/data/venv/lib/python3.12/site-packages/dbcounter.py:102}}
Aug 25 04:42:15.007199 np0000008045 devstack@n-api.service[87555]: DEBUG dbcounter [-] [87555] Writer thread running {{(pid=87555) stat_writer /opt/stack/data/venv/lib/python3.12/site-packages/dbcounter.py:102}}
Aug 25 04:42:15.007688 np0000008045 devstack@n-api.service[87555]: DEBUG dbcounter [-] [87555] Writer thread running {{(pid=87555) stat_writer /opt/stack/data/venv/lib/python3.12/site-packages/dbcounter.py:102}}
Aug 25 04:42:15.010796 np0000008045 devstack@n-api.service[87555]: INFO dbcounter [None req-51d71daa-6cbe-45df-8ab0-909de4bcfc0b None None] Registered counter for database nova_cell0
Aug 25 04:42:15.048723 np0000008045 devstack@n-api.service[87555]: DEBUG oslo_db.sqlalchemy.engines [None req-51d71daa-6cbe-45df-8ab0-909de4bcfc0b None None] MySQL server mode set to STRICT_TRANS_TABLES,STRICT_ALL_TABLES,NO_ZERO_IN_DATE,NO_ZERO_DATE,ERROR_FOR_DIVISION_BY_ZERO,TRADITIONAL,NO_ENGINE_SUBSTITUTION {{(pid=87555) _check_effective_sql_mode /opt/stack/data/venv/lib/python3.12/site-packages/oslo_db/sqlalchemy/engines.py:325}}
Aug 25 04:42:15.055113 np0000008045 devstack@n-api.service[87555]: DEBUG dbcounter [-] [87555] Writer thread running {{(pid=87555) stat_writer /opt/stack/data/venv/lib/python3.12/site-packages/dbcounter.py:102}}
Aug 25 04:42:15.271581 np0000008045 devstack@n-api.service[87556]: DEBUG oslo_concurrency.processutils [None req-215865ae-61e2-42db-b4df-d639c703eab2 None None] Running cmd (subprocess): grep -F node.session.scan /sbin/iscsiadm {{(pid=87556) execute /opt/stack/data/venv/lib/python3.12/site-packages/oslo_concurrency/processutils.py:440}}
Aug 25 04:42:15.279141 np0000008045 devstack@n-api.service[87554]: DEBUG oslo_concurrency.processutils [None req-c1982336-801f-403f-9ab6-b8c557a52627 None None] Running cmd (subprocess): grep -F node.session.scan /sbin/iscsiadm {{(pid=87554) execute /opt/stack/data/venv/lib/python3.12/site-packages/oslo_concurrency/processutils.py:440}}
Aug 25 04:42:15.284721 np0000008045 devstack@n-api.service[87556]: DEBUG oslo_concurrency.processutils [None req-215865ae-61e2-42db-b4df-d639c703eab2 None None] CMD "grep -F node.session.scan /sbin/iscsiadm" returned: 0 in 0.013s {{(pid=87556) execute /opt/stack/data/venv/lib/python3.12/site-packages/oslo_concurrency/processutils.py:468}}
Aug 25 04:42:15.291113 np0000008045 devstack@n-api.service[87554]: DEBUG oslo_concurrency.processutils [None req-c1982336-801f-403f-9ab6-b8c557a52627 None None] CMD "grep -F node.session.scan /sbin/iscsiadm" returned: 0 in 0.012s {{(pid=87554) execute /opt/stack/data/venv/lib/python3.12/site-packages/oslo_concurrency/processutils.py:468}}
Aug 25 04:42:15.304852 np0000008045 devstack@n-api.service[87553]: DEBUG oslo_concurrency.processutils [None req-536cb394-6da8-4058-a241-66ef9fe2c30f None None] Running cmd (subprocess): grep -F node.session.scan /sbin/iscsiadm {{(pid=87553) execute /opt/stack/data/venv/lib/python3.12/site-packages/oslo_concurrency/processutils.py:440}}
Aug 25 04:42:15.317183 np0000008045 devstack@n-api.service[87553]: DEBUG oslo_concurrency.processutils [None req-536cb394-6da8-4058-a241-66ef9fe2c30f None None] CMD "grep -F node.session.scan /sbin/iscsiadm" returned: 0 in 0.012s {{(pid=87553) execute /opt/stack/data/venv/lib/python3.12/site-packages/oslo_concurrency/processutils.py:468}}
Aug 25 04:42:15.340936 np0000008045 devstack@n-api.service[87555]: DEBUG oslo_concurrency.processutils [None req-51d71daa-6cbe-45df-8ab0-909de4bcfc0b None None] Running cmd (subprocess): grep -F node.session.scan /sbin/iscsiadm {{(pid=87555) execute /opt/stack/data/venv/lib/python3.12/site-packages/oslo_concurrency/processutils.py:440}}
Aug 25 04:42:15.354952 np0000008045 devstack@n-api.service[87555]: DEBUG oslo_concurrency.processutils [None req-51d71daa-6cbe-45df-8ab0-909de4bcfc0b None None] CMD "grep -F node.session.scan /sbin/iscsiadm" returned: 0 in 0.014s {{(pid=87555) execute /opt/stack/data/venv/lib/python3.12/site-packages/oslo_concurrency/processutils.py:468}}
Aug 25 04:42:15.856305 np0000008045 devstack@n-api.service[87556]: DEBUG nova.api.openstack.wsgi_app [None req-215865ae-61e2-42db-b4df-d639c703eab2 None None] ******************************************************************************** {{(pid=87556) log_opt_values /opt/stack/data/venv/lib/python3.12/site-packages/oslo_config/cfg.py:3533}}
Aug 25 04:42:15.856804 np0000008045 devstack@n-api.service[87556]: DEBUG nova.api.openstack.wsgi_app [None req-215865ae-61e2-42db-b4df-d639c703eab2 None None] Configuration options gathered from: {{(pid=87556) log_opt_values /opt/stack/data/venv/lib/python3.12/site-packages/oslo_config/cfg.py:3534}}
Aug 25 04:42:15.856804 np0000008045 devstack@n-api.service[87556]: DEBUG nova.api.openstack.wsgi_app [None req-215865ae-61e2-42db-b4df-d639c703eab2 None None] command line args: [] {{(pid=87556) log_opt_values /opt/stack/data/venv/lib/python3.12/site-packages/oslo_config/cfg.py:3535}}
Aug 25 04:42:15.857014 np0000008045 devstack@n-api.service[87556]: DEBUG nova.api.openstack.wsgi_app [None req-215865ae-61e2-42db-b4df-d639c703eab2 None None] config files: ['/etc/nova/api-paste.ini', '/etc/nova/nova.conf'] {{(pid=87556) log_opt_values /opt/stack/data/venv/lib/python3.12/site-packages/oslo_config/cfg.py:3536}}
Aug 25 04:42:15.857083 np0000008045 devstack@n-api.service[87556]: DEBUG nova.api.openstack.wsgi_app [None req-215865ae-61e2-42db-b4df-d639c703eab2 None None] ================================================================================ {{(pid=87556) log_opt_values /opt/stack/data/venv/lib/python3.12/site-packages/oslo_config/cfg.py:3541}}
Aug 25 04:42:15.857254 np0000008045 devstack@n-api.service[87556]: DEBUG nova.api.openstack.wsgi_app [None req-215865ae-61e2-42db-b4df-d639c703eab2 None None] allow_resize_to_same_host = True {{(pid=87556) log_opt_values /opt/stack/data/venv/lib/python3.12/site-packages/oslo_config/cfg.py:3549}}
Aug 25 04:42:15.857374 np0000008045 devstack@n-api.service[87556]: DEBUG nova.api.openstack.wsgi_app [None req-215865ae-61e2-42db-b4df-d639c703eab2 None None] arq_binding_timeout = 300 {{(pid=87556) log_opt_values /opt/stack/data/venv/lib/python3.12/site-packages/oslo_config/cfg.py:3549}}
Aug 25 04:42:15.857532 np0000008045 devstack@n-api.service[87556]: DEBUG nova.api.openstack.wsgi_app [None req-215865ae-61e2-42db-b4df-d639c703eab2 None None] block_device_allocate_retries = 60 {{(pid=87556) log_opt_values /opt/stack/data/venv/lib/python3.12/site-packages/oslo_config/cfg.py:3549}}
Aug 25 04:42:15.857662 np0000008045 devstack@n-api.service[87556]: DEBUG nova.api.openstack.wsgi_app [None req-215865ae-61e2-42db-b4df-d639c703eab2 None None] block_device_allocate_retries_interval = 3 {{(pid=87556) log_opt_values /opt/stack/data/venv/lib/python3.12/site-packages/oslo_config/cfg.py:3549}}
Aug 25 04:42:15.857806 np0000008045 devstack@n-api.service[87556]: DEBUG nova.api.openstack.wsgi_app [None req-215865ae-61e2-42db-b4df-d639c703eab2 None None] cell_worker_thread_pool_size = 5 {{(pid=87556) log_opt_values /opt/stack/data/venv/lib/python3.12/site-packages/oslo_config/cfg.py:3549}}
Aug 25 04:42:15.857921 np0000008045 devstack@n-api.service[87556]: DEBUG nova.api.openstack.wsgi_app [None req-215865ae-61e2-42db-b4df-d639c703eab2 None None] cert = self.pem {{(pid=87556) log_opt_values /opt/stack/data/venv/lib/python3.12/site-packages/oslo_config/cfg.py:3549}}
Aug 25 04:42:15.858045 np0000008045 devstack@n-api.service[87556]: DEBUG nova.api.openstack.wsgi_app [None req-215865ae-61e2-42db-b4df-d639c703eab2 None None] compute_driver = libvirt.LibvirtDriver {{(pid=87556) log_opt_values /opt/stack/data/venv/lib/python3.12/site-packages/oslo_config/cfg.py:3549}}
Aug 25 04:42:15.858163 np0000008045 devstack@n-api.service[87556]: DEBUG nova.api.openstack.wsgi_app [None req-215865ae-61e2-42db-b4df-d639c703eab2 None None] compute_monitors = [] {{(pid=87556) log_opt_values /opt/stack/data/venv/lib/python3.12/site-packages/oslo_config/cfg.py:3549}}
Aug 25 04:42:15.858294 np0000008045 devstack@n-api.service[87556]: DEBUG nova.api.openstack.wsgi_app [None req-215865ae-61e2-42db-b4df-d639c703eab2 None None] concurrency_backend = auto {{(pid=87556) log_opt_values /opt/stack/data/venv/lib/python3.12/site-packages/oslo_config/cfg.py:3549}}
Aug 25 04:42:15.858416 np0000008045 devstack@n-api.service[87556]: DEBUG nova.api.openstack.wsgi_app [None req-215865ae-61e2-42db-b4df-d639c703eab2 None None] config_dir = [] {{(pid=87556) log_opt_values /opt/stack/data/venv/lib/python3.12/site-packages/oslo_config/cfg.py:3549}}
Aug 25 04:42:15.858578 np0000008045 devstack@n-api.service[87556]: DEBUG nova.api.openstack.wsgi_app [None req-215865ae-61e2-42db-b4df-d639c703eab2 None None] config_drive_format = iso9660 {{(pid=87556) log_opt_values /opt/stack/data/venv/lib/python3.12/site-packages/oslo_config/cfg.py:3549}}
Aug 25 04:42:15.858674 np0000008045 devstack@n-api.service[87556]: DEBUG nova.api.openstack.wsgi_app [None req-215865ae-61e2-42db-b4df-d639c703eab2 None None] config_file = ['/etc/nova/api-paste.ini', '/etc/nova/nova.conf'] {{(pid=87556) log_opt_values /opt/stack/data/venv/lib/python3.12/site-packages/oslo_config/cfg.py:3549}}
Aug 25 04:42:15.858803 np0000008045 devstack@n-api.service[87556]: DEBUG nova.api.openstack.wsgi_app [None req-215865ae-61e2-42db-b4df-d639c703eab2 None None] config_source = [] {{(pid=87556) log_opt_values /opt/stack/data/venv/lib/python3.12/site-packages/oslo_config/cfg.py:3549}}
Aug 25 04:42:15.858923 np0000008045 devstack@n-api.service[87556]: DEBUG nova.api.openstack.wsgi_app [None req-215865ae-61e2-42db-b4df-d639c703eab2 None None] console_host = np0000008045 {{(pid=87556) log_opt_values /opt/stack/data/venv/lib/python3.12/site-packages/oslo_config/cfg.py:3549}}
Aug 25 04:42:15.859041 np0000008045 devstack@n-api.service[87556]: DEBUG nova.api.openstack.wsgi_app [None req-215865ae-61e2-42db-b4df-d639c703eab2 None None] control_exchange = nova {{(pid=87556) log_opt_values /opt/stack/data/venv/lib/python3.12/site-packages/oslo_config/cfg.py:3549}}
Aug 25 04:42:15.859152 np0000008045 devstack@n-api.service[87556]: DEBUG nova.api.openstack.wsgi_app [None req-215865ae-61e2-42db-b4df-d639c703eab2 None None] cpu_allocation_ratio = None {{(pid=87556) log_opt_values /opt/stack/data/venv/lib/python3.12/site-packages/oslo_config/cfg.py:3549}}
Aug 25 04:42:15.859276 np0000008045 devstack@n-api.service[87556]: DEBUG nova.api.openstack.wsgi_app [None req-215865ae-61e2-42db-b4df-d639c703eab2 None None] daemon = False {{(pid=87556) log_opt_values /opt/stack/data/venv/lib/python3.12/site-packages/oslo_config/cfg.py:3549}}
Aug 25 04:42:15.859394 np0000008045 devstack@n-api.service[87556]: DEBUG nova.api.openstack.wsgi_app [None req-215865ae-61e2-42db-b4df-d639c703eab2 None None] debug = True {{(pid=87556) log_opt_values /opt/stack/data/venv/lib/python3.12/site-packages/oslo_config/cfg.py:3549}}
Aug 25 04:42:15.859553 np0000008045 devstack@n-api.service[87556]: DEBUG nova.api.openstack.wsgi_app [None req-215865ae-61e2-42db-b4df-d639c703eab2 None None] default_access_ip_network_name = None {{(pid=87556) log_opt_values /opt/stack/data/venv/lib/python3.12/site-packages/oslo_config/cfg.py:3549}}
Aug 25 04:42:15.859676 np0000008045 devstack@n-api.service[87556]: DEBUG nova.api.openstack.wsgi_app [None req-215865ae-61e2-42db-b4df-d639c703eab2 None None] default_availability_zone = nova {{(pid=87556) log_opt_values /opt/stack/data/venv/lib/python3.12/site-packages/oslo_config/cfg.py:3549}}
Aug 25 04:42:15.859810 np0000008045 devstack@n-api.service[87556]: DEBUG nova.api.openstack.wsgi_app [None req-215865ae-61e2-42db-b4df-d639c703eab2 None None] default_ephemeral_format = ext4 {{(pid=87556) log_opt_values /opt/stack/data/venv/lib/python3.12/site-packages/oslo_config/cfg.py:3549}}
Aug 25 04:42:15.859933 np0000008045 devstack@n-api.service[87556]: DEBUG nova.api.openstack.wsgi_app [None req-215865ae-61e2-42db-b4df-d639c703eab2 None None] default_green_pool_size = 1000 {{(pid=87556) log_opt_values /opt/stack/data/venv/lib/python3.12/site-packages/oslo_config/cfg.py:3549}}
Aug 25 04:42:15.860115 np0000008045 devstack@n-api.service[87556]: DEBUG nova.api.openstack.wsgi_app [None req-215865ae-61e2-42db-b4df-d639c703eab2 None None] default_log_levels = ['amqp=WARN', 'boto=WARN', 'sqlalchemy=WARN', 'suds=INFO', 'oslo.messaging=INFO', 'oslo_messaging=INFO', 'iso8601=WARN', 'requests.packages.urllib3.connectionpool=WARN', 'urllib3.connectionpool=WARN', 'websocket=WARN', 'requests.packages.urllib3.util.retry=WARN', 'urllib3.util.retry=WARN', 'keystonemiddleware=WARN', 'routes.middleware=WARN', 'stevedore=WARN', 'taskflow=WARN', 'keystoneauth=WARN', 'oslo.cache=INFO', 'oslo_policy=INFO', 'dogpile.core.dogpile=INFO', 'glanceclient=WARN', 'oslo.privsep.daemon=INFO'] {{(pid=87556) log_opt_values /opt/stack/data/venv/lib/python3.12/site-packages/oslo_config/cfg.py:3549}}
Aug 25 04:42:15.860244 np0000008045 devstack@n-api.service[87556]: DEBUG nova.api.openstack.wsgi_app [None req-215865ae-61e2-42db-b4df-d639c703eab2 None None] default_schedule_zone = None {{(pid=87556) log_opt_values /opt/stack/data/venv/lib/python3.12/site-packages/oslo_config/cfg.py:3549}}
Aug 25 04:42:15.860347 np0000008045 devstack@n-api.service[87556]: DEBUG nova.api.openstack.wsgi_app [None req-215865ae-61e2-42db-b4df-d639c703eab2 None None] default_thread_pool_size = 10 {{(pid=87556) log_opt_values /opt/stack/data/venv/lib/python3.12/site-packages/oslo_config/cfg.py:3549}}
Aug 25 04:42:15.860491 np0000008045 devstack@n-api.service[87556]: DEBUG nova.api.openstack.wsgi_app [None req-215865ae-61e2-42db-b4df-d639c703eab2 None None] disk_allocation_ratio = None {{(pid=87556) log_opt_values /opt/stack/data/venv/lib/python3.12/site-packages/oslo_config/cfg.py:3549}}
Aug 25 04:42:15.860617 np0000008045 devstack@n-api.service[87556]: DEBUG nova.api.openstack.wsgi_app [None req-215865ae-61e2-42db-b4df-d639c703eab2 None None] enable_new_services = True {{(pid=87556) log_opt_values /opt/stack/data/venv/lib/python3.12/site-packages/oslo_config/cfg.py:3549}}
Aug 25 04:42:15.860729 np0000008045 devstack@n-api.service[87556]: DEBUG nova.api.openstack.wsgi_app [None req-215865ae-61e2-42db-b4df-d639c703eab2 None None] flat_injected = False {{(pid=87556) log_opt_values /opt/stack/data/venv/lib/python3.12/site-packages/oslo_config/cfg.py:3549}}
Aug 25 04:42:15.860863 np0000008045 devstack@n-api.service[87556]: DEBUG nova.api.openstack.wsgi_app [None req-215865ae-61e2-42db-b4df-d639c703eab2 None None] force_config_drive = True {{(pid=87556) log_opt_values /opt/stack/data/venv/lib/python3.12/site-packages/oslo_config/cfg.py:3549}}
Aug 25 04:42:15.860978 np0000008045 devstack@n-api.service[87556]: DEBUG nova.api.openstack.wsgi_app [None req-215865ae-61e2-42db-b4df-d639c703eab2 None None] force_raw_images = True {{(pid=87556) log_opt_values /opt/stack/data/venv/lib/python3.12/site-packages/oslo_config/cfg.py:3549}}
Aug 25 04:42:15.861103 np0000008045 devstack@n-api.service[87556]: DEBUG nova.api.openstack.wsgi_app [None req-215865ae-61e2-42db-b4df-d639c703eab2 None None] graceful_shutdown_timeout = 5 {{(pid=87556) log_opt_values /opt/stack/data/venv/lib/python3.12/site-packages/oslo_config/cfg.py:3549}}
Aug 25 04:42:15.861222 np0000008045 devstack@n-api.service[87556]: DEBUG nova.api.openstack.wsgi_app [None req-215865ae-61e2-42db-b4df-d639c703eab2 None None] heal_instance_info_cache_interval = -1 {{(pid=87556) log_opt_values /opt/stack/data/venv/lib/python3.12/site-packages/oslo_config/cfg.py:3549}}
Aug 25 04:42:15.861372 np0000008045 devstack@n-api.service[87556]: DEBUG nova.api.openstack.wsgi_app [None req-215865ae-61e2-42db-b4df-d639c703eab2 None None] host = np0000008045 {{(pid=87556) log_opt_values /opt/stack/data/venv/lib/python3.12/site-packages/oslo_config/cfg.py:3549}}
Aug 25 04:42:15.861543 np0000008045 devstack@n-api.service[87556]: DEBUG nova.api.openstack.wsgi_app [None req-215865ae-61e2-42db-b4df-d639c703eab2 None None] initial_cpu_allocation_ratio = 4.0 {{(pid=87556) log_opt_values /opt/stack/data/venv/lib/python3.12/site-packages/oslo_config/cfg.py:3549}}
Aug 25 04:42:15.861670 np0000008045 devstack@n-api.service[87556]: DEBUG nova.api.openstack.wsgi_app [None req-215865ae-61e2-42db-b4df-d639c703eab2 None None] initial_disk_allocation_ratio = 1.0 {{(pid=87556) log_opt_values /opt/stack/data/venv/lib/python3.12/site-packages/oslo_config/cfg.py:3549}}
Aug 25 04:42:15.861795 np0000008045 devstack@n-api.service[87556]: DEBUG nova.api.openstack.wsgi_app [None req-215865ae-61e2-42db-b4df-d639c703eab2 None None] initial_ram_allocation_ratio = 1.0 {{(pid=87556) log_opt_values /opt/stack/data/venv/lib/python3.12/site-packages/oslo_config/cfg.py:3549}}
Aug 25 04:42:15.861959 np0000008045 devstack@n-api.service[87556]: DEBUG nova.api.openstack.wsgi_app [None req-215865ae-61e2-42db-b4df-d639c703eab2 None None] injected_network_template = /opt/stack/nova/nova/virt/interfaces.template {{(pid=87556) log_opt_values /opt/stack/data/venv/lib/python3.12/site-packages/oslo_config/cfg.py:3549}}
Aug 25 04:42:15.862073 np0000008045 devstack@n-api.service[87556]: DEBUG nova.api.openstack.wsgi_app [None req-215865ae-61e2-42db-b4df-d639c703eab2 None None] instance_build_timeout = 0 {{(pid=87556) log_opt_values /opt/stack/data/venv/lib/python3.12/site-packages/oslo_config/cfg.py:3549}}
Aug 25 04:42:15.862185 np0000008045 devstack@n-api.service[87556]: DEBUG nova.api.openstack.wsgi_app [None req-215865ae-61e2-42db-b4df-d639c703eab2 None None] instance_delete_interval = 300 {{(pid=87556) log_opt_values /opt/stack/data/venv/lib/python3.12/site-packages/oslo_config/cfg.py:3549}}
Aug 25 04:42:15.862314 np0000008045 devstack@n-api.service[87556]: DEBUG nova.api.openstack.wsgi_app [None req-215865ae-61e2-42db-b4df-d639c703eab2 None None] instance_format = [instance: %(uuid)s] {{(pid=87556) log_opt_values /opt/stack/data/venv/lib/python3.12/site-packages/oslo_config/cfg.py:3549}}
Aug 25 04:42:15.862458 np0000008045 devstack@n-api.service[87556]: DEBUG nova.api.openstack.wsgi_app [None req-215865ae-61e2-42db-b4df-d639c703eab2 None None] instance_name_template = instance-%08x {{(pid=87556) log_opt_values /opt/stack/data/venv/lib/python3.12/site-packages/oslo_config/cfg.py:3549}}
Aug 25 04:42:15.862592 np0000008045 devstack@n-api.service[87556]: DEBUG nova.api.openstack.wsgi_app [None req-215865ae-61e2-42db-b4df-d639c703eab2 None None] instance_usage_audit = False {{(pid=87556) log_opt_values /opt/stack/data/venv/lib/python3.12/site-packages/oslo_config/cfg.py:3549}}
Aug 25 04:42:15.862715 np0000008045 devstack@n-api.service[87556]: DEBUG nova.api.openstack.wsgi_app [None req-215865ae-61e2-42db-b4df-d639c703eab2 None None] instance_usage_audit_period = month {{(pid=87556) log_opt_values /opt/stack/data/venv/lib/python3.12/site-packages/oslo_config/cfg.py:3549}}
Aug 25 04:42:15.862847 np0000008045 devstack@n-api.service[87556]: DEBUG nova.api.openstack.wsgi_app [None req-215865ae-61e2-42db-b4df-d639c703eab2 None None] instance_uuid_format = [instance: %(uuid)s] {{(pid=87556) log_opt_values /opt/stack/data/venv/lib/python3.12/site-packages/oslo_config/cfg.py:3549}}
Aug 25 04:42:15.863007 np0000008045 devstack@n-api.service[87556]: DEBUG nova.api.openstack.wsgi_app [None req-215865ae-61e2-42db-b4df-d639c703eab2 None None] instances_path = /opt/stack/data/nova/instances {{(pid=87556) log_opt_values /opt/stack/data/venv/lib/python3.12/site-packages/oslo_config/cfg.py:3549}}
Aug 25 04:42:15.863088 np0000008045 devstack@n-api.service[87556]: DEBUG nova.api.openstack.wsgi_app [None req-215865ae-61e2-42db-b4df-d639c703eab2 None None] internal_service_availability_zone = internal {{(pid=87556) log_opt_values /opt/stack/data/venv/lib/python3.12/site-packages/oslo_config/cfg.py:3549}}
Aug 25 04:42:15.863191 np0000008045 devstack@n-api.service[87556]: DEBUG nova.api.openstack.wsgi_app [None req-215865ae-61e2-42db-b4df-d639c703eab2 None None] key = None {{(pid=87556) log_opt_values /opt/stack/data/venv/lib/python3.12/site-packages/oslo_config/cfg.py:3549}}
Aug 25 04:42:15.863317 np0000008045 devstack@n-api.service[87556]: DEBUG nova.api.openstack.wsgi_app [None req-215865ae-61e2-42db-b4df-d639c703eab2 None None] live_migration_retry_count = 30 {{(pid=87556) log_opt_values /opt/stack/data/venv/lib/python3.12/site-packages/oslo_config/cfg.py:3549}}
Aug 25 04:42:15.863441 np0000008045 devstack@n-api.service[87556]: DEBUG nova.api.openstack.wsgi_app [None req-215865ae-61e2-42db-b4df-d639c703eab2 None None] log_color = False {{(pid=87556) log_opt_values /opt/stack/data/venv/lib/python3.12/site-packages/oslo_config/cfg.py:3549}}
Aug 25 04:42:15.863592 np0000008045 devstack@n-api.service[87556]: DEBUG nova.api.openstack.wsgi_app [None req-215865ae-61e2-42db-b4df-d639c703eab2 None None] log_config_append = None {{(pid=87556) log_opt_values /opt/stack/data/venv/lib/python3.12/site-packages/oslo_config/cfg.py:3549}}
Aug 25 04:42:15.863716 np0000008045 devstack@n-api.service[87556]: DEBUG nova.api.openstack.wsgi_app [None req-215865ae-61e2-42db-b4df-d639c703eab2 None None] log_date_format = %Y-%m-%d %H:%M:%S {{(pid=87556) log_opt_values /opt/stack/data/venv/lib/python3.12/site-packages/oslo_config/cfg.py:3549}}
Aug 25 04:42:15.863844 np0000008045 devstack@n-api.service[87556]: DEBUG nova.api.openstack.wsgi_app [None req-215865ae-61e2-42db-b4df-d639c703eab2 None None] log_dir = None {{(pid=87556) log_opt_values /opt/stack/data/venv/lib/python3.12/site-packages/oslo_config/cfg.py:3549}}
Aug 25 04:42:15.863959 np0000008045 devstack@n-api.service[87556]: DEBUG nova.api.openstack.wsgi_app [None req-215865ae-61e2-42db-b4df-d639c703eab2 None None] log_file = None {{(pid=87556) log_opt_values /opt/stack/data/venv/lib/python3.12/site-packages/oslo_config/cfg.py:3549}}
Aug 25 04:42:15.864047 np0000008045 devstack@n-api.service[87556]: DEBUG nova.api.openstack.wsgi_app [None req-215865ae-61e2-42db-b4df-d639c703eab2 None None] log_options = True {{(pid=87556) log_opt_values /opt/stack/data/venv/lib/python3.12/site-packages/oslo_config/cfg.py:3549}}
