Aug 25 04:43:00.537094 np0000008045 nova-scheduler[96667]: DEBUG cotyledon.oslo_config_glue [-] workarounds.disable_libvirt_livesnapshot = False {{(pid=96667) log_opt_values /opt/stack/data/venv/lib/python3.12/site-packages/oslo_config/cfg.py:3560}}
Aug 25 04:43:00.537399 np0000008045 nova-scheduler[96667]: DEBUG cotyledon.oslo_config_glue [-] workarounds.disable_rootwrap = False {{(pid=96667) log_opt_values /opt/stack/data/venv/lib/python3.12/site-packages/oslo_config/cfg.py:3560}}
Aug 25 04:43:00.537399 np0000008045 nova-scheduler[96667]: DEBUG cotyledon.oslo_config_glue [-] workarounds.enable_numa_live_migration = False {{(pid=96667) log_opt_values /opt/stack/data/venv/lib/python3.12/site-packages/oslo_config/cfg.py:3560}}
Aug 25 04:43:00.537399 np0000008045 nova-scheduler[96667]: DEBUG cotyledon.oslo_config_glue [-] workarounds.enable_qemu_monitor_announce_self = False {{(pid=96667) log_opt_values /opt/stack/data/venv/lib/python3.12/site-packages/oslo_config/cfg.py:3560}}
Aug 25 04:43:00.537399 np0000008045 nova-scheduler[96667]: DEBUG cotyledon.oslo_config_glue [-] workarounds.ensure_libvirt_rbd_instance_dir_cleanup = False {{(pid=96667) log_opt_values /opt/stack/data/venv/lib/python3.12/site-packages/oslo_config/cfg.py:3560}}
Aug 25 04:43:00.537399 np0000008045 nova-scheduler[96667]: DEBUG cotyledon.oslo_config_glue [-] workarounds.handle_virt_lifecycle_events = True {{(pid=96667) log_opt_values /opt/stack/data/venv/lib/python3.12/site-packages/oslo_config/cfg.py:3560}}
Aug 25 04:43:00.537399 np0000008045 nova-scheduler[96667]: DEBUG cotyledon.oslo_config_glue [-] workarounds.libvirt_disable_apic = False {{(pid=96667) log_opt_values /opt/stack/data/venv/lib/python3.12/site-packages/oslo_config/cfg.py:3560}}
Aug 25 04:43:00.537399 np0000008045 nova-scheduler[96667]: DEBUG cotyledon.oslo_config_glue [-] workarounds.never_download_image_if_on_rbd = False {{(pid=96667) log_opt_values /opt/stack/data/venv/lib/python3.12/site-packages/oslo_config/cfg.py:3560}}
Aug 25 04:43:00.537399 np0000008045 nova-scheduler[96667]: DEBUG cotyledon.oslo_config_glue [-] workarounds.qemu_monitor_announce_self_count = 3 {{(pid=96667) log_opt_values /opt/stack/data/venv/lib/python3.12/site-packages/oslo_config/cfg.py:3560}}
Aug 25 04:43:00.537399 np0000008045 nova-scheduler[96667]: DEBUG cotyledon.oslo_config_glue [-] workarounds.qemu_monitor_announce_self_interval = 1 {{(pid=96667) log_opt_values /opt/stack/data/venv/lib/python3.12/site-packages/oslo_config/cfg.py:3560}}
Aug 25 04:43:00.537724 np0000008045 nova-scheduler[96667]: DEBUG cotyledon.oslo_config_glue [-] workarounds.reserve_disk_resource_for_image_cache = False {{(pid=96667) log_opt_values /opt/stack/data/venv/lib/python3.12/site-packages/oslo_config/cfg.py:3560}}
Aug 25 04:43:00.537724 np0000008045 nova-scheduler[96667]: DEBUG cotyledon.oslo_config_glue [-] workarounds.skip_cpu_compare_at_startup = False {{(pid=96667) log_opt_values /opt/stack/data/venv/lib/python3.12/site-packages/oslo_config/cfg.py:3560}}
Aug 25 04:43:00.537724 np0000008045 nova-scheduler[96667]: DEBUG cotyledon.oslo_config_glue [-] workarounds.skip_cpu_compare_on_dest = False {{(pid=96667) log_opt_values /opt/stack/data/venv/lib/python3.12/site-packages/oslo_config/cfg.py:3560}}
Aug 25 04:43:00.537724 np0000008045 nova-scheduler[96667]: DEBUG cotyledon.oslo_config_glue [-] workarounds.skip_hypervisor_version_check_on_lm = False {{(pid=96667) log_opt_values /opt/stack/data/venv/lib/python3.12/site-packages/oslo_config/cfg.py:3560}}
Aug 25 04:43:00.537724 np0000008045 nova-scheduler[96667]: DEBUG cotyledon.oslo_config_glue [-] workarounds.skip_reserve_in_use_ironic_nodes = False {{(pid=96667) log_opt_values /opt/stack/data/venv/lib/python3.12/site-packages/oslo_config/cfg.py:3560}}
Aug 25 04:43:00.537724 np0000008045 nova-scheduler[96667]: DEBUG cotyledon.oslo_config_glue [-] workarounds.unified_limits_count_pcpu_as_vcpu = False {{(pid=96667) log_opt_values /opt/stack/data/venv/lib/python3.12/site-packages/oslo_config/cfg.py:3560}}
Aug 25 04:43:00.537724 np0000008045 nova-scheduler[96667]: DEBUG cotyledon.oslo_config_glue [-] workarounds.wait_for_vif_plugged_event_during_hard_reboot = [] {{(pid=96667) log_opt_values /opt/stack/data/venv/lib/python3.12/site-packages/oslo_config/cfg.py:3560}}
Aug 25 04:43:00.537724 np0000008045 nova-scheduler[96667]: DEBUG cotyledon.oslo_config_glue [-] wsgi.api_paste_config = /etc/nova/api-paste.ini {{(pid=96667) log_opt_values /opt/stack/data/venv/lib/python3.12/site-packages/oslo_config/cfg.py:3560}}
Aug 25 04:43:00.537996 np0000008045 nova-scheduler[96667]: DEBUG cotyledon.oslo_config_glue [-] wsgi.secure_proxy_ssl_header = None {{(pid=96667) log_opt_values /opt/stack/data/venv/lib/python3.12/site-packages/oslo_config/cfg.py:3560}}
Aug 25 04:43:00.537996 np0000008045 nova-scheduler[96667]: DEBUG cotyledon.oslo_config_glue [-] zvm.ca_file = None {{(pid=96667) log_opt_values /opt/stack/data/venv/lib/python3.12/site-packages/oslo_config/cfg.py:3560}}
Aug 25 04:43:00.537996 np0000008045 nova-scheduler[96667]: DEBUG cotyledon.oslo_config_glue [-] zvm.cloud_connector_url = None {{(pid=96667) log_opt_values /opt/stack/data/venv/lib/python3.12/site-packages/oslo_config/cfg.py:3560}}
Aug 25 04:43:00.538112 np0000008045 nova-scheduler[96665]: INFO nova.service [-] Starting scheduler node (version 33.1.0)
Aug 25 04:43:00.538156 np0000008045 nova-scheduler[96667]: DEBUG cotyledon.oslo_config_glue [-] zvm.image_tmp_path = /opt/stack/data/nova/images {{(pid=96667) log_opt_values /opt/stack/data/venv/lib/python3.12/site-packages/oslo_config/cfg.py:3560}}
Aug 25 04:43:00.538156 np0000008045 nova-scheduler[96667]: DEBUG cotyledon.oslo_config_glue [-] zvm.reachable_timeout = 300 {{(pid=96667) log_opt_values /opt/stack/data/venv/lib/python3.12/site-packages/oslo_config/cfg.py:3560}}
Aug 25 04:43:00.538156 np0000008045 nova-scheduler[96667]: DEBUG cotyledon.oslo_config_glue [-] oslo_versionedobjects.fatal_exception_format_errors = False {{(pid=96667) log_opt_values /opt/stack/data/venv/lib/python3.12/site-packages/oslo_config/cfg.py:3560}}
Aug 25 04:43:00.538156 np0000008045 nova-scheduler[96667]: DEBUG cotyledon.oslo_config_glue [-] oslo_middleware.http_basic_auth_user_file = /etc/htpasswd {{(pid=96667) log_opt_values /opt/stack/data/venv/lib/python3.12/site-packages/oslo_config/cfg.py:3560}}
Aug 25 04:43:00.538156 np0000008045 nova-scheduler[96667]: DEBUG cotyledon.oslo_config_glue [-] oslo_messaging_metrics.metrics_buffer_size = 1000 {{(pid=96667) log_opt_values /opt/stack/data/venv/lib/python3.12/site-packages/oslo_config/cfg.py:3560}}
Aug 25 04:43:00.538156 np0000008045 nova-scheduler[96667]: DEBUG cotyledon.oslo_config_glue [-] oslo_messaging_metrics.metrics_enabled = False {{(pid=96667) log_opt_values /opt/stack/data/venv/lib/python3.12/site-packages/oslo_config/cfg.py:3560}}
Aug 25 04:43:00.538156 np0000008045 nova-scheduler[96667]: DEBUG cotyledon.oslo_config_glue [-] oslo_messaging_metrics.metrics_process_name = {{(pid=96667) log_opt_values /opt/stack/data/venv/lib/python3.12/site-packages/oslo_config/cfg.py:3560}}
Aug 25 04:43:00.538156 np0000008045 nova-scheduler[96667]: DEBUG cotyledon.oslo_config_glue [-] oslo_messaging_metrics.metrics_socket_file = /var/tmp/metrics_collector.sock {{(pid=96667) log_opt_values /opt/stack/data/venv/lib/python3.12/site-packages/oslo_config/cfg.py:3560}}
Aug 25 04:43:00.538475 np0000008045 nova-scheduler[96667]: DEBUG cotyledon.oslo_config_glue [-] oslo_messaging_metrics.metrics_thread_stop_timeout = 10 {{(pid=96667) log_opt_values /opt/stack/data/venv/lib/python3.12/site-packages/oslo_config/cfg.py:3560}}
Aug 25 04:43:00.538475 np0000008045 nova-scheduler[96667]: DEBUG cotyledon.oslo_config_glue [-] profiler.connection_string = messaging:// {{(pid=96667) log_opt_values /opt/stack/data/venv/lib/python3.12/site-packages/oslo_config/cfg.py:3560}}
Aug 25 04:43:00.538475 np0000008045 nova-scheduler[96667]: DEBUG cotyledon.oslo_config_glue [-] profiler.enabled = False {{(pid=96667) log_opt_values /opt/stack/data/venv/lib/python3.12/site-packages/oslo_config/cfg.py:3560}}
Aug 25 04:43:00.538475 np0000008045 nova-scheduler[96667]: DEBUG cotyledon.oslo_config_glue [-] profiler.es_doc_type = notification {{(pid=96667) log_opt_values /opt/stack/data/venv/lib/python3.12/site-packages/oslo_config/cfg.py:3560}}
Aug 25 04:43:00.538475 np0000008045 nova-scheduler[96667]: DEBUG cotyledon.oslo_config_glue [-] profiler.es_scroll_size = 10000 {{(pid=96667) log_opt_values /opt/stack/data/venv/lib/python3.12/site-packages/oslo_config/cfg.py:3560}}
Aug 25 04:43:00.538475 np0000008045 nova-scheduler[96667]: DEBUG cotyledon.oslo_config_glue [-] profiler.es_scroll_time = 2m {{(pid=96667) log_opt_values /opt/stack/data/venv/lib/python3.12/site-packages/oslo_config/cfg.py:3560}}
Aug 25 04:43:00.538475 np0000008045 nova-scheduler[96667]: DEBUG cotyledon.oslo_config_glue [-] profiler.filter_error_trace = False {{(pid=96667) log_opt_values /opt/stack/data/venv/lib/python3.12/site-packages/oslo_config/cfg.py:3560}}
Aug 25 04:43:00.538475 np0000008045 nova-scheduler[96667]: DEBUG cotyledon.oslo_config_glue [-] profiler.hmac_keys = **** {{(pid=96667) log_opt_values /opt/stack/data/venv/lib/python3.12/site-packages/oslo_config/cfg.py:3560}}
Aug 25 04:43:00.538475 np0000008045 nova-scheduler[96667]: DEBUG cotyledon.oslo_config_glue [-] profiler.sentinel_service_name = mymaster {{(pid=96667) log_opt_values /opt/stack/data/venv/lib/python3.12/site-packages/oslo_config/cfg.py:3560}}
Aug 25 04:43:00.538823 np0000008045 nova-scheduler[96667]: DEBUG cotyledon.oslo_config_glue [-] profiler.socket_timeout = 0.1 {{(pid=96667) log_opt_values /opt/stack/data/venv/lib/python3.12/site-packages/oslo_config/cfg.py:3560}}
Aug 25 04:43:00.538823 np0000008045 nova-scheduler[96667]: DEBUG cotyledon.oslo_config_glue [-] profiler.trace_requests = False {{(pid=96667) log_opt_values /opt/stack/data/venv/lib/python3.12/site-packages/oslo_config/cfg.py:3560}}
Aug 25 04:43:00.538823 np0000008045 nova-scheduler[96667]: DEBUG cotyledon.oslo_config_glue [-] profiler.trace_sqlalchemy = False {{(pid=96667) log_opt_values /opt/stack/data/venv/lib/python3.12/site-packages/oslo_config/cfg.py:3560}}
Aug 25 04:43:00.538823 np0000008045 nova-scheduler[96667]: DEBUG cotyledon.oslo_config_glue [-] profiler_jaeger.process_tags = {} {{(pid=96667) log_opt_values /opt/stack/data/venv/lib/python3.12/site-packages/oslo_config/cfg.py:3560}}
Aug 25 04:43:00.538823 np0000008045 nova-scheduler[96667]: DEBUG cotyledon.oslo_config_glue [-] profiler_jaeger.service_name_prefix = None {{(pid=96667) log_opt_values /opt/stack/data/venv/lib/python3.12/site-packages/oslo_config/cfg.py:3560}}
Aug 25 04:43:00.538823 np0000008045 nova-scheduler[96667]: DEBUG cotyledon.oslo_config_glue [-] profiler_otlp.service_name_prefix = None {{(pid=96667) log_opt_values /opt/stack/data/venv/lib/python3.12/site-packages/oslo_config/cfg.py:3560}}
Aug 25 04:43:00.538823 np0000008045 nova-scheduler[96667]: DEBUG cotyledon.oslo_config_glue [-] oslo_messaging_rabbit.amqp_auto_delete = False {{(pid=96667) log_opt_values /opt/stack/data/venv/lib/python3.12/site-packages/oslo_config/cfg.py:3560}}
Aug 25 04:43:00.538823 np0000008045 nova-scheduler[96667]: DEBUG cotyledon.oslo_config_glue [-] oslo_messaging_rabbit.amqp_durable_queues = False {{(pid=96667) log_opt_values /opt/stack/data/venv/lib/python3.12/site-packages/oslo_config/cfg.py:3560}}
Aug 25 04:43:00.538823 np0000008045 nova-scheduler[96667]: DEBUG cotyledon.oslo_config_glue [-] oslo_messaging_rabbit.conn_pool_min_size = 2 {{(pid=96667) log_opt_values /opt/stack/data/venv/lib/python3.12/site-packages/oslo_config/cfg.py:3560}}
Aug 25 04:43:00.539249 np0000008045 nova-scheduler[96667]: DEBUG cotyledon.oslo_config_glue [-] oslo_messaging_rabbit.conn_pool_ttl = 1200 {{(pid=96667) log_opt_values /opt/stack/data/venv/lib/python3.12/site-packages/oslo_config/cfg.py:3560}}
Aug 25 04:43:00.539249 np0000008045 nova-scheduler[96667]: DEBUG cotyledon.oslo_config_glue [-] oslo_messaging_rabbit.direct_mandatory_flag = True {{(pid=96667) log_opt_values /opt/stack/data/venv/lib/python3.12/site-packages/oslo_config/cfg.py:3560}}
Aug 25 04:43:00.539249 np0000008045 nova-scheduler[96667]: DEBUG cotyledon.oslo_config_glue [-] oslo_messaging_rabbit.enable_cancel_on_failover = False {{(pid=96667) log_opt_values /opt/stack/data/venv/lib/python3.12/site-packages/oslo_config/cfg.py:3560}}
Aug 25 04:43:00.539249 np0000008045 nova-scheduler[96667]: DEBUG cotyledon.oslo_config_glue [-] oslo_messaging_rabbit.heartbeat_rate = 3 {{(pid=96667) log_opt_values /opt/stack/data/venv/lib/python3.12/site-packages/oslo_config/cfg.py:3560}}
Aug 25 04:43:00.539249 np0000008045 nova-scheduler[96667]: DEBUG cotyledon.oslo_config_glue [-] oslo_messaging_rabbit.heartbeat_timeout_threshold = 60 {{(pid=96667) log_opt_values /opt/stack/data/venv/lib/python3.12/site-packages/oslo_config/cfg.py:3560}}
Aug 25 04:43:00.539249 np0000008045 nova-scheduler[96667]: DEBUG cotyledon.oslo_config_glue [-] oslo_messaging_rabbit.hostname = np0000008045 {{(pid=96667) log_opt_values /opt/stack/data/venv/lib/python3.12/site-packages/oslo_config/cfg.py:3560}}
Aug 25 04:43:00.539249 np0000008045 nova-scheduler[96667]: DEBUG cotyledon.oslo_config_glue [-] oslo_messaging_rabbit.kombu_compression = None {{(pid=96667) log_opt_values /opt/stack/data/venv/lib/python3.12/site-packages/oslo_config/cfg.py:3560}}
Aug 25 04:43:00.539249 np0000008045 nova-scheduler[96667]: DEBUG cotyledon.oslo_config_glue [-] oslo_messaging_rabbit.kombu_failover_strategy = round-robin {{(pid=96667) log_opt_values /opt/stack/data/venv/lib/python3.12/site-packages/oslo_config/cfg.py:3560}}
Aug 25 04:43:00.539249 np0000008045 nova-scheduler[96667]: DEBUG cotyledon.oslo_config_glue [-] oslo_messaging_rabbit.kombu_missing_consumer_retry_timeout = 60 {{(pid=96667) log_opt_values /opt/stack/data/venv/lib/python3.12/site-packages/oslo_config/cfg.py:3560}}
Aug 25 04:43:00.539634 np0000008045 nova-scheduler[96667]: DEBUG cotyledon.oslo_config_glue [-] oslo_messaging_rabbit.kombu_reconnect_delay = 1.0 {{(pid=96667) log_opt_values /opt/stack/data/venv/lib/python3.12/site-packages/oslo_config/cfg.py:3560}}
Aug 25 04:43:00.539634 np0000008045 nova-scheduler[96667]: DEBUG cotyledon.oslo_config_glue [-] oslo_messaging_rabbit.kombu_reconnect_splay = 0.0 {{(pid=96667) log_opt_values /opt/stack/data/venv/lib/python3.12/site-packages/oslo_config/cfg.py:3560}}
Aug 25 04:43:00.539634 np0000008045 nova-scheduler[96667]: DEBUG cotyledon.oslo_config_glue [-] oslo_messaging_rabbit.processname = nova-scheduler {{(pid=96667) log_opt_values /opt/stack/data/venv/lib/python3.12/site-packages/oslo_config/cfg.py:3560}}
Aug 25 04:43:00.539634 np0000008045 nova-scheduler[96667]: DEBUG cotyledon.oslo_config_glue [-] oslo_messaging_rabbit.rabbit_ha_queues = False {{(pid=96667) log_opt_values /opt/stack/data/venv/lib/python3.12/site-packages/oslo_config/cfg.py:3560}}
Aug 25 04:43:00.539634 np0000008045 nova-scheduler[96667]: DEBUG cotyledon.oslo_config_glue [-] oslo_messaging_rabbit.rabbit_interval_max = 30 {{(pid=96667) log_opt_values /opt/stack/data/venv/lib/python3.12/site-packages/oslo_config/cfg.py:3560}}
Aug 25 04:43:00.539634 np0000008045 nova-scheduler[96667]: DEBUG cotyledon.oslo_config_glue [-] oslo_messaging_rabbit.rabbit_login_method = AMQPLAIN {{(pid=96667) log_opt_values /opt/stack/data/venv/lib/python3.12/site-packages/oslo_config/cfg.py:3560}}
Aug 25 04:43:00.539634 np0000008045 nova-scheduler[96667]: DEBUG cotyledon.oslo_config_glue [-] oslo_messaging_rabbit.rabbit_qos_prefetch_count = 0 {{(pid=96667) log_opt_values /opt/stack/data/venv/lib/python3.12/site-packages/oslo_config/cfg.py:3560}}
Aug 25 04:43:00.539634 np0000008045 nova-scheduler[96667]: DEBUG cotyledon.oslo_config_glue [-] oslo_messaging_rabbit.rabbit_quorum_delivery_limit = 0 {{(pid=96667) log_opt_values /opt/stack/data/venv/lib/python3.12/site-packages/oslo_config/cfg.py:3560}}
Aug 25 04:43:00.539634 np0000008045 nova-scheduler[96667]: DEBUG cotyledon.oslo_config_glue [-] oslo_messaging_rabbit.rabbit_quorum_max_memory_bytes = 0 {{(pid=96667) log_opt_values /opt/stack/data/venv/lib/python3.12/site-packages/oslo_config/cfg.py:3560}}
Aug 25 04:43:00.539969 np0000008045 nova-scheduler[96667]: DEBUG cotyledon.oslo_config_glue [-] oslo_messaging_rabbit.rabbit_quorum_max_memory_length = 0 {{(pid=96667) log_opt_values /opt/stack/data/venv/lib/python3.12/site-packages/oslo_config/cfg.py:3560}}
Aug 25 04:43:00.539969 np0000008045 nova-scheduler[96667]: DEBUG cotyledon.oslo_config_glue [-] oslo_messaging_rabbit.rabbit_quorum_queue = False {{(pid=96667) log_opt_values /opt/stack/data/venv/lib/python3.12/site-packages/oslo_config/cfg.py:3560}}
Aug 25 04:43:00.539969 np0000008045 nova-scheduler[96667]: DEBUG cotyledon.oslo_config_glue [-] oslo_messaging_rabbit.rabbit_retry_backoff = 2 {{(pid=96667) log_opt_values /opt/stack/data/venv/lib/python3.12/site-packages/oslo_config/cfg.py:3560}}
Aug 25 04:43:00.539969 np0000008045 nova-scheduler[96667]: DEBUG cotyledon.oslo_config_glue [-] oslo_messaging_rabbit.rabbit_retry_interval = 1 {{(pid=96667) log_opt_values /opt/stack/data/venv/lib/python3.12/site-packages/oslo_config/cfg.py:3560}}
Aug 25 04:43:00.539969 np0000008045 nova-scheduler[96667]: DEBUG cotyledon.oslo_config_glue [-] oslo_messaging_rabbit.rabbit_stream_fanout = False {{(pid=96667) log_opt_values /opt/stack/data/venv/lib/python3.12/site-packages/oslo_config/cfg.py:3560}}
Aug 25 04:43:00.539969 np0000008045 nova-scheduler[96667]: DEBUG cotyledon.oslo_config_glue [-] oslo_messaging_rabbit.rabbit_transient_queues_ttl = 1800 {{(pid=96667) log_opt_values /opt/stack/data/venv/lib/python3.12/site-packages/oslo_config/cfg.py:3560}}
Aug 25 04:43:00.539969 np0000008045 nova-scheduler[96667]: DEBUG cotyledon.oslo_config_glue [-] oslo_messaging_rabbit.rabbit_transient_quorum_queue = False {{(pid=96667) log_opt_values /opt/stack/data/venv/lib/python3.12/site-packages/oslo_config/cfg.py:3560}}
Aug 25 04:43:00.539969 np0000008045 nova-scheduler[96667]: DEBUG cotyledon.oslo_config_glue [-] oslo_messaging_rabbit.rpc_conn_pool_size = 30 {{(pid=96667) log_opt_values /opt/stack/data/venv/lib/python3.12/site-packages/oslo_config/cfg.py:3560}}
Aug 25 04:43:00.539969 np0000008045 nova-scheduler[96667]: DEBUG cotyledon.oslo_config_glue [-] oslo_messaging_rabbit.ssl = False {{(pid=96667) log_opt_values /opt/stack/data/venv/lib/python3.12/site-packages/oslo_config/cfg.py:3560}}
Aug 25 04:43:00.540298 np0000008045 nova-scheduler[96667]: DEBUG cotyledon.oslo_config_glue [-] oslo_messaging_rabbit.ssl_ca_file = {{(pid=96667) log_opt_values /opt/stack/data/venv/lib/python3.12/site-packages/oslo_config/cfg.py:3560}}
Aug 25 04:43:00.540298 np0000008045 nova-scheduler[96667]: DEBUG cotyledon.oslo_config_glue [-] oslo_messaging_rabbit.ssl_cert_file = {{(pid=96667) log_opt_values /opt/stack/data/venv/lib/python3.12/site-packages/oslo_config/cfg.py:3560}}
Aug 25 04:43:00.540298 np0000008045 nova-scheduler[96667]: DEBUG cotyledon.oslo_config_glue [-] oslo_messaging_rabbit.ssl_enforce_fips_mode = False {{(pid=96667) log_opt_values /opt/stack/data/venv/lib/python3.12/site-packages/oslo_config/cfg.py:3560}}
Aug 25 04:43:00.540298 np0000008045 nova-scheduler[96667]: DEBUG cotyledon.oslo_config_glue [-] oslo_messaging_rabbit.ssl_enforce_hostname_verification = True {{(pid=96667) log_opt_values /opt/stack/data/venv/lib/python3.12/site-packages/oslo_config/cfg.py:3560}}
Aug 25 04:43:00.540298 np0000008045 nova-scheduler[96667]: DEBUG cotyledon.oslo_config_glue [-] oslo_messaging_rabbit.ssl_key_file = {{(pid=96667) log_opt_values /opt/stack/data/venv/lib/python3.12/site-packages/oslo_config/cfg.py:3560}}
Aug 25 04:43:00.540298 np0000008045 nova-scheduler[96667]: DEBUG cotyledon.oslo_config_glue [-] oslo_messaging_rabbit.ssl_version = {{(pid=96667) log_opt_values /opt/stack/data/venv/lib/python3.12/site-packages/oslo_config/cfg.py:3560}}
Aug 25 04:43:00.540298 np0000008045 nova-scheduler[96667]: DEBUG cotyledon.oslo_config_glue [-] oslo_messaging_rabbit.use_queue_manager = False {{(pid=96667) log_opt_values /opt/stack/data/venv/lib/python3.12/site-packages/oslo_config/cfg.py:3560}}
Aug 25 04:43:00.540298 np0000008045 nova-scheduler[96667]: DEBUG cotyledon.oslo_config_glue [-] oslo_messaging_notifications.driver = ['messagingv2'] {{(pid=96667) log_opt_values /opt/stack/data/venv/lib/python3.12/site-packages/oslo_config/cfg.py:3560}}
Aug 25 04:43:00.540298 np0000008045 nova-scheduler[96667]: DEBUG cotyledon.oslo_config_glue [-] oslo_messaging_notifications.retry = -1 {{(pid=96667) log_opt_values /opt/stack/data/venv/lib/python3.12/site-packages/oslo_config/cfg.py:3560}}
Aug 25 04:43:00.540662 np0000008045 nova-scheduler[96667]: DEBUG cotyledon.oslo_config_glue [-] oslo_messaging_notifications.topics = ['notifications'] {{(pid=96667) log_opt_values /opt/stack/data/venv/lib/python3.12/site-packages/oslo_config/cfg.py:3560}}
Aug 25 04:43:00.540662 np0000008045 nova-scheduler[96667]: DEBUG cotyledon.oslo_config_glue [-] oslo_messaging_notifications.transport_url = **** {{(pid=96667) log_opt_values /opt/stack/data/venv/lib/python3.12/site-packages/oslo_config/cfg.py:3560}}
Aug 25 04:43:00.540662 np0000008045 nova-scheduler[96667]: DEBUG cotyledon.oslo_config_glue [-] oslo_limit.auth_section = None {{(pid=96667) log_opt_values /opt/stack/data/venv/lib/python3.12/site-packages/oslo_config/cfg.py:3560}}
Aug 25 04:43:00.540662 np0000008045 nova-scheduler[96667]: DEBUG cotyledon.oslo_config_glue [-] oslo_limit.auth_type = None {{(pid=96667) log_opt_values /opt/stack/data/venv/lib/python3.12/site-packages/oslo_config/cfg.py:3560}}
Aug 25 04:43:00.540662 np0000008045 nova-scheduler[96667]: DEBUG cotyledon.oslo_config_glue [-] oslo_limit.cafile = None {{(pid=96667) log_opt_values /opt/stack/data/venv/lib/python3.12/site-packages/oslo_config/cfg.py:3560}}
Aug 25 04:43:00.540662 np0000008045 nova-scheduler[96667]: DEBUG cotyledon.oslo_config_glue [-] oslo_limit.certfile = None {{(pid=96667) log_opt_values /opt/stack/data/venv/lib/python3.12/site-packages/oslo_config/cfg.py:3560}}
Aug 25 04:43:00.540662 np0000008045 nova-scheduler[96667]: DEBUG cotyledon.oslo_config_glue [-] oslo_limit.collect_timing = False {{(pid=96667) log_opt_values /opt/stack/data/venv/lib/python3.12/site-packages/oslo_config/cfg.py:3560}}
Aug 25 04:43:00.540662 np0000008045 nova-scheduler[96667]: DEBUG cotyledon.oslo_config_glue [-] oslo_limit.connect_retries = None {{(pid=96667) log_opt_values /opt/stack/data/venv/lib/python3.12/site-packages/oslo_config/cfg.py:3560}}
Aug 25 04:43:00.540662 np0000008045 nova-scheduler[96667]: DEBUG cotyledon.oslo_config_glue [-] oslo_limit.connect_retry_delay = None {{(pid=96667) log_opt_values /opt/stack/data/venv/lib/python3.12/site-packages/oslo_config/cfg.py:3560}}
Aug 25 04:43:00.540950 np0000008045 nova-scheduler[96667]: DEBUG cotyledon.oslo_config_glue [-] oslo_limit.endpoint_id = None {{(pid=96667) log_opt_values /opt/stack/data/venv/lib/python3.12/site-packages/oslo_config/cfg.py:3560}}
Aug 25 04:43:00.540950 np0000008045 nova-scheduler[96667]: DEBUG cotyledon.oslo_config_glue [-] oslo_limit.endpoint_interface = public {{(pid=96667) log_opt_values /opt/stack/data/venv/lib/python3.12/site-packages/oslo_config/cfg.py:3560}}
Aug 25 04:43:00.540950 np0000008045 nova-scheduler[96667]: DEBUG cotyledon.oslo_config_glue [-] oslo_limit.endpoint_override = None {{(pid=96667) log_opt_values /opt/stack/data/venv/lib/python3.12/site-packages/oslo_config/cfg.py:3560}}
Aug 25 04:43:00.540950 np0000008045 nova-scheduler[96667]: DEBUG cotyledon.oslo_config_glue [-] oslo_limit.endpoint_region_name = None {{(pid=96667) log_opt_values /opt/stack/data/venv/lib/python3.12/site-packages/oslo_config/cfg.py:3560}}
Aug 25 04:43:00.540950 np0000008045 nova-scheduler[96667]: DEBUG cotyledon.oslo_config_glue [-] oslo_limit.endpoint_service_name = None {{(pid=96667) log_opt_values /opt/stack/data/venv/lib/python3.12/site-packages/oslo_config/cfg.py:3560}}
Aug 25 04:43:00.540950 np0000008045 nova-scheduler[96667]: DEBUG cotyledon.oslo_config_glue [-] oslo_limit.endpoint_service_type = None {{(pid=96667) log_opt_values /opt/stack/data/venv/lib/python3.12/site-packages/oslo_config/cfg.py:3560}}
Aug 25 04:43:00.540950 np0000008045 nova-scheduler[96667]: DEBUG cotyledon.oslo_config_glue [-] oslo_limit.insecure = False {{(pid=96667) log_opt_values /opt/stack/data/venv/lib/python3.12/site-packages/oslo_config/cfg.py:3560}}
Aug 25 04:43:00.540950 np0000008045 nova-scheduler[96667]: DEBUG cotyledon.oslo_config_glue [-] oslo_limit.keyfile = None {{(pid=96667) log_opt_values /opt/stack/data/venv/lib/python3.12/site-packages/oslo_config/cfg.py:3560}}
Aug 25 04:43:00.540950 np0000008045 nova-scheduler[96667]: DEBUG cotyledon.oslo_config_glue [-] oslo_limit.max_version = None {{(pid=96667) log_opt_values /opt/stack/data/venv/lib/python3.12/site-packages/oslo_config/cfg.py:3560}}
Aug 25 04:43:00.541260 np0000008045 nova-scheduler[96667]: DEBUG cotyledon.oslo_config_glue [-] oslo_limit.min_version = None {{(pid=96667) log_opt_values /opt/stack/data/venv/lib/python3.12/site-packages/oslo_config/cfg.py:3560}}
Aug 25 04:43:00.541260 np0000008045 nova-scheduler[96667]: DEBUG cotyledon.oslo_config_glue [-] oslo_limit.region_name = None {{(pid=96667) log_opt_values /opt/stack/data/venv/lib/python3.12/site-packages/oslo_config/cfg.py:3560}}
Aug 25 04:43:00.541260 np0000008045 nova-scheduler[96667]: DEBUG cotyledon.oslo_config_glue [-] oslo_limit.retriable_status_codes = None {{(pid=96667) log_opt_values /opt/stack/data/venv/lib/python3.12/site-packages/oslo_config/cfg.py:3560}}
Aug 25 04:43:00.541260 np0000008045 nova-scheduler[96667]: DEBUG cotyledon.oslo_config_glue [-] oslo_limit.service_name = None {{(pid=96667) log_opt_values /opt/stack/data/venv/lib/python3.12/site-packages/oslo_config/cfg.py:3560}}
Aug 25 04:43:00.541260 np0000008045 nova-scheduler[96667]: DEBUG cotyledon.oslo_config_glue [-] oslo_limit.service_type = None {{(pid=96667) log_opt_values /opt/stack/data/venv/lib/python3.12/site-packages/oslo_config/cfg.py:3560}}
Aug 25 04:43:00.541260 np0000008045 nova-scheduler[96667]: DEBUG cotyledon.oslo_config_glue [-] oslo_limit.split_loggers = False {{(pid=96667) log_opt_values /opt/stack/data/venv/lib/python3.12/site-packages/oslo_config/cfg.py:3560}}
Aug 25 04:43:00.541260 np0000008045 nova-scheduler[96667]: DEBUG cotyledon.oslo_config_glue [-] oslo_limit.status_code_retries = None {{(pid=96667) log_opt_values /opt/stack/data/venv/lib/python3.12/site-packages/oslo_config/cfg.py:3560}}
Aug 25 04:43:00.541260 np0000008045 nova-scheduler[96667]: DEBUG cotyledon.oslo_config_glue [-] oslo_limit.status_code_retry_delay = None {{(pid=96667) log_opt_values /opt/stack/data/venv/lib/python3.12/site-packages/oslo_config/cfg.py:3560}}
Aug 25 04:43:00.541260 np0000008045 nova-scheduler[96667]: DEBUG cotyledon.oslo_config_glue [-] oslo_limit.timeout = None {{(pid=96667) log_opt_values /opt/stack/data/venv/lib/python3.12/site-packages/oslo_config/cfg.py:3560}}
Aug 25 04:43:00.541649 np0000008045 nova-scheduler[96667]: DEBUG cotyledon.oslo_config_glue [-] oslo_limit.valid_interfaces = None {{(pid=96667) log_opt_values /opt/stack/data/venv/lib/python3.12/site-packages/oslo_config/cfg.py:3560}}
Aug 25 04:43:00.541649 np0000008045 nova-scheduler[96667]: DEBUG cotyledon.oslo_config_glue [-] oslo_limit.version = None {{(pid=96667) log_opt_values /opt/stack/data/venv/lib/python3.12/site-packages/oslo_config/cfg.py:3560}}
Aug 25 04:43:00.541649 np0000008045 nova-scheduler[96667]: DEBUG cotyledon.oslo_config_glue [-] oslo_reports.file_event_handler = None {{(pid=96667) log_opt_values /opt/stack/data/venv/lib/python3.12/site-packages/oslo_config/cfg.py:3560}}
Aug 25 04:43:00.541649 np0000008045 nova-scheduler[96667]: DEBUG cotyledon.oslo_config_glue [-] oslo_reports.file_event_handler_interval = 1 {{(pid=96667) log_opt_values /opt/stack/data/venv/lib/python3.12/site-packages/oslo_config/cfg.py:3560}}
Aug 25 04:43:00.541649 np0000008045 nova-scheduler[96667]: DEBUG cotyledon.oslo_config_glue [-] oslo_reports.log_dir = None {{(pid=96667) log_opt_values /opt/stack/data/venv/lib/python3.12/site-packages/oslo_config/cfg.py:3560}}
Aug 25 04:43:00.541649 np0000008045 nova-scheduler[96667]: DEBUG cotyledon.oslo_config_glue [-] ******************************************************************************** {{(pid=96667) log_opt_values /opt/stack/data/venv/lib/python3.12/site-packages/oslo_config/cfg.py:3567}}
Aug 25 04:43:00.541649 np0000008045 nova-scheduler[96667]: DEBUG cotyledon._service_worker [-] Run service ServiceWrapper(3) [96667] {{(pid=96667) wait_forever /opt/stack/data/venv/lib/python3.12/site-packages/cotyledon/_service_worker.py:218}}
Aug 25 04:43:00.541909 np0000008045 nova-scheduler[96665]: INFO dbcounter [None req-b62b70b8-7d19-4d65-a056-25722ddd617e None None] Registered counter for database nova_cell0
Aug 25 04:43:00.541965 np0000008045 nova-scheduler[96667]: INFO nova.service [-] Starting scheduler node (version 33.1.0)
Aug 25 04:43:00.542011 np0000008045 nova-scheduler[96661]: DEBUG nova.service [None req-e6e76d32-71bb-462f-8408-89b504cbabbb None None] Creating RPC server for service: nova-scheduler on topic: scheduler {{(pid=96661) start /opt/stack/nova/nova/service.py:262}}
Aug 25 04:43:00.542058 np0000008045 nova-scheduler[96667]: INFO dbcounter [None req-fb3baeb6-eea0-4f73-9f6c-d608c4e7831c None None] Registered counter for database nova_cell0
Aug 25 04:43:00.542101 np0000008045 nova-scheduler[96663]: DEBUG oslo_db.sqlalchemy.engines [None req-8024a358-970d-4e14-bced-92e671b694db None None] MySQL server mode set to STRICT_TRANS_TABLES,STRICT_ALL_TABLES,NO_ZERO_IN_DATE,NO_ZERO_DATE,ERROR_FOR_DIVISION_BY_ZERO,TRADITIONAL,NO_ENGINE_SUBSTITUTION {{(pid=96663) _check_effective_sql_mode /opt/stack/data/venv/lib/python3.12/site-packages/oslo_db/sqlalchemy/engines.py:325}}
Aug 25 04:43:00.542147 np0000008045 nova-scheduler[96661]: DEBUG nova.service [None req-e6e76d32-71bb-462f-8408-89b504cbabbb None None] Join ServiceGroup membership for this service scheduler {{(pid=96661) start /opt/stack/nova/nova/service.py:288}}
Aug 25 04:43:00.542147 np0000008045 nova-scheduler[96661]: DEBUG nova.servicegroup.drivers.db [None req-e6e76d32-71bb-462f-8408-89b504cbabbb None None] DB_Driver: join new ServiceGroup member np0000008045 to the scheduler group, service = {{(pid=96661) join /opt/stack/nova/nova/servicegroup/drivers/db.py:44}}
Aug 25 04:43:00.542223 np0000008045 nova-scheduler[96665]: DEBUG oslo_db.sqlalchemy.engines [None req-b62b70b8-7d19-4d65-a056-25722ddd617e None None] MySQL server mode set to STRICT_TRANS_TABLES,STRICT_ALL_TABLES,NO_ZERO_IN_DATE,NO_ZERO_DATE,ERROR_FOR_DIVISION_BY_ZERO,TRADITIONAL,NO_ENGINE_SUBSTITUTION {{(pid=96665) _check_effective_sql_mode /opt/stack/data/venv/lib/python3.12/site-packages/oslo_db/sqlalchemy/engines.py:325}}
Aug 25 04:43:00.542270 np0000008045 nova-scheduler[96663]: DEBUG dbcounter [-] [96663] Writer thread running {{(pid=96663) stat_writer /opt/stack/data/venv/lib/python3.12/site-packages/dbcounter.py:102}}
Aug 25 04:43:00.542270 np0000008045 nova-scheduler[96663]: DEBUG nova.service [None req-8024a358-970d-4e14-bced-92e671b694db None None] Creating RPC server for service: nova-scheduler on topic: scheduler {{(pid=96663) start /opt/stack/nova/nova/service.py:262}}
Aug 25 04:43:00.542365 np0000008045 nova-scheduler[96665]: DEBUG dbcounter [-] [96665] Writer thread running {{(pid=96665) stat_writer /opt/stack/data/venv/lib/python3.12/site-packages/dbcounter.py:102}}
Aug 25 04:43:00.542365 np0000008045 nova-scheduler[96665]: DEBUG nova.service [None req-b62b70b8-7d19-4d65-a056-25722ddd617e None None] Creating RPC server for service: nova-scheduler on topic: scheduler {{(pid=96665) start /opt/stack/nova/nova/service.py:262}}
Aug 25 04:43:00.555967 np0000008045 nova-scheduler[96663]: DEBUG nova.service [None req-8024a358-970d-4e14-bced-92e671b694db None None] Join ServiceGroup membership for this service scheduler {{(pid=96663) start /opt/stack/nova/nova/service.py:288}}
Aug 25 04:43:00.556178 np0000008045 nova-scheduler[96663]: DEBUG nova.servicegroup.drivers.db [None req-8024a358-970d-4e14-bced-92e671b694db None None] DB_Driver: join new ServiceGroup member np0000008045 to the scheduler group, service = {{(pid=96663) join /opt/stack/nova/nova/servicegroup/drivers/db.py:44}}
Aug 25 04:43:00.556921 np0000008045 nova-scheduler[96667]: DEBUG oslo_db.sqlalchemy.engines [None req-fb3baeb6-eea0-4f73-9f6c-d608c4e7831c None None] MySQL server mode set to STRICT_TRANS_TABLES,STRICT_ALL_TABLES,NO_ZERO_IN_DATE,NO_ZERO_DATE,ERROR_FOR_DIVISION_BY_ZERO,TRADITIONAL,NO_ENGINE_SUBSTITUTION {{(pid=96667) _check_effective_sql_mode /opt/stack/data/venv/lib/python3.12/site-packages/oslo_db/sqlalchemy/engines.py:325}}
Aug 25 04:43:00.563079 np0000008045 nova-scheduler[96665]: DEBUG nova.service [None req-b62b70b8-7d19-4d65-a056-25722ddd617e None None] Join ServiceGroup membership for this service scheduler {{(pid=96665) start /opt/stack/nova/nova/service.py:288}}
Aug 25 04:43:00.563357 np0000008045 nova-scheduler[96665]: DEBUG nova.servicegroup.drivers.db [None req-b62b70b8-7d19-4d65-a056-25722ddd617e None None] DB_Driver: join new ServiceGroup member np0000008045 to the scheduler group, service = {{(pid=96665) join /opt/stack/nova/nova/servicegroup/drivers/db.py:44}}
Aug 25 04:43:00.565656 np0000008045 nova-scheduler[96665]: DEBUG oslo.service.backend._threading.loopingcall [None req-a917f547-fc1a-4e07-8a3e-795a18b91228 None None] Dynamic interval looping call 'nova.service.Service.periodic_tasks' sleeping for 60.00 seconds {{(pid=96665) _run_loop /opt/stack/data/venv/lib/python3.12/site-packages/oslo_service/backend/_threading/loopingcall.py:125}}
Aug 25 04:43:00.568982 np0000008045 nova-scheduler[96667]: DEBUG dbcounter [-] [96667] Writer thread running {{(pid=96667) stat_writer /opt/stack/data/venv/lib/python3.12/site-packages/dbcounter.py:102}}
Aug 25 04:43:00.572076 np0000008045 nova-scheduler[96667]: DEBUG nova.service [None req-fb3baeb6-eea0-4f73-9f6c-d608c4e7831c None None] Creating RPC server for service: nova-scheduler on topic: scheduler {{(pid=96667) start /opt/stack/nova/nova/service.py:262}}
Aug 25 04:43:00.591270 np0000008045 nova-scheduler[96667]: DEBUG nova.service [None req-fb3baeb6-eea0-4f73-9f6c-d608c4e7831c None None] Join ServiceGroup membership for this service scheduler {{(pid=96667) start /opt/stack/nova/nova/service.py:288}}
Aug 25 04:43:00.592232 np0000008045 nova-scheduler[96667]: DEBUG nova.servicegroup.drivers.db [None req-fb3baeb6-eea0-4f73-9f6c-d608c4e7831c None None] DB_Driver: join new ServiceGroup member np0000008045 to the scheduler group, service = {{(pid=96667) join /opt/stack/nova/nova/servicegroup/drivers/db.py:44}}
Aug 25 04:43:04.594116 np0000008045 nova-scheduler[96667]: DEBUG oslo.service.backend._threading.loopingcall [None req-d0e6bfcf-0376-4397-a061-09f5d11b6af5 None None] Dynamic interval looping call 'nova.service.Service.periodic_tasks' sleeping for 60.00 seconds {{(pid=96667) _run_loop /opt/stack/data/venv/lib/python3.12/site-packages/oslo_service/backend/_threading/loopingcall.py:125}}
Aug 25 04:43:05.538486 np0000008045 nova-scheduler[96661]: DEBUG oslo.service.backend._threading.loopingcall [-] Fixed interval looping call 'nova.servicegroup.drivers.db.DbDriver._report_state' sleeping for 119.99 seconds {{(pid=96661) _run_loop /opt/stack/data/venv/lib/python3.12/site-packages/oslo_service/backend/_threading/loopingcall.py:125}}
Aug 25 04:43:05.567057 np0000008045 nova-scheduler[96663]: DEBUG oslo.service.backend._threading.loopingcall [-] Fixed interval looping call 'nova.servicegroup.drivers.db.DbDriver._report_state' sleeping for 119.99 seconds {{(pid=96663) _run_loop /opt/stack/data/venv/lib/python3.12/site-packages/oslo_service/backend/_threading/loopingcall.py:125}}
Aug 25 04:43:05.574745 np0000008045 nova-scheduler[96665]: DEBUG oslo.service.backend._threading.loopingcall [-] Fixed interval looping call 'nova.servicegroup.drivers.db.DbDriver._report_state' sleeping for 119.99 seconds {{(pid=96665) _run_loop /opt/stack/data/venv/lib/python3.12/site-packages/oslo_service/backend/_threading/loopingcall.py:125}}
Aug 25 04:43:05.606448 np0000008045 nova-scheduler[96667]: DEBUG oslo.service.backend._threading.loopingcall [-] Fixed interval looping call 'nova.servicegroup.drivers.db.DbDriver._report_state' sleeping for 119.99 seconds {{(pid=96667) _run_loop /opt/stack/data/venv/lib/python3.12/site-packages/oslo_service/backend/_threading/loopingcall.py:125}}
Aug 25 04:43:09.064991 np0000008045 nova-scheduler[95466]: DEBUG dbcounter [-] [95466] Writing DB stats nova_api:SELECT=3 {{(pid=95466) stat_writer /opt/stack/data/venv/lib/python3.12/site-packages/dbcounter.py:115}}
Aug 25 04:43:09.189404 np0000008045 nova-scheduler[95466]: DEBUG dbcounter [-] [95466] Writing DB stats nova_cell1:SELECT=1 {{(pid=95466) stat_writer /opt/stack/data/venv/lib/python3.12/site-packages/dbcounter.py:115}}
Aug 25 04:43:09.193318 np0000008045 nova-scheduler[95466]: DEBUG dbcounter [-] [95466] Writing DB stats nova_cell0:SELECT=1 {{(pid=95466) stat_writer /opt/stack/data/venv/lib/python3.12/site-packages/dbcounter.py:115}}
Aug 25 04:43:15.534992 np0000008045 nova-scheduler[96661]: DEBUG dbcounter [-] [96661] Writing DB stats nova_cell0:SELECT=4,nova_cell0:INSERT=1,nova_cell0:UPDATE=1 {{(pid=96661) stat_writer /opt/stack/data/venv/lib/python3.12/site-packages/dbcounter.py:115}}
Aug 25 04:43:15.563985 np0000008045 nova-scheduler[96663]: DEBUG dbcounter [-] [96663] Writing DB stats nova_cell0:SELECT=3 {{(pid=96663) stat_writer /opt/stack/data/venv/lib/python3.12/site-packages/dbcounter.py:115}}
Aug 25 04:43:15.572242 np0000008045 nova-scheduler[96665]: DEBUG dbcounter [-] [96665] Writing DB stats nova_cell0:SELECT=3 {{(pid=96665) stat_writer /opt/stack/data/venv/lib/python3.12/site-packages/dbcounter.py:115}}
Aug 25 04:43:15.603570 np0000008045 nova-scheduler[96667]: DEBUG dbcounter [-] [96667] Writing DB stats nova_cell0:SELECT=3 {{(pid=96667) stat_writer /opt/stack/data/venv/lib/python3.12/site-packages/dbcounter.py:115}}
Aug 25 04:43:40.558541 np0000008045 nova-scheduler[96663]: DEBUG oslo.service.backend._threading.loopingcall [None req-2686711e-b6cf-4df7-8c0c-6ece03526556 None None] Dynamic interval looping call 'nova.service.Service.periodic_tasks' sleeping for 60.00 seconds {{(pid=96663) _run_loop /opt/stack/data/venv/lib/python3.12/site-packages/oslo_service/backend/_threading/loopingcall.py:125}}
Aug 25 04:43:47.528190 np0000008045 nova-scheduler[96661]: DEBUG oslo.service.backend._threading.loopingcall [None req-a2d737d3-e06f-437a-9588-9d591496dc70 None None] Dynamic interval looping call 'nova.service.Service.periodic_tasks' sleeping for 60.00 seconds {{(pid=96661) _run_loop /opt/stack/data/venv/lib/python3.12/site-packages/oslo_service/backend/_threading/loopingcall.py:125}}
Aug 25 04:44:00.566184 np0000008045 nova-scheduler[96665]: DEBUG oslo.service.backend._threading.loopingcall [None req-a917f547-fc1a-4e07-8a3e-795a18b91228 None None] Dynamic interval looping call 'nova.service.Service.periodic_tasks' sleeping for 60.00 seconds {{(pid=96665) _run_loop /opt/stack/data/venv/lib/python3.12/site-packages/oslo_service/backend/_threading/loopingcall.py:125}}
Aug 25 04:44:04.594636 np0000008045 nova-scheduler[96667]: DEBUG oslo.service.backend._threading.loopingcall [None req-d0e6bfcf-0376-4397-a061-09f5d11b6af5 None None] Dynamic interval looping call 'nova.service.Service.periodic_tasks' sleeping for 60.00 seconds {{(pid=96667) _run_loop /opt/stack/data/venv/lib/python3.12/site-packages/oslo_service/backend/_threading/loopingcall.py:125}}
Aug 25 04:44:40.559214 np0000008045 nova-scheduler[96663]: DEBUG oslo.service.backend._threading.loopingcall [None req-2686711e-b6cf-4df7-8c0c-6ece03526556 None None] Dynamic interval looping call 'nova.service.Service.periodic_tasks' sleeping for 60.00 seconds {{(pid=96663) _run_loop /opt/stack/data/venv/lib/python3.12/site-packages/oslo_service/backend/_threading/loopingcall.py:125}}
Aug 25 04:44:47.528793 np0000008045 nova-scheduler[96661]: DEBUG oslo.service.backend._threading.loopingcall [None req-a2d737d3-e06f-437a-9588-9d591496dc70 None None] Dynamic interval looping call 'nova.service.Service.periodic_tasks' sleeping for 60.00 seconds {{(pid=96661) _run_loop /opt/stack/data/venv/lib/python3.12/site-packages/oslo_service/backend/_threading/loopingcall.py:125}}
Aug 25 04:45:00.566691 np0000008045 nova-scheduler[96665]: DEBUG oslo.service.backend._threading.loopingcall [None req-a917f547-fc1a-4e07-8a3e-795a18b91228 None None] Dynamic interval looping call 'nova.service.Service.periodic_tasks' sleeping for 60.00 seconds {{(pid=96665) _run_loop /opt/stack/data/venv/lib/python3.12/site-packages/oslo_service/backend/_threading/loopingcall.py:125}}
Aug 25 04:45:04.595360 np0000008045 nova-scheduler[96667]: DEBUG oslo.service.backend._threading.loopingcall [None req-d0e6bfcf-0376-4397-a061-09f5d11b6af5 None None] Dynamic interval looping call 'nova.service.Service.periodic_tasks' sleeping for 60.00 seconds {{(pid=96667) _run_loop /opt/stack/data/venv/lib/python3.12/site-packages/oslo_service/backend/_threading/loopingcall.py:125}}
Aug 25 04:45:05.537564 np0000008045 nova-scheduler[96661]: DEBUG oslo.service.backend._threading.loopingcall [-] Fixed interval looping call 'nova.servicegroup.drivers.db.DbDriver._report_state' sleeping for 119.99 seconds {{(pid=96661) _run_loop /opt/stack/data/venv/lib/python3.12/site-packages/oslo_service/backend/_threading/loopingcall.py:125}}
Aug 25 04:45:05.563499 np0000008045 nova-scheduler[96663]: DEBUG oslo.service.backend._threading.loopingcall [-] Fixed interval looping call 'nova.servicegroup.drivers.db.DbDriver._report_state' sleeping for 119.99 seconds {{(pid=96663) _run_loop /opt/stack/data/venv/lib/python3.12/site-packages/oslo_service/backend/_threading/loopingcall.py:125}}
Aug 25 04:45:05.569946 np0000008045 nova-scheduler[96665]: DEBUG oslo.service.backend._threading.loopingcall [-] Fixed interval looping call 'nova.servicegroup.drivers.db.DbDriver._report_state' sleeping for 120.00 seconds {{(pid=96665) _run_loop /opt/stack/data/venv/lib/python3.12/site-packages/oslo_service/backend/_threading/loopingcall.py:125}}
Aug 25 04:45:05.601331 np0000008045 nova-scheduler[96667]: DEBUG oslo.service.backend._threading.loopingcall [-] Fixed interval looping call 'nova.servicegroup.drivers.db.DbDriver._report_state' sleeping for 120.00 seconds {{(pid=96667) _run_loop /opt/stack/data/venv/lib/python3.12/site-packages/oslo_service/backend/_threading/loopingcall.py:125}}
Aug 25 04:45:15.532611 np0000008045 nova-scheduler[96661]: DEBUG dbcounter [-] [96661] Writing DB stats nova_cell0:SELECT=1,nova_cell0:UPDATE=1 {{(pid=96661) stat_writer /opt/stack/data/venv/lib/python3.12/site-packages/dbcounter.py:115}}
Aug 25 04:45:15.562505 np0000008045 nova-scheduler[96663]: DEBUG dbcounter [-] [96663] Writing DB stats nova_cell0:SELECT=1 {{(pid=96663) stat_writer /opt/stack/data/venv/lib/python3.12/site-packages/dbcounter.py:115}}
Aug 25 04:45:15.567630 np0000008045 nova-scheduler[96665]: DEBUG dbcounter [-] [96665] Writing DB stats nova_cell0:SELECT=1 {{(pid=96665) stat_writer /opt/stack/data/venv/lib/python3.12/site-packages/dbcounter.py:115}}
Aug 25 04:45:15.598993 np0000008045 nova-scheduler[96667]: DEBUG dbcounter [-] [96667] Writing DB stats nova_cell0:SELECT=1 {{(pid=96667) stat_writer /opt/stack/data/venv/lib/python3.12/site-packages/dbcounter.py:115}}
Aug 25 04:45:19.288113 np0000008045 nova-scheduler[96661]: DEBUG nova.scheduler.manager [None req-3def764b-1a99-4bc3-8815-de09fff9abb7 tempest-ServerBootFromVolumeStableRescueTest-958748116 tempest-ServerBootFromVolumeStableRescueTest-958748116-project-member] Starting to schedule for instances: ['e6fe826c-cb2e-4059-b34d-3a0bade33b15'] {{(pid=96661) select_destinations /opt/stack/nova/nova/scheduler/manager.py:197}}
Aug 25 04:45:19.288938 np0000008045 nova-scheduler[96661]: DEBUG nova.scheduler.request_filter [None req-3def764b-1a99-4bc3-8815-de09fff9abb7 tempest-ServerBootFromVolumeStableRescueTest-958748116 tempest-ServerBootFromVolumeStableRescueTest-958748116-project-member] compute_status_filter request filter added forbidden trait COMPUTE_STATUS_DISABLED {{(pid=96661) compute_status_filter /opt/stack/nova/nova/scheduler/request_filter.py:258}}
Aug 25 04:45:19.289109 np0000008045 nova-scheduler[96661]: DEBUG nova.scheduler.request_filter [None req-3def764b-1a99-4bc3-8815-de09fff9abb7 tempest-ServerBootFromVolumeStableRescueTest-958748116 tempest-ServerBootFromVolumeStableRescueTest-958748116-project-member] Request filter 'compute_status_filter' took 0.0 seconds {{(pid=96661) wrapper /opt/stack/nova/nova/scheduler/request_filter.py:51}}
Aug 25 04:45:19.289407 np0000008045 nova-scheduler[96661]: DEBUG nova.scheduler.request_filter [None req-3def764b-1a99-4bc3-8815-de09fff9abb7 tempest-ServerBootFromVolumeStableRescueTest-958748116 tempest-ServerBootFromVolumeStableRescueTest-958748116-project-member] Request filter 'accelerators_filter' took 0.0 seconds {{(pid=96661) wrapper /opt/stack/nova/nova/scheduler/request_filter.py:51}}
Aug 25 04:45:19.289656 np0000008045 nova-scheduler[96661]: DEBUG nova.scheduler.request_filter [None req-3def764b-1a99-4bc3-8815-de09fff9abb7 tempest-ServerBootFromVolumeStableRescueTest-958748116 tempest-ServerBootFromVolumeStableRescueTest-958748116-project-member] Request filter 'packed_virtqueue_filter' took 0.0 seconds {{(pid=96661) wrapper /opt/stack/nova/nova/scheduler/request_filter.py:51}}
Aug 25 04:45:19.290104 np0000008045 nova-scheduler[96661]: DEBUG nova.scheduler.request_filter [None req-3def764b-1a99-4bc3-8815-de09fff9abb7 tempest-ServerBootFromVolumeStableRescueTest-958748116 tempest-ServerBootFromVolumeStableRescueTest-958748116-project-member] Request filter 'remote_managed_ports_filter' took 0.0 seconds {{(pid=96661) wrapper /opt/stack/nova/nova/scheduler/request_filter.py:51}}
Aug 25 04:45:19.290200 np0000008045 nova-scheduler[96661]: DEBUG nova.scheduler.request_filter [None req-3def764b-1a99-4bc3-8815-de09fff9abb7 tempest-ServerBootFromVolumeStableRescueTest-958748116 tempest-ServerBootFromVolumeStableRescueTest-958748116-project-member] ephemeral_encryption_filter skipped {{(pid=96661) ephemeral_encryption_filter /opt/stack/nova/nova/scheduler/request_filter.py:431}}
Aug 25 04:45:19.290563 np0000008045 nova-scheduler[96661]: DEBUG nova.scheduler.request_filter [None req-3def764b-1a99-4bc3-8815-de09fff9abb7 tempest-ServerBootFromVolumeStableRescueTest-958748116 tempest-ServerBootFromVolumeStableRescueTest-958748116-project-member] virtio_sound_filter skipped {{(pid=96661) virtio_sound_filter /opt/stack/nova/nova/scheduler/request_filter.py:465}}
Aug 25 04:45:19.291031 np0000008045 nova-scheduler[96661]: DEBUG nova.scheduler.request_filter [None req-3def764b-1a99-4bc3-8815-de09fff9abb7 tempest-ServerBootFromVolumeStableRescueTest-958748116 tempest-ServerBootFromVolumeStableRescueTest-958748116-project-member] tpm_secret_security_filter skipped {{(pid=96661) tpm_secret_security_filter /opt/stack/nova/nova/scheduler/request_filter.py:482}}
Aug 25 04:45:19.291551 np0000008045 nova-scheduler[96661]: DEBUG oslo_concurrency.lockutils [None req-3def764b-1a99-4bc3-8815-de09fff9abb7 tempest-ServerBootFromVolumeStableRescueTest-958748116 tempest-ServerBootFromVolumeStableRescueTest-958748116-project-member] Acquiring lock "00000000-0000-0000-0000-000000000000" by "nova.context.set_target_cell..get_or_set_cached_cell_and_set_connections" {{(pid=96661) inner /opt/stack/data/venv/lib/python3.12/site-packages/oslo_concurrency/lockutils.py:512}}
Aug 25 04:45:19.291794 np0000008045 nova-scheduler[96661]: DEBUG oslo_concurrency.lockutils [None req-3def764b-1a99-4bc3-8815-de09fff9abb7 tempest-ServerBootFromVolumeStableRescueTest-958748116 tempest-ServerBootFromVolumeStableRescueTest-958748116-project-member] Lock "00000000-0000-0000-0000-000000000000" acquired by "nova.context.set_target_cell..get_or_set_cached_cell_and_set_connections" :: waited 0.000s {{(pid=96661) inner /opt/stack/data/venv/lib/python3.12/site-packages/oslo_concurrency/lockutils.py:525}}
Aug 25 04:45:19.292672 np0000008045 nova-scheduler[96661]: DEBUG oslo_concurrency.lockutils [None req-3def764b-1a99-4bc3-8815-de09fff9abb7 tempest-ServerBootFromVolumeStableRescueTest-958748116 tempest-ServerBootFromVolumeStableRescueTest-958748116-project-member] Lock "00000000-0000-0000-0000-000000000000" "released" by "nova.context.set_target_cell..get_or_set_cached_cell_and_set_connections" :: held 0.001s {{(pid=96661) inner /opt/stack/data/venv/lib/python3.12/site-packages/oslo_concurrency/lockutils.py:544}}
Aug 25 04:45:19.292986 np0000008045 nova-scheduler[96661]: INFO nova.thread_pool_factory [None req-3def764b-1a99-4bc3-8815-de09fff9abb7 tempest-ServerBootFromVolumeStableRescueTest-958748116 tempest-ServerBootFromVolumeStableRescueTest-958748116-project-member] The cell_worker thread pool ForkProcess-1.cell_worker is initialized
Aug 25 04:45:19.293751 np0000008045 nova-scheduler[96661]: DEBUG oslo_concurrency.lockutils [None req-3def764b-1a99-4bc3-8815-de09fff9abb7 tempest-ServerBootFromVolumeStableRescueTest-958748116 tempest-ServerBootFromVolumeStableRescueTest-958748116-project-member] Acquiring lock "f9b231f3-d0f7-4adf-9c9c-ace5b26bca9b" by "nova.context.set_target_cell..get_or_set_cached_cell_and_set_connections" {{(pid=96661) inner /opt/stack/data/venv/lib/python3.12/site-packages/oslo_concurrency/lockutils.py:512}}
