May 18 17:15:30.184572 np0000000977 neutron-periodic-workers[91706]: DEBUG cotyledon.oslo_config_glue [-] ovn.bfd_min_tx = 100 {{(pid=91706) log_opt_values /opt/stack/data/venv/lib/python3.12/site-packages/oslo_config/cfg.py:3006}}
May 18 17:15:30.184572 np0000000977 neutron-periodic-workers[91706]: DEBUG cotyledon.oslo_config_glue [-] ovn.bfd_mult = 3 {{(pid=91706) log_opt_values /opt/stack/data/venv/lib/python3.12/site-packages/oslo_config/cfg.py:3006}}
May 18 17:15:30.184572 np0000000977 neutron-periodic-workers[91706]: DEBUG cotyledon.oslo_config_glue [-] ovn.broadcast_arps_to_all_routers = True {{(pid=91706) log_opt_values /opt/stack/data/venv/lib/python3.12/site-packages/oslo_config/cfg.py:3006}}
May 18 17:15:30.184572 np0000000977 neutron-periodic-workers[91706]: DEBUG cotyledon.oslo_config_glue [-] ovn.dhcp_default_lease_time = 43200 {{(pid=91706) log_opt_values /opt/stack/data/venv/lib/python3.12/site-packages/oslo_config/cfg.py:3006}}
May 18 17:15:30.184572 np0000000977 neutron-periodic-workers[91706]: DEBUG cotyledon.oslo_config_glue [-] ovn.disable_ovn_dhcp_for_baremetal_ports = False {{(pid=91706) log_opt_values /opt/stack/data/venv/lib/python3.12/site-packages/oslo_config/cfg.py:3006}}
May 18 17:15:30.184572 np0000000977 neutron-periodic-workers[91706]: DEBUG cotyledon.oslo_config_glue [-] ovn.dns_records_ovn_owned = False {{(pid=91706) log_opt_values /opt/stack/data/venv/lib/python3.12/site-packages/oslo_config/cfg.py:3006}}
May 18 17:15:30.184572 np0000000977 neutron-periodic-workers[91706]: DEBUG cotyledon.oslo_config_glue [-] ovn.dns_servers = [] {{(pid=91706) log_opt_values /opt/stack/data/venv/lib/python3.12/site-packages/oslo_config/cfg.py:3006}}
May 18 17:15:30.184572 np0000000977 neutron-periodic-workers[91706]: DEBUG cotyledon.oslo_config_glue [-] ovn.enable_distributed_floating_ip = False {{(pid=91706) log_opt_values /opt/stack/data/venv/lib/python3.12/site-packages/oslo_config/cfg.py:3006}}
May 18 17:15:30.184757 np0000000977 neutron-periodic-workers[91706]: DEBUG cotyledon.oslo_config_glue [-] ovn.fdb_age_threshold = 300 {{(pid=91706) log_opt_values /opt/stack/data/venv/lib/python3.12/site-packages/oslo_config/cfg.py:3006}}
May 18 17:15:30.184757 np0000000977 neutron-periodic-workers[91706]: DEBUG cotyledon.oslo_config_glue [-] ovn.ha_failover_strategy = normal {{(pid=91706) log_opt_values /opt/stack/data/venv/lib/python3.12/site-packages/oslo_config/cfg.py:3006}}
May 18 17:15:30.184757 np0000000977 neutron-periodic-workers[91706]: DEBUG cotyledon.oslo_config_glue [-] ovn.live_migration_activation_strategy = rarp {{(pid=91706) log_opt_values /opt/stack/data/venv/lib/python3.12/site-packages/oslo_config/cfg.py:3006}}
May 18 17:15:30.184757 np0000000977 neutron-periodic-workers[91706]: DEBUG cotyledon.oslo_config_glue [-] ovn.localnet_learn_fdb = False {{(pid=91706) log_opt_values /opt/stack/data/venv/lib/python3.12/site-packages/oslo_config/cfg.py:3006}}
May 18 17:15:30.184757 np0000000977 neutron-periodic-workers[91706]: DEBUG cotyledon.oslo_config_glue [-] ovn.mac_binding_age_threshold = 300 {{(pid=91706) log_opt_values /opt/stack/data/venv/lib/python3.12/site-packages/oslo_config/cfg.py:3006}}
May 18 17:15:30.184757 np0000000977 neutron-periodic-workers[91706]: DEBUG cotyledon.oslo_config_glue [-] ovn.neutron_sync_mode = log {{(pid=91706) log_opt_values /opt/stack/data/venv/lib/python3.12/site-packages/oslo_config/cfg.py:3006}}
May 18 17:15:30.184757 np0000000977 neutron-periodic-workers[91706]: DEBUG cotyledon.oslo_config_glue [-] ovn.ovn_dhcp4_global_options = {} {{(pid=91706) log_opt_values /opt/stack/data/venv/lib/python3.12/site-packages/oslo_config/cfg.py:3006}}
May 18 17:15:30.184757 np0000000977 neutron-periodic-workers[91706]: DEBUG cotyledon.oslo_config_glue [-] ovn.ovn_dhcp6_global_options = {} {{(pid=91706) log_opt_values /opt/stack/data/venv/lib/python3.12/site-packages/oslo_config/cfg.py:3006}}
May 18 17:15:30.184757 np0000000977 neutron-periodic-workers[91706]: DEBUG cotyledon.oslo_config_glue [-] ovn.ovn_l3_scheduler = leastloaded {{(pid=91706) log_opt_values /opt/stack/data/venv/lib/python3.12/site-packages/oslo_config/cfg.py:3006}}
May 18 17:15:30.185010 np0000000977 neutron-periodic-workers[91706]: DEBUG cotyledon.oslo_config_glue [-] ovn.ovn_metadata_enabled = True {{(pid=91706) log_opt_values /opt/stack/data/venv/lib/python3.12/site-packages/oslo_config/cfg.py:3006}}
May 18 17:15:30.185010 np0000000977 neutron-periodic-workers[91706]: DEBUG cotyledon.oslo_config_glue [-] ovn.ovn_nb_ca_cert = /opt/stack/data/CA/int-ca/ca-chain.pem {{(pid=91706) log_opt_values /opt/stack/data/venv/lib/python3.12/site-packages/oslo_config/cfg.py:3006}}
May 18 17:15:30.185010 np0000000977 neutron-periodic-workers[91706]: DEBUG cotyledon.oslo_config_glue [-] ovn.ovn_nb_certificate = /opt/stack/data/CA/int-ca/devstack-cert.crt {{(pid=91706) log_opt_values /opt/stack/data/venv/lib/python3.12/site-packages/oslo_config/cfg.py:3006}}
May 18 17:15:30.185010 np0000000977 neutron-periodic-workers[91706]: DEBUG cotyledon.oslo_config_glue [-] ovn.ovn_nb_connection = ['ssl:10.4.3.48:6641'] {{(pid=91706) log_opt_values /opt/stack/data/venv/lib/python3.12/site-packages/oslo_config/cfg.py:3006}}
May 18 17:15:30.185010 np0000000977 neutron-periodic-workers[91706]: DEBUG cotyledon.oslo_config_glue [-] ovn.ovn_nb_private_key = /opt/stack/data/CA/int-ca/private/devstack-cert.key {{(pid=91706) log_opt_values /opt/stack/data/venv/lib/python3.12/site-packages/oslo_config/cfg.py:3006}}
May 18 17:15:30.185010 np0000000977 neutron-periodic-workers[91706]: DEBUG cotyledon.oslo_config_glue [-] ovn.ovn_router_indirect_snat = False {{(pid=91706) log_opt_values /opt/stack/data/venv/lib/python3.12/site-packages/oslo_config/cfg.py:3006}}
May 18 17:15:30.185010 np0000000977 neutron-periodic-workers[91706]: DEBUG cotyledon.oslo_config_glue [-] ovn.ovn_sb_ca_cert = /opt/stack/data/CA/int-ca/ca-chain.pem {{(pid=91706) log_opt_values /opt/stack/data/venv/lib/python3.12/site-packages/oslo_config/cfg.py:3006}}
May 18 17:15:30.185010 np0000000977 neutron-periodic-workers[91706]: DEBUG cotyledon.oslo_config_glue [-] ovn.ovn_sb_certificate = /opt/stack/data/CA/int-ca/devstack-cert.crt {{(pid=91706) log_opt_values /opt/stack/data/venv/lib/python3.12/site-packages/oslo_config/cfg.py:3006}}
May 18 17:15:30.185281 np0000000977 neutron-periodic-workers[91706]: DEBUG cotyledon.oslo_config_glue [-] ovn.ovn_sb_connection = ['ssl:10.4.3.48:6642'] {{(pid=91706) log_opt_values /opt/stack/data/venv/lib/python3.12/site-packages/oslo_config/cfg.py:3006}}
May 18 17:15:30.185281 np0000000977 neutron-periodic-workers[91706]: DEBUG cotyledon.oslo_config_glue [-] ovn.ovn_sb_private_key = /opt/stack/data/CA/int-ca/private/devstack-cert.key {{(pid=91706) log_opt_values /opt/stack/data/venv/lib/python3.12/site-packages/oslo_config/cfg.py:3006}}
May 18 17:15:30.185281 np0000000977 neutron-periodic-workers[91706]: DEBUG cotyledon.oslo_config_glue [-] ovn.ovs_create_tap = False {{(pid=91706) log_opt_values /opt/stack/data/venv/lib/python3.12/site-packages/oslo_config/cfg.py:3006}}
May 18 17:15:30.185281 np0000000977 neutron-periodic-workers[91706]: DEBUG cotyledon.oslo_config_glue [-] ovn.ovsdb_connection_timeout = 180 {{(pid=91706) log_opt_values /opt/stack/data/venv/lib/python3.12/site-packages/oslo_config/cfg.py:3006}}
May 18 17:15:30.185281 np0000000977 neutron-periodic-workers[91706]: DEBUG cotyledon.oslo_config_glue [-] ovn.ovsdb_log_level = INFO {{(pid=91706) log_opt_values /opt/stack/data/venv/lib/python3.12/site-packages/oslo_config/cfg.py:3006}}
May 18 17:15:30.185281 np0000000977 neutron-periodic-workers[91706]: DEBUG cotyledon.oslo_config_glue [-] ovn.ovsdb_probe_interval = 60000 {{(pid=91706) log_opt_values /opt/stack/data/venv/lib/python3.12/site-packages/oslo_config/cfg.py:3006}}
May 18 17:15:30.185281 np0000000977 neutron-periodic-workers[91706]: DEBUG cotyledon.oslo_config_glue [-] ovn.ovsdb_retry_max_interval = 180 {{(pid=91706) log_opt_values /opt/stack/data/venv/lib/python3.12/site-packages/oslo_config/cfg.py:3006}}
May 18 17:15:30.185281 np0000000977 neutron-periodic-workers[91706]: DEBUG cotyledon.oslo_config_glue [-] ovn.stateless_nat_enabled = False {{(pid=91706) log_opt_values /opt/stack/data/venv/lib/python3.12/site-packages/oslo_config/cfg.py:3006}}
May 18 17:15:30.185281 np0000000977 neutron-periodic-workers[91706]: DEBUG cotyledon.oslo_config_glue [-] ovn.vhost_sock_dir = /var/run/openvswitch {{(pid=91706) log_opt_values /opt/stack/data/venv/lib/python3.12/site-packages/oslo_config/cfg.py:3006}}
May 18 17:15:30.185565 np0000000977 neutron-periodic-workers[91706]: DEBUG cotyledon.oslo_config_glue [-] OVS.bridge_mac_table_size = 50000 {{(pid=91706) log_opt_values /opt/stack/data/venv/lib/python3.12/site-packages/oslo_config/cfg.py:3006}}
May 18 17:15:30.185565 np0000000977 neutron-periodic-workers[91706]: DEBUG cotyledon.oslo_config_glue [-] OVS.igmp_flood = False {{(pid=91706) log_opt_values /opt/stack/data/venv/lib/python3.12/site-packages/oslo_config/cfg.py:3006}}
May 18 17:15:30.185565 np0000000977 neutron-periodic-workers[91706]: DEBUG cotyledon.oslo_config_glue [-] OVS.igmp_flood_reports = True {{(pid=91706) log_opt_values /opt/stack/data/venv/lib/python3.12/site-packages/oslo_config/cfg.py:3006}}
May 18 17:15:30.185565 np0000000977 neutron-periodic-workers[91706]: DEBUG cotyledon.oslo_config_glue [-] OVS.igmp_flood_unregistered = False {{(pid=91706) log_opt_values /opt/stack/data/venv/lib/python3.12/site-packages/oslo_config/cfg.py:3006}}
May 18 17:15:30.185565 np0000000977 neutron-periodic-workers[91706]: DEBUG cotyledon.oslo_config_glue [-] OVS.igmp_snooping_enable = False {{(pid=91706) log_opt_values /opt/stack/data/venv/lib/python3.12/site-packages/oslo_config/cfg.py:3006}}
May 18 17:15:30.185565 np0000000977 neutron-periodic-workers[91706]: DEBUG cotyledon.oslo_config_glue [-] OVS.ovsdb_timeout = 10 {{(pid=91706) log_opt_values /opt/stack/data/venv/lib/python3.12/site-packages/oslo_config/cfg.py:3006}}
May 18 17:15:30.185565 np0000000977 neutron-periodic-workers[91706]: DEBUG cotyledon.oslo_config_glue [-] ovn_nb_global.fdb_removal_limit = 0 {{(pid=91706) log_opt_values /opt/stack/data/venv/lib/python3.12/site-packages/oslo_config/cfg.py:3006}}
May 18 17:15:30.185565 np0000000977 neutron-periodic-workers[91706]: DEBUG cotyledon.oslo_config_glue [-] ovn_nb_global.ignore_lsp_down = False {{(pid=91706) log_opt_values /opt/stack/data/venv/lib/python3.12/site-packages/oslo_config/cfg.py:3006}}
May 18 17:15:30.185565 np0000000977 neutron-periodic-workers[91706]: DEBUG cotyledon.oslo_config_glue [-] ovn_nb_global.mac_binding_removal_limit = 0 {{(pid=91706) log_opt_values /opt/stack/data/venv/lib/python3.12/site-packages/oslo_config/cfg.py:3006}}
May 18 17:15:30.185873 np0000000977 neutron-periodic-workers[91706]: DEBUG cotyledon.oslo_config_glue [-] ******************************************************************************** {{(pid=91706) log_opt_values /opt/stack/data/venv/lib/python3.12/site-packages/oslo_config/cfg.py:3013}}
May 18 17:15:30.185873 np0000000977 neutron-periodic-workers[91706]: DEBUG cotyledon._service_worker [-] Run service ServiceWrapper(0) [91706] {{(pid=91706) wait_forever /opt/stack/data/venv/lib/python3.12/site-packages/cotyledon/_service_worker.py:218}}
May 18 17:15:39.814850 np0000000977 neutron-periodic-workers[90655]: DEBUG dbcounter [-] [90655] Writing DB stats neutron:SELECT=4 {{(pid=90655) stat_writer /opt/stack/data/venv/lib/python3.12/site-packages/dbcounter.py:115}}
May 18 17:16:00.190678 np0000000977 neutron-periodic-workers[91706]: DEBUG oslo_db.sqlalchemy.engines [None req-d47b5f94-c1b1-4f09-b9bb-00f94314f841 None None] Parent process 90655 forked (91706) with an open database connection, which is being discarded and recreated. {{(pid=91706) checkout /opt/stack/data/venv/lib/python3.12/site-packages/oslo_db/sqlalchemy/engines.py:402}}
May 18 17:16:00.210660 np0000000977 neutron-periodic-workers[91706]: DEBUG dbcounter [-] [91706] Writer thread running {{(pid=91706) stat_writer /opt/stack/data/venv/lib/python3.12/site-packages/dbcounter.py:102}}
May 18 17:16:00.219305 np0000000977 neutron-periodic-workers[91706]: DEBUG oslo.service.backend._threading.loopingcall [None req-d47b5f94-c1b1-4f09-b9bb-00f94314f841 None None] Fixed interval looping call 'neutron.services.ovn_l3.plugin.L3_NAT_dbonly_mixin._clean_garbage' sleeping for 299.97 seconds {{(pid=91706) _run_loop /opt/stack/data/venv/lib/python3.12/site-packages/oslo_service/backend/_threading/loopingcall.py:125}}
May 18 17:16:10.211091 np0000000977 neutron-periodic-workers[91706]: DEBUG dbcounter [-] [91706] Writing DB stats neutron:SELECT=1 {{(pid=91706) stat_writer /opt/stack/data/venv/lib/python3.12/site-packages/dbcounter.py:115}}
May 18 17:16:24.147222 np0000000977 neutron-periodic-workers[91675]: DEBUG dbcounter [-] [91675] Writer thread running {{(pid=91675) stat_writer /opt/stack/data/venv/lib/python3.12/site-packages/dbcounter.py:102}}
May 18 17:16:24.156616 np0000000977 neutron-periodic-workers[91675]: DEBUG oslo.service.backend._threading.loopingcall [None req-fc58c901-54f9-4b8f-858f-257cb924175a None None] Fixed interval looping call 'neutron.plugins.ml2.plugin.DhcpAgentSchedulerDbMixin.remove_networks_from_down_agents' sleeping for 36.98 seconds {{(pid=91675) _run_loop /opt/stack/data/venv/lib/python3.12/site-packages/oslo_service/backend/_threading/loopingcall.py:125}}
May 18 17:16:34.155617 np0000000977 neutron-periodic-workers[91675]: DEBUG dbcounter [-] [91675] Writing DB stats neutron:SELECT=3 {{(pid=91675) stat_writer /opt/stack/data/venv/lib/python3.12/site-packages/dbcounter.py:115}}
May 18 17:16:37.158855 np0000000977 neutron-periodic-workers[91682]: DEBUG dbcounter [-] [91682] Writer thread running {{(pid=91682) stat_writer /opt/stack/data/venv/lib/python3.12/site-packages/dbcounter.py:102}}
May 18 17:16:37.161539 np0000000977 neutron-periodic-workers[91682]: DEBUG neutron.db.agents_db [None req-2100fb43-feb7-45b2-84f0-84e7b2285349 None None] Agent healthcheck: found 0 active agents {{(pid=91682) agent_health_check /opt/stack/neutron/neutron/db/agents_db.py:322}}
May 18 17:16:37.161708 np0000000977 neutron-periodic-workers[91682]: DEBUG oslo.service.backend._threading.loopingcall [None req-2100fb43-feb7-45b2-84f0-84e7b2285349 None None] Fixed interval looping call 'neutron.plugins.ml2.plugin.AgentDbMixin.agent_health_check' sleeping for 36.99 seconds {{(pid=91682) _run_loop /opt/stack/data/venv/lib/python3.12/site-packages/oslo_service/backend/_threading/loopingcall.py:125}}
May 18 17:16:47.159140 np0000000977 neutron-periodic-workers[91682]: DEBUG dbcounter [-] [91682] Writing DB stats neutron:SELECT=1 {{(pid=91682) stat_writer /opt/stack/data/venv/lib/python3.12/site-packages/dbcounter.py:115}}
May 18 17:17:01.141912 np0000000977 neutron-periodic-workers[91675]: DEBUG oslo.service.backend._threading.loopingcall [None req-fc58c901-54f9-4b8f-858f-257cb924175a None None] Fixed interval looping call 'neutron.plugins.ml2.plugin.DhcpAgentSchedulerDbMixin.remove_networks_from_down_agents' sleeping for 37.00 seconds {{(pid=91675) _run_loop /opt/stack/data/venv/lib/python3.12/site-packages/oslo_service/backend/_threading/loopingcall.py:125}}
May 18 17:17:11.141122 np0000000977 neutron-periodic-workers[91675]: DEBUG dbcounter [-] [91675] Writing DB stats neutron:SELECT=3 {{(pid=91675) stat_writer /opt/stack/data/venv/lib/python3.12/site-packages/dbcounter.py:115}}
May 18 17:17:14.154821 np0000000977 neutron-periodic-workers[91682]: DEBUG neutron.db.agents_db [None req-2100fb43-feb7-45b2-84f0-84e7b2285349 None None] Agent healthcheck: found 0 active agents {{(pid=91682) agent_health_check /opt/stack/neutron/neutron/db/agents_db.py:322}}
May 18 17:17:14.154821 np0000000977 neutron-periodic-workers[91682]: DEBUG oslo.service.backend._threading.loopingcall [None req-2100fb43-feb7-45b2-84f0-84e7b2285349 None None] Fixed interval looping call 'neutron.plugins.ml2.plugin.AgentDbMixin.agent_health_check' sleeping for 37.00 seconds {{(pid=91682) _run_loop /opt/stack/data/venv/lib/python3.12/site-packages/oslo_service/backend/_threading/loopingcall.py:125}}
May 18 17:17:24.153843 np0000000977 neutron-periodic-workers[91682]: DEBUG dbcounter [-] [91682] Writing DB stats neutron:SELECT=1 {{(pid=91682) stat_writer /opt/stack/data/venv/lib/python3.12/site-packages/dbcounter.py:115}}
May 18 17:17:30.191796 np0000000977 neutron-periodic-workers[91691]: DEBUG dbcounter [-] [91691] Writer thread running {{(pid=91691) stat_writer /opt/stack/data/venv/lib/python3.12/site-packages/dbcounter.py:102}}
May 18 17:17:30.193231 np0000000977 neutron-periodic-workers[91691]: DEBUG oslo.service.backend._threading.loopingcall [None req-11bb3584-f2fd-4ec1-a851-d3c506d889c5 None None] Fixed interval looping call 'neutron.db.quota.driver_nolock.DbQuotaNoLockDriver._remove_expired_reservations' sleeping for 119.99 seconds {{(pid=91691) _run_loop /opt/stack/data/venv/lib/python3.12/site-packages/oslo_service/backend/_threading/loopingcall.py:125}}
May 18 17:17:38.148016 np0000000977 neutron-periodic-workers[91675]: DEBUG oslo.service.backend._threading.loopingcall [None req-fc58c901-54f9-4b8f-858f-257cb924175a None None] Fixed interval looping call 'neutron.plugins.ml2.plugin.DhcpAgentSchedulerDbMixin.remove_networks_from_down_agents' sleeping for 36.99 seconds {{(pid=91675) _run_loop /opt/stack/data/venv/lib/python3.12/site-packages/oslo_service/backend/_threading/loopingcall.py:125}}
May 18 17:17:40.192253 np0000000977 neutron-periodic-workers[91691]: DEBUG dbcounter [-] [91691] Writing DB stats neutron:DELETE=1 {{(pid=91691) stat_writer /opt/stack/data/venv/lib/python3.12/site-packages/dbcounter.py:115}}
May 18 17:17:48.147428 np0000000977 neutron-periodic-workers[91675]: DEBUG dbcounter [-] [91675] Writing DB stats neutron:SELECT=3 {{(pid=91675) stat_writer /opt/stack/data/venv/lib/python3.12/site-packages/dbcounter.py:115}}
May 18 17:17:51.158533 np0000000977 neutron-periodic-workers[91682]: DEBUG neutron.db.agents_db [None req-2100fb43-feb7-45b2-84f0-84e7b2285349 None None] Agent healthcheck: found 0 active agents {{(pid=91682) agent_health_check /opt/stack/neutron/neutron/db/agents_db.py:322}}
May 18 17:17:51.159020 np0000000977 neutron-periodic-workers[91682]: DEBUG oslo.service.backend._threading.loopingcall [None req-2100fb43-feb7-45b2-84f0-84e7b2285349 None None] Fixed interval looping call 'neutron.plugins.ml2.plugin.AgentDbMixin.agent_health_check' sleeping for 37.00 seconds {{(pid=91682) _run_loop /opt/stack/data/venv/lib/python3.12/site-packages/oslo_service/backend/_threading/loopingcall.py:125}}
May 18 17:18:01.157357 np0000000977 neutron-periodic-workers[91682]: DEBUG dbcounter [-] [91682] Writing DB stats neutron:SELECT=1 {{(pid=91682) stat_writer /opt/stack/data/venv/lib/python3.12/site-packages/dbcounter.py:115}}
May 18 17:18:15.147538 np0000000977 neutron-periodic-workers[91675]: DEBUG oslo.service.backend._threading.loopingcall [None req-fc58c901-54f9-4b8f-858f-257cb924175a None None] Fixed interval looping call 'neutron.plugins.ml2.plugin.DhcpAgentSchedulerDbMixin.remove_networks_from_down_agents' sleeping for 36.99 seconds {{(pid=91675) _run_loop /opt/stack/data/venv/lib/python3.12/site-packages/oslo_service/backend/_threading/loopingcall.py:125}}
May 18 17:18:25.145816 np0000000977 neutron-periodic-workers[91675]: DEBUG dbcounter [-] [91675] Writing DB stats neutron:SELECT=3 {{(pid=91675) stat_writer /opt/stack/data/venv/lib/python3.12/site-packages/dbcounter.py:115}}
May 18 17:18:28.168784 np0000000977 neutron-periodic-workers[91682]: DEBUG neutron.db.agents_db [None req-2100fb43-feb7-45b2-84f0-84e7b2285349 None None] Agent healthcheck: found 0 active agents {{(pid=91682) agent_health_check /opt/stack/neutron/neutron/db/agents_db.py:322}}
May 18 17:18:28.170608 np0000000977 neutron-periodic-workers[91682]: DEBUG oslo.service.backend._threading.loopingcall [None req-2100fb43-feb7-45b2-84f0-84e7b2285349 None None] Fixed interval looping call 'neutron.plugins.ml2.plugin.AgentDbMixin.agent_health_check' sleeping for 36.99 seconds {{(pid=91682) _run_loop /opt/stack/data/venv/lib/python3.12/site-packages/oslo_service/backend/_threading/loopingcall.py:125}}
May 18 17:18:38.168322 np0000000977 neutron-periodic-workers[91682]: DEBUG dbcounter [-] [91682] Writing DB stats neutron:SELECT=1 {{(pid=91682) stat_writer /opt/stack/data/venv/lib/python3.12/site-packages/dbcounter.py:115}}
May 18 17:18:52.145622 np0000000977 neutron-periodic-workers[91675]: DEBUG oslo.service.backend._threading.loopingcall [None req-fc58c901-54f9-4b8f-858f-257cb924175a None None] Fixed interval looping call 'neutron.plugins.ml2.plugin.DhcpAgentSchedulerDbMixin.remove_networks_from_down_agents' sleeping for 36.99 seconds {{(pid=91675) _run_loop /opt/stack/data/venv/lib/python3.12/site-packages/oslo_service/backend/_threading/loopingcall.py:125}}
May 18 17:19:02.144632 np0000000977 neutron-periodic-workers[91675]: DEBUG dbcounter [-] [91675] Writing DB stats neutron:SELECT=3 {{(pid=91675) stat_writer /opt/stack/data/venv/lib/python3.12/site-packages/dbcounter.py:115}}
May 18 17:19:05.168104 np0000000977 neutron-periodic-workers[91682]: DEBUG neutron.db.agents_db [None req-2100fb43-feb7-45b2-84f0-84e7b2285349 None None] Agent healthcheck: found 0 active agents {{(pid=91682) agent_health_check /opt/stack/neutron/neutron/db/agents_db.py:322}}
May 18 17:19:05.168510 np0000000977 neutron-periodic-workers[91682]: DEBUG oslo.service.backend._threading.loopingcall [None req-2100fb43-feb7-45b2-84f0-84e7b2285349 None None] Fixed interval looping call 'neutron.plugins.ml2.plugin.AgentDbMixin.agent_health_check' sleeping for 36.99 seconds {{(pid=91682) _run_loop /opt/stack/data/venv/lib/python3.12/site-packages/oslo_service/backend/_threading/loopingcall.py:125}}
May 18 17:19:15.163634 np0000000977 neutron-periodic-workers[91682]: DEBUG dbcounter [-] [91682] Writing DB stats neutron:SELECT=1 {{(pid=91682) stat_writer /opt/stack/data/venv/lib/python3.12/site-packages/dbcounter.py:115}}
May 18 17:19:29.150851 np0000000977 neutron-periodic-workers[91675]: DEBUG oslo.service.backend._threading.loopingcall [None req-fc58c901-54f9-4b8f-858f-257cb924175a None None] Fixed interval looping call 'neutron.plugins.ml2.plugin.DhcpAgentSchedulerDbMixin.remove_networks_from_down_agents' sleeping for 36.99 seconds {{(pid=91675) _run_loop /opt/stack/data/venv/lib/python3.12/site-packages/oslo_service/backend/_threading/loopingcall.py:125}}
May 18 17:19:30.188600 np0000000977 neutron-periodic-workers[91691]: DEBUG oslo.service.backend._threading.loopingcall [None req-11bb3584-f2fd-4ec1-a851-d3c506d889c5 None None] Fixed interval looping call 'neutron.db.quota.driver_nolock.DbQuotaNoLockDriver._remove_expired_reservations' sleeping for 120.00 seconds {{(pid=91691) _run_loop /opt/stack/data/venv/lib/python3.12/site-packages/oslo_service/backend/_threading/loopingcall.py:125}}
May 18 17:19:39.150037 np0000000977 neutron-periodic-workers[91675]: DEBUG dbcounter [-] [91675] Writing DB stats neutron:SELECT=3 {{(pid=91675) stat_writer /opt/stack/data/venv/lib/python3.12/site-packages/dbcounter.py:115}}
May 18 17:19:40.188916 np0000000977 neutron-periodic-workers[91691]: DEBUG dbcounter [-] [91691] Writing DB stats neutron:DELETE=1 {{(pid=91691) stat_writer /opt/stack/data/venv/lib/python3.12/site-packages/dbcounter.py:115}}
May 18 17:19:42.173433 np0000000977 neutron-periodic-workers[91682]: DEBUG neutron.db.agents_db [None req-2100fb43-feb7-45b2-84f0-84e7b2285349 None None] Agent healthcheck: found 0 active agents {{(pid=91682) agent_health_check /opt/stack/neutron/neutron/db/agents_db.py:322}}
May 18 17:19:42.173785 np0000000977 neutron-periodic-workers[91682]: DEBUG oslo.service.backend._threading.loopingcall [None req-2100fb43-feb7-45b2-84f0-84e7b2285349 None None] Fixed interval looping call 'neutron.plugins.ml2.plugin.AgentDbMixin.agent_health_check' sleeping for 36.99 seconds {{(pid=91682) _run_loop /opt/stack/data/venv/lib/python3.12/site-packages/oslo_service/backend/_threading/loopingcall.py:125}}
May 18 17:19:52.164854 np0000000977 neutron-periodic-workers[91682]: DEBUG dbcounter [-] [91682] Writing DB stats neutron:SELECT=1 {{(pid=91682) stat_writer /opt/stack/data/venv/lib/python3.12/site-packages/dbcounter.py:115}}
May 18 17:20:06.165593 np0000000977 neutron-periodic-workers[91675]: DEBUG oslo.service.backend._threading.loopingcall [None req-fc58c901-54f9-4b8f-858f-257cb924175a None None] Fixed interval looping call 'neutron.plugins.ml2.plugin.DhcpAgentSchedulerDbMixin.remove_networks_from_down_agents' sleeping for 36.98 seconds {{(pid=91675) _run_loop /opt/stack/data/venv/lib/python3.12/site-packages/oslo_service/backend/_threading/loopingcall.py:125}}
May 18 17:20:16.163582 np0000000977 neutron-periodic-workers[91675]: DEBUG dbcounter [-] [91675] Writing DB stats neutron:SELECT=3 {{(pid=91675) stat_writer /opt/stack/data/venv/lib/python3.12/site-packages/dbcounter.py:115}}
May 18 17:20:19.172368 np0000000977 neutron-periodic-workers[91682]: DEBUG neutron.db.agents_db [None req-2100fb43-feb7-45b2-84f0-84e7b2285349 None None] Agent healthcheck: found 0 active agents {{(pid=91682) agent_health_check /opt/stack/neutron/neutron/db/agents_db.py:322}}
May 18 17:20:19.172700 np0000000977 neutron-periodic-workers[91682]: DEBUG oslo.service.backend._threading.loopingcall [None req-2100fb43-feb7-45b2-84f0-84e7b2285349 None None] Fixed interval looping call 'neutron.plugins.ml2.plugin.AgentDbMixin.agent_health_check' sleeping for 36.99 seconds {{(pid=91682) _run_loop /opt/stack/data/venv/lib/python3.12/site-packages/oslo_service/backend/_threading/loopingcall.py:125}}
May 18 17:20:29.170278 np0000000977 neutron-periodic-workers[91682]: DEBUG dbcounter [-] [91682] Writing DB stats neutron:SELECT=1 {{(pid=91682) stat_writer /opt/stack/data/venv/lib/python3.12/site-packages/dbcounter.py:115}}
May 18 17:20:43.154539 np0000000977 neutron-periodic-workers[91675]: DEBUG oslo.service.backend._threading.loopingcall [None req-fc58c901-54f9-4b8f-858f-257cb924175a None None] Fixed interval looping call 'neutron.plugins.ml2.plugin.DhcpAgentSchedulerDbMixin.remove_networks_from_down_agents' sleeping for 36.99 seconds {{(pid=91675) _run_loop /opt/stack/data/venv/lib/python3.12/site-packages/oslo_service/backend/_threading/loopingcall.py:125}}
May 18 17:20:53.155335 np0000000977 neutron-periodic-workers[91675]: DEBUG dbcounter [-] [91675] Writing DB stats neutron:SELECT=3 {{(pid=91675) stat_writer /opt/stack/data/venv/lib/python3.12/site-packages/dbcounter.py:115}}
May 18 17:20:56.169696 np0000000977 neutron-periodic-workers[91682]: DEBUG neutron.db.agents_db [None req-2100fb43-feb7-45b2-84f0-84e7b2285349 None None] Agent healthcheck: found 0 active agents {{(pid=91682) agent_health_check /opt/stack/neutron/neutron/db/agents_db.py:322}}
May 18 17:20:56.169696 np0000000977 neutron-periodic-workers[91682]: DEBUG oslo.service.backend._threading.loopingcall [None req-2100fb43-feb7-45b2-84f0-84e7b2285349 None None] Fixed interval looping call 'neutron.plugins.ml2.plugin.AgentDbMixin.agent_health_check' sleeping for 36.99 seconds {{(pid=91682) _run_loop /opt/stack/data/venv/lib/python3.12/site-packages/oslo_service/backend/_threading/loopingcall.py:125}}
May 18 17:21:00.204752 np0000000977 neutron-periodic-workers[91706]: DEBUG oslo.service.backend._threading.loopingcall [None req-d47b5f94-c1b1-4f09-b9bb-00f94314f841 None None] Fixed interval looping call 'neutron.services.ovn_l3.plugin.L3_NAT_dbonly_mixin._clean_garbage' sleeping for 299.98 seconds {{(pid=91706) _run_loop /opt/stack/data/venv/lib/python3.12/site-packages/oslo_service/backend/_threading/loopingcall.py:125}}
May 18 17:21:06.165857 np0000000977 neutron-periodic-workers[91682]: DEBUG dbcounter [-] [91682] Writing DB stats neutron:SELECT=1 {{(pid=91682) stat_writer /opt/stack/data/venv/lib/python3.12/site-packages/dbcounter.py:115}}
May 18 17:21:10.198824 np0000000977 neutron-periodic-workers[91706]: DEBUG dbcounter [-] [91706] Writing DB stats neutron:SELECT=1 {{(pid=91706) stat_writer /opt/stack/data/venv/lib/python3.12/site-packages/dbcounter.py:115}}
May 18 17:21:20.152882 np0000000977 neutron-periodic-workers[91675]: DEBUG oslo.service.backend._threading.loopingcall [None req-fc58c901-54f9-4b8f-858f-257cb924175a None None] Fixed interval looping call 'neutron.plugins.ml2.plugin.DhcpAgentSchedulerDbMixin.remove_networks_from_down_agents' sleeping for 36.99 seconds {{(pid=91675) _run_loop /opt/stack/data/venv/lib/python3.12/site-packages/oslo_service/backend/_threading/loopingcall.py:125}}
May 18 17:21:30.153379 np0000000977 neutron-periodic-workers[91675]: DEBUG dbcounter [-] [91675] Writing DB stats neutron:SELECT=3 {{(pid=91675) stat_writer /opt/stack/data/venv/lib/python3.12/site-packages/dbcounter.py:115}}
May 18 17:21:30.200944 np0000000977 neutron-periodic-workers[91691]: DEBUG oslo.service.backend._threading.loopingcall [None req-11bb3584-f2fd-4ec1-a851-d3c506d889c5 None None] Fixed interval looping call 'neutron.db.quota.driver_nolock.DbQuotaNoLockDriver._remove_expired_reservations' sleeping for 119.99 seconds {{(pid=91691) _run_loop /opt/stack/data/venv/lib/python3.12/site-packages/oslo_service/backend/_threading/loopingcall.py:125}}
May 18 17:21:33.167190 np0000000977 neutron-periodic-workers[91682]: DEBUG neutron.db.agents_db [None req-2100fb43-feb7-45b2-84f0-84e7b2285349 None None] Agent healthcheck: found 0 active agents {{(pid=91682) agent_health_check /opt/stack/neutron/neutron/db/agents_db.py:322}}
May 18 17:21:33.167509 np0000000977 neutron-periodic-workers[91682]: DEBUG oslo.service.backend._threading.loopingcall [None req-2100fb43-feb7-45b2-84f0-84e7b2285349 None None] Fixed interval looping call 'neutron.plugins.ml2.plugin.AgentDbMixin.agent_health_check' sleeping for 36.99 seconds {{(pid=91682) _run_loop /opt/stack/data/venv/lib/python3.12/site-packages/oslo_service/backend/_threading/loopingcall.py:125}}
May 18 17:21:40.195222 np0000000977 neutron-periodic-workers[91691]: DEBUG dbcounter [-] [91691] Writing DB stats neutron:DELETE=1 {{(pid=91691) stat_writer /opt/stack/data/venv/lib/python3.12/site-packages/dbcounter.py:115}}
May 18 17:21:43.166096 np0000000977 neutron-periodic-workers[91682]: DEBUG dbcounter [-] [91682] Writing DB stats neutron:SELECT=1 {{(pid=91682) stat_writer /opt/stack/data/venv/lib/python3.12/site-packages/dbcounter.py:115}}
May 18 17:21:57.152812 np0000000977 neutron-periodic-workers[91675]: DEBUG oslo.service.backend._threading.loopingcall [None req-fc58c901-54f9-4b8f-858f-257cb924175a None None] Fixed interval looping call 'neutron.plugins.ml2.plugin.DhcpAgentSchedulerDbMixin.remove_networks_from_down_agents' sleeping for 36.99 seconds {{(pid=91675) _run_loop /opt/stack/data/venv/lib/python3.12/site-packages/oslo_service/backend/_threading/loopingcall.py:125}}
May 18 17:22:07.151311 np0000000977 neutron-periodic-workers[91675]: DEBUG dbcounter [-] [91675] Writing DB stats neutron:SELECT=3 {{(pid=91675) stat_writer /opt/stack/data/venv/lib/python3.12/site-packages/dbcounter.py:115}}
May 18 17:22:10.162162 np0000000977 neutron-periodic-workers[91682]: DEBUG neutron.db.agents_db [None req-2100fb43-feb7-45b2-84f0-84e7b2285349 None None] Agent healthcheck: found 0 active agents {{(pid=91682) agent_health_check /opt/stack/neutron/neutron/db/agents_db.py:322}}
May 18 17:22:10.162533 np0000000977 neutron-periodic-workers[91682]: DEBUG oslo.service.backend._threading.loopingcall [None req-2100fb43-feb7-45b2-84f0-84e7b2285349 None None] Fixed interval looping call 'neutron.plugins.ml2.plugin.AgentDbMixin.agent_health_check' sleeping for 37.00 seconds {{(pid=91682) _run_loop /opt/stack/data/venv/lib/python3.12/site-packages/oslo_service/backend/_threading/loopingcall.py:125}}
May 18 17:22:20.161376 np0000000977 neutron-periodic-workers[91682]: DEBUG dbcounter [-] [91682] Writing DB stats neutron:SELECT=1 {{(pid=91682) stat_writer /opt/stack/data/venv/lib/python3.12/site-packages/dbcounter.py:115}}
May 18 17:22:34.150655 np0000000977 neutron-periodic-workers[91675]: DEBUG oslo.service.backend._threading.loopingcall [None req-fc58c901-54f9-4b8f-858f-257cb924175a None None] Fixed interval looping call 'neutron.plugins.ml2.plugin.DhcpAgentSchedulerDbMixin.remove_networks_from_down_agents' sleeping for 36.99 seconds {{(pid=91675) _run_loop /opt/stack/data/venv/lib/python3.12/site-packages/oslo_service/backend/_threading/loopingcall.py:125}}
May 18 17:22:44.149895 np0000000977 neutron-periodic-workers[91675]: DEBUG dbcounter [-] [91675] Writing DB stats neutron:SELECT=3 {{(pid=91675) stat_writer /opt/stack/data/venv/lib/python3.12/site-packages/dbcounter.py:115}}
May 18 17:22:47.168026 np0000000977 neutron-periodic-workers[91682]: DEBUG neutron.db.agents_db [None req-2100fb43-feb7-45b2-84f0-84e7b2285349 None None] Agent healthcheck: found 0 active agents {{(pid=91682) agent_health_check /opt/stack/neutron/neutron/db/agents_db.py:322}}
May 18 17:22:47.168401 np0000000977 neutron-periodic-workers[91682]: DEBUG oslo.service.backend._threading.loopingcall [None req-2100fb43-feb7-45b2-84f0-84e7b2285349 None None] Fixed interval looping call 'neutron.plugins.ml2.plugin.AgentDbMixin.agent_health_check' sleeping for 36.99 seconds {{(pid=91682) _run_loop /opt/stack/data/venv/lib/python3.12/site-packages/oslo_service/backend/_threading/loopingcall.py:125}}
May 18 17:22:57.165252 np0000000977 neutron-periodic-workers[91682]: DEBUG dbcounter [-] [91682] Writing DB stats neutron:SELECT=1 {{(pid=91682) stat_writer /opt/stack/data/venv/lib/python3.12/site-packages/dbcounter.py:115}}
May 18 17:23:11.156903 np0000000977 neutron-periodic-workers[91675]: DEBUG oslo.service.backend._threading.loopingcall [None req-fc58c901-54f9-4b8f-858f-257cb924175a None None] Fixed interval looping call 'neutron.plugins.ml2.plugin.DhcpAgentSchedulerDbMixin.remove_networks_from_down_agents' sleeping for 36.99 seconds {{(pid=91675) _run_loop /opt/stack/data/venv/lib/python3.12/site-packages/oslo_service/backend/_threading/loopingcall.py:125}}
May 18 17:23:21.156143 np0000000977 neutron-periodic-workers[91675]: DEBUG dbcounter [-] [91675] Writing DB stats neutron:SELECT=3 {{(pid=91675) stat_writer /opt/stack/data/venv/lib/python3.12/site-packages/dbcounter.py:115}}
May 18 17:23:24.167530 np0000000977 neutron-periodic-workers[91682]: DEBUG neutron.db.agents_db [None req-2100fb43-feb7-45b2-84f0-84e7b2285349 None None] Agent healthcheck: found 0 active agents {{(pid=91682) agent_health_check /opt/stack/neutron/neutron/db/agents_db.py:322}}
May 18 17:23:24.168897 np0000000977 neutron-periodic-workers[91682]: DEBUG oslo.service.backend._threading.loopingcall [None req-2100fb43-feb7-45b2-84f0-84e7b2285349 None None] Fixed interval looping call 'neutron.plugins.ml2.plugin.AgentDbMixin.agent_health_check' sleeping for 36.99 seconds {{(pid=91682) _run_loop /opt/stack/data/venv/lib/python3.12/site-packages/oslo_service/backend/_threading/loopingcall.py:125}}
May 18 17:23:30.193249 np0000000977 neutron-periodic-workers[91691]: DEBUG oslo.service.backend._threading.loopingcall [None req-11bb3584-f2fd-4ec1-a851-d3c506d889c5 None None] Fixed interval looping call 'neutron.db.quota.driver_nolock.DbQuotaNoLockDriver._remove_expired_reservations' sleeping for 120.00 seconds {{(pid=91691) _run_loop /opt/stack/data/venv/lib/python3.12/site-packages/oslo_service/backend/_threading/loopingcall.py:125}}
May 18 17:23:34.164541 np0000000977 neutron-periodic-workers[91682]: DEBUG dbcounter [-] [91682] Writing DB stats neutron:SELECT=1 {{(pid=91682) stat_writer /opt/stack/data/venv/lib/python3.12/site-packages/dbcounter.py:115}}
May 18 17:23:40.191527 np0000000977 neutron-periodic-workers[91691]: DEBUG dbcounter [-] [91691] Writing DB stats neutron:DELETE=1 {{(pid=91691) stat_writer /opt/stack/data/venv/lib/python3.12/site-packages/dbcounter.py:115}}
May 18 17:23:48.156699 np0000000977 neutron-periodic-workers[91675]: DEBUG oslo.service.backend._threading.loopingcall [None req-fc58c901-54f9-4b8f-858f-257cb924175a None None] Fixed interval looping call 'neutron.plugins.ml2.plugin.DhcpAgentSchedulerDbMixin.remove_networks_from_down_agents' sleeping for 36.99 seconds {{(pid=91675) _run_loop /opt/stack/data/venv/lib/python3.12/site-packages/oslo_service/backend/_threading/loopingcall.py:125}}
May 18 17:23:58.155238 np0000000977 neutron-periodic-workers[91675]: DEBUG dbcounter [-] [91675] Writing DB stats neutron:SELECT=3 {{(pid=91675) stat_writer /opt/stack/data/venv/lib/python3.12/site-packages/dbcounter.py:115}}
May 18 17:24:01.164748 np0000000977 neutron-periodic-workers[91682]: DEBUG neutron.db.agents_db [None req-2100fb43-feb7-45b2-84f0-84e7b2285349 None None] Agent healthcheck: found 0 active agents {{(pid=91682) agent_health_check /opt/stack/neutron/neutron/db/agents_db.py:322}}
May 18 17:24:01.165312 np0000000977 neutron-periodic-workers[91682]: DEBUG oslo.service.backend._threading.loopingcall [None req-2100fb43-feb7-45b2-84f0-84e7b2285349 None None] Fixed interval looping call 'neutron.plugins.ml2.plugin.AgentDbMixin.agent_health_check' sleeping for 37.00 seconds {{(pid=91682) _run_loop /opt/stack/data/venv/lib/python3.12/site-packages/oslo_service/backend/_threading/loopingcall.py:125}}
May 18 17:24:11.163778 np0000000977 neutron-periodic-workers[91682]: DEBUG dbcounter [-] [91682] Writing DB stats neutron:SELECT=1 {{(pid=91682) stat_writer /opt/stack/data/venv/lib/python3.12/site-packages/dbcounter.py:115}}
May 18 17:24:25.154400 np0000000977 neutron-periodic-workers[91675]: DEBUG oslo.service.backend._threading.loopingcall [None req-fc58c901-54f9-4b8f-858f-257cb924175a None None] Fixed interval looping call 'neutron.plugins.ml2.plugin.DhcpAgentSchedulerDbMixin.remove_networks_from_down_agents' sleeping for 36.99 seconds {{(pid=91675) _run_loop /opt/stack/data/venv/lib/python3.12/site-packages/oslo_service/backend/_threading/loopingcall.py:125}}
May 18 17:24:35.152964 np0000000977 neutron-periodic-workers[91675]: DEBUG dbcounter [-] [91675] Writing DB stats neutron:SELECT=3 {{(pid=91675) stat_writer /opt/stack/data/venv/lib/python3.12/site-packages/dbcounter.py:115}}
May 18 17:24:38.169828 np0000000977 neutron-periodic-workers[91682]: DEBUG neutron.db.agents_db [None req-2100fb43-feb7-45b2-84f0-84e7b2285349 None None] Agent healthcheck: found 0 active agents {{(pid=91682) agent_health_check /opt/stack/neutron/neutron/db/agents_db.py:322}}
May 18 17:24:38.170875 np0000000977 neutron-periodic-workers[91682]: DEBUG oslo.service.backend._threading.loopingcall [None req-2100fb43-feb7-45b2-84f0-84e7b2285349 None None] Fixed interval looping call 'neutron.plugins.ml2.plugin.AgentDbMixin.agent_health_check' sleeping for 36.99 seconds {{(pid=91682) _run_loop /opt/stack/data/venv/lib/python3.12/site-packages/oslo_service/backend/_threading/loopingcall.py:125}}
May 18 17:24:48.168332 np0000000977 neutron-periodic-workers[91682]: DEBUG dbcounter [-] [91682] Writing DB stats neutron:SELECT=1 {{(pid=91682) stat_writer /opt/stack/data/venv/lib/python3.12/site-packages/dbcounter.py:115}}
May 18 17:25:02.152918 np0000000977 neutron-periodic-workers[91675]: DEBUG oslo.service.backend._threading.loopingcall [None req-fc58c901-54f9-4b8f-858f-257cb924175a None None] Fixed interval looping call 'neutron.plugins.ml2.plugin.DhcpAgentSchedulerDbMixin.remove_networks_from_down_agents' sleeping for 36.99 seconds {{(pid=91675) _run_loop /opt/stack/data/venv/lib/python3.12/site-packages/oslo_service/backend/_threading/loopingcall.py:125}}
May 18 17:25:12.151614 np0000000977 neutron-periodic-workers[91675]: DEBUG dbcounter [-] [91675] Writing DB stats neutron:SELECT=3 {{(pid=91675) stat_writer /opt/stack/data/venv/lib/python3.12/site-packages/dbcounter.py:115}}
May 18 17:25:15.164184 np0000000977 neutron-periodic-workers[91682]: DEBUG neutron.db.agents_db [None req-2100fb43-feb7-45b2-84f0-84e7b2285349 None None] Agent healthcheck: found 0 active agents {{(pid=91682) agent_health_check /opt/stack/neutron/neutron/db/agents_db.py:322}}
May 18 17:25:15.164184 np0000000977 neutron-periodic-workers[91682]: DEBUG oslo.service.backend._threading.loopingcall [None req-2100fb43-feb7-45b2-84f0-84e7b2285349 None None] Fixed interval looping call 'neutron.plugins.ml2.plugin.AgentDbMixin.agent_health_check' sleeping for 37.00 seconds {{(pid=91682) _run_loop /opt/stack/data/venv/lib/python3.12/site-packages/oslo_service/backend/_threading/loopingcall.py:125}}
May 18 17:25:25.163213 np0000000977 neutron-periodic-workers[91682]: DEBUG dbcounter [-] [91682] Writing DB stats neutron:SELECT=1 {{(pid=91682) stat_writer /opt/stack/data/venv/lib/python3.12/site-packages/dbcounter.py:115}}
May 18 17:25:30.196881 np0000000977 neutron-periodic-workers[91691]: DEBUG oslo.service.backend._threading.loopingcall [None req-11bb3584-f2fd-4ec1-a851-d3c506d889c5 None None] Fixed interval looping call 'neutron.db.quota.driver_nolock.DbQuotaNoLockDriver._remove_expired_reservations' sleeping for 120.00 seconds {{(pid=91691) _run_loop /opt/stack/data/venv/lib/python3.12/site-packages/oslo_service/backend/_threading/loopingcall.py:125}}
May 18 17:25:39.157534 np0000000977 neutron-periodic-workers[91675]: DEBUG oslo.service.backend._threading.loopingcall [None req-fc58c901-54f9-4b8f-858f-257cb924175a None None] Fixed interval looping call 'neutron.plugins.ml2.plugin.DhcpAgentSchedulerDbMixin.remove_networks_from_down_agents' sleeping for 36.99 seconds {{(pid=91675) _run_loop /opt/stack/data/venv/lib/python3.12/site-packages/oslo_service/backend/_threading/loopingcall.py:125}}
May 18 17:25:40.196043 np0000000977 neutron-periodic-workers[91691]: DEBUG dbcounter [-] [91691] Writing DB stats neutron:DELETE=1 {{(pid=91691) stat_writer /opt/stack/data/venv/lib/python3.12/site-packages/dbcounter.py:115}}
May 18 17:25:49.156264 np0000000977 neutron-periodic-workers[91675]: DEBUG dbcounter [-] [91675] Writing DB stats neutron:SELECT=3 {{(pid=91675) stat_writer /opt/stack/data/venv/lib/python3.12/site-packages/dbcounter.py:115}}
May 18 17:25:52.169471 np0000000977 neutron-periodic-workers[91682]: DEBUG neutron.db.agents_db [None req-2100fb43-feb7-45b2-84f0-84e7b2285349 None None] Agent healthcheck: found 0 active agents {{(pid=91682) agent_health_check /opt/stack/neutron/neutron/db/agents_db.py:322}}
May 18 17:25:52.169929 np0000000977 neutron-periodic-workers[91682]: DEBUG oslo.service.backend._threading.loopingcall [None req-2100fb43-feb7-45b2-84f0-84e7b2285349 None None] Fixed interval looping call 'neutron.plugins.ml2.plugin.AgentDbMixin.agent_health_check' sleeping for 36.99 seconds {{(pid=91682) _run_loop /opt/stack/data/venv/lib/python3.12/site-packages/oslo_service/backend/_threading/loopingcall.py:125}}
May 18 17:26:00.192246 np0000000977 neutron-periodic-workers[91706]: DEBUG oslo.service.backend._threading.loopingcall [None req-d47b5f94-c1b1-4f09-b9bb-00f94314f841 None None] Fixed interval looping call 'neutron.services.ovn_l3.plugin.L3_NAT_dbonly_mixin._clean_garbage' sleeping for 299.99 seconds {{(pid=91706) _run_loop /opt/stack/data/venv/lib/python3.12/site-packages/oslo_service/backend/_threading/loopingcall.py:125}}
May 18 17:26:02.167647 np0000000977 neutron-periodic-workers[91682]: DEBUG dbcounter [-] [91682] Writing DB stats neutron:SELECT=1 {{(pid=91682) stat_writer /opt/stack/data/venv/lib/python3.12/site-packages/dbcounter.py:115}}
May 18 17:26:10.187456 np0000000977 neutron-periodic-workers[91706]: DEBUG dbcounter [-] [91706] Writing DB stats neutron:SELECT=1 {{(pid=91706) stat_writer /opt/stack/data/venv/lib/python3.12/site-packages/dbcounter.py:115}}
May 18 17:26:16.154212 np0000000977 neutron-periodic-workers[91675]: DEBUG oslo.service.backend._threading.loopingcall [None req-fc58c901-54f9-4b8f-858f-257cb924175a None None] Fixed interval looping call 'neutron.plugins.ml2.plugin.DhcpAgentSchedulerDbMixin.remove_networks_from_down_agents' sleeping for 36.99 seconds {{(pid=91675) _run_loop /opt/stack/data/venv/lib/python3.12/site-packages/oslo_service/backend/_threading/loopingcall.py:125}}
May 18 17:26:26.153225 np0000000977 neutron-periodic-workers[91675]: DEBUG dbcounter [-] [91675] Writing DB stats neutron:SELECT=3 {{(pid=91675) stat_writer /opt/stack/data/venv/lib/python3.12/site-packages/dbcounter.py:115}}
May 18 17:26:29.163476 np0000000977 neutron-periodic-workers[91682]: DEBUG neutron.db.agents_db [None req-2100fb43-feb7-45b2-84f0-84e7b2285349 None None] Agent healthcheck: found 0 active agents {{(pid=91682) agent_health_check /opt/stack/neutron/neutron/db/agents_db.py:322}}
May 18 17:26:29.163938 np0000000977 neutron-periodic-workers[91682]: DEBUG oslo.service.backend._threading.loopingcall [None req-2100fb43-feb7-45b2-84f0-84e7b2285349 None None] Fixed interval looping call 'neutron.plugins.ml2.plugin.AgentDbMixin.agent_health_check' sleeping for 37.00 seconds {{(pid=91682) _run_loop /opt/stack/data/venv/lib/python3.12/site-packages/oslo_service/backend/_threading/loopingcall.py:125}}
May 18 17:26:39.162225 np0000000977 neutron-periodic-workers[91682]: DEBUG dbcounter [-] [91682] Writing DB stats neutron:SELECT=1 {{(pid=91682) stat_writer /opt/stack/data/venv/lib/python3.12/site-packages/dbcounter.py:115}}
May 18 17:26:53.151853 np0000000977 neutron-periodic-workers[91675]: DEBUG oslo.service.backend._threading.loopingcall [None req-fc58c901-54f9-4b8f-858f-257cb924175a None None] Fixed interval looping call 'neutron.plugins.ml2.plugin.DhcpAgentSchedulerDbMixin.remove_networks_from_down_agents' sleeping for 36.99 seconds {{(pid=91675) _run_loop /opt/stack/data/venv/lib/python3.12/site-packages/oslo_service/backend/_threading/loopingcall.py:125}}
May 18 17:27:03.153179 np0000000977 neutron-periodic-workers[91675]: DEBUG dbcounter [-] [91675] Writing DB stats neutron:SELECT=3 {{(pid=91675) stat_writer /opt/stack/data/venv/lib/python3.12/site-packages/dbcounter.py:115}}
May 18 17:27:06.173322 np0000000977 neutron-periodic-workers[91682]: DEBUG neutron.db.agents_db [None req-2100fb43-feb7-45b2-84f0-84e7b2285349 None None] Agent healthcheck: found 0 active agents {{(pid=91682) agent_health_check /opt/stack/neutron/neutron/db/agents_db.py:322}}
May 18 17:27:06.173754 np0000000977 neutron-periodic-workers[91682]: DEBUG oslo.service.backend._threading.loopingcall [None req-2100fb43-feb7-45b2-84f0-84e7b2285349 None None] Fixed interval looping call 'neutron.plugins.ml2.plugin.AgentDbMixin.agent_health_check' sleeping for 36.99 seconds {{(pid=91682) _run_loop /opt/stack/data/venv/lib/python3.12/site-packages/oslo_service/backend/_threading/loopingcall.py:125}}
May 18 17:27:16.170082 np0000000977 neutron-periodic-workers[91682]: DEBUG dbcounter [-] [91682] Writing DB stats neutron:SELECT=1 {{(pid=91682) stat_writer /opt/stack/data/venv/lib/python3.12/site-packages/dbcounter.py:115}}
May 18 17:27:30.152711 np0000000977 neutron-periodic-workers[91675]: DEBUG oslo.service.backend._threading.loopingcall [None req-fc58c901-54f9-4b8f-858f-257cb924175a None None] Fixed interval looping call 'neutron.plugins.ml2.plugin.DhcpAgentSchedulerDbMixin.remove_networks_from_down_agents' sleeping for 36.99 seconds {{(pid=91675) _run_loop /opt/stack/data/venv/lib/python3.12/site-packages/oslo_service/backend/_threading/loopingcall.py:125}}
May 18 17:27:30.200256 np0000000977 neutron-periodic-workers[91691]: DEBUG oslo.service.backend._threading.loopingcall [None req-11bb3584-f2fd-4ec1-a851-d3c506d889c5 None None] Fixed interval looping call 'neutron.db.quota.driver_nolock.DbQuotaNoLockDriver._remove_expired_reservations' sleeping for 120.00 seconds {{(pid=91691) _run_loop /opt/stack/data/venv/lib/python3.12/site-packages/oslo_service/backend/_threading/loopingcall.py:125}}
May 18 17:27:40.151804 np0000000977 neutron-periodic-workers[91675]: DEBUG dbcounter [-] [91675] Writing DB stats neutron:SELECT=3 {{(pid=91675) stat_writer /opt/stack/data/venv/lib/python3.12/site-packages/dbcounter.py:115}}
May 18 17:27:40.200217 np0000000977 neutron-periodic-workers[91691]: DEBUG dbcounter [-] [91691] Writing DB stats neutron:DELETE=1 {{(pid=91691) stat_writer /opt/stack/data/venv/lib/python3.12/site-packages/dbcounter.py:115}}
May 18 17:27:43.170737 np0000000977 neutron-periodic-workers[91682]: DEBUG neutron.db.agents_db [None req-2100fb43-feb7-45b2-84f0-84e7b2285349 None None] Agent healthcheck: found 0 active agents {{(pid=91682) agent_health_check /opt/stack/neutron/neutron/db/agents_db.py:322}}
May 18 17:27:43.171042 np0000000977 neutron-periodic-workers[91682]: DEBUG oslo.service.backend._threading.loopingcall [None req-2100fb43-feb7-45b2-84f0-84e7b2285349 None None] Fixed interval looping call 'neutron.plugins.ml2.plugin.AgentDbMixin.agent_health_check' sleeping for 36.99 seconds {{(pid=91682) _run_loop /opt/stack/data/venv/lib/python3.12/site-packages/oslo_service/backend/_threading/loopingcall.py:125}}
May 18 17:27:53.170737 np0000000977 neutron-periodic-workers[91682]: DEBUG dbcounter [-] [91682] Writing DB stats neutron:SELECT=1 {{(pid=91682) stat_writer /opt/stack/data/venv/lib/python3.12/site-packages/dbcounter.py:115}}
May 18 17:28:07.158518 np0000000977 neutron-periodic-workers[91675]: DEBUG oslo.service.backend._threading.loopingcall [None req-fc58c901-54f9-4b8f-858f-257cb924175a None None] Fixed interval looping call 'neutron.plugins.ml2.plugin.DhcpAgentSchedulerDbMixin.remove_networks_from_down_agents' sleeping for 36.98 seconds {{(pid=91675) _run_loop /opt/stack/data/venv/lib/python3.12/site-packages/oslo_service/backend/_threading/loopingcall.py:125}}
May 18 17:28:17.157645 np0000000977 neutron-periodic-workers[91675]: DEBUG dbcounter [-] [91675] Writing DB stats neutron:SELECT=3 {{(pid=91675) stat_writer /opt/stack/data/venv/lib/python3.12/site-packages/dbcounter.py:115}}
May 18 17:28:20.163961 np0000000977 neutron-periodic-workers[91682]: DEBUG neutron.db.agents_db [None req-2100fb43-feb7-45b2-84f0-84e7b2285349 None None] Agent healthcheck: found 0 active agents {{(pid=91682) agent_health_check /opt/stack/neutron/neutron/db/agents_db.py:322}}
