Aug 15 14:56:03.775930 np0000007358 devstack@c-api.service[97042]: INFO cinder.api.openstack.wsgi [None req-ec259616-b68b-4e10-96b2-6e7b267602f1 tempest-GroupSnapshotsTest-1403623774 tempest-GroupSnapshotsTest-1403623774-project-member] GET https://10.4.3.154/volume/v3/snapshots/e11df4ea-6650-4764-8101-a468630320f3
Aug 15 14:56:03.776329 np0000007358 devstack@c-api.service[97042]: DEBUG cinder.api.openstack.wsgi [None req-ec259616-b68b-4e10-96b2-6e7b267602f1 tempest-GroupSnapshotsTest-1403623774 tempest-GroupSnapshotsTest-1403623774-project-member] Empty body provided in request {{(pid=97042) get_body /opt/stack/cinder/cinder/api/openstack/wsgi.py:725}}
Aug 15 14:56:03.776590 np0000007358 devstack@c-api.service[97042]: DEBUG cinder.api.openstack.wsgi [None req-ec259616-b68b-4e10-96b2-6e7b267602f1 tempest-GroupSnapshotsTest-1403623774 tempest-GroupSnapshotsTest-1403623774-project-member] Calling method 'show' {{(pid=97042) _process_stack /opt/stack/cinder/cinder/api/openstack/wsgi.py:878}}
Aug 15 14:56:03.783485 np0000007358 devstack@c-api.service[97042]: /opt/stack/data/venv/lib/python3.12/site-packages/oslo_context/context.py:102: DeprecationWarning: Policy enforcement is depending on the value of is_admin. This key is deprecated. Please update your policy file to use the standard policy values.
Aug 15 14:56:03.783485 np0000007358 devstack@c-api.service[97042]: warnings.warn(
Aug 15 14:56:03.783977 np0000007358 devstack@c-api.service[97042]: INFO cinder.volume.api [None req-ec259616-b68b-4e10-96b2-6e7b267602f1 tempest-GroupSnapshotsTest-1403623774 tempest-GroupSnapshotsTest-1403623774-project-member] Snapshot retrieved successfully.
Aug 15 14:56:03.785131 np0000007358 devstack@c-api.service[97042]: INFO cinder.api.openstack.wsgi [None req-ec259616-b68b-4e10-96b2-6e7b267602f1 tempest-GroupSnapshotsTest-1403623774 tempest-GroupSnapshotsTest-1403623774-project-member] https://10.4.3.154/volume/v3/snapshots/e11df4ea-6650-4764-8101-a468630320f3 returned with HTTP 200
Aug 15 14:56:03.785621 np0000007358 devstack@c-api.service[97042]: [pid: 97042|app: 0|req: 66/196] 10.4.3.154 () {66 vars in 1354 bytes} [Sat Aug 15 14:56:03 2026] GET /volume/v3/snapshots/e11df4ea-6650-4764-8101-a468630320f3 => generated 468 bytes in 13 msecs (HTTP/1.1 200) 7 headers in 285 bytes (1 switches on core 0)
Aug 15 14:56:04.508883 np0000007358 devstack@c-api.service[97044]: DEBUG cinder.api.middleware.request_id [None req-d93d157c-deea-4823-9c7e-010c219850b3 None None] RequestId filter calling following filter/app {{(pid=97044) _context_setter /opt/stack/cinder/cinder/api/middleware/request_id.py:62}}
Aug 15 14:56:04.510884 np0000007358 devstack@c-api.service[97044]: INFO cinder.api.openstack.wsgi [None req-d93d157c-deea-4823-9c7e-010c219850b3 tempest-ServerActionsTestOtherB-1544262689 tempest-ServerActionsTestOtherB-1544262689-project-member] GET https://10.4.3.154/volume/v3/volumes/4b42f0b2-eb5e-4ac3-a541-8f41e82fcd91
Aug 15 14:56:04.511118 np0000007358 devstack@c-api.service[97044]: DEBUG cinder.api.openstack.wsgi [None req-d93d157c-deea-4823-9c7e-010c219850b3 tempest-ServerActionsTestOtherB-1544262689 tempest-ServerActionsTestOtherB-1544262689-project-member] Empty body provided in request {{(pid=97044) get_body /opt/stack/cinder/cinder/api/openstack/wsgi.py:725}}
Aug 15 14:56:04.511346 np0000007358 devstack@c-api.service[97044]: DEBUG cinder.api.openstack.wsgi [None req-d93d157c-deea-4823-9c7e-010c219850b3 tempest-ServerActionsTestOtherB-1544262689 tempest-ServerActionsTestOtherB-1544262689-project-member] Calling method 'show' {{(pid=97044) _process_stack /opt/stack/cinder/cinder/api/openstack/wsgi.py:878}}
Aug 15 14:56:04.519928 np0000007358 devstack@c-api.service[97044]: /opt/stack/data/venv/lib/python3.12/site-packages/oslo_context/context.py:102: DeprecationWarning: Policy enforcement is depending on the value of is_admin. This key is deprecated. Please update your policy file to use the standard policy values.
Aug 15 14:56:04.519928 np0000007358 devstack@c-api.service[97044]: warnings.warn(
Aug 15 14:56:04.523557 np0000007358 devstack@c-api.service[97044]: INFO cinder.volume.api [None req-d93d157c-deea-4823-9c7e-010c219850b3 tempest-ServerActionsTestOtherB-1544262689 tempest-ServerActionsTestOtherB-1544262689-project-member] Volume info retrieved successfully.
Aug 15 14:56:04.528269 np0000007358 devstack@c-api.service[97044]: INFO cinder.api.openstack.wsgi [None req-d93d157c-deea-4823-9c7e-010c219850b3 tempest-ServerActionsTestOtherB-1544262689 tempest-ServerActionsTestOtherB-1544262689-project-member] https://10.4.3.154/volume/v3/volumes/4b42f0b2-eb5e-4ac3-a541-8f41e82fcd91 returned with HTTP 200
Aug 15 14:56:04.528627 np0000007358 devstack@c-api.service[97044]: [pid: 97044|app: 0|req: 64/197] 10.4.3.154 () {66 vars in 1348 bytes} [Sat Aug 15 14:56:04 2026] GET /volume/v3/volumes/4b42f0b2-eb5e-4ac3-a541-8f41e82fcd91 => generated 847 bytes in 20 msecs (HTTP/1.1 200) 7 headers in 285 bytes (1 switches on core 0)
Aug 15 14:56:04.636852 np0000007358 devstack@c-api.service[97043]: DEBUG cinder.api.middleware.request_id [None req-ab7c1d81-6b70-4666-ab36-ebe1ca857f7d None None] RequestId filter calling following filter/app {{(pid=97043) _context_setter /opt/stack/cinder/cinder/api/middleware/request_id.py:62}}
Aug 15 14:56:04.640476 np0000007358 devstack@c-api.service[97043]: INFO cinder.api.openstack.wsgi [None req-ab7c1d81-6b70-4666-ab36-ebe1ca857f7d tempest-TaggedBootDevicesTest-1671309488 tempest-TaggedBootDevicesTest-1671309488-project-member] GET https://10.4.3.154/volume/v3/volumes/1a8f728d-0fa9-471c-b888-f8bef6357d5e
Aug 15 14:56:04.640476 np0000007358 devstack@c-api.service[97043]: DEBUG cinder.api.openstack.wsgi [None req-ab7c1d81-6b70-4666-ab36-ebe1ca857f7d tempest-TaggedBootDevicesTest-1671309488 tempest-TaggedBootDevicesTest-1671309488-project-member] Empty body provided in request {{(pid=97043) get_body /opt/stack/cinder/cinder/api/openstack/wsgi.py:725}}
Aug 15 14:56:04.640476 np0000007358 devstack@c-api.service[97043]: DEBUG cinder.api.openstack.wsgi [None req-ab7c1d81-6b70-4666-ab36-ebe1ca857f7d tempest-TaggedBootDevicesTest-1671309488 tempest-TaggedBootDevicesTest-1671309488-project-member] Calling method 'show' {{(pid=97043) _process_stack /opt/stack/cinder/cinder/api/openstack/wsgi.py:878}}
Aug 15 14:56:04.645259 np0000007358 devstack@c-api.service[97043]: /opt/stack/data/venv/lib/python3.12/site-packages/oslo_context/context.py:102: DeprecationWarning: Policy enforcement is depending on the value of is_admin. This key is deprecated. Please update your policy file to use the standard policy values.
Aug 15 14:56:04.645259 np0000007358 devstack@c-api.service[97043]: warnings.warn(
Aug 15 14:56:04.651240 np0000007358 devstack@c-api.service[97043]: INFO cinder.volume.api [None req-ab7c1d81-6b70-4666-ab36-ebe1ca857f7d tempest-TaggedBootDevicesTest-1671309488 tempest-TaggedBootDevicesTest-1671309488-project-member] Volume info retrieved successfully.
Aug 15 14:56:04.657263 np0000007358 devstack@c-api.service[97043]: INFO cinder.api.openstack.wsgi [None req-ab7c1d81-6b70-4666-ab36-ebe1ca857f7d tempest-TaggedBootDevicesTest-1671309488 tempest-TaggedBootDevicesTest-1671309488-project-member] https://10.4.3.154/volume/v3/volumes/1a8f728d-0fa9-471c-b888-f8bef6357d5e returned with HTTP 200
Aug 15 14:56:04.657829 np0000007358 devstack@c-api.service[97043]: [pid: 97043|app: 0|req: 68/198] 10.4.3.154 () {66 vars in 1348 bytes} [Sat Aug 15 14:56:04 2026] GET /volume/v3/volumes/1a8f728d-0fa9-471c-b888-f8bef6357d5e => generated 844 bytes in 21 msecs (HTTP/1.1 200) 7 headers in 285 bytes (1 switches on core 0)
Aug 15 14:56:04.673120 np0000007358 devstack@c-api.service[97042]: DEBUG cinder.api.middleware.request_id [None req-afacaaf5-d0f1-4548-b8a5-dfc5df027876 None None] RequestId filter calling following filter/app {{(pid=97042) _context_setter /opt/stack/cinder/cinder/api/middleware/request_id.py:62}}
Aug 15 14:56:04.674684 np0000007358 devstack@c-api.service[97042]: INFO cinder.api.openstack.wsgi [None req-afacaaf5-d0f1-4548-b8a5-dfc5df027876 tempest-TaggedBootDevicesTest-1671309488 tempest-TaggedBootDevicesTest-1671309488-project-member] POST https://10.4.3.154/volume/v3/volumes
Aug 15 14:56:04.675017 np0000007358 devstack@c-api.service[97042]: DEBUG cinder.api.openstack.wsgi [None req-afacaaf5-d0f1-4548-b8a5-dfc5df027876 tempest-TaggedBootDevicesTest-1671309488 tempest-TaggedBootDevicesTest-1671309488-project-member] Action: 'create', calling method: create, body: {"volume": {"size": 1, "display_name": "tempest-TaggedBootDevicesTest-volume-419804374"}} {{(pid=97042) _process_stack /opt/stack/cinder/cinder/api/openstack/wsgi.py:876}}
Aug 15 14:56:04.676376 np0000007358 devstack@c-api.service[97042]: DEBUG cinder.api.v3.volumes [None req-afacaaf5-d0f1-4548-b8a5-dfc5df027876 tempest-TaggedBootDevicesTest-1671309488 tempest-TaggedBootDevicesTest-1671309488-project-member] Create volume request body: {'volume': {'size': 1, 'display_name': 'tempest-TaggedBootDevicesTest-volume-419804374'}} {{(pid=97042) create /opt/stack/cinder/cinder/api/v3/volumes.py:368}}
Aug 15 14:56:04.676480 np0000007358 devstack@c-api.service[97042]: INFO cinder.api.v3.volumes [None req-afacaaf5-d0f1-4548-b8a5-dfc5df027876 tempest-TaggedBootDevicesTest-1671309488 tempest-TaggedBootDevicesTest-1671309488-project-member] Create volume of 1 GB
Aug 15 14:56:04.680153 np0000007358 devstack@c-api.service[97042]: INFO cinder.volume.api [None req-afacaaf5-d0f1-4548-b8a5-dfc5df027876 tempest-TaggedBootDevicesTest-1671309488 tempest-TaggedBootDevicesTest-1671309488-project-member] Availability Zones retrieved successfully.
Aug 15 14:56:04.686764 np0000007358 devstack@c-api.service[97042]: DEBUG cinder.volume.api [None req-afacaaf5-d0f1-4548-b8a5-dfc5df027876 tempest-TaggedBootDevicesTest-1671309488 tempest-TaggedBootDevicesTest-1671309488-project-member] Flow 'volume_create_api' (d865ecbd-f49c-4fc1-8033-afe23f0e1a25) transitioned into state 'RUNNING' from state 'PENDING' {{(pid=97042) _flow_receiver /opt/stack/data/venv/lib/python3.12/site-packages/taskflow/listeners/logging.py:160}}
Aug 15 14:56:04.687671 np0000007358 devstack@c-api.service[97042]: DEBUG cinder.volume.api [None req-afacaaf5-d0f1-4548-b8a5-dfc5df027876 tempest-TaggedBootDevicesTest-1671309488 tempest-TaggedBootDevicesTest-1671309488-project-member] Task 'cinder.volume.flows.api.create_volume.ExtractVolumeRequestTask;volume:create' (8553be05-a938-4860-a0f2-96526150524e) transitioned into state 'RUNNING' from state 'PENDING' {{(pid=97042) _task_receiver /opt/stack/data/venv/lib/python3.12/site-packages/taskflow/listeners/logging.py:242}}
Aug 15 14:56:04.688614 np0000007358 devstack@c-api.service[97042]: DEBUG cinder.volume.flows.api.create_volume [None req-afacaaf5-d0f1-4548-b8a5-dfc5df027876 tempest-TaggedBootDevicesTest-1671309488 tempest-TaggedBootDevicesTest-1671309488-project-member] Validating volume size '1' using validate_int {{(pid=97042) _extract_size /opt/stack/cinder/cinder/volume/flows/api/create_volume.py:226}}
Aug 15 14:56:04.717885 np0000007358 devstack@c-api.service[97042]: DEBUG cinder.volume.api [None req-afacaaf5-d0f1-4548-b8a5-dfc5df027876 tempest-TaggedBootDevicesTest-1671309488 tempest-TaggedBootDevicesTest-1671309488-project-member] Task 'cinder.volume.flows.api.create_volume.ExtractVolumeRequestTask;volume:create' (8553be05-a938-4860-a0f2-96526150524e) transitioned into state 'SUCCESS' from state 'RUNNING' with result '{'size': 1, 'snapshot_id': None, 'source_volid': None, 'volume_type': VolumeType(created_at=2026-08-15T14:52:54Z,deleted=False,deleted_at=None,description=None,extra_specs={volume_backend_name='storpool'},id=cb356713-16b0-4336-8bbb-d8d2cd42e457,is_public=True,name='storpool',projects=[],qos_specs=,qos_specs_id=None,updated_at=None), 'volume_type_id': 'cb356713-16b0-4336-8bbb-d8d2cd42e457', 'encryption_key_id': None, 'qos_specs': None, 'consistencygroup_id': None, 'cgsnapshot_id': None, 'group_id': None, 'replication_status': 'disabled', 'refresh_az': False, 'backup_id': None, 'multiattach': False, 'availability_zones': ['nova']}' {{(pid=97042) _task_receiver /opt/stack/data/venv/lib/python3.12/site-packages/taskflow/listeners/logging.py:218}}
Aug 15 14:56:04.718353 np0000007358 devstack@c-api.service[97042]: DEBUG cinder.volume.api [None req-afacaaf5-d0f1-4548-b8a5-dfc5df027876 tempest-TaggedBootDevicesTest-1671309488 tempest-TaggedBootDevicesTest-1671309488-project-member] Task 'cinder.volume.flows.api.create_volume.QuotaReserveTask;volume:create' (cc0e5bd0-4873-4773-80fd-84f84a307c2a) transitioned into state 'RUNNING' from state 'PENDING' {{(pid=97042) _task_receiver /opt/stack/data/venv/lib/python3.12/site-packages/taskflow/listeners/logging.py:242}}
Aug 15 14:56:04.762720 np0000007358 devstack@c-api.service[97042]: DEBUG cinder.quota [None req-afacaaf5-d0f1-4548-b8a5-dfc5df027876 tempest-TaggedBootDevicesTest-1671309488 tempest-TaggedBootDevicesTest-1671309488-project-member] Created reservations ['b85673c4-9b9d-40ba-bd9a-6eb556fdc715', '7d31b614-e0b6-4f36-b64a-ed2431c9eabe', '97ed99f3-d085-4a17-b3d0-9f37dbd5e4a8', '4c045590-78a7-4fbc-96ee-ec11912b33f6'] {{(pid=97042) reserve /opt/stack/cinder/cinder/quota.py:752}}
Aug 15 14:56:04.763514 np0000007358 devstack@c-api.service[97042]: DEBUG cinder.volume.api [None req-afacaaf5-d0f1-4548-b8a5-dfc5df027876 tempest-TaggedBootDevicesTest-1671309488 tempest-TaggedBootDevicesTest-1671309488-project-member] Task 'cinder.volume.flows.api.create_volume.QuotaReserveTask;volume:create' (cc0e5bd0-4873-4773-80fd-84f84a307c2a) transitioned into state 'SUCCESS' from state 'RUNNING' with result '{'reservations': ['b85673c4-9b9d-40ba-bd9a-6eb556fdc715', '7d31b614-e0b6-4f36-b64a-ed2431c9eabe', '97ed99f3-d085-4a17-b3d0-9f37dbd5e4a8', '4c045590-78a7-4fbc-96ee-ec11912b33f6']}' {{(pid=97042) _task_receiver /opt/stack/data/venv/lib/python3.12/site-packages/taskflow/listeners/logging.py:218}}
Aug 15 14:56:04.764234 np0000007358 devstack@c-api.service[97042]: DEBUG cinder.volume.api [None req-afacaaf5-d0f1-4548-b8a5-dfc5df027876 tempest-TaggedBootDevicesTest-1671309488 tempest-TaggedBootDevicesTest-1671309488-project-member] Task 'cinder.volume.flows.api.create_volume.EntryCreateTask;volume:create' (c525da21-2f65-428b-9e38-1d7bf1be8458) transitioned into state 'RUNNING' from state 'PENDING' {{(pid=97042) _task_receiver /opt/stack/data/venv/lib/python3.12/site-packages/taskflow/listeners/logging.py:242}}
Aug 15 14:56:04.790686 np0000007358 devstack@c-api.service[97042]: DEBUG cinder.volume.api [None req-afacaaf5-d0f1-4548-b8a5-dfc5df027876 tempest-TaggedBootDevicesTest-1671309488 tempest-TaggedBootDevicesTest-1671309488-project-member] Task 'cinder.volume.flows.api.create_volume.EntryCreateTask;volume:create' (c525da21-2f65-428b-9e38-1d7bf1be8458) transitioned into state 'SUCCESS' from state 'RUNNING' with result '{'volume_id': '84a72f48-df5b-415c-b46a-cff9a3e4758f', 'volume_properties': VolumeProperties(attach_status='detached',availability_zone='nova',cgsnapshot_id=None,consistencygroup_id=None,display_description=None,display_name='tempest-TaggedBootDevicesTest-volume-419804374',encryption_key_id=None,group_id=None,group_type_id=,metadata={},multiattach=False,project_id='477183481b334ad2ace4387ebd8f1c55',qos_specs=None,replication_status=,reservations=['b85673c4-9b9d-40ba-bd9a-6eb556fdc715','7d31b614-e0b6-4f36-b64a-ed2431c9eabe','97ed99f3-d085-4a17-b3d0-9f37dbd5e4a8','4c045590-78a7-4fbc-96ee-ec11912b33f6'],size=1,snapshot_id=None,source_replicaid=,source_volid=None,status='creating',user_id='548e4d11069c409ebbee5283e40c400d',volume_type_id=cb356713-16b0-4336-8bbb-d8d2cd42e457), 'volume': Volume(_name_id=None,admin_metadata=,attach_status='detached',availability_zone='nova',bootable=False,cluster=,cluster_name=None,consistencygroup=,consistencygroup_id=None,created_at=2026-08-15T14:56:04Z,deleted=False,deleted_at=None,display_description=None,display_name='tempest-TaggedBootDevicesTest-volume-419804374',ec2_id=None,encryption_key_id=None,glance_metadata=,group=,group_id=None,host=None,id=84a72f48-df5b-415c-b46a-cff9a3e4758f,launched_at=None,metadata={},migration_status=None,multiattach=False,previous_status=None,project_id='477183481b334ad2ace4387ebd8f1c55',provider_auth=None,provider_geometry=None,provider_id=None,provider_location=None,replication_driver_data=None,replication_extended_status=None,replication_status=None,scheduled_at=None,service_uuid=None,shared_targets=True,size=1,snapshot_id=None,snapshots=,source_volid=None,status='creating',terminated_at=None,updated_at=None,use_quota=True,user_id='548e4d11069c409ebbee5283e40c400d',volume_attachment=VolumeAttachmentList,volume_type=VolumeType(cb356713-16b0-4336-8bbb-d8d2cd42e457),volume_type_id=cb356713-16b0-4336-8bbb-d8d2cd42e457)}' {{(pid=97042) _task_receiver /opt/stack/data/venv/lib/python3.12/site-packages/taskflow/listeners/logging.py:218}}
Aug 15 14:56:04.791471 np0000007358 devstack@c-api.service[97042]: DEBUG cinder.volume.api [None req-afacaaf5-d0f1-4548-b8a5-dfc5df027876 tempest-TaggedBootDevicesTest-1671309488 tempest-TaggedBootDevicesTest-1671309488-project-member] Task 'cinder.volume.flows.api.create_volume.QuotaCommitTask;volume:create' (e82d50b5-6a93-4279-850a-5d1282ec8630) transitioned into state 'RUNNING' from state 'PENDING' {{(pid=97042) _task_receiver /opt/stack/data/venv/lib/python3.12/site-packages/taskflow/listeners/logging.py:242}}
Aug 15 14:56:04.795602 np0000007358 devstack@c-api.service[97044]: DEBUG cinder.api.middleware.request_id [None req-e6e4d144-b18d-4213-bccf-5d9771159a67 None None] RequestId filter calling following filter/app {{(pid=97044) _context_setter /opt/stack/cinder/cinder/api/middleware/request_id.py:62}}
Aug 15 14:56:04.797162 np0000007358 devstack@c-api.service[97044]: INFO cinder.api.openstack.wsgi [None req-e6e4d144-b18d-4213-bccf-5d9771159a67 tempest-GroupSnapshotsTest-1403623774 tempest-GroupSnapshotsTest-1403623774-project-member] GET https://10.4.3.154/volume/v3/snapshots/e11df4ea-6650-4764-8101-a468630320f3
Aug 15 14:56:04.797337 np0000007358 devstack@c-api.service[97044]: DEBUG cinder.api.openstack.wsgi [None req-e6e4d144-b18d-4213-bccf-5d9771159a67 tempest-GroupSnapshotsTest-1403623774 tempest-GroupSnapshotsTest-1403623774-project-member] Empty body provided in request {{(pid=97044) get_body /opt/stack/cinder/cinder/api/openstack/wsgi.py:725}}
Aug 15 14:56:04.797531 np0000007358 devstack@c-api.service[97044]: DEBUG cinder.api.openstack.wsgi [None req-e6e4d144-b18d-4213-bccf-5d9771159a67 tempest-GroupSnapshotsTest-1403623774 tempest-GroupSnapshotsTest-1403623774-project-member] Calling method 'show' {{(pid=97044) _process_stack /opt/stack/cinder/cinder/api/openstack/wsgi.py:878}}
Aug 15 14:56:04.801838 np0000007358 devstack@c-api.service[97044]: INFO cinder.api.openstack.wsgi [None req-e6e4d144-b18d-4213-bccf-5d9771159a67 tempest-GroupSnapshotsTest-1403623774 tempest-GroupSnapshotsTest-1403623774-project-member] https://10.4.3.154/volume/v3/snapshots/e11df4ea-6650-4764-8101-a468630320f3 returned with HTTP 404
Aug 15 14:56:04.802425 np0000007358 devstack@c-api.service[97044]: [pid: 97044|app: 0|req: 65/199] 10.4.3.154 () {66 vars in 1354 bytes} [Sat Aug 15 14:56:04 2026] GET /volume/v3/snapshots/e11df4ea-6650-4764-8101-a468630320f3 => generated 111 bytes in 7 msecs (HTTP/1.1 404) 7 headers in 292 bytes (1 switches on core 0)
Aug 15 14:56:04.809425 np0000007358 devstack@c-api.service[97042]: DEBUG cinder.volume.api [None req-afacaaf5-d0f1-4548-b8a5-dfc5df027876 tempest-TaggedBootDevicesTest-1671309488 tempest-TaggedBootDevicesTest-1671309488-project-member] Task 'cinder.volume.flows.api.create_volume.QuotaCommitTask;volume:create' (e82d50b5-6a93-4279-850a-5d1282ec8630) transitioned into state 'SUCCESS' from state 'RUNNING' with result '{'volume_properties': VolumeProperties(attach_status='detached',availability_zone='nova',cgsnapshot_id=None,consistencygroup_id=None,display_description=None,display_name='tempest-TaggedBootDevicesTest-volume-419804374',encryption_key_id=None,group_id=None,group_type_id=,metadata={},multiattach=False,project_id='477183481b334ad2ace4387ebd8f1c55',qos_specs=None,replication_status=,reservations=['b85673c4-9b9d-40ba-bd9a-6eb556fdc715','7d31b614-e0b6-4f36-b64a-ed2431c9eabe','97ed99f3-d085-4a17-b3d0-9f37dbd5e4a8','4c045590-78a7-4fbc-96ee-ec11912b33f6'],size=1,snapshot_id=None,source_replicaid=,source_volid=None,status='creating',user_id='548e4d11069c409ebbee5283e40c400d',volume_type_id=cb356713-16b0-4336-8bbb-d8d2cd42e457)}' {{(pid=97042) _task_receiver /opt/stack/data/venv/lib/python3.12/site-packages/taskflow/listeners/logging.py:218}}
Aug 15 14:56:04.809616 np0000007358 devstack@c-api.service[97043]: DEBUG cinder.api.middleware.request_id [None req-d9620ef2-074a-4cf7-83fc-719156792698 None None] RequestId filter calling following filter/app {{(pid=97043) _context_setter /opt/stack/cinder/cinder/api/middleware/request_id.py:62}}
Aug 15 14:56:04.810457 np0000007358 devstack@c-api.service[97042]: DEBUG cinder.volume.api [None req-afacaaf5-d0f1-4548-b8a5-dfc5df027876 tempest-TaggedBootDevicesTest-1671309488 tempest-TaggedBootDevicesTest-1671309488-project-member] Task 'cinder.volume.flows.api.create_volume.VolumeCastTask;volume:create' (30d4c2a4-cbfb-4614-9de9-2bc5539c6954) transitioned into state 'RUNNING' from state 'PENDING' {{(pid=97042) _task_receiver /opt/stack/data/venv/lib/python3.12/site-packages/taskflow/listeners/logging.py:242}}
Aug 15 14:56:04.811472 np0000007358 devstack@c-api.service[97043]: INFO cinder.api.openstack.wsgi [None req-d9620ef2-074a-4cf7-83fc-719156792698 tempest-GroupSnapshotsTest-1403623774 tempest-GroupSnapshotsTest-1403623774-project-member] GET https://10.4.3.154/volume/v3/snapshots/47ddf5bd-177a-4966-9445-d0ce8c1fda09
Aug 15 14:56:04.811664 np0000007358 devstack@c-api.service[97043]: DEBUG cinder.api.openstack.wsgi [None req-d9620ef2-074a-4cf7-83fc-719156792698 tempest-GroupSnapshotsTest-1403623774 tempest-GroupSnapshotsTest-1403623774-project-member] Empty body provided in request {{(pid=97043) get_body /opt/stack/cinder/cinder/api/openstack/wsgi.py:725}}
Aug 15 14:56:04.811867 np0000007358 devstack@c-api.service[97043]: DEBUG cinder.api.openstack.wsgi [None req-d9620ef2-074a-4cf7-83fc-719156792698 tempest-GroupSnapshotsTest-1403623774 tempest-GroupSnapshotsTest-1403623774-project-member] Calling method 'show' {{(pid=97043) _process_stack /opt/stack/cinder/cinder/api/openstack/wsgi.py:878}}
Aug 15 14:56:04.817100 np0000007358 devstack@c-api.service[97043]: INFO cinder.api.openstack.wsgi [None req-d9620ef2-074a-4cf7-83fc-719156792698 tempest-GroupSnapshotsTest-1403623774 tempest-GroupSnapshotsTest-1403623774-project-member] https://10.4.3.154/volume/v3/snapshots/47ddf5bd-177a-4966-9445-d0ce8c1fda09 returned with HTTP 404
Aug 15 14:56:04.817574 np0000007358 devstack@c-api.service[97043]: [pid: 97043|app: 0|req: 69/200] 10.4.3.154 () {66 vars in 1354 bytes} [Sat Aug 15 14:56:04 2026] GET /volume/v3/snapshots/47ddf5bd-177a-4966-9445-d0ce8c1fda09 => generated 111 bytes in 8 msecs (HTTP/1.1 404) 7 headers in 292 bytes (1 switches on core 0)
Aug 15 14:56:04.823402 np0000007358 devstack@c-api.service[97042]: DEBUG cinder.volume.api [None req-afacaaf5-d0f1-4548-b8a5-dfc5df027876 tempest-TaggedBootDevicesTest-1671309488 tempest-TaggedBootDevicesTest-1671309488-project-member] Task 'cinder.volume.flows.api.create_volume.VolumeCastTask;volume:create' (30d4c2a4-cbfb-4614-9de9-2bc5539c6954) transitioned into state 'SUCCESS' from state 'RUNNING' with result 'None' {{(pid=97042) _task_receiver /opt/stack/data/venv/lib/python3.12/site-packages/taskflow/listeners/logging.py:218}}
Aug 15 14:56:04.824643 np0000007358 devstack@c-api.service[97042]: DEBUG cinder.volume.api [None req-afacaaf5-d0f1-4548-b8a5-dfc5df027876 tempest-TaggedBootDevicesTest-1671309488 tempest-TaggedBootDevicesTest-1671309488-project-member] Flow 'volume_create_api' (d865ecbd-f49c-4fc1-8033-afe23f0e1a25) transitioned into state 'SUCCESS' from state 'RUNNING' {{(pid=97042) _flow_receiver /opt/stack/data/venv/lib/python3.12/site-packages/taskflow/listeners/logging.py:160}}
Aug 15 14:56:04.825015 np0000007358 devstack@c-api.service[97042]: INFO cinder.volume.api [None req-afacaaf5-d0f1-4548-b8a5-dfc5df027876 tempest-TaggedBootDevicesTest-1671309488 tempest-TaggedBootDevicesTest-1671309488-project-member] Create volume request issued successfully.
Aug 15 14:56:04.825708 np0000007358 devstack@c-api.service[97044]: DEBUG cinder.api.middleware.request_id [None req-5b29bc0b-b49d-475e-8f78-2aff74eacdf7 None None] RequestId filter calling following filter/app {{(pid=97044) _context_setter /opt/stack/cinder/cinder/api/middleware/request_id.py:62}}
Aug 15 14:56:04.825787 np0000007358 devstack@c-api.service[97042]: INFO cinder.api.openstack.wsgi [None req-afacaaf5-d0f1-4548-b8a5-dfc5df027876 tempest-TaggedBootDevicesTest-1671309488 tempest-TaggedBootDevicesTest-1671309488-project-member] https://10.4.3.154/volume/v3/volumes returned with HTTP 202
Aug 15 14:56:04.826438 np0000007358 devstack@c-api.service[97042]: [pid: 97042|app: 0|req: 67/201] 10.4.3.154 () {68 vars in 1258 bytes} [Sat Aug 15 14:56:04 2026] POST /volume/v3/volumes => generated 751 bytes in 154 msecs (HTTP/1.1 202) 7 headers in 291 bytes (1 switches on core 0)
Aug 15 14:56:04.827476 np0000007358 devstack@c-api.service[97044]: INFO cinder.api.openstack.wsgi [None req-5b29bc0b-b49d-475e-8f78-2aff74eacdf7 tempest-GroupSnapshotsTest-1403623774 tempest-GroupSnapshotsTest-1403623774-project-member] GET https://10.4.3.154/volume/v3/group_snapshots/e72aee2d-9504-44d5-aace-350a11a620fd
Aug 15 14:56:04.827704 np0000007358 devstack@c-api.service[97044]: DEBUG cinder.api.openstack.wsgi [None req-5b29bc0b-b49d-475e-8f78-2aff74eacdf7 tempest-GroupSnapshotsTest-1403623774 tempest-GroupSnapshotsTest-1403623774-project-member] Empty body provided in request {{(pid=97044) get_body /opt/stack/cinder/cinder/api/openstack/wsgi.py:725}}
Aug 15 14:56:04.827909 np0000007358 devstack@c-api.service[97044]: DEBUG cinder.api.openstack.wsgi [None req-5b29bc0b-b49d-475e-8f78-2aff74eacdf7 tempest-GroupSnapshotsTest-1403623774 tempest-GroupSnapshotsTest-1403623774-project-member] Calling method 'version_select' {{(pid=97044) _process_stack /opt/stack/cinder/cinder/api/openstack/wsgi.py:878}}
Aug 15 14:56:04.828123 np0000007358 devstack@c-api.service[97044]: DEBUG cinder.api.v3.group_snapshots [None req-5b29bc0b-b49d-475e-8f78-2aff74eacdf7 tempest-GroupSnapshotsTest-1403623774 tempest-GroupSnapshotsTest-1403623774-project-member] show called for member e72aee2d-9504-44d5-aace-350a11a620fd {{(pid=97044) show /opt/stack/cinder/cinder/api/v3/group_snapshots.py:58}}
Aug 15 14:56:04.831305 np0000007358 devstack@c-api.service[97044]: INFO cinder.api.openstack.wsgi [None req-5b29bc0b-b49d-475e-8f78-2aff74eacdf7 tempest-GroupSnapshotsTest-1403623774 tempest-GroupSnapshotsTest-1403623774-project-member] https://10.4.3.154/volume/v3/group_snapshots/e72aee2d-9504-44d5-aace-350a11a620fd returned with HTTP 404
Aug 15 14:56:04.831809 np0000007358 devstack@c-api.service[97044]: [pid: 97044|app: 0|req: 66/202] 10.4.3.154 () {68 vars in 1413 bytes} [Sat Aug 15 14:56:04 2026] GET /volume/v3/group_snapshots/e72aee2d-9504-44d5-aace-350a11a620fd => generated 116 bytes in 6 msecs (HTTP/1.1 404) 7 headers in 293 bytes (1 switches on core 0)
Aug 15 14:56:04.838409 np0000007358 devstack@c-api.service[97043]: DEBUG cinder.api.middleware.request_id [None req-875af335-474f-47ed-a3bf-de52a78ddaaf None None] RequestId filter calling following filter/app {{(pid=97043) _context_setter /opt/stack/cinder/cinder/api/middleware/request_id.py:62}}
Aug 15 14:56:04.839791 np0000007358 devstack@c-api.service[97042]: DEBUG cinder.api.middleware.request_id [None req-c9a72463-3a75-440d-b5e8-148aacd576d0 None None] RequestId filter calling following filter/app {{(pid=97042) _context_setter /opt/stack/cinder/cinder/api/middleware/request_id.py:62}}
Aug 15 14:56:04.840231 np0000007358 devstack@c-api.service[97043]: INFO cinder.api.openstack.wsgi [None req-875af335-474f-47ed-a3bf-de52a78ddaaf tempest-TaggedBootDevicesTest-1671309488 tempest-TaggedBootDevicesTest-1671309488-project-member] GET https://10.4.3.154/volume/v3/volumes/84a72f48-df5b-415c-b46a-cff9a3e4758f
Aug 15 14:56:04.840400 np0000007358 devstack@c-api.service[97043]: DEBUG cinder.api.openstack.wsgi [None req-875af335-474f-47ed-a3bf-de52a78ddaaf tempest-TaggedBootDevicesTest-1671309488 tempest-TaggedBootDevicesTest-1671309488-project-member] Empty body provided in request {{(pid=97043) get_body /opt/stack/cinder/cinder/api/openstack/wsgi.py:725}}
Aug 15 14:56:04.840577 np0000007358 devstack@c-api.service[97043]: DEBUG cinder.api.openstack.wsgi [None req-875af335-474f-47ed-a3bf-de52a78ddaaf tempest-TaggedBootDevicesTest-1671309488 tempest-TaggedBootDevicesTest-1671309488-project-member] Calling method 'show' {{(pid=97043) _process_stack /opt/stack/cinder/cinder/api/openstack/wsgi.py:878}}
Aug 15 14:56:04.841504 np0000007358 devstack@c-api.service[97042]: INFO cinder.api.openstack.wsgi [None req-c9a72463-3a75-440d-b5e8-148aacd576d0 tempest-GroupSnapshotsTest-1403623774 tempest-GroupSnapshotsTest-1403623774-project-member] DELETE https://10.4.3.154/volume/v3/group_snapshots/e72aee2d-9504-44d5-aace-350a11a620fd
Aug 15 14:56:04.841711 np0000007358 devstack@c-api.service[97042]: DEBUG cinder.api.openstack.wsgi [None req-c9a72463-3a75-440d-b5e8-148aacd576d0 tempest-GroupSnapshotsTest-1403623774 tempest-GroupSnapshotsTest-1403623774-project-member] Empty body provided in request {{(pid=97042) get_body /opt/stack/cinder/cinder/api/openstack/wsgi.py:725}}
Aug 15 14:56:04.841887 np0000007358 devstack@c-api.service[97042]: DEBUG cinder.api.openstack.wsgi [None req-c9a72463-3a75-440d-b5e8-148aacd576d0 tempest-GroupSnapshotsTest-1403623774 tempest-GroupSnapshotsTest-1403623774-project-member] Calling method 'version_select' {{(pid=97042) _process_stack /opt/stack/cinder/cinder/api/openstack/wsgi.py:878}}
Aug 15 14:56:04.842007 np0000007358 devstack@c-api.service[97042]: DEBUG cinder.api.v3.group_snapshots [None req-c9a72463-3a75-440d-b5e8-148aacd576d0 tempest-GroupSnapshotsTest-1403623774 tempest-GroupSnapshotsTest-1403623774-project-member] delete called for member e72aee2d-9504-44d5-aace-350a11a620fd {{(pid=97042) delete /opt/stack/cinder/cinder/api/v3/group_snapshots.py:72}}
Aug 15 14:56:04.842130 np0000007358 devstack@c-api.service[97042]: INFO cinder.api.v3.group_snapshots [None req-c9a72463-3a75-440d-b5e8-148aacd576d0 tempest-GroupSnapshotsTest-1403623774 tempest-GroupSnapshotsTest-1403623774-project-member] Delete group_snapshot with id: e72aee2d-9504-44d5-aace-350a11a620fd
Aug 15 14:56:04.845216 np0000007358 devstack@c-api.service[97042]: INFO cinder.api.openstack.wsgi [None req-c9a72463-3a75-440d-b5e8-148aacd576d0 tempest-GroupSnapshotsTest-1403623774 tempest-GroupSnapshotsTest-1403623774-project-member] https://10.4.3.154/volume/v3/group_snapshots/e72aee2d-9504-44d5-aace-350a11a620fd returned with HTTP 404
Aug 15 14:56:04.845820 np0000007358 devstack@c-api.service[97042]: [pid: 97042|app: 0|req: 68/203] 10.4.3.154 () {68 vars in 1416 bytes} [Sat Aug 15 14:56:04 2026] DELETE /volume/v3/group_snapshots/e72aee2d-9504-44d5-aace-350a11a620fd => generated 116 bytes in 6 msecs (HTTP/1.1 404) 7 headers in 293 bytes (1 switches on core 0)
Aug 15 14:56:04.847616 np0000007358 devstack@c-api.service[97043]: /opt/stack/data/venv/lib/python3.12/site-packages/oslo_context/context.py:102: DeprecationWarning: Policy enforcement is depending on the value of is_admin. This key is deprecated. Please update your policy file to use the standard policy values.
Aug 15 14:56:04.847616 np0000007358 devstack@c-api.service[97043]: warnings.warn(
Aug 15 14:56:04.852521 np0000007358 devstack@c-api.service[97043]: INFO cinder.volume.api [None req-875af335-474f-47ed-a3bf-de52a78ddaaf tempest-TaggedBootDevicesTest-1671309488 tempest-TaggedBootDevicesTest-1671309488-project-member] Volume info retrieved successfully.
Aug 15 14:56:04.853262 np0000007358 devstack@c-api.service[97044]: DEBUG cinder.api.middleware.request_id [None req-fb535fd1-1d83-4f94-89b4-281fe54714c9 None None] RequestId filter calling following filter/app {{(pid=97044) _context_setter /opt/stack/cinder/cinder/api/middleware/request_id.py:62}}
Aug 15 14:56:04.855456 np0000007358 devstack@c-api.service[97044]: INFO cinder.api.openstack.wsgi [None req-fb535fd1-1d83-4f94-89b4-281fe54714c9 tempest-GroupSnapshotsTest-1403623774 tempest-GroupSnapshotsTest-1403623774-project-member] GET https://10.4.3.154/volume/v3/volumes/detail
Aug 15 14:56:04.855654 np0000007358 devstack@c-api.service[97044]: DEBUG cinder.api.openstack.wsgi [None req-fb535fd1-1d83-4f94-89b4-281fe54714c9 tempest-GroupSnapshotsTest-1403623774 tempest-GroupSnapshotsTest-1403623774-project-member] Empty body provided in request {{(pid=97044) get_body /opt/stack/cinder/cinder/api/openstack/wsgi.py:725}}
Aug 15 14:56:04.855855 np0000007358 devstack@c-api.service[97044]: DEBUG cinder.api.openstack.wsgi [None req-fb535fd1-1d83-4f94-89b4-281fe54714c9 tempest-GroupSnapshotsTest-1403623774 tempest-GroupSnapshotsTest-1403623774-project-member] Calling method 'detail' {{(pid=97044) _process_stack /opt/stack/cinder/cinder/api/openstack/wsgi.py:878}}
Aug 15 14:56:04.856289 np0000007358 devstack@c-api.service[97044]: DEBUG cinder.api.api_utils [None req-fb535fd1-1d83-4f94-89b4-281fe54714c9 tempest-GroupSnapshotsTest-1403623774 tempest-GroupSnapshotsTest-1403623774-project-member] Removing options '' from query. {{(pid=97044) remove_invalid_filter_options /opt/stack/cinder/cinder/api/api_utils.py:82}}
Aug 15 14:56:04.856908 np0000007358 devstack@c-api.service[97043]: INFO cinder.api.openstack.wsgi [None req-875af335-474f-47ed-a3bf-de52a78ddaaf tempest-TaggedBootDevicesTest-1671309488 tempest-TaggedBootDevicesTest-1671309488-project-member] https://10.4.3.154/volume/v3/volumes/84a72f48-df5b-415c-b46a-cff9a3e4758f returned with HTTP 200
Aug 15 14:56:04.857017 np0000007358 devstack@c-api.service[97044]: DEBUG cinder.volume.api [None req-fb535fd1-1d83-4f94-89b4-281fe54714c9 tempest-GroupSnapshotsTest-1403623774 tempest-GroupSnapshotsTest-1403623774-project-member] Searching by: MultiDict([('no_migration_targets', True)]). {{(pid=97044) get_all /opt/stack/cinder/cinder/volume/api.py:664}}
Aug 15 14:56:04.857330 np0000007358 devstack@c-api.service[97043]: [pid: 97043|app: 0|req: 70/204] 10.4.3.154 () {66 vars in 1348 bytes} [Sat Aug 15 14:56:04 2026] GET /volume/v3/volumes/84a72f48-df5b-415c-b46a-cff9a3e4758f => generated 819 bytes in 19 msecs (HTTP/1.1 200) 7 headers in 285 bytes (1 switches on core 0)
Aug 15 14:56:04.866509 np0000007358 devstack@c-api.service[97044]: INFO cinder.volume.api [None req-fb535fd1-1d83-4f94-89b4-281fe54714c9 tempest-GroupSnapshotsTest-1403623774 tempest-GroupSnapshotsTest-1403623774-project-member] Get all volumes completed successfully.
Aug 15 14:56:04.867192 np0000007358 devstack@c-api.service[97044]: WARNING stevedore.named [None req-fb535fd1-1d83-4f94-89b4-281fe54714c9 tempest-GroupSnapshotsTest-1403623774 tempest-GroupSnapshotsTest-1403623774-project-member] Could not load cinder.keymgr.conf_key_mgr.ConfKeyManager
Aug 15 14:56:04.867339 np0000007358 devstack@c-api.service[97044]: WARNING castellan.key_manager [None req-fb535fd1-1d83-4f94-89b4-281fe54714c9 tempest-GroupSnapshotsTest-1403623774 tempest-GroupSnapshotsTest-1403623774-project-member] Deprecation Warning : cinder.keymgr.conf_key_mgr.ConfKeyManager is not a stevedore based driver, trying to load it as a class: stevedore.exception.NoMatches: No 'castellan.drivers' driver found, looking for 'cinder.keymgr.conf_key_mgr.ConfKeyManager'
Aug 15 14:56:04.899249 np0000007358 devstack@c-api.service[97044]: DEBUG oslo_db.sqlalchemy.engines [None req-fb535fd1-1d83-4f94-89b4-281fe54714c9 tempest-GroupSnapshotsTest-1403623774 tempest-GroupSnapshotsTest-1403623774-project-member] MySQL server mode set to STRICT_TRANS_TABLES,STRICT_ALL_TABLES,NO_ZERO_IN_DATE,NO_ZERO_DATE,ERROR_FOR_DIVISION_BY_ZERO,TRADITIONAL,NO_ENGINE_SUBSTITUTION {{(pid=97044) _check_effective_sql_mode /opt/stack/data/venv/lib/python3.12/site-packages/oslo_db/sqlalchemy/engines.py:325}}
Aug 15 14:56:04.906098 np0000007358 devstack@c-api.service[97044]: /opt/stack/data/venv/lib/python3.12/site-packages/oslo_context/context.py:102: DeprecationWarning: Policy enforcement is depending on the value of is_admin. This key is deprecated. Please update your policy file to use the standard policy values.
Aug 15 14:56:04.906098 np0000007358 devstack@c-api.service[97044]: warnings.warn(
Aug 15 14:56:04.910432 np0000007358 devstack@c-api.service[97044]: WARNING stevedore.named [None req-fb535fd1-1d83-4f94-89b4-281fe54714c9 tempest-GroupSnapshotsTest-1403623774 tempest-GroupSnapshotsTest-1403623774-project-member] Could not load cinder.keymgr.conf_key_mgr.ConfKeyManager
Aug 15 14:56:04.910547 np0000007358 devstack@c-api.service[97044]: WARNING castellan.key_manager [None req-fb535fd1-1d83-4f94-89b4-281fe54714c9 tempest-GroupSnapshotsTest-1403623774 tempest-GroupSnapshotsTest-1403623774-project-member] Deprecation Warning : cinder.keymgr.conf_key_mgr.ConfKeyManager is not a stevedore based driver, trying to load it as a class: stevedore.exception.NoMatches: No 'castellan.drivers' driver found, looking for 'cinder.keymgr.conf_key_mgr.ConfKeyManager'
Aug 15 14:56:04.944607 np0000007358 devstack@c-api.service[97044]: DEBUG oslo_db.sqlalchemy.engines [None req-fb535fd1-1d83-4f94-89b4-281fe54714c9 tempest-GroupSnapshotsTest-1403623774 tempest-GroupSnapshotsTest-1403623774-project-member] MySQL server mode set to STRICT_TRANS_TABLES,STRICT_ALL_TABLES,NO_ZERO_IN_DATE,NO_ZERO_DATE,ERROR_FOR_DIVISION_BY_ZERO,TRADITIONAL,NO_ENGINE_SUBSTITUTION {{(pid=97044) _check_effective_sql_mode /opt/stack/data/venv/lib/python3.12/site-packages/oslo_db/sqlalchemy/engines.py:325}}
Aug 15 14:56:04.947805 np0000007358 devstack@c-api.service[97044]: /opt/stack/data/venv/lib/python3.12/site-packages/oslo_context/context.py:102: DeprecationWarning: Policy enforcement is depending on the value of is_admin. This key is deprecated. Please update your policy file to use the standard policy values.
Aug 15 14:56:04.947805 np0000007358 devstack@c-api.service[97044]: warnings.warn(
Aug 15 14:56:04.958099 np0000007358 devstack@c-api.service[97044]: INFO cinder.api.openstack.wsgi [None req-fb535fd1-1d83-4f94-89b4-281fe54714c9 tempest-GroupSnapshotsTest-1403623774 tempest-GroupSnapshotsTest-1403623774-project-member] https://10.4.3.154/volume/v3/volumes/detail returned with HTTP 200
Aug 15 14:56:04.958459 np0000007358 devstack@c-api.service[97044]: [pid: 97044|app: 0|req: 67/205] 10.4.3.154 () {68 vars in 1299 bytes} [Sat Aug 15 14:56:04 2026] GET /volume/v3/volumes/detail => generated 1823 bytes in 106 msecs (HTTP/1.1 200) 7 headers in 287 bytes (1 switches on core 0)
Aug 15 14:56:04.975298 np0000007358 devstack@c-api.service[97042]: DEBUG cinder.api.middleware.request_id [None req-89189aaf-3d54-44aa-b9ae-a0cdd7a70022 None None] RequestId filter calling following filter/app {{(pid=97042) _context_setter /opt/stack/cinder/cinder/api/middleware/request_id.py:62}}
Aug 15 14:56:04.977615 np0000007358 devstack@c-api.service[97042]: INFO cinder.api.openstack.wsgi [None req-89189aaf-3d54-44aa-b9ae-a0cdd7a70022 tempest-GroupSnapshotsTest-1403623774 tempest-GroupSnapshotsTest-1403623774-project-member] POST https://10.4.3.154/volume/v3/groups/a8d59990-ed71-424a-935e-b8d90cbd247b/action
Aug 15 14:56:04.978029 np0000007358 devstack@c-api.service[97042]: DEBUG cinder.api.openstack.wsgi [None req-89189aaf-3d54-44aa-b9ae-a0cdd7a70022 tempest-GroupSnapshotsTest-1403623774 tempest-GroupSnapshotsTest-1403623774-project-member] Action body: b'{"delete": {"delete-volumes": true}}' {{(pid=97042) get_method /opt/stack/cinder/cinder/api/openstack/wsgi.py:993}}
Aug 15 14:56:04.978211 np0000007358 devstack@c-api.service[97042]: DEBUG cinder.api.openstack.wsgi [None req-89189aaf-3d54-44aa-b9ae-a0cdd7a70022 tempest-GroupSnapshotsTest-1403623774 tempest-GroupSnapshotsTest-1403623774-project-member] Action: 'action', calling method: delete_group, body: {"delete": {"delete-volumes": true}} {{(pid=97042) _process_stack /opt/stack/cinder/cinder/api/openstack/wsgi.py:876}}
Aug 15 14:56:04.979931 np0000007358 devstack@c-api.service[97042]: DEBUG cinder.api.v3.groups [None req-89189aaf-3d54-44aa-b9ae-a0cdd7a70022 tempest-GroupSnapshotsTest-1403623774 tempest-GroupSnapshotsTest-1403623774-project-member] delete called for group a8d59990-ed71-424a-935e-b8d90cbd247b {{(pid=97042) _delete /opt/stack/cinder/cinder/api/v3/groups.py:117}}
Aug 15 14:56:04.980084 np0000007358 devstack@c-api.service[97042]: INFO cinder.api.v3.groups [None req-89189aaf-3d54-44aa-b9ae-a0cdd7a70022 tempest-GroupSnapshotsTest-1403623774 tempest-GroupSnapshotsTest-1403623774-project-member] Delete group with id: a8d59990-ed71-424a-935e-b8d90cbd247b
Aug 15 14:56:04.984624 np0000007358 devstack@c-api.service[97042]: /opt/stack/data/venv/lib/python3.12/site-packages/oslo_context/context.py:102: DeprecationWarning: Policy enforcement is depending on the value of is_admin. This key is deprecated. Please update your policy file to use the standard policy values.
Aug 15 14:56:04.984624 np0000007358 devstack@c-api.service[97042]: warnings.warn(
Aug 15 14:56:05.038853 np0000007358 devstack@c-api.service[97043]: DEBUG cinder.api.middleware.request_id [req-79d80a67-65a1-43fd-b8be-a55ca70fcb84 req-ad1c0f96-a244-4087-8299-f4d0374cb9cb None None] RequestId filter calling following filter/app {{(pid=97043) _context_setter /opt/stack/cinder/cinder/api/middleware/request_id.py:62}}
Aug 15 14:56:05.041085 np0000007358 devstack@c-api.service[97043]: INFO cinder.api.openstack.wsgi [req-79d80a67-65a1-43fd-b8be-a55ca70fcb84 req-ad1c0f96-a244-4087-8299-f4d0374cb9cb tempest-ServerActionsTestOtherB-1544262689 tempest-ServerActionsTestOtherB-1544262689-project-member] GET https://10.4.3.154/volume/v3/volumes/4b42f0b2-eb5e-4ac3-a541-8f41e82fcd91
Aug 15 14:56:05.041316 np0000007358 devstack@c-api.service[97043]: DEBUG cinder.api.openstack.wsgi [req-79d80a67-65a1-43fd-b8be-a55ca70fcb84 req-ad1c0f96-a244-4087-8299-f4d0374cb9cb tempest-ServerActionsTestOtherB-1544262689 tempest-ServerActionsTestOtherB-1544262689-project-member] Empty body provided in request {{(pid=97043) get_body /opt/stack/cinder/cinder/api/openstack/wsgi.py:725}}
Aug 15 14:56:05.041510 np0000007358 devstack@c-api.service[97043]: DEBUG cinder.api.openstack.wsgi [req-79d80a67-65a1-43fd-b8be-a55ca70fcb84 req-ad1c0f96-a244-4087-8299-f4d0374cb9cb tempest-ServerActionsTestOtherB-1544262689 tempest-ServerActionsTestOtherB-1544262689-project-member] Calling method 'show' {{(pid=97043) _process_stack /opt/stack/cinder/cinder/api/openstack/wsgi.py:878}}
Aug 15 14:56:05.048647 np0000007358 devstack@c-api.service[97042]: INFO cinder.api.openstack.wsgi [None req-89189aaf-3d54-44aa-b9ae-a0cdd7a70022 tempest-GroupSnapshotsTest-1403623774 tempest-GroupSnapshotsTest-1403623774-project-member] https://10.4.3.154/volume/v3/groups/a8d59990-ed71-424a-935e-b8d90cbd247b/action returned with HTTP 202
Aug 15 14:56:05.049282 np0000007358 devstack@c-api.service[97042]: [pid: 97042|app: 0|req: 69/206] 10.4.3.154 () {70 vars in 1428 bytes} [Sat Aug 15 14:56:04 2026] POST /volume/v3/groups/a8d59990-ed71-424a-935e-b8d90cbd247b/action => generated 0 bytes in 75 msecs (HTTP/1.1 202) 6 headers in 234 bytes (1 switches on core 0)
Aug 15 14:56:05.049598 np0000007358 devstack@c-api.service[97043]: /opt/stack/data/venv/lib/python3.12/site-packages/oslo_context/context.py:102: DeprecationWarning: Policy enforcement is depending on the value of is_admin. This key is deprecated. Please update your policy file to use the standard policy values.
Aug 15 14:56:05.049598 np0000007358 devstack@c-api.service[97043]: warnings.warn(
Aug 15 14:56:05.057378 np0000007358 devstack@c-api.service[97044]: DEBUG cinder.api.middleware.request_id [None req-92ef4dfc-2d7e-4f62-8e9d-0faa365e3215 None None] RequestId filter calling following filter/app {{(pid=97044) _context_setter /opt/stack/cinder/cinder/api/middleware/request_id.py:62}}
Aug 15 14:56:05.057854 np0000007358 devstack@c-api.service[97043]: INFO cinder.volume.api [req-79d80a67-65a1-43fd-b8be-a55ca70fcb84 req-ad1c0f96-a244-4087-8299-f4d0374cb9cb tempest-ServerActionsTestOtherB-1544262689 tempest-ServerActionsTestOtherB-1544262689-project-member] Volume info retrieved successfully.
Aug 15 14:56:05.059848 np0000007358 devstack@c-api.service[97044]: INFO cinder.api.openstack.wsgi [None req-92ef4dfc-2d7e-4f62-8e9d-0faa365e3215 tempest-GroupSnapshotsTest-1403623774 tempest-GroupSnapshotsTest-1403623774-project-member] GET https://10.4.3.154/volume/v3/volumes/ecad0dd2-8cf1-4205-b11a-982680a4f36b
Aug 15 14:56:05.060157 np0000007358 devstack@c-api.service[97044]: DEBUG cinder.api.openstack.wsgi [None req-92ef4dfc-2d7e-4f62-8e9d-0faa365e3215 tempest-GroupSnapshotsTest-1403623774 tempest-GroupSnapshotsTest-1403623774-project-member] Empty body provided in request {{(pid=97044) get_body /opt/stack/cinder/cinder/api/openstack/wsgi.py:725}}
Aug 15 14:56:05.060455 np0000007358 devstack@c-api.service[97044]: DEBUG cinder.api.openstack.wsgi [None req-92ef4dfc-2d7e-4f62-8e9d-0faa365e3215 tempest-GroupSnapshotsTest-1403623774 tempest-GroupSnapshotsTest-1403623774-project-member] Calling method 'show' {{(pid=97044) _process_stack /opt/stack/cinder/cinder/api/openstack/wsgi.py:878}}
Aug 15 14:56:05.065582 np0000007358 devstack@c-api.service[97043]: INFO cinder.api.openstack.wsgi [req-79d80a67-65a1-43fd-b8be-a55ca70fcb84 req-ad1c0f96-a244-4087-8299-f4d0374cb9cb tempest-ServerActionsTestOtherB-1544262689 tempest-ServerActionsTestOtherB-1544262689-project-member] https://10.4.3.154/volume/v3/volumes/4b42f0b2-eb5e-4ac3-a541-8f41e82fcd91 returned with HTTP 200
Aug 15 14:56:05.066749 np0000007358 devstack@c-api.service[97043]: [pid: 97043|app: 0|req: 71/207] 10.4.3.154 () {68 vars in 1598 bytes} [Sat Aug 15 14:56:05 2026] GET /volume/v3/volumes/4b42f0b2-eb5e-4ac3-a541-8f41e82fcd91 => generated 847 bytes in 28 msecs (HTTP/1.1 200) 7 headers in 285 bytes (1 switches on core 0)
Aug 15 14:56:05.069976 np0000007358 devstack@c-api.service[97044]: /opt/stack/data/venv/lib/python3.12/site-packages/oslo_context/context.py:102: DeprecationWarning: Policy enforcement is depending on the value of is_admin. This key is deprecated. Please update your policy file to use the standard policy values.
Aug 15 14:56:05.069976 np0000007358 devstack@c-api.service[97044]: warnings.warn(
Aug 15 14:56:05.076056 np0000007358 devstack@c-api.service[97044]: INFO cinder.volume.api [None req-92ef4dfc-2d7e-4f62-8e9d-0faa365e3215 tempest-GroupSnapshotsTest-1403623774 tempest-GroupSnapshotsTest-1403623774-project-member] Volume info retrieved successfully.
Aug 15 14:56:05.076980 np0000007358 devstack@c-api.service[97044]: WARNING stevedore.named [None req-92ef4dfc-2d7e-4f62-8e9d-0faa365e3215 tempest-GroupSnapshotsTest-1403623774 tempest-GroupSnapshotsTest-1403623774-project-member] Could not load cinder.keymgr.conf_key_mgr.ConfKeyManager
Aug 15 14:56:05.077244 np0000007358 devstack@c-api.service[97044]: WARNING castellan.key_manager [None req-92ef4dfc-2d7e-4f62-8e9d-0faa365e3215 tempest-GroupSnapshotsTest-1403623774 tempest-GroupSnapshotsTest-1403623774-project-member] Deprecation Warning : cinder.keymgr.conf_key_mgr.ConfKeyManager is not a stevedore based driver, trying to load it as a class: stevedore.exception.NoMatches: No 'castellan.drivers' driver found, looking for 'cinder.keymgr.conf_key_mgr.ConfKeyManager'
Aug 15 14:56:05.126305 np0000007358 devstack@c-api.service[97044]: DEBUG oslo_db.sqlalchemy.engines [None req-92ef4dfc-2d7e-4f62-8e9d-0faa365e3215 tempest-GroupSnapshotsTest-1403623774 tempest-GroupSnapshotsTest-1403623774-project-member] MySQL server mode set to STRICT_TRANS_TABLES,STRICT_ALL_TABLES,NO_ZERO_IN_DATE,NO_ZERO_DATE,ERROR_FOR_DIVISION_BY_ZERO,TRADITIONAL,NO_ENGINE_SUBSTITUTION {{(pid=97044) _check_effective_sql_mode /opt/stack/data/venv/lib/python3.12/site-packages/oslo_db/sqlalchemy/engines.py:325}}
Aug 15 14:56:05.130952 np0000007358 devstack@c-api.service[97044]: /opt/stack/data/venv/lib/python3.12/site-packages/oslo_context/context.py:102: DeprecationWarning: Policy enforcement is depending on the value of is_admin. This key is deprecated. Please update your policy file to use the standard policy values.
Aug 15 14:56:05.130952 np0000007358 devstack@c-api.service[97044]: warnings.warn(
Aug 15 14:56:05.139484 np0000007358 devstack@c-api.service[97044]: INFO cinder.api.openstack.wsgi [None req-92ef4dfc-2d7e-4f62-8e9d-0faa365e3215 tempest-GroupSnapshotsTest-1403623774 tempest-GroupSnapshotsTest-1403623774-project-member] https://10.4.3.154/volume/v3/volumes/ecad0dd2-8cf1-4205-b11a-982680a4f36b returned with HTTP 200
Aug 15 14:56:05.139845 np0000007358 devstack@c-api.service[97044]: [pid: 97044|app: 0|req: 68/208] 10.4.3.154 () {68 vars in 1389 bytes} [Sat Aug 15 14:56:05 2026] GET /volume/v3/volumes/ecad0dd2-8cf1-4205-b11a-982680a4f36b => generated 914 bytes in 83 msecs (HTTP/1.1 200) 7 headers in 286 bytes (1 switches on core 0)
Aug 15 14:56:05.408195 np0000007358 devstack@c-api.service[97042]: DEBUG cinder.api.middleware.request_id [None req-a4e8d01e-a4e8-4b2d-a671-b6eeeed8cb56 None None] RequestId filter calling following filter/app {{(pid=97042) _context_setter /opt/stack/cinder/cinder/api/middleware/request_id.py:62}}
Aug 15 14:56:05.408576 np0000007358 devstack@c-api.service[97042]: INFO cinder.api.openstack.wsgi [None req-a4e8d01e-a4e8-4b2d-a671-b6eeeed8cb56 None None] GET https://10.4.3.154/volume//
Aug 15 14:56:05.408767 np0000007358 devstack@c-api.service[97042]: DEBUG cinder.api.openstack.wsgi [None req-a4e8d01e-a4e8-4b2d-a671-b6eeeed8cb56 None None] Empty body provided in request {{(pid=97042) get_body /opt/stack/cinder/cinder/api/openstack/wsgi.py:725}}
