Aug 15 14:58:56.366571 np0000007358 devstack@g-api.service[99786]: DEBUG glance.api.middleware.version_negotiation [None req-16f66e25-440b-4b10-90a5-1d59ab413bf0 tempest-ServerStableDeviceRescueTest-2144132183 tempest-ServerStableDeviceRescueTest-2144132183-project-member] Matched version: v2 {{(pid=99786) process_request /opt/stack/glance/glance/api/middleware/version_negotiation.py:69}}
Aug 15 14:58:56.367181 np0000007358 devstack@g-api.service[99786]: DEBUG glance.api.middleware.version_negotiation [None req-16f66e25-440b-4b10-90a5-1d59ab413bf0 tempest-ServerStableDeviceRescueTest-2144132183 tempest-ServerStableDeviceRescueTest-2144132183-project-member] new path /v2/images/b35ce8dc-2466-4113-adaa-5383bb4b0570 {{(pid=99786) process_request /opt/stack/glance/glance/api/middleware/version_negotiation.py:70}}
Aug 15 14:58:56.387039 np0000007358 devstack@g-api.service[99786]: [pid: 99786|app: 0|req: 105/328] 127.0.0.1 () {44 vars in 1115 bytes} [Sat Aug 15 14:58:56 2026] GET /v2/images/b35ce8dc-2466-4113-adaa-5383bb4b0570 => generated 1336 bytes in 25 msecs (HTTP/1.1 200) 4 headers in 158 bytes (1 switches on core 0)
Aug 15 14:58:56.433434 np0000007358 devstack@g-api.service[99785]: DEBUG glance.api.middleware.version_negotiation [None req-35821344-45c2-4a0a-873d-49ef9052207d tempest-ServerStableDeviceRescueTest-2144132183 tempest-ServerStableDeviceRescueTest-2144132183-project-member] Determining version of request: GET /v2/schemas/image Accept: */* {{(pid=99785) process_request /opt/stack/glance/glance/api/middleware/version_negotiation.py:44}}
Aug 15 14:58:56.433711 np0000007358 devstack@g-api.service[99785]: DEBUG glance.api.middleware.version_negotiation [None req-35821344-45c2-4a0a-873d-49ef9052207d tempest-ServerStableDeviceRescueTest-2144132183 tempest-ServerStableDeviceRescueTest-2144132183-project-member] Using url versioning {{(pid=99785) process_request /opt/stack/glance/glance/api/middleware/version_negotiation.py:57}}
Aug 15 14:58:56.434330 np0000007358 devstack@g-api.service[99785]: DEBUG glance.api.middleware.version_negotiation [None req-35821344-45c2-4a0a-873d-49ef9052207d tempest-ServerStableDeviceRescueTest-2144132183 tempest-ServerStableDeviceRescueTest-2144132183-project-member] Matched version: v2 {{(pid=99785) process_request /opt/stack/glance/glance/api/middleware/version_negotiation.py:69}}
Aug 15 14:58:56.434457 np0000007358 devstack@g-api.service[99785]: DEBUG glance.api.middleware.version_negotiation [None req-35821344-45c2-4a0a-873d-49ef9052207d tempest-ServerStableDeviceRescueTest-2144132183 tempest-ServerStableDeviceRescueTest-2144132183-project-member] new path /v2/schemas/image {{(pid=99785) process_request /opt/stack/glance/glance/api/middleware/version_negotiation.py:70}}
Aug 15 14:58:56.437750 np0000007358 devstack@g-api.service[99785]: [pid: 99785|app: 0|req: 112/329] 127.0.0.1 () {44 vars in 1055 bytes} [Sat Aug 15 14:58:56 2026] GET /v2/schemas/image => generated 6083 bytes in 4 msecs (HTTP/1.1 200) 4 headers in 158 bytes (1 switches on core 0)
Aug 15 14:58:56.479814 np0000007358 devstack@g-api.service[99787]: DEBUG glance.api.middleware.version_negotiation [None req-35821344-45c2-4a0a-873d-49ef9052207d tempest-ServerStableDeviceRescueTest-2144132183 tempest-ServerStableDeviceRescueTest-2144132183-project-member] Determining version of request: GET /v2/schemas/image Accept: */* {{(pid=99787) process_request /opt/stack/glance/glance/api/middleware/version_negotiation.py:44}}
Aug 15 14:58:56.480035 np0000007358 devstack@g-api.service[99787]: DEBUG glance.api.middleware.version_negotiation [None req-35821344-45c2-4a0a-873d-49ef9052207d tempest-ServerStableDeviceRescueTest-2144132183 tempest-ServerStableDeviceRescueTest-2144132183-project-member] Using url versioning {{(pid=99787) process_request /opt/stack/glance/glance/api/middleware/version_negotiation.py:57}}
Aug 15 14:58:56.480269 np0000007358 devstack@g-api.service[99787]: DEBUG glance.api.middleware.version_negotiation [None req-35821344-45c2-4a0a-873d-49ef9052207d tempest-ServerStableDeviceRescueTest-2144132183 tempest-ServerStableDeviceRescueTest-2144132183-project-member] Matched version: v2 {{(pid=99787) process_request /opt/stack/glance/glance/api/middleware/version_negotiation.py:69}}
Aug 15 14:58:56.480631 np0000007358 devstack@g-api.service[99787]: DEBUG glance.api.middleware.version_negotiation [None req-35821344-45c2-4a0a-873d-49ef9052207d tempest-ServerStableDeviceRescueTest-2144132183 tempest-ServerStableDeviceRescueTest-2144132183-project-member] new path /v2/schemas/image {{(pid=99787) process_request /opt/stack/glance/glance/api/middleware/version_negotiation.py:70}}
Aug 15 14:58:56.483777 np0000007358 devstack@g-api.service[99787]: [pid: 99787|app: 0|req: 113/330] 127.0.0.1 () {44 vars in 1055 bytes} [Sat Aug 15 14:58:56 2026] GET /v2/schemas/image => generated 6083 bytes in 4 msecs (HTTP/1.1 200) 4 headers in 158 bytes (1 switches on core 0)
Aug 15 14:58:56.546098 np0000007358 devstack@g-api.service[99786]: DEBUG glance.api.middleware.version_negotiation [None req-16f66e25-440b-4b10-90a5-1d59ab413bf0 tempest-ServerStableDeviceRescueTest-2144132183 tempest-ServerStableDeviceRescueTest-2144132183-project-member] Determining version of request: PATCH /v2/images/b35ce8dc-2466-4113-adaa-5383bb4b0570 Accept: */* {{(pid=99786) process_request /opt/stack/glance/glance/api/middleware/version_negotiation.py:44}}
Aug 15 14:58:56.546098 np0000007358 devstack@g-api.service[99786]: DEBUG glance.api.middleware.version_negotiation [None req-16f66e25-440b-4b10-90a5-1d59ab413bf0 tempest-ServerStableDeviceRescueTest-2144132183 tempest-ServerStableDeviceRescueTest-2144132183-project-member] Using url versioning {{(pid=99786) process_request /opt/stack/glance/glance/api/middleware/version_negotiation.py:57}}
Aug 15 14:58:56.546098 np0000007358 devstack@g-api.service[99786]: DEBUG glance.api.middleware.version_negotiation [None req-16f66e25-440b-4b10-90a5-1d59ab413bf0 tempest-ServerStableDeviceRescueTest-2144132183 tempest-ServerStableDeviceRescueTest-2144132183-project-member] Matched version: v2 {{(pid=99786) process_request /opt/stack/glance/glance/api/middleware/version_negotiation.py:69}}
Aug 15 14:58:56.546098 np0000007358 devstack@g-api.service[99786]: DEBUG glance.api.middleware.version_negotiation [None req-16f66e25-440b-4b10-90a5-1d59ab413bf0 tempest-ServerStableDeviceRescueTest-2144132183 tempest-ServerStableDeviceRescueTest-2144132183-project-member] new path /v2/images/b35ce8dc-2466-4113-adaa-5383bb4b0570 {{(pid=99786) process_request /opt/stack/glance/glance/api/middleware/version_negotiation.py:70}}
Aug 15 14:58:56.579542 np0000007358 devstack@g-api.service[99785]: DEBUG glance.api.middleware.version_negotiation [None req-16f66e25-440b-4b10-90a5-1d59ab413bf0 tempest-ServerStableDeviceRescueTest-2144132183 tempest-ServerStableDeviceRescueTest-2144132183-project-member] Determining version of request: GET /v2/images/b35ce8dc-2466-4113-adaa-5383bb4b0570 Accept: */* {{(pid=99785) process_request /opt/stack/glance/glance/api/middleware/version_negotiation.py:44}}
Aug 15 14:58:56.580004 np0000007358 devstack@g-api.service[99785]: DEBUG glance.api.middleware.version_negotiation [None req-16f66e25-440b-4b10-90a5-1d59ab413bf0 tempest-ServerStableDeviceRescueTest-2144132183 tempest-ServerStableDeviceRescueTest-2144132183-project-member] Using url versioning {{(pid=99785) process_request /opt/stack/glance/glance/api/middleware/version_negotiation.py:57}}
Aug 15 14:58:56.580004 np0000007358 devstack@g-api.service[99785]: DEBUG glance.api.middleware.version_negotiation [None req-16f66e25-440b-4b10-90a5-1d59ab413bf0 tempest-ServerStableDeviceRescueTest-2144132183 tempest-ServerStableDeviceRescueTest-2144132183-project-member] Matched version: v2 {{(pid=99785) process_request /opt/stack/glance/glance/api/middleware/version_negotiation.py:69}}
Aug 15 14:58:56.580004 np0000007358 devstack@g-api.service[99785]: DEBUG glance.api.middleware.version_negotiation [None req-16f66e25-440b-4b10-90a5-1d59ab413bf0 tempest-ServerStableDeviceRescueTest-2144132183 tempest-ServerStableDeviceRescueTest-2144132183-project-member] new path /v2/images/b35ce8dc-2466-4113-adaa-5383bb4b0570 {{(pid=99785) process_request /opt/stack/glance/glance/api/middleware/version_negotiation.py:70}}
Aug 15 14:58:56.594863 np0000007358 devstack@g-api.service[99785]: [pid: 99785|app: 0|req: 113/331] 127.0.0.1 () {44 vars in 1115 bytes} [Sat Aug 15 14:58:56 2026] GET /v2/images/b35ce8dc-2466-4113-adaa-5383bb4b0570 => generated 1336 bytes in 15 msecs (HTTP/1.1 200) 4 headers in 158 bytes (1 switches on core 0)
Aug 15 14:58:56.647239 np0000007358 devstack@g-api.service[99787]: DEBUG glance.api.middleware.version_negotiation [None req-16f66e25-440b-4b10-90a5-1d59ab413bf0 tempest-ServerStableDeviceRescueTest-2144132183 tempest-ServerStableDeviceRescueTest-2144132183-project-member] Determining version of request: GET /v2/schemas/image Accept: */* {{(pid=99787) process_request /opt/stack/glance/glance/api/middleware/version_negotiation.py:44}}
Aug 15 14:58:56.647745 np0000007358 devstack@g-api.service[99787]: DEBUG glance.api.middleware.version_negotiation [None req-16f66e25-440b-4b10-90a5-1d59ab413bf0 tempest-ServerStableDeviceRescueTest-2144132183 tempest-ServerStableDeviceRescueTest-2144132183-project-member] Using url versioning {{(pid=99787) process_request /opt/stack/glance/glance/api/middleware/version_negotiation.py:57}}
Aug 15 14:58:56.648196 np0000007358 devstack@g-api.service[99787]: DEBUG glance.api.middleware.version_negotiation [None req-16f66e25-440b-4b10-90a5-1d59ab413bf0 tempest-ServerStableDeviceRescueTest-2144132183 tempest-ServerStableDeviceRescueTest-2144132183-project-member] Matched version: v2 {{(pid=99787) process_request /opt/stack/glance/glance/api/middleware/version_negotiation.py:69}}
Aug 15 14:58:56.648777 np0000007358 devstack@g-api.service[99787]: DEBUG glance.api.middleware.version_negotiation [None req-16f66e25-440b-4b10-90a5-1d59ab413bf0 tempest-ServerStableDeviceRescueTest-2144132183 tempest-ServerStableDeviceRescueTest-2144132183-project-member] new path /v2/schemas/image {{(pid=99787) process_request /opt/stack/glance/glance/api/middleware/version_negotiation.py:70}}
Aug 15 14:58:56.653629 np0000007358 devstack@g-api.service[99787]: [pid: 99787|app: 0|req: 114/332] 127.0.0.1 () {44 vars in 1055 bytes} [Sat Aug 15 14:58:56 2026] GET /v2/schemas/image => generated 6083 bytes in 6 msecs (HTTP/1.1 200) 4 headers in 158 bytes (1 switches on core 0)
Aug 15 14:58:56.771981 np0000007358 devstack@g-api.service[99786]: [pid: 99786|app: 0|req: 106/333] 127.0.0.1 () {46 vars in 1158 bytes} [Sat Aug 15 14:58:56 2026] PATCH /v2/images/b35ce8dc-2466-4113-adaa-5383bb4b0570 => generated 1447 bytes in 228 msecs (HTTP/1.1 200) 4 headers in 158 bytes (1 switches on core 0)
Aug 15 14:58:56.817011 np0000007358 devstack@g-api.service[99785]: DEBUG glance.api.middleware.version_negotiation [None req-7c6a78c9-298a-42d6-9c93-f52205f4f6d1 tempest-ServerStableDeviceRescueTest-2144132183 tempest-ServerStableDeviceRescueTest-2144132183-project-member] Determining version of request: GET /v2/images/b35ce8dc-2466-4113-adaa-5383bb4b0570 Accept: */* {{(pid=99785) process_request /opt/stack/glance/glance/api/middleware/version_negotiation.py:44}}
Aug 15 14:58:56.817445 np0000007358 devstack@g-api.service[99785]: DEBUG glance.api.middleware.version_negotiation [None req-7c6a78c9-298a-42d6-9c93-f52205f4f6d1 tempest-ServerStableDeviceRescueTest-2144132183 tempest-ServerStableDeviceRescueTest-2144132183-project-member] Using url versioning {{(pid=99785) process_request /opt/stack/glance/glance/api/middleware/version_negotiation.py:57}}
Aug 15 14:58:56.817646 np0000007358 devstack@g-api.service[99785]: DEBUG glance.api.middleware.version_negotiation [None req-7c6a78c9-298a-42d6-9c93-f52205f4f6d1 tempest-ServerStableDeviceRescueTest-2144132183 tempest-ServerStableDeviceRescueTest-2144132183-project-member] Matched version: v2 {{(pid=99785) process_request /opt/stack/glance/glance/api/middleware/version_negotiation.py:69}}
Aug 15 14:58:56.817736 np0000007358 devstack@g-api.service[99785]: DEBUG glance.api.middleware.version_negotiation [None req-7c6a78c9-298a-42d6-9c93-f52205f4f6d1 tempest-ServerStableDeviceRescueTest-2144132183 tempest-ServerStableDeviceRescueTest-2144132183-project-member] new path /v2/images/b35ce8dc-2466-4113-adaa-5383bb4b0570 {{(pid=99785) process_request /opt/stack/glance/glance/api/middleware/version_negotiation.py:70}}
Aug 15 14:58:56.830371 np0000007358 devstack@g-api.service[99785]: [pid: 99785|app: 0|req: 114/334] 127.0.0.1 () {44 vars in 1115 bytes} [Sat Aug 15 14:58:56 2026] GET /v2/images/b35ce8dc-2466-4113-adaa-5383bb4b0570 => generated 1447 bytes in 14 msecs (HTTP/1.1 200) 4 headers in 158 bytes (1 switches on core 0)
Aug 15 14:58:56.891860 np0000007358 devstack@g-api.service[99787]: DEBUG glance.api.middleware.version_negotiation [None req-7c6a78c9-298a-42d6-9c93-f52205f4f6d1 tempest-ServerStableDeviceRescueTest-2144132183 tempest-ServerStableDeviceRescueTest-2144132183-project-member] Determining version of request: PUT /v2/images/b35ce8dc-2466-4113-adaa-5383bb4b0570/file Accept: */* {{(pid=99787) process_request /opt/stack/glance/glance/api/middleware/version_negotiation.py:44}}
Aug 15 14:58:56.892054 np0000007358 devstack@g-api.service[99787]: DEBUG glance.api.middleware.version_negotiation [None req-7c6a78c9-298a-42d6-9c93-f52205f4f6d1 tempest-ServerStableDeviceRescueTest-2144132183 tempest-ServerStableDeviceRescueTest-2144132183-project-member] Using url versioning {{(pid=99787) process_request /opt/stack/glance/glance/api/middleware/version_negotiation.py:57}}
Aug 15 14:58:56.892242 np0000007358 devstack@g-api.service[99787]: DEBUG glance.api.middleware.version_negotiation [None req-7c6a78c9-298a-42d6-9c93-f52205f4f6d1 tempest-ServerStableDeviceRescueTest-2144132183 tempest-ServerStableDeviceRescueTest-2144132183-project-member] Matched version: v2 {{(pid=99787) process_request /opt/stack/glance/glance/api/middleware/version_negotiation.py:69}}
Aug 15 14:58:56.892394 np0000007358 devstack@g-api.service[99787]: DEBUG glance.api.middleware.version_negotiation [None req-7c6a78c9-298a-42d6-9c93-f52205f4f6d1 tempest-ServerStableDeviceRescueTest-2144132183 tempest-ServerStableDeviceRescueTest-2144132183-project-member] new path /v2/images/b35ce8dc-2466-4113-adaa-5383bb4b0570/file {{(pid=99787) process_request /opt/stack/glance/glance/api/middleware/version_negotiation.py:70}}
Aug 15 14:58:57.478499 np0000007358 devstack@g-api.service[99787]: INFO glance.api.v2.image_data [None req-16f66e25-440b-4b10-90a5-1d59ab413bf0 tempest-ServerStableDeviceRescueTest-2144132183 tempest-ServerStableDeviceRescueTest-2144132183-project-member] Unable to create trust: no such option collect_timing in group [keystone_authtoken] Use the existing user token.
Aug 15 14:58:57.745843 np0000007358 devstack@g-api.service[99786]: DEBUG glance.api.middleware.version_negotiation [None req-16f66e25-440b-4b10-90a5-1d59ab413bf0 tempest-ServerStableDeviceRescueTest-2144132183 tempest-ServerStableDeviceRescueTest-2144132183-project-member] Determining version of request: GET /v2/images/b35ce8dc-2466-4113-adaa-5383bb4b0570 Accept: */* {{(pid=99786) process_request /opt/stack/glance/glance/api/middleware/version_negotiation.py:44}}
Aug 15 14:58:57.746589 np0000007358 devstack@g-api.service[99786]: DEBUG glance.api.middleware.version_negotiation [None req-16f66e25-440b-4b10-90a5-1d59ab413bf0 tempest-ServerStableDeviceRescueTest-2144132183 tempest-ServerStableDeviceRescueTest-2144132183-project-member] Using url versioning {{(pid=99786) process_request /opt/stack/glance/glance/api/middleware/version_negotiation.py:57}}
Aug 15 14:58:57.746589 np0000007358 devstack@g-api.service[99786]: DEBUG glance.api.middleware.version_negotiation [None req-16f66e25-440b-4b10-90a5-1d59ab413bf0 tempest-ServerStableDeviceRescueTest-2144132183 tempest-ServerStableDeviceRescueTest-2144132183-project-member] Matched version: v2 {{(pid=99786) process_request /opt/stack/glance/glance/api/middleware/version_negotiation.py:69}}
Aug 15 14:58:57.746589 np0000007358 devstack@g-api.service[99786]: DEBUG glance.api.middleware.version_negotiation [None req-16f66e25-440b-4b10-90a5-1d59ab413bf0 tempest-ServerStableDeviceRescueTest-2144132183 tempest-ServerStableDeviceRescueTest-2144132183-project-member] new path /v2/images/b35ce8dc-2466-4113-adaa-5383bb4b0570 {{(pid=99786) process_request /opt/stack/glance/glance/api/middleware/version_negotiation.py:70}}
Aug 15 14:58:57.778958 np0000007358 devstack@g-api.service[99786]: [pid: 99786|app: 0|req: 107/335] 127.0.0.1 () {44 vars in 1115 bytes} [Sat Aug 15 14:58:57 2026] GET /v2/images/b35ce8dc-2466-4113-adaa-5383bb4b0570 => generated 1447 bytes in 33 msecs (HTTP/1.1 200) 4 headers in 158 bytes (1 switches on core 0)
Aug 15 14:58:57.814605 np0000007358 devstack@g-api.service[99785]: DEBUG glance.api.middleware.version_negotiation [None req-16f66e25-440b-4b10-90a5-1d59ab413bf0 tempest-ServerStableDeviceRescueTest-2144132183 tempest-ServerStableDeviceRescueTest-2144132183-project-member] Determining version of request: GET /v2/schemas/image Accept: */* {{(pid=99785) process_request /opt/stack/glance/glance/api/middleware/version_negotiation.py:44}}
Aug 15 14:58:57.814605 np0000007358 devstack@g-api.service[99785]: DEBUG glance.api.middleware.version_negotiation [None req-16f66e25-440b-4b10-90a5-1d59ab413bf0 tempest-ServerStableDeviceRescueTest-2144132183 tempest-ServerStableDeviceRescueTest-2144132183-project-member] Using url versioning {{(pid=99785) process_request /opt/stack/glance/glance/api/middleware/version_negotiation.py:57}}
Aug 15 14:58:57.814605 np0000007358 devstack@g-api.service[99785]: DEBUG glance.api.middleware.version_negotiation [None req-16f66e25-440b-4b10-90a5-1d59ab413bf0 tempest-ServerStableDeviceRescueTest-2144132183 tempest-ServerStableDeviceRescueTest-2144132183-project-member] Matched version: v2 {{(pid=99785) process_request /opt/stack/glance/glance/api/middleware/version_negotiation.py:69}}
Aug 15 14:58:57.814605 np0000007358 devstack@g-api.service[99785]: DEBUG glance.api.middleware.version_negotiation [None req-16f66e25-440b-4b10-90a5-1d59ab413bf0 tempest-ServerStableDeviceRescueTest-2144132183 tempest-ServerStableDeviceRescueTest-2144132183-project-member] new path /v2/schemas/image {{(pid=99785) process_request /opt/stack/glance/glance/api/middleware/version_negotiation.py:70}}
Aug 15 14:58:57.817385 np0000007358 devstack@g-api.service[99785]: [pid: 99785|app: 0|req: 115/336] 127.0.0.1 () {44 vars in 1055 bytes} [Sat Aug 15 14:58:57 2026] GET /v2/schemas/image => generated 6083 bytes in 4 msecs (HTTP/1.1 200) 4 headers in 158 bytes (1 switches on core 0)
Aug 15 14:58:58.082098 np0000007358 devstack@g-api.service[99787]: DEBUG glance.location [None req-16f66e25-440b-4b10-90a5-1d59ab413bf0 tempest-ServerStableDeviceRescueTest-2144132183 tempest-ServerStableDeviceRescueTest-2144132183-project-member] Enabling in-flight format inspection for qcow2 {{(pid=99787) set_data /opt/stack/glance/glance/location.py:596}}
Aug 15 14:58:58.082098 np0000007358 devstack@g-api.service[99787]: DEBUG glance_store.backend [None req-16f66e25-440b-4b10-90a5-1d59ab413bf0 tempest-ServerStableDeviceRescueTest-2144132183 tempest-ServerStableDeviceRescueTest-2144132183-project-member] Attempting to import store swift {{(pid=99787) _load_store /opt/stack/data/venv/lib/python3.12/site-packages/glance_store/backend.py:215}}
Aug 15 14:58:58.084045 np0000007358 devstack@g-api.service[99787]: DEBUG glance_store.capabilities [None req-16f66e25-440b-4b10-90a5-1d59ab413bf0 tempest-ServerStableDeviceRescueTest-2144132183 tempest-ServerStableDeviceRescueTest-2144132183-project-member] Store glance_store._drivers.swift.store.SingleTenantStore doesn't support updating dynamic storage capabilities. Please overwrite 'update_capabilities' method of the store to implement updating logics if needed. {{(pid=99787) update_capabilities /opt/stack/data/venv/lib/python3.12/site-packages/glance_store/capabilities.py:91}}
Aug 15 14:58:58.084305 np0000007358 devstack@g-api.service[99787]: DEBUG glance_store.driver [None req-16f66e25-440b-4b10-90a5-1d59ab413bf0 tempest-ServerStableDeviceRescueTest-2144132183 tempest-ServerStableDeviceRescueTest-2144132183-project-member] Late loading location class glance_store._drivers.swift.store.StoreLocation {{(pid=99787) get_store_location_class /opt/stack/data/venv/lib/python3.12/site-packages/glance_store/driver.py:134}}
Aug 15 14:58:58.084491 np0000007358 devstack@g-api.service[99787]: DEBUG glance_store.location [None req-16f66e25-440b-4b10-90a5-1d59ab413bf0 tempest-ServerStableDeviceRescueTest-2144132183 tempest-ServerStableDeviceRescueTest-2144132183-project-member] Registering scheme swift+https with {'store': , 'location_class': , 'store_entry': 'swift'} {{(pid=99787) register_scheme_map /opt/stack/data/venv/lib/python3.12/site-packages/glance_store/location.py:146}}
Aug 15 14:58:58.084491 np0000007358 devstack@g-api.service[99787]: DEBUG glance_store.location [None req-16f66e25-440b-4b10-90a5-1d59ab413bf0 tempest-ServerStableDeviceRescueTest-2144132183 tempest-ServerStableDeviceRescueTest-2144132183-project-member] Registering scheme swift+https with {'store': , 'location_class': , 'store_entry': 'swift'} {{(pid=99787) register_scheme_map /opt/stack/data/venv/lib/python3.12/site-packages/glance_store/location.py:146}}
Aug 15 14:58:58.084671 np0000007358 devstack@g-api.service[99787]: DEBUG glance_store.location [None req-16f66e25-440b-4b10-90a5-1d59ab413bf0 tempest-ServerStableDeviceRescueTest-2144132183 tempest-ServerStableDeviceRescueTest-2144132183-project-member] Registering scheme swift with {'store': , 'location_class': , 'store_entry': 'swift'} {{(pid=99787) register_scheme_map /opt/stack/data/venv/lib/python3.12/site-packages/glance_store/location.py:146}}
Aug 15 14:58:58.084671 np0000007358 devstack@g-api.service[99787]: DEBUG glance_store.location [None req-16f66e25-440b-4b10-90a5-1d59ab413bf0 tempest-ServerStableDeviceRescueTest-2144132183 tempest-ServerStableDeviceRescueTest-2144132183-project-member] Registering scheme swift+https with {'store': , 'location_class': , 'store_entry': 'swift'} {{(pid=99787) register_scheme_map /opt/stack/data/venv/lib/python3.12/site-packages/glance_store/location.py:146}}
Aug 15 14:58:58.084671 np0000007358 devstack@g-api.service[99787]: DEBUG glance_store.location [None req-16f66e25-440b-4b10-90a5-1d59ab413bf0 tempest-ServerStableDeviceRescueTest-2144132183 tempest-ServerStableDeviceRescueTest-2144132183-project-member] Registering scheme swift with {'store': , 'location_class': , 'store_entry': 'swift'} {{(pid=99787) register_scheme_map /opt/stack/data/venv/lib/python3.12/site-packages/glance_store/location.py:146}}
Aug 15 14:58:58.084894 np0000007358 devstack@g-api.service[99787]: DEBUG glance_store.location [None req-16f66e25-440b-4b10-90a5-1d59ab413bf0 tempest-ServerStableDeviceRescueTest-2144132183 tempest-ServerStableDeviceRescueTest-2144132183-project-member] Registering scheme swift+http with {'store': , 'location_class': , 'store_entry': 'swift'} {{(pid=99787) register_scheme_map /opt/stack/data/venv/lib/python3.12/site-packages/glance_store/location.py:146}}
Aug 15 14:58:58.084894 np0000007358 devstack@g-api.service[99787]: DEBUG glance_store.location [None req-16f66e25-440b-4b10-90a5-1d59ab413bf0 tempest-ServerStableDeviceRescueTest-2144132183 tempest-ServerStableDeviceRescueTest-2144132183-project-member] Registering scheme swift+https with {'store': , 'location_class': , 'store_entry': 'swift'} {{(pid=99787) register_scheme_map /opt/stack/data/venv/lib/python3.12/site-packages/glance_store/location.py:146}}
Aug 15 14:58:58.085055 np0000007358 devstack@g-api.service[99787]: DEBUG glance_store.location [None req-16f66e25-440b-4b10-90a5-1d59ab413bf0 tempest-ServerStableDeviceRescueTest-2144132183 tempest-ServerStableDeviceRescueTest-2144132183-project-member] Registering scheme swift with {'store': , 'location_class': , 'store_entry': 'swift'} {{(pid=99787) register_scheme_map /opt/stack/data/venv/lib/python3.12/site-packages/glance_store/location.py:146}}
Aug 15 14:58:58.085146 np0000007358 devstack@g-api.service[99787]: DEBUG glance_store.location [None req-16f66e25-440b-4b10-90a5-1d59ab413bf0 tempest-ServerStableDeviceRescueTest-2144132183 tempest-ServerStableDeviceRescueTest-2144132183-project-member] Registering scheme swift+http with {'store': , 'location_class': , 'store_entry': 'swift'} {{(pid=99787) register_scheme_map /opt/stack/data/venv/lib/python3.12/site-packages/glance_store/location.py:146}}
Aug 15 14:58:58.085258 np0000007358 devstack@g-api.service[99787]: DEBUG glance_store.location [None req-16f66e25-440b-4b10-90a5-1d59ab413bf0 tempest-ServerStableDeviceRescueTest-2144132183 tempest-ServerStableDeviceRescueTest-2144132183-project-member] Registering scheme swift+config with {'store': , 'location_class': , 'store_entry': 'swift'} {{(pid=99787) register_scheme_map /opt/stack/data/venv/lib/python3.12/site-packages/glance_store/location.py:146}}
Aug 15 14:58:58.268091 np0000007358 devstack@g-api.service[99787]: DEBUG swiftclient [None req-16f66e25-440b-4b10-90a5-1d59ab413bf0 tempest-ServerStableDeviceRescueTest-2144132183 tempest-ServerStableDeviceRescueTest-2144132183-project-member] REQ: curl -i https://10.4.3.154:8080/v1/AUTH_4ef1bb6bf3f547578025faf586c21e34/glance -I -H "X-Auth-Token: gAAAAABqgH6yW0Zn..." {{(pid=99787) http_log /opt/stack/data/venv/lib/python3.12/site-packages/swiftclient/client.py:160}}
Aug 15 14:58:58.268285 np0000007358 devstack@g-api.service[99787]: DEBUG swiftclient [None req-16f66e25-440b-4b10-90a5-1d59ab413bf0 tempest-ServerStableDeviceRescueTest-2144132183 tempest-ServerStableDeviceRescueTest-2144132183-project-member] RESP STATUS: 204 No Content {{(pid=99787) http_log /opt/stack/data/venv/lib/python3.12/site-packages/swiftclient/client.py:161}}
Aug 15 14:58:58.268499 np0000007358 devstack@g-api.service[99787]: DEBUG swiftclient [None req-16f66e25-440b-4b10-90a5-1d59ab413bf0 tempest-ServerStableDeviceRescueTest-2144132183 tempest-ServerStableDeviceRescueTest-2144132183-project-member] RESP HEADERS: {'Date': 'Sat, 15 Aug 2026 14:58:58 GMT', 'Server': 'Apache/2.4.58 (Ubuntu)', 'Content-Type': 'text/plain; charset=utf-8', 'X-Container-Object-Count': '3', 'X-Container-Bytes-Used': '64356352', 'X-Timestamp': '1786805584.23795', 'Last-Modified': 'Sat, 15 Aug 2026 14:53:05 GMT', 'Accept-Ranges': 'bytes', 'X-Storage-Policy': 'Policy-0', 'X-Container-Sharding': 'False', 'Vary': 'Accept', 'X-Trans-Id': 'tx09347887f4c24b3f9ebde-006a807eb2', 'X-Openstack-Request-Id': 'tx09347887f4c24b3f9ebde-006a807eb2', 'Connection': 'close'} {{(pid=99787) http_log /opt/stack/data/venv/lib/python3.12/site-packages/swiftclient/client.py:162}}
Aug 15 14:58:58.268934 np0000007358 devstack@g-api.service[99787]: DEBUG glance_store._drivers.swift.store [None req-16f66e25-440b-4b10-90a5-1d59ab413bf0 tempest-ServerStableDeviceRescueTest-2144132183 tempest-ServerStableDeviceRescueTest-2144132183-project-member] Adding image object 'b35ce8dc-2466-4113-adaa-5383bb4b0570' to Swift {{(pid=99787) add /opt/stack/data/venv/lib/python3.12/site-packages/glance_store/_drivers/swift/store.py:970}}
Aug 15 14:58:58.268934 np0000007358 devstack@g-api.service[99787]: DEBUG glance_store._drivers.swift.store [None req-16f66e25-440b-4b10-90a5-1d59ab413bf0 tempest-ServerStableDeviceRescueTest-2144132183 tempest-ServerStableDeviceRescueTest-2144132183-project-member] Cannot determine image size because it is either not provided in the request or chunked-transfer encoding is used. Adding image as a segmented object to Swift. {{(pid=99787) add /opt/stack/data/venv/lib/python3.12/site-packages/glance_store/_drivers/swift/store.py:994}}
Aug 15 14:58:58.275420 np0000007358 devstack@g-api.service[99787]: DEBUG oslo_utils.imageutils.format_inspector [None req-16f66e25-440b-4b10-90a5-1d59ab413bf0 tempest-ServerStableDeviceRescueTest-2144132183 tempest-ServerStableDeviceRescueTest-2144132183-project-member] Format inspector for vmdk does not match, excluding from consideration (Signature KDMV not found: b'QFI\xfb') {{(pid=99787) _process_chunk /opt/stack/data/venv/lib/python3.12/site-packages/oslo_utils/imageutils/format_inspector.py:1758}}
Aug 15 14:58:58.278373 np0000007358 devstack@g-api.service[99787]: DEBUG oslo_utils.imageutils.format_inspector [None req-16f66e25-440b-4b10-90a5-1d59ab413bf0 tempest-ServerStableDeviceRescueTest-2144132183 tempest-ServerStableDeviceRescueTest-2144132183-project-member] Format inspector for vhdx does not match, excluding from consideration (Region signature not found at 30000) {{(pid=99787) _process_chunk /opt/stack/data/venv/lib/python3.12/site-packages/oslo_utils/imageutils/format_inspector.py:1758}}
Aug 15 14:58:58.895993 np0000007358 devstack@g-api.service[99786]: DEBUG glance.api.middleware.version_negotiation [None req-2f11a179-4fe3-46b3-b55b-0158b4df4772 tempest-ServerStableDeviceRescueTest-2144132183 tempest-ServerStableDeviceRescueTest-2144132183-project-member] Determining version of request: GET /v2/images/b35ce8dc-2466-4113-adaa-5383bb4b0570 Accept: */* {{(pid=99786) process_request /opt/stack/glance/glance/api/middleware/version_negotiation.py:44}}
Aug 15 14:58:58.896520 np0000007358 devstack@g-api.service[99786]: DEBUG glance.api.middleware.version_negotiation [None req-2f11a179-4fe3-46b3-b55b-0158b4df4772 tempest-ServerStableDeviceRescueTest-2144132183 tempest-ServerStableDeviceRescueTest-2144132183-project-member] Using url versioning {{(pid=99786) process_request /opt/stack/glance/glance/api/middleware/version_negotiation.py:57}}
Aug 15 14:58:58.896520 np0000007358 devstack@g-api.service[99786]: DEBUG glance.api.middleware.version_negotiation [None req-2f11a179-4fe3-46b3-b55b-0158b4df4772 tempest-ServerStableDeviceRescueTest-2144132183 tempest-ServerStableDeviceRescueTest-2144132183-project-member] Matched version: v2 {{(pid=99786) process_request /opt/stack/glance/glance/api/middleware/version_negotiation.py:69}}
Aug 15 14:58:58.896520 np0000007358 devstack@g-api.service[99786]: DEBUG glance.api.middleware.version_negotiation [None req-2f11a179-4fe3-46b3-b55b-0158b4df4772 tempest-ServerStableDeviceRescueTest-2144132183 tempest-ServerStableDeviceRescueTest-2144132183-project-member] new path /v2/images/b35ce8dc-2466-4113-adaa-5383bb4b0570 {{(pid=99786) process_request /opt/stack/glance/glance/api/middleware/version_negotiation.py:70}}
Aug 15 14:58:58.901586 np0000007358 devstack@g-api.service[99787]: DEBUG swiftclient [None req-16f66e25-440b-4b10-90a5-1d59ab413bf0 tempest-ServerStableDeviceRescueTest-2144132183 tempest-ServerStableDeviceRescueTest-2144132183-project-member] REQ: curl -i https://10.4.3.154:8080/v1/AUTH_4ef1bb6bf3f547578025faf586c21e34/glance/b35ce8dc-2466-4113-adaa-5383bb4b0570-00001 -X PUT -H "X-Auth-Token: gAAAAABqgH6yW0Zn..." {{(pid=99787) http_log /opt/stack/data/venv/lib/python3.12/site-packages/swiftclient/client.py:160}}
Aug 15 14:58:58.901773 np0000007358 devstack@g-api.service[99787]: DEBUG swiftclient [None req-16f66e25-440b-4b10-90a5-1d59ab413bf0 tempest-ServerStableDeviceRescueTest-2144132183 tempest-ServerStableDeviceRescueTest-2144132183-project-member] RESP STATUS: 201 Created {{(pid=99787) http_log /opt/stack/data/venv/lib/python3.12/site-packages/swiftclient/client.py:161}}
Aug 15 14:58:58.902059 np0000007358 devstack@g-api.service[99787]: DEBUG swiftclient [None req-16f66e25-440b-4b10-90a5-1d59ab413bf0 tempest-ServerStableDeviceRescueTest-2144132183 tempest-ServerStableDeviceRescueTest-2144132183-project-member] RESP HEADERS: {'Date': 'Sat, 15 Aug 2026 14:58:58 GMT', 'Server': 'Apache/2.4.58 (Ubuntu)', 'Content-Type': 'text/html; charset=UTF-8', 'Content-Length': '0', 'Etag': '478f733a8a796b723a4ce27636f6a8de', 'Last-Modified': 'Sat, 15 Aug 2026 14:58:59 GMT', 'X-Trans-Id': 'txcc762b373ff0471e94033-006a807eb2', 'X-Openstack-Request-Id': 'txcc762b373ff0471e94033-006a807eb2', 'Connection': 'close'} {{(pid=99787) http_log /opt/stack/data/venv/lib/python3.12/site-packages/swiftclient/client.py:162}}
Aug 15 14:58:58.902164 np0000007358 devstack@g-api.service[99787]: DEBUG glance_store._drivers.swift.store [None req-16f66e25-440b-4b10-90a5-1d59ab413bf0 tempest-ServerStableDeviceRescueTest-2144132183 tempest-ServerStableDeviceRescueTest-2144132183-project-member] Wrote chunk b35ce8dc-2466-4113-adaa-5383bb4b0570-00001 (1/?) of length 53936128 to Swift returning MD5 of content: 478f733a8a796b723a4ce27636f6a8de {{(pid=99787) add /opt/stack/data/venv/lib/python3.12/site-packages/glance_store/_drivers/swift/store.py:1059}}
Aug 15 14:58:58.902510 np0000007358 devstack@g-api.service[99787]: DEBUG glance_store._drivers.swift.store [None req-16f66e25-440b-4b10-90a5-1d59ab413bf0 tempest-ServerStableDeviceRescueTest-2144132183 tempest-ServerStableDeviceRescueTest-2144132183-project-member] Not writing zero-length chunk. {{(pid=99787) add /opt/stack/data/venv/lib/python3.12/site-packages/glance_store/_drivers/swift/store.py:1028}}
Aug 15 14:58:58.914289 np0000007358 devstack@g-api.service[99786]: [pid: 99786|app: 0|req: 108/337] 127.0.0.1 () {44 vars in 1115 bytes} [Sat Aug 15 14:58:58 2026] GET /v2/images/b35ce8dc-2466-4113-adaa-5383bb4b0570 => generated 1447 bytes in 18 msecs (HTTP/1.1 200) 4 headers in 158 bytes (1 switches on core 0)
Aug 15 14:58:58.947312 np0000007358 devstack@g-api.service[99787]: DEBUG swiftclient [None req-16f66e25-440b-4b10-90a5-1d59ab413bf0 tempest-ServerStableDeviceRescueTest-2144132183 tempest-ServerStableDeviceRescueTest-2144132183-project-member] REQ: curl -i https://10.4.3.154:8080/v1/AUTH_4ef1bb6bf3f547578025faf586c21e34/glance/b35ce8dc-2466-4113-adaa-5383bb4b0570 -X PUT -H "X-Object-Manifest: glance/b35ce8dc-2466-4113-adaa-5383bb4b0570-" -H "X-Auth-Token: gAAAAABqgH6yW0Zn..." -H "Content-Length: 0" {{(pid=99787) http_log /opt/stack/data/venv/lib/python3.12/site-packages/swiftclient/client.py:160}}
Aug 15 14:58:58.947546 np0000007358 devstack@g-api.service[99787]: DEBUG swiftclient [None req-16f66e25-440b-4b10-90a5-1d59ab413bf0 tempest-ServerStableDeviceRescueTest-2144132183 tempest-ServerStableDeviceRescueTest-2144132183-project-member] RESP STATUS: 201 Created {{(pid=99787) http_log /opt/stack/data/venv/lib/python3.12/site-packages/swiftclient/client.py:161}}
Aug 15 14:58:58.947609 np0000007358 devstack@g-api.service[99787]: DEBUG swiftclient [None req-16f66e25-440b-4b10-90a5-1d59ab413bf0 tempest-ServerStableDeviceRescueTest-2144132183 tempest-ServerStableDeviceRescueTest-2144132183-project-member] RESP HEADERS: {'Date': 'Sat, 15 Aug 2026 14:58:58 GMT', 'Server': 'Apache/2.4.58 (Ubuntu)', 'Content-Type': 'text/html; charset=UTF-8', 'Content-Length': '0', 'Etag': 'd41d8cd98f00b204e9800998ecf8427e', 'Last-Modified': 'Sat, 15 Aug 2026 14:58:59 GMT', 'X-Trans-Id': 'tx4a042a4fd81d4f4583948-006a807eb2', 'X-Openstack-Request-Id': 'tx4a042a4fd81d4f4583948-006a807eb2', 'Connection': 'close'} {{(pid=99787) http_log /opt/stack/data/venv/lib/python3.12/site-packages/swiftclient/client.py:162}}
Aug 15 14:58:58.948141 np0000007358 devstack@g-api.service[99787]: INFO glance.location [None req-16f66e25-440b-4b10-90a5-1d59ab413bf0 tempest-ServerStableDeviceRescueTest-2144132183 tempest-ServerStableDeviceRescueTest-2144132183-project-member] Image format matched and virtual size computed: 1073741824
Aug 15 14:58:58.953797 np0000007358 devstack@g-api.service[99785]: DEBUG glance.api.middleware.version_negotiation [None req-2f11a179-4fe3-46b3-b55b-0158b4df4772 tempest-ServerStableDeviceRescueTest-2144132183 tempest-ServerStableDeviceRescueTest-2144132183-project-member] Determining version of request: GET /v2/schemas/image Accept: */* {{(pid=99785) process_request /opt/stack/glance/glance/api/middleware/version_negotiation.py:44}}
Aug 15 14:58:58.954253 np0000007358 devstack@g-api.service[99785]: DEBUG glance.api.middleware.version_negotiation [None req-2f11a179-4fe3-46b3-b55b-0158b4df4772 tempest-ServerStableDeviceRescueTest-2144132183 tempest-ServerStableDeviceRescueTest-2144132183-project-member] Using url versioning {{(pid=99785) process_request /opt/stack/glance/glance/api/middleware/version_negotiation.py:57}}
Aug 15 14:58:58.954253 np0000007358 devstack@g-api.service[99785]: DEBUG glance.api.middleware.version_negotiation [None req-2f11a179-4fe3-46b3-b55b-0158b4df4772 tempest-ServerStableDeviceRescueTest-2144132183 tempest-ServerStableDeviceRescueTest-2144132183-project-member] Matched version: v2 {{(pid=99785) process_request /opt/stack/glance/glance/api/middleware/version_negotiation.py:69}}
Aug 15 14:58:58.954338 np0000007358 devstack@g-api.service[99785]: DEBUG glance.api.middleware.version_negotiation [None req-2f11a179-4fe3-46b3-b55b-0158b4df4772 tempest-ServerStableDeviceRescueTest-2144132183 tempest-ServerStableDeviceRescueTest-2144132183-project-member] new path /v2/schemas/image {{(pid=99785) process_request /opt/stack/glance/glance/api/middleware/version_negotiation.py:70}}
Aug 15 14:58:58.959432 np0000007358 devstack@g-api.service[99785]: [pid: 99785|app: 0|req: 116/338] 127.0.0.1 () {44 vars in 1055 bytes} [Sat Aug 15 14:58:58 2026] GET /v2/schemas/image => generated 6083 bytes in 6 msecs (HTTP/1.1 200) 4 headers in 158 bytes (1 switches on core 0)
Aug 15 14:58:58.997129 np0000007358 devstack@g-api.service[99787]: DEBUG glance_store.backend [None req-16f66e25-440b-4b10-90a5-1d59ab413bf0 tempest-ServerStableDeviceRescueTest-2144132183 tempest-ServerStableDeviceRescueTest-2144132183-project-member] Attempting to import store swift {{(pid=99787) _load_store /opt/stack/data/venv/lib/python3.12/site-packages/glance_store/backend.py:215}}
Aug 15 14:58:59.000345 np0000007358 devstack@g-api.service[99787]: DEBUG glance_store.capabilities [None req-16f66e25-440b-4b10-90a5-1d59ab413bf0 tempest-ServerStableDeviceRescueTest-2144132183 tempest-ServerStableDeviceRescueTest-2144132183-project-member] Store glance_store._drivers.swift.store.SingleTenantStore doesn't support updating dynamic storage capabilities. Please overwrite 'update_capabilities' method of the store to implement updating logics if needed. {{(pid=99787) update_capabilities /opt/stack/data/venv/lib/python3.12/site-packages/glance_store/capabilities.py:91}}
Aug 15 14:58:59.000345 np0000007358 devstack@g-api.service[99787]: DEBUG glance_store.driver [None req-16f66e25-440b-4b10-90a5-1d59ab413bf0 tempest-ServerStableDeviceRescueTest-2144132183 tempest-ServerStableDeviceRescueTest-2144132183-project-member] Late loading location class glance_store._drivers.swift.store.StoreLocation {{(pid=99787) get_store_location_class /opt/stack/data/venv/lib/python3.12/site-packages/glance_store/driver.py:134}}
Aug 15 14:58:59.000345 np0000007358 devstack@g-api.service[99787]: DEBUG glance_store.location [None req-16f66e25-440b-4b10-90a5-1d59ab413bf0 tempest-ServerStableDeviceRescueTest-2144132183 tempest-ServerStableDeviceRescueTest-2144132183-project-member] Registering scheme swift+https with {'store': , 'location_class': , 'store_entry': 'swift'} {{(pid=99787) register_scheme_map /opt/stack/data/venv/lib/python3.12/site-packages/glance_store/location.py:146}}
Aug 15 14:58:59.000345 np0000007358 devstack@g-api.service[99787]: DEBUG glance_store.location [None req-16f66e25-440b-4b10-90a5-1d59ab413bf0 tempest-ServerStableDeviceRescueTest-2144132183 tempest-ServerStableDeviceRescueTest-2144132183-project-member] Registering scheme swift+https with {'store': , 'location_class': , 'store_entry': 'swift'} {{(pid=99787) register_scheme_map /opt/stack/data/venv/lib/python3.12/site-packages/glance_store/location.py:146}}
Aug 15 14:58:59.000345 np0000007358 devstack@g-api.service[99787]: DEBUG glance_store.location [None req-16f66e25-440b-4b10-90a5-1d59ab413bf0 tempest-ServerStableDeviceRescueTest-2144132183 tempest-ServerStableDeviceRescueTest-2144132183-project-member] Registering scheme swift with {'store': , 'location_class': , 'store_entry': 'swift'} {{(pid=99787) register_scheme_map /opt/stack/data/venv/lib/python3.12/site-packages/glance_store/location.py:146}}
Aug 15 14:58:59.000345 np0000007358 devstack@g-api.service[99787]: DEBUG glance_store.location [None req-16f66e25-440b-4b10-90a5-1d59ab413bf0 tempest-ServerStableDeviceRescueTest-2144132183 tempest-ServerStableDeviceRescueTest-2144132183-project-member] Registering scheme swift+https with {'store': , 'location_class': , 'store_entry': 'swift'} {{(pid=99787) register_scheme_map /opt/stack/data/venv/lib/python3.12/site-packages/glance_store/location.py:146}}
Aug 15 14:58:59.000345 np0000007358 devstack@g-api.service[99787]: DEBUG glance_store.location [None req-16f66e25-440b-4b10-90a5-1d59ab413bf0 tempest-ServerStableDeviceRescueTest-2144132183 tempest-ServerStableDeviceRescueTest-2144132183-project-member] Registering scheme swift with {'store': , 'location_class': , 'store_entry': 'swift'} {{(pid=99787) register_scheme_map /opt/stack/data/venv/lib/python3.12/site-packages/glance_store/location.py:146}}
Aug 15 14:58:59.000345 np0000007358 devstack@g-api.service[99787]: DEBUG glance_store.location [None req-16f66e25-440b-4b10-90a5-1d59ab413bf0 tempest-ServerStableDeviceRescueTest-2144132183 tempest-ServerStableDeviceRescueTest-2144132183-project-member] Registering scheme swift+http with {'store': , 'location_class': , 'store_entry': 'swift'} {{(pid=99787) register_scheme_map /opt/stack/data/venv/lib/python3.12/site-packages/glance_store/location.py:146}}
Aug 15 14:58:59.000345 np0000007358 devstack@g-api.service[99787]: DEBUG glance_store.location [None req-16f66e25-440b-4b10-90a5-1d59ab413bf0 tempest-ServerStableDeviceRescueTest-2144132183 tempest-ServerStableDeviceRescueTest-2144132183-project-member] Registering scheme swift+https with {'store': , 'location_class': , 'store_entry': 'swift'} {{(pid=99787) register_scheme_map /opt/stack/data/venv/lib/python3.12/site-packages/glance_store/location.py:146}}
Aug 15 14:58:59.000345 np0000007358 devstack@g-api.service[99787]: DEBUG glance_store.location [None req-16f66e25-440b-4b10-90a5-1d59ab413bf0 tempest-ServerStableDeviceRescueTest-2144132183 tempest-ServerStableDeviceRescueTest-2144132183-project-member] Registering scheme swift with {'store': , 'location_class': , 'store_entry': 'swift'} {{(pid=99787) register_scheme_map /opt/stack/data/venv/lib/python3.12/site-packages/glance_store/location.py:146}}
Aug 15 14:58:59.000345 np0000007358 devstack@g-api.service[99787]: DEBUG glance_store.location [None req-16f66e25-440b-4b10-90a5-1d59ab413bf0 tempest-ServerStableDeviceRescueTest-2144132183 tempest-ServerStableDeviceRescueTest-2144132183-project-member] Registering scheme swift+http with {'store': , 'location_class': , 'store_entry': 'swift'} {{(pid=99787) register_scheme_map /opt/stack/data/venv/lib/python3.12/site-packages/glance_store/location.py:146}}
Aug 15 14:58:59.000873 np0000007358 devstack@g-api.service[99787]: DEBUG glance_store.location [None req-16f66e25-440b-4b10-90a5-1d59ab413bf0 tempest-ServerStableDeviceRescueTest-2144132183 tempest-ServerStableDeviceRescueTest-2144132183-project-member] Registering scheme swift+config with {'store': , 'location_class': , 'store_entry': 'swift'} {{(pid=99787) register_scheme_map /opt/stack/data/venv/lib/python3.12/site-packages/glance_store/location.py:146}}
Aug 15 14:58:59.000873 np0000007358 devstack@g-api.service[99787]: DEBUG glance_store.backend [None req-16f66e25-440b-4b10-90a5-1d59ab413bf0 tempest-ServerStableDeviceRescueTest-2144132183 tempest-ServerStableDeviceRescueTest-2144132183-project-member] Skipping store.set_acls... not implemented. {{(pid=99787) set_acls /opt/stack/data/venv/lib/python3.12/site-packages/glance_store/backend.py:507}}
Aug 15 14:58:59.001683 np0000007358 devstack@g-api.service[99787]: [pid: 99787|app: 0|req: 115/339] 127.0.0.1 () {46 vars in 1158 bytes} [Sat Aug 15 14:58:56 2026] PUT /v2/images/b35ce8dc-2466-4113-adaa-5383bb4b0570/file => generated 0 bytes in 2110 msecs (HTTP/1.1 204) 4 headers in 171 bytes (1 switches on core 0)
Aug 15 14:58:59.051745 np0000007358 devstack@g-api.service[99786]: DEBUG glance.api.middleware.version_negotiation [None req-660991dd-989d-4884-9654-b3436edba9c8 tempest-ServerStableDeviceRescueTest-2144132183 tempest-ServerStableDeviceRescueTest-2144132183-project-member] Determining version of request: GET /v2/images/b35ce8dc-2466-4113-adaa-5383bb4b0570 Accept: */* {{(pid=99786) process_request /opt/stack/glance/glance/api/middleware/version_negotiation.py:44}}
Aug 15 14:58:59.052060 np0000007358 devstack@g-api.service[99786]: DEBUG glance.api.middleware.version_negotiation [None req-660991dd-989d-4884-9654-b3436edba9c8 tempest-ServerStableDeviceRescueTest-2144132183 tempest-ServerStableDeviceRescueTest-2144132183-project-member] Using url versioning {{(pid=99786) process_request /opt/stack/glance/glance/api/middleware/version_negotiation.py:57}}
Aug 15 14:58:59.052060 np0000007358 devstack@g-api.service[99786]: DEBUG glance.api.middleware.version_negotiation [None req-660991dd-989d-4884-9654-b3436edba9c8 tempest-ServerStableDeviceRescueTest-2144132183 tempest-ServerStableDeviceRescueTest-2144132183-project-member] Matched version: v2 {{(pid=99786) process_request /opt/stack/glance/glance/api/middleware/version_negotiation.py:69}}
Aug 15 14:58:59.052341 np0000007358 devstack@g-api.service[99786]: DEBUG glance.api.middleware.version_negotiation [None req-660991dd-989d-4884-9654-b3436edba9c8 tempest-ServerStableDeviceRescueTest-2144132183 tempest-ServerStableDeviceRescueTest-2144132183-project-member] new path /v2/images/b35ce8dc-2466-4113-adaa-5383bb4b0570 {{(pid=99786) process_request /opt/stack/glance/glance/api/middleware/version_negotiation.py:70}}
Aug 15 14:58:59.069013 np0000007358 devstack@g-api.service[99786]: [pid: 99786|app: 0|req: 109/340] 127.0.0.1 () {44 vars in 1115 bytes} [Sat Aug 15 14:58:59 2026] GET /v2/images/b35ce8dc-2466-4113-adaa-5383bb4b0570 => generated 1617 bytes in 17 msecs (HTTP/1.1 200) 4 headers in 158 bytes (1 switches on core 0)
Aug 15 14:58:59.112405 np0000007358 devstack@g-api.service[99785]: DEBUG glance.api.middleware.version_negotiation [None req-660991dd-989d-4884-9654-b3436edba9c8 tempest-ServerStableDeviceRescueTest-2144132183 tempest-ServerStableDeviceRescueTest-2144132183-project-member] Determining version of request: GET /v2/schemas/image Accept: */* {{(pid=99785) process_request /opt/stack/glance/glance/api/middleware/version_negotiation.py:44}}
Aug 15 14:58:59.112405 np0000007358 devstack@g-api.service[99785]: DEBUG glance.api.middleware.version_negotiation [None req-660991dd-989d-4884-9654-b3436edba9c8 tempest-ServerStableDeviceRescueTest-2144132183 tempest-ServerStableDeviceRescueTest-2144132183-project-member] Using url versioning {{(pid=99785) process_request /opt/stack/glance/glance/api/middleware/version_negotiation.py:57}}
Aug 15 14:58:59.112405 np0000007358 devstack@g-api.service[99785]: DEBUG glance.api.middleware.version_negotiation [None req-660991dd-989d-4884-9654-b3436edba9c8 tempest-ServerStableDeviceRescueTest-2144132183 tempest-ServerStableDeviceRescueTest-2144132183-project-member] Matched version: v2 {{(pid=99785) process_request /opt/stack/glance/glance/api/middleware/version_negotiation.py:69}}
Aug 15 14:58:59.112405 np0000007358 devstack@g-api.service[99785]: DEBUG glance.api.middleware.version_negotiation [None req-660991dd-989d-4884-9654-b3436edba9c8 tempest-ServerStableDeviceRescueTest-2144132183 tempest-ServerStableDeviceRescueTest-2144132183-project-member] new path /v2/schemas/image {{(pid=99785) process_request /opt/stack/glance/glance/api/middleware/version_negotiation.py:70}}
Aug 15 14:58:59.114758 np0000007358 devstack@g-api.service[99785]: [pid: 99785|app: 0|req: 117/341] 127.0.0.1 () {44 vars in 1055 bytes} [Sat Aug 15 14:58:59 2026] GET /v2/schemas/image => generated 6083 bytes in 4 msecs (HTTP/1.1 200) 4 headers in 158 bytes (1 switches on core 0)
Aug 15 14:59:00.027332 np0000007358 devstack@g-api.service[99787]: DEBUG glance.api.middleware.version_negotiation [None req-16f66e25-440b-4b10-90a5-1d59ab413bf0 tempest-ServerStableDeviceRescueTest-2144132183 tempest-ServerStableDeviceRescueTest-2144132183-project-member] Determining version of request: GET /v2/images/b35ce8dc-2466-4113-adaa-5383bb4b0570 Accept: */* {{(pid=99787) process_request /opt/stack/glance/glance/api/middleware/version_negotiation.py:44}}
Aug 15 14:59:00.027775 np0000007358 devstack@g-api.service[99787]: DEBUG glance.api.middleware.version_negotiation [None req-16f66e25-440b-4b10-90a5-1d59ab413bf0 tempest-ServerStableDeviceRescueTest-2144132183 tempest-ServerStableDeviceRescueTest-2144132183-project-member] Using url versioning {{(pid=99787) process_request /opt/stack/glance/glance/api/middleware/version_negotiation.py:57}}
Aug 15 14:59:00.027775 np0000007358 devstack@g-api.service[99787]: DEBUG glance.api.middleware.version_negotiation [None req-16f66e25-440b-4b10-90a5-1d59ab413bf0 tempest-ServerStableDeviceRescueTest-2144132183 tempest-ServerStableDeviceRescueTest-2144132183-project-member] Matched version: v2 {{(pid=99787) process_request /opt/stack/glance/glance/api/middleware/version_negotiation.py:69}}
Aug 15 14:59:00.028212 np0000007358 devstack@g-api.service[99787]: DEBUG glance.api.middleware.version_negotiation [None req-16f66e25-440b-4b10-90a5-1d59ab413bf0 tempest-ServerStableDeviceRescueTest-2144132183 tempest-ServerStableDeviceRescueTest-2144132183-project-member] new path /v2/images/b35ce8dc-2466-4113-adaa-5383bb4b0570 {{(pid=99787) process_request /opt/stack/glance/glance/api/middleware/version_negotiation.py:70}}
