Aug 15 14:52:35.717509 np0000007358 nova-scheduler[93498]: DEBUG cotyledon.oslo_config_glue [-] oslo_messaging_rabbit.rabbit_quorum_max_memory_bytes = 0 {{(pid=93498) log_opt_values /opt/stack/data/venv/lib/python3.12/site-packages/oslo_config/cfg.py:3560}}
Aug 15 14:52:35.717509 np0000007358 nova-scheduler[93498]: DEBUG cotyledon.oslo_config_glue [-] oslo_messaging_rabbit.rabbit_quorum_max_memory_length = 0 {{(pid=93498) log_opt_values /opt/stack/data/venv/lib/python3.12/site-packages/oslo_config/cfg.py:3560}}
Aug 15 14:52:35.717509 np0000007358 nova-scheduler[93498]: DEBUG cotyledon.oslo_config_glue [-] oslo_messaging_rabbit.rabbit_quorum_queue = False {{(pid=93498) log_opt_values /opt/stack/data/venv/lib/python3.12/site-packages/oslo_config/cfg.py:3560}}
Aug 15 14:52:35.717509 np0000007358 nova-scheduler[93498]: DEBUG cotyledon.oslo_config_glue [-] oslo_messaging_rabbit.rabbit_retry_backoff = 2 {{(pid=93498) log_opt_values /opt/stack/data/venv/lib/python3.12/site-packages/oslo_config/cfg.py:3560}}
Aug 15 14:52:35.717509 np0000007358 nova-scheduler[93498]: DEBUG cotyledon.oslo_config_glue [-] oslo_messaging_rabbit.rabbit_retry_interval = 1 {{(pid=93498) log_opt_values /opt/stack/data/venv/lib/python3.12/site-packages/oslo_config/cfg.py:3560}}
Aug 15 14:52:35.717687 np0000007358 nova-scheduler[93498]: DEBUG cotyledon.oslo_config_glue [-] oslo_messaging_rabbit.rabbit_stream_fanout = False {{(pid=93498) log_opt_values /opt/stack/data/venv/lib/python3.12/site-packages/oslo_config/cfg.py:3560}}
Aug 15 14:52:35.717687 np0000007358 nova-scheduler[93498]: DEBUG cotyledon.oslo_config_glue [-] oslo_messaging_rabbit.rabbit_transient_queues_ttl = 1800 {{(pid=93498) log_opt_values /opt/stack/data/venv/lib/python3.12/site-packages/oslo_config/cfg.py:3560}}
Aug 15 14:52:35.717687 np0000007358 nova-scheduler[93498]: DEBUG cotyledon.oslo_config_glue [-] oslo_messaging_rabbit.rabbit_transient_quorum_queue = False {{(pid=93498) log_opt_values /opt/stack/data/venv/lib/python3.12/site-packages/oslo_config/cfg.py:3560}}
Aug 15 14:52:35.717687 np0000007358 nova-scheduler[93498]: DEBUG cotyledon.oslo_config_glue [-] oslo_messaging_rabbit.rpc_conn_pool_size = 30 {{(pid=93498) log_opt_values /opt/stack/data/venv/lib/python3.12/site-packages/oslo_config/cfg.py:3560}}
Aug 15 14:52:35.717761 np0000007358 nova-scheduler[93525]: INFO dbcounter [None req-a5b813b5-07ce-4292-999f-ebedf0fa3e12 None None] Registered counter for database nova_cell0
Aug 15 14:52:35.717787 np0000007358 nova-scheduler[93498]: DEBUG cotyledon.oslo_config_glue [-] oslo_messaging_rabbit.ssl = False {{(pid=93498) log_opt_values /opt/stack/data/venv/lib/python3.12/site-packages/oslo_config/cfg.py:3560}}
Aug 15 14:52:35.717787 np0000007358 nova-scheduler[93498]: DEBUG cotyledon.oslo_config_glue [-] oslo_messaging_rabbit.ssl_ca_file = {{(pid=93498) log_opt_values /opt/stack/data/venv/lib/python3.12/site-packages/oslo_config/cfg.py:3560}}
Aug 15 14:52:35.717787 np0000007358 nova-scheduler[93498]: DEBUG cotyledon.oslo_config_glue [-] oslo_messaging_rabbit.ssl_cert_file = {{(pid=93498) log_opt_values /opt/stack/data/venv/lib/python3.12/site-packages/oslo_config/cfg.py:3560}}
Aug 15 14:52:35.717787 np0000007358 nova-scheduler[93498]: DEBUG cotyledon.oslo_config_glue [-] oslo_messaging_rabbit.ssl_enforce_fips_mode = False {{(pid=93498) log_opt_values /opt/stack/data/venv/lib/python3.12/site-packages/oslo_config/cfg.py:3560}}
Aug 15 14:52:35.717787 np0000007358 nova-scheduler[93498]: DEBUG cotyledon.oslo_config_glue [-] oslo_messaging_rabbit.ssl_enforce_hostname_verification = True {{(pid=93498) log_opt_values /opt/stack/data/venv/lib/python3.12/site-packages/oslo_config/cfg.py:3560}}
Aug 15 14:52:35.717787 np0000007358 nova-scheduler[93498]: DEBUG cotyledon.oslo_config_glue [-] oslo_messaging_rabbit.ssl_key_file = {{(pid=93498) log_opt_values /opt/stack/data/venv/lib/python3.12/site-packages/oslo_config/cfg.py:3560}}
Aug 15 14:52:35.717787 np0000007358 nova-scheduler[93498]: DEBUG cotyledon.oslo_config_glue [-] oslo_messaging_rabbit.ssl_version = {{(pid=93498) log_opt_values /opt/stack/data/venv/lib/python3.12/site-packages/oslo_config/cfg.py:3560}}
Aug 15 14:52:35.717787 np0000007358 nova-scheduler[93498]: DEBUG cotyledon.oslo_config_glue [-] oslo_messaging_rabbit.use_queue_manager = False {{(pid=93498) log_opt_values /opt/stack/data/venv/lib/python3.12/site-packages/oslo_config/cfg.py:3560}}
Aug 15 14:52:35.717787 np0000007358 nova-scheduler[93498]: DEBUG cotyledon.oslo_config_glue [-] oslo_messaging_notifications.driver = ['messagingv2'] {{(pid=93498) log_opt_values /opt/stack/data/venv/lib/python3.12/site-packages/oslo_config/cfg.py:3560}}
Aug 15 14:52:35.717982 np0000007358 nova-scheduler[93498]: DEBUG cotyledon.oslo_config_glue [-] oslo_messaging_notifications.retry = -1 {{(pid=93498) log_opt_values /opt/stack/data/venv/lib/python3.12/site-packages/oslo_config/cfg.py:3560}}
Aug 15 14:52:35.717982 np0000007358 nova-scheduler[93498]: DEBUG cotyledon.oslo_config_glue [-] oslo_messaging_notifications.topics = ['notifications'] {{(pid=93498) log_opt_values /opt/stack/data/venv/lib/python3.12/site-packages/oslo_config/cfg.py:3560}}
Aug 15 14:52:35.717982 np0000007358 nova-scheduler[93498]: DEBUG cotyledon.oslo_config_glue [-] oslo_messaging_notifications.transport_url = **** {{(pid=93498) log_opt_values /opt/stack/data/venv/lib/python3.12/site-packages/oslo_config/cfg.py:3560}}
Aug 15 14:52:35.717982 np0000007358 nova-scheduler[93498]: DEBUG cotyledon.oslo_config_glue [-] oslo_limit.auth_section = None {{(pid=93498) log_opt_values /opt/stack/data/venv/lib/python3.12/site-packages/oslo_config/cfg.py:3560}}
Aug 15 14:52:35.717982 np0000007358 nova-scheduler[93498]: DEBUG cotyledon.oslo_config_glue [-] oslo_limit.auth_type = None {{(pid=93498) log_opt_values /opt/stack/data/venv/lib/python3.12/site-packages/oslo_config/cfg.py:3560}}
Aug 15 14:52:35.717982 np0000007358 nova-scheduler[93498]: DEBUG cotyledon.oslo_config_glue [-] oslo_limit.cafile = None {{(pid=93498) log_opt_values /opt/stack/data/venv/lib/python3.12/site-packages/oslo_config/cfg.py:3560}}
Aug 15 14:52:35.717982 np0000007358 nova-scheduler[93498]: DEBUG cotyledon.oslo_config_glue [-] oslo_limit.certfile = None {{(pid=93498) log_opt_values /opt/stack/data/venv/lib/python3.12/site-packages/oslo_config/cfg.py:3560}}
Aug 15 14:52:35.717982 np0000007358 nova-scheduler[93498]: DEBUG cotyledon.oslo_config_glue [-] oslo_limit.collect_timing = False {{(pid=93498) log_opt_values /opt/stack/data/venv/lib/python3.12/site-packages/oslo_config/cfg.py:3560}}
Aug 15 14:52:35.717982 np0000007358 nova-scheduler[93498]: DEBUG cotyledon.oslo_config_glue [-] oslo_limit.connect_retries = None {{(pid=93498) log_opt_values /opt/stack/data/venv/lib/python3.12/site-packages/oslo_config/cfg.py:3560}}
Aug 15 14:52:35.718182 np0000007358 nova-scheduler[93498]: DEBUG cotyledon.oslo_config_glue [-] oslo_limit.connect_retry_delay = None {{(pid=93498) log_opt_values /opt/stack/data/venv/lib/python3.12/site-packages/oslo_config/cfg.py:3560}}
Aug 15 14:52:35.718182 np0000007358 nova-scheduler[93498]: DEBUG cotyledon.oslo_config_glue [-] oslo_limit.endpoint_id = None {{(pid=93498) log_opt_values /opt/stack/data/venv/lib/python3.12/site-packages/oslo_config/cfg.py:3560}}
Aug 15 14:52:35.718182 np0000007358 nova-scheduler[93498]: DEBUG cotyledon.oslo_config_glue [-] oslo_limit.endpoint_interface = public {{(pid=93498) log_opt_values /opt/stack/data/venv/lib/python3.12/site-packages/oslo_config/cfg.py:3560}}
Aug 15 14:52:35.718182 np0000007358 nova-scheduler[93498]: DEBUG cotyledon.oslo_config_glue [-] oslo_limit.endpoint_override = None {{(pid=93498) log_opt_values /opt/stack/data/venv/lib/python3.12/site-packages/oslo_config/cfg.py:3560}}
Aug 15 14:52:35.718182 np0000007358 nova-scheduler[93498]: DEBUG cotyledon.oslo_config_glue [-] oslo_limit.endpoint_region_name = None {{(pid=93498) log_opt_values /opt/stack/data/venv/lib/python3.12/site-packages/oslo_config/cfg.py:3560}}
Aug 15 14:52:35.718182 np0000007358 nova-scheduler[93498]: DEBUG cotyledon.oslo_config_glue [-] oslo_limit.endpoint_service_name = None {{(pid=93498) log_opt_values /opt/stack/data/venv/lib/python3.12/site-packages/oslo_config/cfg.py:3560}}
Aug 15 14:52:35.718182 np0000007358 nova-scheduler[93498]: DEBUG cotyledon.oslo_config_glue [-] oslo_limit.endpoint_service_type = None {{(pid=93498) log_opt_values /opt/stack/data/venv/lib/python3.12/site-packages/oslo_config/cfg.py:3560}}
Aug 15 14:52:35.718182 np0000007358 nova-scheduler[93498]: DEBUG cotyledon.oslo_config_glue [-] oslo_limit.insecure = False {{(pid=93498) log_opt_values /opt/stack/data/venv/lib/python3.12/site-packages/oslo_config/cfg.py:3560}}
Aug 15 14:52:35.718182 np0000007358 nova-scheduler[93498]: DEBUG cotyledon.oslo_config_glue [-] oslo_limit.keyfile = None {{(pid=93498) log_opt_values /opt/stack/data/venv/lib/python3.12/site-packages/oslo_config/cfg.py:3560}}
Aug 15 14:52:35.718353 np0000007358 nova-scheduler[93498]: DEBUG cotyledon.oslo_config_glue [-] oslo_limit.max_version = None {{(pid=93498) log_opt_values /opt/stack/data/venv/lib/python3.12/site-packages/oslo_config/cfg.py:3560}}
Aug 15 14:52:35.718353 np0000007358 nova-scheduler[93498]: DEBUG cotyledon.oslo_config_glue [-] oslo_limit.min_version = None {{(pid=93498) log_opt_values /opt/stack/data/venv/lib/python3.12/site-packages/oslo_config/cfg.py:3560}}
Aug 15 14:52:35.718353 np0000007358 nova-scheduler[93498]: DEBUG cotyledon.oslo_config_glue [-] oslo_limit.region_name = None {{(pid=93498) log_opt_values /opt/stack/data/venv/lib/python3.12/site-packages/oslo_config/cfg.py:3560}}
Aug 15 14:52:35.718353 np0000007358 nova-scheduler[93498]: DEBUG cotyledon.oslo_config_glue [-] oslo_limit.retriable_status_codes = None {{(pid=93498) log_opt_values /opt/stack/data/venv/lib/python3.12/site-packages/oslo_config/cfg.py:3560}}
Aug 15 14:52:35.718353 np0000007358 nova-scheduler[93498]: DEBUG cotyledon.oslo_config_glue [-] oslo_limit.service_name = None {{(pid=93498) log_opt_values /opt/stack/data/venv/lib/python3.12/site-packages/oslo_config/cfg.py:3560}}
Aug 15 14:52:35.718353 np0000007358 nova-scheduler[93498]: DEBUG cotyledon.oslo_config_glue [-] oslo_limit.service_type = None {{(pid=93498) log_opt_values /opt/stack/data/venv/lib/python3.12/site-packages/oslo_config/cfg.py:3560}}
Aug 15 14:52:35.718353 np0000007358 nova-scheduler[93498]: DEBUG cotyledon.oslo_config_glue [-] oslo_limit.split_loggers = False {{(pid=93498) log_opt_values /opt/stack/data/venv/lib/python3.12/site-packages/oslo_config/cfg.py:3560}}
Aug 15 14:52:35.718353 np0000007358 nova-scheduler[93498]: DEBUG cotyledon.oslo_config_glue [-] oslo_limit.status_code_retries = None {{(pid=93498) log_opt_values /opt/stack/data/venv/lib/python3.12/site-packages/oslo_config/cfg.py:3560}}
Aug 15 14:52:35.718353 np0000007358 nova-scheduler[93498]: DEBUG cotyledon.oslo_config_glue [-] oslo_limit.status_code_retry_delay = None {{(pid=93498) log_opt_values /opt/stack/data/venv/lib/python3.12/site-packages/oslo_config/cfg.py:3560}}
Aug 15 14:52:35.718517 np0000007358 nova-scheduler[93498]: DEBUG cotyledon.oslo_config_glue [-] oslo_limit.timeout = None {{(pid=93498) log_opt_values /opt/stack/data/venv/lib/python3.12/site-packages/oslo_config/cfg.py:3560}}
Aug 15 14:52:35.718517 np0000007358 nova-scheduler[93498]: DEBUG cotyledon.oslo_config_glue [-] oslo_limit.valid_interfaces = None {{(pid=93498) log_opt_values /opt/stack/data/venv/lib/python3.12/site-packages/oslo_config/cfg.py:3560}}
Aug 15 14:52:35.718517 np0000007358 nova-scheduler[93498]: DEBUG cotyledon.oslo_config_glue [-] oslo_limit.version = None {{(pid=93498) log_opt_values /opt/stack/data/venv/lib/python3.12/site-packages/oslo_config/cfg.py:3560}}
Aug 15 14:52:35.718517 np0000007358 nova-scheduler[93498]: DEBUG cotyledon.oslo_config_glue [-] oslo_reports.file_event_handler = None {{(pid=93498) log_opt_values /opt/stack/data/venv/lib/python3.12/site-packages/oslo_config/cfg.py:3560}}
Aug 15 14:52:35.718517 np0000007358 nova-scheduler[93498]: DEBUG cotyledon.oslo_config_glue [-] oslo_reports.file_event_handler_interval = 1 {{(pid=93498) log_opt_values /opt/stack/data/venv/lib/python3.12/site-packages/oslo_config/cfg.py:3560}}
Aug 15 14:52:35.718517 np0000007358 nova-scheduler[93498]: DEBUG cotyledon.oslo_config_glue [-] oslo_reports.log_dir = None {{(pid=93498) log_opt_values /opt/stack/data/venv/lib/python3.12/site-packages/oslo_config/cfg.py:3560}}
Aug 15 14:52:35.718517 np0000007358 nova-scheduler[93498]: DEBUG cotyledon.oslo_config_glue [-] ******************************************************************************** {{(pid=93498) log_opt_values /opt/stack/data/venv/lib/python3.12/site-packages/oslo_config/cfg.py:3567}}
Aug 15 14:52:35.718517 np0000007358 nova-scheduler[93498]: DEBUG cotyledon._service_worker [-] Run service ServiceWrapper(1) [93498] {{(pid=93498) wait_forever /opt/stack/data/venv/lib/python3.12/site-packages/cotyledon/_service_worker.py:218}}
Aug 15 14:52:35.718517 np0000007358 nova-scheduler[93498]: INFO nova.service [-] Starting scheduler node (version 33.1.0)
Aug 15 14:52:35.719309 np0000007358 nova-scheduler[93498]: INFO dbcounter [None req-c24e9e07-af78-4376-9698-3bdf7bc5fcdc None None] Registered counter for database nova_cell0
Aug 15 14:52:35.726776 np0000007358 nova-scheduler[93478]: DEBUG oslo_db.sqlalchemy.engines [None req-a70f4d5e-463b-4e99-9b02-a3157ccc8627 None None] MySQL server mode set to STRICT_TRANS_TABLES,STRICT_ALL_TABLES,NO_ZERO_IN_DATE,NO_ZERO_DATE,ERROR_FOR_DIVISION_BY_ZERO,TRADITIONAL,NO_ENGINE_SUBSTITUTION {{(pid=93478) _check_effective_sql_mode /opt/stack/data/venv/lib/python3.12/site-packages/oslo_db/sqlalchemy/engines.py:325}}
Aug 15 14:52:35.738786 np0000007358 nova-scheduler[93478]: DEBUG dbcounter [-] [93478] Writer thread running {{(pid=93478) stat_writer /opt/stack/data/venv/lib/python3.12/site-packages/dbcounter.py:102}}
Aug 15 14:52:35.752702 np0000007358 nova-scheduler[93478]: DEBUG nova.service [None req-a70f4d5e-463b-4e99-9b02-a3157ccc8627 None None] Creating RPC server for service: nova-scheduler on topic: scheduler {{(pid=93478) start /opt/stack/nova/nova/service.py:262}}
Aug 15 14:52:35.756887 np0000007358 nova-scheduler[93498]: DEBUG oslo_db.sqlalchemy.engines [None req-c24e9e07-af78-4376-9698-3bdf7bc5fcdc None None] MySQL server mode set to STRICT_TRANS_TABLES,STRICT_ALL_TABLES,NO_ZERO_IN_DATE,NO_ZERO_DATE,ERROR_FOR_DIVISION_BY_ZERO,TRADITIONAL,NO_ENGINE_SUBSTITUTION {{(pid=93498) _check_effective_sql_mode /opt/stack/data/venv/lib/python3.12/site-packages/oslo_db/sqlalchemy/engines.py:325}}
Aug 15 14:52:35.759798 np0000007358 nova-scheduler[93525]: DEBUG oslo_db.sqlalchemy.engines [None req-a5b813b5-07ce-4292-999f-ebedf0fa3e12 None None] MySQL server mode set to STRICT_TRANS_TABLES,STRICT_ALL_TABLES,NO_ZERO_IN_DATE,NO_ZERO_DATE,ERROR_FOR_DIVISION_BY_ZERO,TRADITIONAL,NO_ENGINE_SUBSTITUTION {{(pid=93525) _check_effective_sql_mode /opt/stack/data/venv/lib/python3.12/site-packages/oslo_db/sqlalchemy/engines.py:325}}
Aug 15 14:52:35.770751 np0000007358 nova-scheduler[93525]: DEBUG dbcounter [-] [93525] Writer thread running {{(pid=93525) stat_writer /opt/stack/data/venv/lib/python3.12/site-packages/dbcounter.py:102}}
Aug 15 14:52:35.773774 np0000007358 nova-scheduler[93525]: DEBUG nova.service [None req-a5b813b5-07ce-4292-999f-ebedf0fa3e12 None None] Creating RPC server for service: nova-scheduler on topic: scheduler {{(pid=93525) start /opt/stack/nova/nova/service.py:262}}
Aug 15 14:52:35.773925 np0000007358 nova-scheduler[93478]: DEBUG nova.service [None req-a70f4d5e-463b-4e99-9b02-a3157ccc8627 None None] Join ServiceGroup membership for this service scheduler {{(pid=93478) start /opt/stack/nova/nova/service.py:288}}
Aug 15 14:52:35.774150 np0000007358 nova-scheduler[93478]: DEBUG nova.servicegroup.drivers.db [None req-a70f4d5e-463b-4e99-9b02-a3157ccc8627 None None] DB_Driver: join new ServiceGroup member np0000007358 to the scheduler group, service = {{(pid=93478) join /opt/stack/nova/nova/servicegroup/drivers/db.py:44}}
Aug 15 14:52:35.775976 np0000007358 nova-scheduler[93498]: DEBUG dbcounter [-] [93498] Writer thread running {{(pid=93498) stat_writer /opt/stack/data/venv/lib/python3.12/site-packages/dbcounter.py:102}}
Aug 15 14:52:35.779551 np0000007358 nova-scheduler[93498]: DEBUG nova.service [None req-c24e9e07-af78-4376-9698-3bdf7bc5fcdc None None] Creating RPC server for service: nova-scheduler on topic: scheduler {{(pid=93498) start /opt/stack/nova/nova/service.py:262}}
Aug 15 14:52:35.794756 np0000007358 nova-scheduler[93525]: DEBUG nova.service [None req-a5b813b5-07ce-4292-999f-ebedf0fa3e12 None None] Join ServiceGroup membership for this service scheduler {{(pid=93525) start /opt/stack/nova/nova/service.py:288}}
Aug 15 14:52:35.795170 np0000007358 nova-scheduler[93525]: DEBUG nova.servicegroup.drivers.db [None req-a5b813b5-07ce-4292-999f-ebedf0fa3e12 None None] DB_Driver: join new ServiceGroup member np0000007358 to the scheduler group, service = {{(pid=93525) join /opt/stack/nova/nova/servicegroup/drivers/db.py:44}}
Aug 15 14:52:35.804338 np0000007358 nova-scheduler[93498]: DEBUG nova.service [None req-c24e9e07-af78-4376-9698-3bdf7bc5fcdc None None] Join ServiceGroup membership for this service scheduler {{(pid=93498) start /opt/stack/nova/nova/service.py:288}}
Aug 15 14:52:35.804435 np0000007358 nova-scheduler[93498]: DEBUG nova.servicegroup.drivers.db [None req-c24e9e07-af78-4376-9698-3bdf7bc5fcdc None None] DB_Driver: join new ServiceGroup member np0000007358 to the scheduler group, service = {{(pid=93498) join /opt/stack/nova/nova/servicegroup/drivers/db.py:44}}
Aug 15 14:52:36.797504 np0000007358 nova-scheduler[93525]: DEBUG oslo.service.backend._threading.loopingcall [None req-e62d1130-1831-4fde-abb9-b47bde9dc8be None None] Dynamic interval looping call 'nova.service.Service.periodic_tasks' sleeping for 60.00 seconds {{(pid=93525) _run_loop /opt/stack/data/venv/lib/python3.12/site-packages/oslo_service/backend/_threading/loopingcall.py:125}}
Aug 15 14:52:40.793895 np0000007358 nova-scheduler[93478]: DEBUG oslo.service.backend._threading.loopingcall [-] Fixed interval looping call 'nova.servicegroup.drivers.db.DbDriver._report_state' sleeping for 119.98 seconds {{(pid=93478) _run_loop /opt/stack/data/venv/lib/python3.12/site-packages/oslo_service/backend/_threading/loopingcall.py:125}}
Aug 15 14:52:40.809331 np0000007358 nova-scheduler[93525]: DEBUG oslo.service.backend._threading.loopingcall [-] Fixed interval looping call 'nova.servicegroup.drivers.db.DbDriver._report_state' sleeping for 119.99 seconds {{(pid=93525) _run_loop /opt/stack/data/venv/lib/python3.12/site-packages/oslo_service/backend/_threading/loopingcall.py:125}}
Aug 15 14:52:40.819015 np0000007358 nova-scheduler[93498]: DEBUG oslo.service.backend._threading.loopingcall [-] Fixed interval looping call 'nova.servicegroup.drivers.db.DbDriver._report_state' sleeping for 119.99 seconds {{(pid=93498) _run_loop /opt/stack/data/venv/lib/python3.12/site-packages/oslo_service/backend/_threading/loopingcall.py:125}}
Aug 15 14:52:44.384336 np0000007358 nova-scheduler[92258]: DEBUG dbcounter [-] [92258] Writing DB stats nova_api:SELECT=3 {{(pid=92258) stat_writer /opt/stack/data/venv/lib/python3.12/site-packages/dbcounter.py:115}}
Aug 15 14:52:44.503716 np0000007358 nova-scheduler[92258]: DEBUG dbcounter [-] [92258] Writing DB stats nova_cell1:SELECT=1 {{(pid=92258) stat_writer /opt/stack/data/venv/lib/python3.12/site-packages/dbcounter.py:115}}
Aug 15 14:52:44.509110 np0000007358 nova-scheduler[92258]: DEBUG dbcounter [-] [92258] Writing DB stats nova_cell0:SELECT=1 {{(pid=92258) stat_writer /opt/stack/data/venv/lib/python3.12/site-packages/dbcounter.py:115}}
Aug 15 14:52:48.806590 np0000007358 nova-scheduler[93498]: DEBUG oslo.service.backend._threading.loopingcall [None req-27af5b6d-9e37-45b8-ac6b-1756af668248 None None] Dynamic interval looping call 'nova.service.Service.periodic_tasks' sleeping for 60.00 seconds {{(pid=93498) _run_loop /opt/stack/data/venv/lib/python3.12/site-packages/oslo_service/backend/_threading/loopingcall.py:125}}
Aug 15 14:52:50.793219 np0000007358 nova-scheduler[93478]: DEBUG dbcounter [-] [93478] Writing DB stats nova_cell0:SELECT=4,nova_cell0:INSERT=1,nova_cell0:UPDATE=1 {{(pid=93478) stat_writer /opt/stack/data/venv/lib/python3.12/site-packages/dbcounter.py:115}}
Aug 15 14:52:50.805619 np0000007358 nova-scheduler[93525]: DEBUG dbcounter [-] [93525] Writing DB stats nova_cell0:SELECT=3 {{(pid=93525) stat_writer /opt/stack/data/venv/lib/python3.12/site-packages/dbcounter.py:115}}
Aug 15 14:52:50.815446 np0000007358 nova-scheduler[93498]: DEBUG dbcounter [-] [93498] Writing DB stats nova_cell0:SELECT=3 {{(pid=93498) stat_writer /opt/stack/data/venv/lib/python3.12/site-packages/dbcounter.py:115}}
Aug 15 14:53:09.776220 np0000007358 nova-scheduler[93478]: DEBUG oslo.service.backend._threading.loopingcall [None req-27a80507-2170-41cb-bb45-27d9ee924cab None None] Dynamic interval looping call 'nova.service.Service.periodic_tasks' sleeping for 60.00 seconds {{(pid=93478) _run_loop /opt/stack/data/venv/lib/python3.12/site-packages/oslo_service/backend/_threading/loopingcall.py:125}}
Aug 15 14:53:36.798061 np0000007358 nova-scheduler[93525]: DEBUG oslo.service.backend._threading.loopingcall [None req-e62d1130-1831-4fde-abb9-b47bde9dc8be None None] Dynamic interval looping call 'nova.service.Service.periodic_tasks' sleeping for 60.00 seconds {{(pid=93525) _run_loop /opt/stack/data/venv/lib/python3.12/site-packages/oslo_service/backend/_threading/loopingcall.py:125}}
Aug 15 14:53:48.807276 np0000007358 nova-scheduler[93498]: DEBUG oslo.service.backend._threading.loopingcall [None req-27af5b6d-9e37-45b8-ac6b-1756af668248 None None] Dynamic interval looping call 'nova.service.Service.periodic_tasks' sleeping for 60.00 seconds {{(pid=93498) _run_loop /opt/stack/data/venv/lib/python3.12/site-packages/oslo_service/backend/_threading/loopingcall.py:125}}
Aug 15 14:54:09.776696 np0000007358 nova-scheduler[93478]: DEBUG oslo.service.backend._threading.loopingcall [None req-27a80507-2170-41cb-bb45-27d9ee924cab None None] Dynamic interval looping call 'nova.service.Service.periodic_tasks' sleeping for 60.00 seconds {{(pid=93478) _run_loop /opt/stack/data/venv/lib/python3.12/site-packages/oslo_service/backend/_threading/loopingcall.py:125}}
Aug 15 14:54:36.798590 np0000007358 nova-scheduler[93525]: DEBUG oslo.service.backend._threading.loopingcall [None req-e62d1130-1831-4fde-abb9-b47bde9dc8be None None] Dynamic interval looping call 'nova.service.Service.periodic_tasks' sleeping for 60.00 seconds {{(pid=93525) _run_loop /opt/stack/data/venv/lib/python3.12/site-packages/oslo_service/backend/_threading/loopingcall.py:125}}
Aug 15 14:54:40.782007 np0000007358 nova-scheduler[93478]: DEBUG oslo.service.backend._threading.loopingcall [-] Fixed interval looping call 'nova.servicegroup.drivers.db.DbDriver._report_state' sleeping for 119.99 seconds {{(pid=93478) _run_loop /opt/stack/data/venv/lib/python3.12/site-packages/oslo_service/backend/_threading/loopingcall.py:125}}
Aug 15 14:54:40.805146 np0000007358 nova-scheduler[93525]: DEBUG oslo.service.backend._threading.loopingcall [-] Fixed interval looping call 'nova.servicegroup.drivers.db.DbDriver._report_state' sleeping for 119.99 seconds {{(pid=93525) _run_loop /opt/stack/data/venv/lib/python3.12/site-packages/oslo_service/backend/_threading/loopingcall.py:125}}
Aug 15 14:54:40.814389 np0000007358 nova-scheduler[93498]: DEBUG oslo.service.backend._threading.loopingcall [-] Fixed interval looping call 'nova.servicegroup.drivers.db.DbDriver._report_state' sleeping for 119.99 seconds {{(pid=93498) _run_loop /opt/stack/data/venv/lib/python3.12/site-packages/oslo_service/backend/_threading/loopingcall.py:125}}
Aug 15 14:54:48.807729 np0000007358 nova-scheduler[93498]: DEBUG oslo.service.backend._threading.loopingcall [None req-27af5b6d-9e37-45b8-ac6b-1756af668248 None None] Dynamic interval looping call 'nova.service.Service.periodic_tasks' sleeping for 60.00 seconds {{(pid=93498) _run_loop /opt/stack/data/venv/lib/python3.12/site-packages/oslo_service/backend/_threading/loopingcall.py:125}}
Aug 15 14:54:50.778587 np0000007358 nova-scheduler[93478]: DEBUG dbcounter [-] [93478] Writing DB stats nova_cell0:SELECT=1,nova_cell0:UPDATE=1 {{(pid=93478) stat_writer /opt/stack/data/venv/lib/python3.12/site-packages/dbcounter.py:115}}
Aug 15 14:54:50.802949 np0000007358 nova-scheduler[93525]: DEBUG dbcounter [-] [93525] Writing DB stats nova_cell0:SELECT=1 {{(pid=93525) stat_writer /opt/stack/data/venv/lib/python3.12/site-packages/dbcounter.py:115}}
Aug 15 14:54:50.811156 np0000007358 nova-scheduler[93498]: DEBUG dbcounter [-] [93498] Writing DB stats nova_cell0:SELECT=1 {{(pid=93498) stat_writer /opt/stack/data/venv/lib/python3.12/site-packages/dbcounter.py:115}}
Aug 15 14:55:09.777284 np0000007358 nova-scheduler[93478]: DEBUG oslo.service.backend._threading.loopingcall [None req-27a80507-2170-41cb-bb45-27d9ee924cab None None] Dynamic interval looping call 'nova.service.Service.periodic_tasks' sleeping for 60.00 seconds {{(pid=93478) _run_loop /opt/stack/data/venv/lib/python3.12/site-packages/oslo_service/backend/_threading/loopingcall.py:125}}
Aug 15 14:55:12.148808 np0000007358 nova-scheduler[93478]: DEBUG nova.scheduler.manager [None req-35e9283f-4f69-4e0b-bc1e-6fda904b54eb tempest-ServerActionsTestOtherB-1544262689 tempest-ServerActionsTestOtherB-1544262689-project-member] Starting to schedule for instances: ['24da8c2e-073f-4778-b94b-8a86e787b2f2'] {{(pid=93478) select_destinations /opt/stack/nova/nova/scheduler/manager.py:197}}
Aug 15 14:55:12.149645 np0000007358 nova-scheduler[93478]: DEBUG nova.scheduler.request_filter [None req-35e9283f-4f69-4e0b-bc1e-6fda904b54eb tempest-ServerActionsTestOtherB-1544262689 tempest-ServerActionsTestOtherB-1544262689-project-member] compute_status_filter request filter added forbidden trait COMPUTE_STATUS_DISABLED {{(pid=93478) compute_status_filter /opt/stack/nova/nova/scheduler/request_filter.py:253}}
Aug 15 14:55:12.149845 np0000007358 nova-scheduler[93478]: DEBUG nova.scheduler.request_filter [None req-35e9283f-4f69-4e0b-bc1e-6fda904b54eb tempest-ServerActionsTestOtherB-1544262689 tempest-ServerActionsTestOtherB-1544262689-project-member] Request filter 'compute_status_filter' took 0.0 seconds {{(pid=93478) wrapper /opt/stack/nova/nova/scheduler/request_filter.py:46}}
Aug 15 14:55:12.150130 np0000007358 nova-scheduler[93478]: DEBUG nova.scheduler.request_filter [None req-35e9283f-4f69-4e0b-bc1e-6fda904b54eb tempest-ServerActionsTestOtherB-1544262689 tempest-ServerActionsTestOtherB-1544262689-project-member] Request filter 'accelerators_filter' took 0.0 seconds {{(pid=93478) wrapper /opt/stack/nova/nova/scheduler/request_filter.py:46}}
Aug 15 14:55:12.150376 np0000007358 nova-scheduler[93478]: DEBUG nova.scheduler.request_filter [None req-35e9283f-4f69-4e0b-bc1e-6fda904b54eb tempest-ServerActionsTestOtherB-1544262689 tempest-ServerActionsTestOtherB-1544262689-project-member] Request filter 'packed_virtqueue_filter' took 0.0 seconds {{(pid=93478) wrapper /opt/stack/nova/nova/scheduler/request_filter.py:46}}
Aug 15 14:55:12.150705 np0000007358 nova-scheduler[93478]: DEBUG nova.scheduler.request_filter [None req-35e9283f-4f69-4e0b-bc1e-6fda904b54eb tempest-ServerActionsTestOtherB-1544262689 tempest-ServerActionsTestOtherB-1544262689-project-member] Request filter 'remote_managed_ports_filter' took 0.0 seconds {{(pid=93478) wrapper /opt/stack/nova/nova/scheduler/request_filter.py:46}}
Aug 15 14:55:12.150881 np0000007358 nova-scheduler[93478]: DEBUG nova.scheduler.request_filter [None req-35e9283f-4f69-4e0b-bc1e-6fda904b54eb tempest-ServerActionsTestOtherB-1544262689 tempest-ServerActionsTestOtherB-1544262689-project-member] ephemeral_encryption_filter skipped {{(pid=93478) ephemeral_encryption_filter /opt/stack/nova/nova/scheduler/request_filter.py:426}}
Aug 15 14:55:12.151089 np0000007358 nova-scheduler[93478]: DEBUG nova.scheduler.request_filter [None req-35e9283f-4f69-4e0b-bc1e-6fda904b54eb tempest-ServerActionsTestOtherB-1544262689 tempest-ServerActionsTestOtherB-1544262689-project-member] virtio_sound_filter skipped {{(pid=93478) virtio_sound_filter /opt/stack/nova/nova/scheduler/request_filter.py:460}}
Aug 15 14:55:12.151250 np0000007358 nova-scheduler[93478]: DEBUG nova.scheduler.request_filter [None req-35e9283f-4f69-4e0b-bc1e-6fda904b54eb tempest-ServerActionsTestOtherB-1544262689 tempest-ServerActionsTestOtherB-1544262689-project-member] tpm_secret_security_filter skipped {{(pid=93478) tpm_secret_security_filter /opt/stack/nova/nova/scheduler/request_filter.py:477}}
Aug 15 14:55:12.615513 np0000007358 nova-scheduler[93478]: INFO nova.utils [None req-35e9283f-4f69-4e0b-bc1e-6fda904b54eb tempest-ServerActionsTestOtherB-1544262689 tempest-ServerActionsTestOtherB-1544262689-project-member] The cell worker thread pool ForkProcess-1.cell_worker is initialized
Aug 15 14:55:12.616294 np0000007358 nova-scheduler[93478]: DEBUG oslo_concurrency.lockutils [None req-35e9283f-4f69-4e0b-bc1e-6fda904b54eb tempest-ServerActionsTestOtherB-1544262689 tempest-ServerActionsTestOtherB-1544262689-project-member] Acquiring lock "a74ddfa6-6fd3-4746-9961-5fedebea1f95" by "nova.context.set_target_cell..get_or_set_cached_cell_and_set_connections" {{(pid=93478) inner /opt/stack/data/venv/lib/python3.12/site-packages/oslo_concurrency/lockutils.py:512}}
Aug 15 14:55:12.616595 np0000007358 nova-scheduler[93478]: DEBUG oslo_concurrency.lockutils [None req-35e9283f-4f69-4e0b-bc1e-6fda904b54eb tempest-ServerActionsTestOtherB-1544262689 tempest-ServerActionsTestOtherB-1544262689-project-member] Lock "a74ddfa6-6fd3-4746-9961-5fedebea1f95" acquired by "nova.context.set_target_cell..get_or_set_cached_cell_and_set_connections" :: waited 0.000s {{(pid=93478) inner /opt/stack/data/venv/lib/python3.12/site-packages/oslo_concurrency/lockutils.py:525}}
Aug 15 14:55:12.618157 np0000007358 nova-scheduler[93478]: DEBUG oslo_concurrency.lockutils [None req-35e9283f-4f69-4e0b-bc1e-6fda904b54eb tempest-ServerActionsTestOtherB-1544262689 tempest-ServerActionsTestOtherB-1544262689-project-member] Lock "a74ddfa6-6fd3-4746-9961-5fedebea1f95" "released" by "nova.context.set_target_cell..get_or_set_cached_cell_and_set_connections" :: held 0.001s {{(pid=93478) inner /opt/stack/data/venv/lib/python3.12/site-packages/oslo_concurrency/lockutils.py:544}}
Aug 15 14:55:12.620373 np0000007358 nova-scheduler[93478]: INFO dbcounter [None req-35e9283f-4f69-4e0b-bc1e-6fda904b54eb tempest-ServerActionsTestOtherB-1544262689 tempest-ServerActionsTestOtherB-1544262689-project-member] Registered counter for database nova_cell1
Aug 15 14:55:12.666819 np0000007358 nova-scheduler[93478]: DEBUG oslo_db.sqlalchemy.engines [None req-35e9283f-4f69-4e0b-bc1e-6fda904b54eb tempest-ServerActionsTestOtherB-1544262689 tempest-ServerActionsTestOtherB-1544262689-project-member] MySQL server mode set to STRICT_TRANS_TABLES,STRICT_ALL_TABLES,NO_ZERO_IN_DATE,NO_ZERO_DATE,ERROR_FOR_DIVISION_BY_ZERO,TRADITIONAL,NO_ENGINE_SUBSTITUTION {{(pid=93478) _check_effective_sql_mode /opt/stack/data/venv/lib/python3.12/site-packages/oslo_db/sqlalchemy/engines.py:325}}
Aug 15 14:55:12.675148 np0000007358 nova-scheduler[93478]: DEBUG dbcounter [-] [93478] Writer thread running {{(pid=93478) stat_writer /opt/stack/data/venv/lib/python3.12/site-packages/dbcounter.py:102}}
Aug 15 14:55:12.687840 np0000007358 nova-scheduler[93478]: DEBUG oslo_db.sqlalchemy.engines [None req-35e9283f-4f69-4e0b-bc1e-6fda904b54eb tempest-ServerActionsTestOtherB-1544262689 tempest-ServerActionsTestOtherB-1544262689-project-member] Parent process 92258 forked (93478) with an open database connection, which is being discarded and recreated. {{(pid=93478) checkout /opt/stack/data/venv/lib/python3.12/site-packages/oslo_db/sqlalchemy/engines.py:402}}
Aug 15 14:55:12.725277 np0000007358 nova-scheduler[93478]: DEBUG dbcounter [-] [93478] Writer thread running {{(pid=93478) stat_writer /opt/stack/data/venv/lib/python3.12/site-packages/dbcounter.py:102}}
Aug 15 14:55:12.730585 np0000007358 nova-scheduler[93478]: DEBUG oslo_concurrency.lockutils [None req-35e9283f-4f69-4e0b-bc1e-6fda904b54eb tempest-ServerActionsTestOtherB-1544262689 tempest-ServerActionsTestOtherB-1544262689-project-member] Acquiring lock "a74ddfa6-6fd3-4746-9961-5fedebea1f95" by "nova.context.set_target_cell..get_or_set_cached_cell_and_set_connections" {{(pid=93478) inner /opt/stack/data/venv/lib/python3.12/site-packages/oslo_concurrency/lockutils.py:512}}
Aug 15 14:55:12.730828 np0000007358 nova-scheduler[93478]: DEBUG oslo_concurrency.lockutils [None req-35e9283f-4f69-4e0b-bc1e-6fda904b54eb tempest-ServerActionsTestOtherB-1544262689 tempest-ServerActionsTestOtherB-1544262689-project-member] Lock "a74ddfa6-6fd3-4746-9961-5fedebea1f95" acquired by "nova.context.set_target_cell..get_or_set_cached_cell_and_set_connections" :: waited 0.000s {{(pid=93478) inner /opt/stack/data/venv/lib/python3.12/site-packages/oslo_concurrency/lockutils.py:525}}
Aug 15 14:55:12.730992 np0000007358 nova-scheduler[93478]: DEBUG oslo_concurrency.lockutils [None req-35e9283f-4f69-4e0b-bc1e-6fda904b54eb tempest-ServerActionsTestOtherB-1544262689 tempest-ServerActionsTestOtherB-1544262689-project-member] Lock "a74ddfa6-6fd3-4746-9961-5fedebea1f95" "released" by "nova.context.set_target_cell..get_or_set_cached_cell_and_set_connections" :: held 0.000s {{(pid=93478) inner /opt/stack/data/venv/lib/python3.12/site-packages/oslo_concurrency/lockutils.py:544}}
Aug 15 14:55:12.735528 np0000007358 nova-scheduler[93478]: DEBUG oslo_concurrency.lockutils [None req-35e9283f-4f69-4e0b-bc1e-6fda904b54eb tempest-ServerActionsTestOtherB-1544262689 tempest-ServerActionsTestOtherB-1544262689-project-member] Acquiring lock "np0000007358-np0000007358" by "nova.scheduler.host_manager.HostState.update.._locked_update" {{(pid=93478) inner /opt/stack/data/venv/lib/python3.12/site-packages/oslo_concurrency/lockutils.py:512}}
Aug 15 14:55:12.735923 np0000007358 nova-scheduler[93478]: DEBUG oslo_concurrency.lockutils [None req-35e9283f-4f69-4e0b-bc1e-6fda904b54eb tempest-ServerActionsTestOtherB-1544262689 tempest-ServerActionsTestOtherB-1544262689-project-member] Lock "np0000007358-np0000007358" acquired by "nova.scheduler.host_manager.HostState.update.._locked_update" :: waited 0.000s {{(pid=93478) inner /opt/stack/data/venv/lib/python3.12/site-packages/oslo_concurrency/lockutils.py:525}}
Aug 15 14:55:12.736792 np0000007358 nova-scheduler[93478]: DEBUG nova.scheduler.host_manager [None req-35e9283f-4f69-4e0b-bc1e-6fda904b54eb tempest-ServerActionsTestOtherB-1544262689 tempest-ServerActionsTestOtherB-1544262689-project-member] Update host state from compute node: ComputeNode(cpu_allocation_ratio=4.0,cpu_info='{"arch": "x86_64", "model": "EPYC-Milan", "vendor": "AMD", "topology": {"cells": 1, "sockets": 16, "cores": 1, "threads": 1}, "maxphysaddr": {"mode": "emulate", "bits": 40}, "features": ["spec-ctrl", "arat", "sep", "vme", "lbrv", "nrip-save", "clzero", "invpcid", "ibrs", "tsc-deadline", "3dnowprefetch", "mmx", "popcnt", "stibp-always-on", "flushbyasid", "rdrand", "ssse3", "rdctl-no", "pdpe1gb", "msr", "cmov", "vaes", "clwb", "mds-no", "sse2", "lfence-always-serializing", "movbe", "vmcb-clean", "sse", "v-vmsave-vmload", "hypervisor", "clflush", "pae", "avx2", "cx16", "pcid", "svme-addr-chk", "tsc-scale", "x2apic", "arch-capabilities", "amd-psfd", "bmi1", "osvw", "tsc_adjust", "lahf_lm", "pause-filter", "fsgsbase", "stibp", "fpu", "pclmuldq", "fma", "xsavec", "erms", "umip", "wbnoinvd", "cr8legacy", "pschange-mc-no", "sha-ni", "tsc", "rdpid", "rdtscp", "f16c", "vpclmulqdq", "amd-stibp", "gds-no", "sse4a", "cx8", "nx", "misalignsse", "pat", "svm", "avx", "xgetbv1", "fxsr", "cmp_legacy", "xsaveopt", "ibpb", "vgif", "perfctr_core", "mca", "xsaves", "xsave", "sse4.1", "mce", "amd-ssbd", "sse4.2", "topoext", "npt", "smap", "syscall", "ssbd", "abm", "rdseed", "clflushopt", "virt-ssbd", "pfthreshold", "xsaveerptr", "pku", "pse", "lm", "fxsr_opt", "mmxext", "apic", "pge", "bmi2", "mtrr", "aes", "no-nested-data-bp", "adx", "skip-l1dfl-vmentry", "smep", "fsrm", "de", "null-sel-clr-base", "pse36", "pni"]}',created_at=2026-08-15T14:52:56Z,current_workload=0,deleted=False,deleted_at=None,disk_allocation_ratio=1.0,disk_available_least=73,free_disk_gb=95,free_ram_mb=62765,host='np0000007358',host_ip=10.4.3.154,hypervisor_hostname='np0000007358',hypervisor_type='QEMU',hypervisor_version=8002002,id=1,local_gb=95,local_gb_used=0,mapped=1,memory_mb=63277,memory_mb_used=512,metrics='[]',numa_topology='{"nova_object.name": "NUMATopology", "nova_object.namespace": "nova", "nova_object.version": "1.2", "nova_object.data": {"cells": [{"nova_object.name": "NUMACell", "nova_object.namespace": "nova", "nova_object.version": "1.5", "nova_object.data": {"id": 0, "cpuset": [0, 1, 2, 3, 4, 5, 6, 7, 8, 9, 10, 11, 12, 13, 14, 15], "pcpuset": [0, 1, 2, 3, 4, 5, 6, 7, 8, 9, 10, 11, 12, 13, 14, 15], "memory": 63277, "cpu_usage": 0, "memory_usage": 0, "pinned_cpus": [], "siblings": [[6], [12], [2], [15], [5], [11], [8], [14], [4], [1], [7], [10], [0], [13], [3], [9]], "mempages": [{"nova_object.name": "NUMAPagesTopology", "nova_object.namespace": "nova", "nova_object.version": "1.1", "nova_object.data": {"size_kb": 4, "total": 16177927, "used": 0, "reserved": 0}, "nova_object.changes": ["size_kb", "reserved", "used", "total"]}, {"nova_object.name": "NUMAPagesTopology", "nova_object.namespace": "nova", "nova_object.version": "1.1", "nova_object.data": {"size_kb": 2048, "total": 41, "used": 0, "reserved": 0}, "nova_object.changes": ["size_kb", "reserved", "used", "total"]}, {"nova_object.name": "NUMAPagesTopology", "nova_object.namespace": "nova", "nova_object.version": "1.1", "nova_object.data": {"size_kb": 1048576, "total": 0, "used": 0, "reserved": 0}, "nova_object.changes": ["size_kb", "reserved", "used", "total"]}], "network_metadata": {"nova_object.name": "NetworkMetadata", "nova_object.namespace": "nova", "nova_object.version": "1.0", "nova_object.data": {"physnets": [], "tunneled": false}, "nova_object.changes": ["tunneled", "physnets"]}, "socket": null}, "nova_object.changes": ["pinned_cpus", "cpu_usage", "cpuset", "pcpuset", "memory_usage", "network_metadata", "socket", "id", "siblings", "memory", "mempages"]}]}, "nova_object.changes": ["cells"]}',pci_device_pools=PciDevicePoolList,ram_allocation_ratio=1.0,running_vms=0,service_id=2,stats={failed_builds='0',uptime=' 14:54:44 up 13 min, 2 users, load average: 1.87, 1.51, 0.84
Aug 15 14:55:12.736792 np0000007358 nova-scheduler[93478]: '},supported_hv_specs=[HVSpec,HVSpec,HVSpec,HVSpec,HVSpec,HVSpec,HVSpec,HVSpec,HVSpec,HVSpec,HVSpec,HVSpec,HVSpec,HVSpec,HVSpec,HVSpec,HVSpec,HVSpec,HVSpec,HVSpec,HVSpec,HVSpec,HVSpec,HVSpec,HVSpec],updated_at=2026-08-15T14:54:45Z,uuid=7bf56f02-042c-434e-a866-44fc6d5f83fe,vcpus=16,vcpus_used=0) {{(pid=93478) _locked_update /opt/stack/nova/nova/scheduler/host_manager.py:168}}
Aug 15 14:55:12.737778 np0000007358 nova-scheduler[93478]: DEBUG nova.scheduler.host_manager [None req-35e9283f-4f69-4e0b-bc1e-6fda904b54eb tempest-ServerActionsTestOtherB-1544262689 tempest-ServerActionsTestOtherB-1544262689-project-member] Update host state with aggregates: [] {{(pid=93478) _locked_update /opt/stack/nova/nova/scheduler/host_manager.py:171}}
Aug 15 14:55:12.738039 np0000007358 nova-scheduler[93478]: DEBUG nova.scheduler.host_manager [None req-35e9283f-4f69-4e0b-bc1e-6fda904b54eb tempest-ServerActionsTestOtherB-1544262689 tempest-ServerActionsTestOtherB-1544262689-project-member] Update host state with service dict: {'id': 2, 'uuid': 'cd639584-e1f9-42a5-8b5e-b328986d064b', 'host': 'np0000007358', 'binary': 'nova-compute', 'topic': 'compute', 'report_count': 2, 'disabled': False, 'disabled_reason': None, 'last_seen_up': datetime.datetime(2026, 8, 15, 14, 55, 3, tzinfo=datetime.timezone.utc), 'forced_down': False, 'version': 72, 'created_at': datetime.datetime(2026, 8, 15, 14, 52, 56, tzinfo=datetime.timezone.utc), 'updated_at': datetime.datetime(2026, 8, 15, 14, 55, 3, tzinfo=datetime.timezone.utc), 'deleted_at': None, 'deleted': False} {{(pid=93478) _locked_update /opt/stack/nova/nova/scheduler/host_manager.py:174}}
Aug 15 14:55:12.738161 np0000007358 nova-scheduler[93478]: DEBUG nova.scheduler.host_manager [None req-35e9283f-4f69-4e0b-bc1e-6fda904b54eb tempest-ServerActionsTestOtherB-1544262689 tempest-ServerActionsTestOtherB-1544262689-project-member] Update host state with instances: [] {{(pid=93478) _locked_update /opt/stack/nova/nova/scheduler/host_manager.py:177}}
Aug 15 14:55:12.738294 np0000007358 nova-scheduler[93478]: DEBUG oslo_concurrency.lockutils [None req-35e9283f-4f69-4e0b-bc1e-6fda904b54eb tempest-ServerActionsTestOtherB-1544262689 tempest-ServerActionsTestOtherB-1544262689-project-member] Lock "np0000007358-np0000007358" "released" by "nova.scheduler.host_manager.HostState.update.._locked_update" :: held 0.003s {{(pid=93478) inner /opt/stack/data/venv/lib/python3.12/site-packages/oslo_concurrency/lockutils.py:544}}
Aug 15 14:55:12.738735 np0000007358 nova-scheduler[93478]: DEBUG nova.filters [None req-35e9283f-4f69-4e0b-bc1e-6fda904b54eb tempest-ServerActionsTestOtherB-1544262689 tempest-ServerActionsTestOtherB-1544262689-project-member] Starting with 1 host(s) {{(pid=93478) get_filtered_objects /opt/stack/nova/nova/filters.py:70}}
Aug 15 14:55:12.738964 np0000007358 nova-scheduler[93478]: DEBUG nova.filters [None req-35e9283f-4f69-4e0b-bc1e-6fda904b54eb tempest-ServerActionsTestOtherB-1544262689 tempest-ServerActionsTestOtherB-1544262689-project-member] Filter ComputeFilter returned 1 host(s) {{(pid=93478) get_filtered_objects /opt/stack/nova/nova/filters.py:102}}
Aug 15 14:55:12.739146 np0000007358 nova-scheduler[93478]: DEBUG nova.filters [None req-35e9283f-4f69-4e0b-bc1e-6fda904b54eb tempest-ServerActionsTestOtherB-1544262689 tempest-ServerActionsTestOtherB-1544262689-project-member] Filter ComputeCapabilitiesFilter returned 1 host(s) {{(pid=93478) get_filtered_objects /opt/stack/nova/nova/filters.py:102}}
Aug 15 14:55:12.739356 np0000007358 nova-scheduler[93478]: DEBUG nova.filters [None req-35e9283f-4f69-4e0b-bc1e-6fda904b54eb tempest-ServerActionsTestOtherB-1544262689 tempest-ServerActionsTestOtherB-1544262689-project-member] Filter ImagePropertiesFilter returned 1 host(s) {{(pid=93478) get_filtered_objects /opt/stack/nova/nova/filters.py:102}}
Aug 15 14:55:12.739538 np0000007358 nova-scheduler[93478]: DEBUG nova.filters [None req-35e9283f-4f69-4e0b-bc1e-6fda904b54eb tempest-ServerActionsTestOtherB-1544262689 tempest-ServerActionsTestOtherB-1544262689-project-member] Filter ServerGroupAntiAffinityFilter returned 1 host(s) {{(pid=93478) get_filtered_objects /opt/stack/nova/nova/filters.py:102}}
Aug 15 14:55:12.739715 np0000007358 nova-scheduler[93478]: DEBUG nova.filters [None req-35e9283f-4f69-4e0b-bc1e-6fda904b54eb tempest-ServerActionsTestOtherB-1544262689 tempest-ServerActionsTestOtherB-1544262689-project-member] Filter ServerGroupAffinityFilter returned 1 host(s) {{(pid=93478) get_filtered_objects /opt/stack/nova/nova/filters.py:102}}
Aug 15 14:55:12.739874 np0000007358 nova-scheduler[93478]: DEBUG nova.filters [None req-35e9283f-4f69-4e0b-bc1e-6fda904b54eb tempest-ServerActionsTestOtherB-1544262689 tempest-ServerActionsTestOtherB-1544262689-project-member] Filter SameHostFilter returned 1 host(s) {{(pid=93478) get_filtered_objects /opt/stack/nova/nova/filters.py:102}}
Aug 15 14:55:12.739999 np0000007358 nova-scheduler[93478]: DEBUG nova.filters [None req-35e9283f-4f69-4e0b-bc1e-6fda904b54eb tempest-ServerActionsTestOtherB-1544262689 tempest-ServerActionsTestOtherB-1544262689-project-member] Filter DifferentHostFilter returned 1 host(s) {{(pid=93478) get_filtered_objects /opt/stack/nova/nova/filters.py:102}}
Aug 15 14:55:12.740313 np0000007358 nova-scheduler[93478]: DEBUG nova.scheduler.manager [None req-35e9283f-4f69-4e0b-bc1e-6fda904b54eb tempest-ServerActionsTestOtherB-1544262689 tempest-ServerActionsTestOtherB-1544262689-project-member] Filtered [(np0000007358, np0000007358) ram: 62765MB disk: 74752MB io_ops: 0 instances: 0, allocation_candidates: 1] {{(pid=93478) _get_sorted_hosts /opt/stack/nova/nova/scheduler/manager.py:730}}
Aug 15 14:55:12.740433 np0000007358 nova-scheduler[93478]: DEBUG nova.scheduler.manager [None req-35e9283f-4f69-4e0b-bc1e-6fda904b54eb tempest-ServerActionsTestOtherB-1544262689 tempest-ServerActionsTestOtherB-1544262689-project-member] Weighed [WeighedHost [host: (np0000007358, np0000007358) ram: 62765MB disk: 74752MB io_ops: 0 instances: 0, allocation_candidates: 1, weight: 0.0]] {{(pid=93478) _get_sorted_hosts /opt/stack/nova/nova/scheduler/manager.py:752}}
Aug 15 14:55:12.740617 np0000007358 nova-scheduler[93478]: DEBUG nova.scheduler.utils [None req-35e9283f-4f69-4e0b-bc1e-6fda904b54eb tempest-ServerActionsTestOtherB-1544262689 tempest-ServerActionsTestOtherB-1544262689-project-member] Attempting to claim resources in the placement API for instance 24da8c2e-073f-4778-b94b-8a86e787b2f2 {{(pid=93478) claim_resources /opt/stack/nova/nova/scheduler/utils.py:1345}}
Aug 15 14:55:12.946299 np0000007358 nova-scheduler[93478]: DEBUG nova.scheduler.manager [None req-35e9283f-4f69-4e0b-bc1e-6fda904b54eb tempest-ServerActionsTestOtherB-1544262689 tempest-ServerActionsTestOtherB-1544262689-project-member] [instance: 24da8c2e-073f-4778-b94b-8a86e787b2f2] Selected host: (np0000007358, np0000007358) ram: 62765MB disk: 74752MB io_ops: 0 instances: 0, allocation_candidates: 1 {{(pid=93478) _consume_selected_host /opt/stack/nova/nova/scheduler/manager.py:612}}
Aug 15 14:55:12.946756 np0000007358 nova-scheduler[93478]: DEBUG oslo_concurrency.lockutils [None req-35e9283f-4f69-4e0b-bc1e-6fda904b54eb tempest-ServerActionsTestOtherB-1544262689 tempest-ServerActionsTestOtherB-1544262689-project-member] Acquiring lock "np0000007358-np0000007358" by "nova.scheduler.host_manager.HostState.consume_from_request.._locked" {{(pid=93478) inner /opt/stack/data/venv/lib/python3.12/site-packages/oslo_concurrency/lockutils.py:512}}
Aug 15 14:55:12.947003 np0000007358 nova-scheduler[93478]: DEBUG oslo_concurrency.lockutils [None req-35e9283f-4f69-4e0b-bc1e-6fda904b54eb tempest-ServerActionsTestOtherB-1544262689 tempest-ServerActionsTestOtherB-1544262689-project-member] Lock "np0000007358-np0000007358" acquired by "nova.scheduler.host_manager.HostState.consume_from_request.._locked" :: waited 0.000s {{(pid=93478) inner /opt/stack/data/venv/lib/python3.12/site-packages/oslo_concurrency/lockutils.py:525}}
Aug 15 14:55:12.947255 np0000007358 nova-scheduler[93478]: DEBUG oslo_concurrency.lockutils [None req-35e9283f-4f69-4e0b-bc1e-6fda904b54eb tempest-ServerActionsTestOtherB-1544262689 tempest-ServerActionsTestOtherB-1544262689-project-member] Lock "np0000007358-np0000007358" "released" by "nova.scheduler.host_manager.HostState.consume_from_request.._locked" :: held 0.000s {{(pid=93478) inner /opt/stack/data/venv/lib/python3.12/site-packages/oslo_concurrency/lockutils.py:544}}
Aug 15 14:55:18.570944 np0000007358 nova-scheduler[93525]: DEBUG nova.scheduler.manager [None req-81a6f05d-cb8a-4d99-abfc-bed05acd9582 tempest-TaggedAttachmentsTest-1465701524 tempest-TaggedAttachmentsTest-1465701524-project-member] Starting to schedule for instances: ['9f1f4758-7513-48d0-a986-1883ae8b7b48'] {{(pid=93525) select_destinations /opt/stack/nova/nova/scheduler/manager.py:197}}
Aug 15 14:55:18.571425 np0000007358 nova-scheduler[93525]: DEBUG nova.scheduler.request_filter [None req-81a6f05d-cb8a-4d99-abfc-bed05acd9582 tempest-TaggedAttachmentsTest-1465701524 tempest-TaggedAttachmentsTest-1465701524-project-member] compute_status_filter request filter added forbidden trait COMPUTE_STATUS_DISABLED {{(pid=93525) compute_status_filter /opt/stack/nova/nova/scheduler/request_filter.py:253}}
Aug 15 14:55:18.571544 np0000007358 nova-scheduler[93525]: DEBUG nova.scheduler.request_filter [None req-81a6f05d-cb8a-4d99-abfc-bed05acd9582 tempest-TaggedAttachmentsTest-1465701524 tempest-TaggedAttachmentsTest-1465701524-project-member] Request filter 'compute_status_filter' took 0.0 seconds {{(pid=93525) wrapper /opt/stack/nova/nova/scheduler/request_filter.py:46}}
Aug 15 14:55:18.571753 np0000007358 nova-scheduler[93525]: DEBUG nova.scheduler.request_filter [None req-81a6f05d-cb8a-4d99-abfc-bed05acd9582 tempest-TaggedAttachmentsTest-1465701524 tempest-TaggedAttachmentsTest-1465701524-project-member] Request filter 'accelerators_filter' took 0.0 seconds {{(pid=93525) wrapper /opt/stack/nova/nova/scheduler/request_filter.py:46}}
Aug 15 14:55:18.571952 np0000007358 nova-scheduler[93525]: DEBUG nova.scheduler.request_filter [None req-81a6f05d-cb8a-4d99-abfc-bed05acd9582 tempest-TaggedAttachmentsTest-1465701524 tempest-TaggedAttachmentsTest-1465701524-project-member] Request filter 'packed_virtqueue_filter' took 0.0 seconds {{(pid=93525) wrapper /opt/stack/nova/nova/scheduler/request_filter.py:46}}
Aug 15 14:55:18.572382 np0000007358 nova-scheduler[93525]: DEBUG nova.scheduler.request_filter [None req-81a6f05d-cb8a-4d99-abfc-bed05acd9582 tempest-TaggedAttachmentsTest-1465701524 tempest-TaggedAttachmentsTest-1465701524-project-member] Request filter 'remote_managed_ports_filter' took 0.0 seconds {{(pid=93525) wrapper /opt/stack/nova/nova/scheduler/request_filter.py:46}}
Aug 15 14:55:18.572535 np0000007358 nova-scheduler[93525]: DEBUG nova.scheduler.request_filter [None req-81a6f05d-cb8a-4d99-abfc-bed05acd9582 tempest-TaggedAttachmentsTest-1465701524 tempest-TaggedAttachmentsTest-1465701524-project-member] ephemeral_encryption_filter skipped {{(pid=93525) ephemeral_encryption_filter /opt/stack/nova/nova/scheduler/request_filter.py:426}}
