Jul 03 03:17:18.238424 np0000004358 devstack@neutron-api.service[90495]: DEBUG neutron_lib.callbacks.manager [None req-378f7830-b048-43de-843e-1b8250fd81ae admin admin] Publish callbacks ['neutron.objects.securitygroup.RbacNeutronDbObjectMixin.validate_rbac_policy_change-2346660026216', 'neutron.objects.address_group.RbacNeutronDbObjectMixin.validate_rbac_policy_change-2346659885834', 'neutron.objects.network.RbacNeutronDbObjectMixin.validate_rbac_policy_change-2346660257105', 'neutron.objects.qos.policy.RbacNeutronDbObjectMixin.validate_rbac_policy_change-2346660259589', 'neutron.objects.subnetpool.RbacNeutronDbObjectMixin.validate_rbac_policy_change-2346660242311', 'neutron.objects.address_scope.RbacNeutronDbObjectMixin.validate_rbac_policy_change-2346660212489', 'neutron.plugins.ml2.plugin.External_net_db_mixin._process_ext_policy_create-469693', 'neutron.plugins.ml2.plugin.NeutronDbPluginV2.validate_network_rbac_policy_change-490437'] for rbac-policy (None), before_create {{(pid=90495) _notify_loop /opt/stack/data/venv/lib/python3.12/site-packages/neutron_lib/callbacks/manager.py:184}}
Jul 03 03:17:18.313613 np0000004358 devstack@neutron-api.service[90495]: DEBUG neutron_lib.callbacks.manager [None req-378f7830-b048-43de-843e-1b8250fd81ae admin admin] Publish callbacks [] for subnetpool (None), before_response {{(pid=90495) _notify_loop /opt/stack/data/venv/lib/python3.12/site-packages/neutron_lib/callbacks/manager.py:184}}
Jul 03 03:17:18.314116 np0000004358 devstack@neutron-api.service[90495]: [pid: 90495|app: 0|req: 1/3] 10.4.3.124 () {68 vars in 1336 bytes} [Fri Jul 3 03:17:17 2026] POST /networking/v2.0/subnetpools => generated 533 bytes in 698 msecs (HTTP/1.1 201) 4 headers in 162 bytes (1 switches on core 0)
Jul 03 03:17:18.636220 np0000004358 devstack@neutron-api.service[90494]: DEBUG neutron.api.v2.base [None req-10dbf29a-0860-4ddc-a787-817ffb3a4632 admin admin] Request body: {'subnetpool': {'is_default': True, 'shared': True, 'name': 'shared-default-subnetpool-v6', 'prefixes': ['fd6a:5029:c97a::/56'], 'default_prefixlen': 64}} {{(pid=90494) prepare_request_body /opt/stack/neutron/neutron/api/v2/base.py:727}}
Jul 03 03:17:18.810477 np0000004358 devstack@neutron-api.service[90494]: DEBUG neutron.policy [None req-10dbf29a-0860-4ddc-a787-817ffb3a4632 admin admin] Loaded default policies from ['neutron'] under neutron.policies entry points {{(pid=90494) register_rules /opt/stack/neutron/neutron/policy.py:65}}
Jul 03 03:17:18.949543 np0000004358 devstack@neutron-api.service[90494]: DEBUG neutron_lib.callbacks.manager [None req-10dbf29a-0860-4ddc-a787-817ffb3a4632 admin admin] Publish callbacks ['neutron.objects.securitygroup.RbacNeutronDbObjectMixin.validate_rbac_policy_change-2346660068216', 'neutron.objects.address_group.RbacNeutronDbObjectMixin.validate_rbac_policy_change-2346660027644', 'neutron.objects.network.RbacNeutronDbObjectMixin.validate_rbac_policy_change-2346660029704', 'neutron.objects.qos.policy.RbacNeutronDbObjectMixin.validate_rbac_policy_change-2346660239875', 'neutron.objects.subnetpool.RbacNeutronDbObjectMixin.validate_rbac_policy_change-2346660264263', 'neutron.objects.address_scope.RbacNeutronDbObjectMixin.validate_rbac_policy_change-2346660261543', 'neutron.plugins.ml2.plugin.External_net_db_mixin._process_ext_policy_create-2326471', 'neutron.plugins.ml2.plugin.NeutronDbPluginV2.validate_network_rbac_policy_change-2309075'] for rbac-policy (None), before_create {{(pid=90494) _notify_loop /opt/stack/data/venv/lib/python3.12/site-packages/neutron_lib/callbacks/manager.py:184}}
Jul 03 03:17:18.993438 np0000004358 devstack@neutron-api.service[90494]: DEBUG neutron_lib.callbacks.manager [None req-10dbf29a-0860-4ddc-a787-817ffb3a4632 admin admin] Publish callbacks [] for subnetpool (None), before_response {{(pid=90494) _notify_loop /opt/stack/data/venv/lib/python3.12/site-packages/neutron_lib/callbacks/manager.py:184}}
Jul 03 03:17:18.993921 np0000004358 devstack@neutron-api.service[90494]: [pid: 90494|app: 0|req: 1/4] 10.4.3.124 () {68 vars in 1336 bytes} [Fri Jul 3 03:17:18 2026] POST /networking/v2.0/subnetpools => generated 543 bytes in 448 msecs (HTTP/1.1 201) 4 headers in 162 bytes (1 switches on core 0)
Jul 03 03:17:19.401659 np0000004358 devstack@neutron-api.service[90496]: DEBUG neutron.api.v2.base [None req-b94264ea-68e9-443a-9368-fd41a13757eb admin admin] Request body: {'network': {'admin_state_up': True, 'name': 'private'}} {{(pid=90496) prepare_request_body /opt/stack/neutron/neutron/api/v2/base.py:727}}
Jul 03 03:17:19.758034 np0000004358 devstack@neutron-api.service[90496]: DEBUG neutron.pecan_wsgi.hooks.quota_enforcement [None req-b94264ea-68e9-443a-9368-fd41a13757eb admin admin] Made reservation on behalf of b29be8d7c1ca49008589b95d58c78d71 for: {'network': 1} {{(pid=90496) before /opt/stack/neutron/neutron/pecan_wsgi/hooks/quota_enforcement.py:66}}
Jul 03 03:17:19.931305 np0000004358 devstack@neutron-api.service[90496]: DEBUG neutron.policy [None req-b94264ea-68e9-443a-9368-fd41a13757eb admin admin] Loaded default policies from ['neutron'] under neutron.policies entry points {{(pid=90496) register_rules /opt/stack/neutron/neutron/policy.py:65}}
Jul 03 03:17:20.019368 np0000004358 devstack@neutron-api.service[90496]: DEBUG neutron_lib.callbacks.manager [None req-b94264ea-68e9-443a-9368-fd41a13757eb admin admin] Publish callbacks ['neutron.plugins.ml2.plugin.SecurityGroupDbMixin._ensure_default_security_group_handler-1779357'] for network (None), before_create {{(pid=90496) _notify_loop /opt/stack/data/venv/lib/python3.12/site-packages/neutron_lib/callbacks/manager.py:184}}
Jul 03 03:17:20.040923 np0000004358 devstack@neutron-api.service[90496]: DEBUG neutron_lib.callbacks.manager [None req-b94264ea-68e9-443a-9368-fd41a13757eb admin admin] Publish callbacks [] for security_group (None), before_create {{(pid=90496) _notify_loop /opt/stack/data/venv/lib/python3.12/site-packages/neutron_lib/callbacks/manager.py:184}}
Jul 03 03:17:20.135668 np0000004358 devstack@neutron-api.service[90496]: DEBUG neutron_lib.callbacks.manager [None req-b94264ea-68e9-443a-9368-fd41a13757eb admin admin] Publish callbacks ['neutron.plugins.ml2.drivers.ovn.mech_driver.mech_driver.OVNMechanismDriver._create_security_group_precommit-33315583'] for security_group (5d1cf7f0-c0fa-40a1-821e-1d554c916030), precommit_create {{(pid=90496) _notify_loop /opt/stack/data/venv/lib/python3.12/site-packages/neutron_lib/callbacks/manager.py:184}}
Jul 03 03:17:20.135835 np0000004358 devstack@neutron-api.service[90496]: DEBUG neutron.db.ovn_revision_numbers_db [None req-b94264ea-68e9-443a-9368-fd41a13757eb admin admin] create_initial_revision uuid=5d1cf7f0-c0fa-40a1-821e-1d554c916030, type=security_groups, rev=-1 {{(pid=90496) create_initial_revision /opt/stack/neutron/neutron/db/ovn_revision_numbers_db.py:98}}
Jul 03 03:17:20.138768 np0000004358 devstack@neutron-api.service[90496]: DEBUG neutron.db.ovn_revision_numbers_db [None req-b94264ea-68e9-443a-9368-fd41a13757eb admin admin] create_initial_revision uuid=1b829aec-8025-4524-9c68-0af47558797b, type=security_group_rules, rev=-1 {{(pid=90496) create_initial_revision /opt/stack/neutron/neutron/db/ovn_revision_numbers_db.py:98}}
Jul 03 03:17:20.139862 np0000004358 devstack@neutron-api.service[90496]: DEBUG neutron.db.ovn_revision_numbers_db [None req-b94264ea-68e9-443a-9368-fd41a13757eb admin admin] create_initial_revision uuid=50767a4d-75e6-438e-9d9e-535f6be52d1c, type=security_group_rules, rev=-1 {{(pid=90496) create_initial_revision /opt/stack/neutron/neutron/db/ovn_revision_numbers_db.py:98}}
Jul 03 03:17:20.141101 np0000004358 devstack@neutron-api.service[90496]: DEBUG neutron.db.ovn_revision_numbers_db [None req-b94264ea-68e9-443a-9368-fd41a13757eb admin admin] create_initial_revision uuid=d16e2bd3-d385-45fd-81df-28107c2c5269, type=security_group_rules, rev=-1 {{(pid=90496) create_initial_revision /opt/stack/neutron/neutron/db/ovn_revision_numbers_db.py:98}}
Jul 03 03:17:20.142329 np0000004358 devstack@neutron-api.service[90496]: DEBUG neutron.db.ovn_revision_numbers_db [None req-b94264ea-68e9-443a-9368-fd41a13757eb admin admin] create_initial_revision uuid=d7d10a14-32db-4a3b-b0b9-77d691cb0faa, type=security_group_rules, rev=-1 {{(pid=90496) create_initial_revision /opt/stack/neutron/neutron/db/ovn_revision_numbers_db.py:98}}
Jul 03 03:17:20.165426 np0000004358 devstack@neutron-api.service[90496]: DEBUG neutron_lib.callbacks.manager [None req-b94264ea-68e9-443a-9368-fd41a13757eb admin admin] Publish callbacks ['neutron.plugins.ml2.drivers.ovn.mech_driver.mech_driver.OVNMechanismDriver._create_security_group-33315573', 'neutron.plugins.ml2.ovo_rpc._ObjectChangeHandler.handle_event-31853464'] for security_group (5d1cf7f0-c0fa-40a1-821e-1d554c916030), after_create {{(pid=90496) _notify_loop /opt/stack/data/venv/lib/python3.12/site-packages/neutron_lib/callbacks/manager.py:184}}
Jul 03 03:17:20.165615 np0000004358 devstack@neutron-api.service[90496]: INFO neutron.plugins.ml2.drivers.ovn.mech_driver.ovsdb.extensions.qos [None req-b94264ea-68e9-443a-9368-fd41a13757eb admin admin] Starting OVNClientQosExtension
Jul 03 03:17:20.165748 np0000004358 devstack@neutron-api.service[90496]: INFO neutron.plugins.ml2.drivers.ovn.mech_driver.ovsdb.extensions.placement [None req-b94264ea-68e9-443a-9368-fd41a13757eb admin admin] Starting OVNClientPlacementExtension
Jul 03 03:17:20.166925 np0000004358 devstack@neutron-api.service[90496]: DEBUG ovsdbapp.backend.ovs_idl.transaction [-] Running txn n=1 command(idx=0): PgAddCommand(_result=None, name=pg_5d1cf7f0_c0fa_40a1_821e_1d554c916030, may_exist=False, columns={'acls': [], 'external_ids': {'neutron:security_group_id': '5d1cf7f0-c0fa-40a1-821e-1d554c916030'}}) {{(pid=90496) do_commit /opt/stack/data/venv/lib/python3.12/site-packages/ovsdbapp/backend/ovs_idl/transaction.py:89}}
Jul 03 03:17:20.170515 np0000004358 devstack@neutron-api.service[90496]: DEBUG ovsdbapp.backend.ovs_idl.transaction [-] Running txn n=1 command(idx=1): PgAclAddCommand(_result=None, entity=pg_5d1cf7f0_c0fa_40a1_821e_1d554c916030, direction=to-lport, priority=1002, match=outport == @pg_5d1cf7f0_c0fa_40a1_821e_1d554c916030 && ip6 && ip6.src == $pg_5d1cf7f0_c0fa_40a1_821e_1d554c916030_ip6, action=allow-related, log=False, may_exist=True, severity=[], name=[], meter=[], external_ids={'neutron:security_group_rule_id': '1b829aec-8025-4524-9c68-0af47558797b'}) {{(pid=90496) do_commit /opt/stack/data/venv/lib/python3.12/site-packages/ovsdbapp/backend/ovs_idl/transaction.py:89}}
Jul 03 03:17:20.170876 np0000004358 devstack@neutron-api.service[90496]: DEBUG ovsdbapp.backend.ovs_idl.transaction [-] Running txn n=1 command(idx=2): PgAclAddCommand(_result=None, entity=pg_5d1cf7f0_c0fa_40a1_821e_1d554c916030, direction=from-lport, priority=1002, match=inport == @pg_5d1cf7f0_c0fa_40a1_821e_1d554c916030 && ip4, action=allow-related, log=False, may_exist=True, severity=[], name=[], meter=[], external_ids={'neutron:security_group_rule_id': '50767a4d-75e6-438e-9d9e-535f6be52d1c'}) {{(pid=90496) do_commit /opt/stack/data/venv/lib/python3.12/site-packages/ovsdbapp/backend/ovs_idl/transaction.py:89}}
Jul 03 03:17:20.171204 np0000004358 devstack@neutron-api.service[90496]: DEBUG ovsdbapp.backend.ovs_idl.transaction [-] Running txn n=1 command(idx=3): PgAclAddCommand(_result=None, entity=pg_5d1cf7f0_c0fa_40a1_821e_1d554c916030, direction=to-lport, priority=1002, match=outport == @pg_5d1cf7f0_c0fa_40a1_821e_1d554c916030 && ip4 && ip4.src == $pg_5d1cf7f0_c0fa_40a1_821e_1d554c916030_ip4, action=allow-related, log=False, may_exist=True, severity=[], name=[], meter=[], external_ids={'neutron:security_group_rule_id': 'd16e2bd3-d385-45fd-81df-28107c2c5269'}) {{(pid=90496) do_commit /opt/stack/data/venv/lib/python3.12/site-packages/ovsdbapp/backend/ovs_idl/transaction.py:89}}
Jul 03 03:17:20.171403 np0000004358 devstack@neutron-api.service[90496]: DEBUG ovsdbapp.backend.ovs_idl.transaction [-] Running txn n=1 command(idx=4): PgAclAddCommand(_result=None, entity=pg_5d1cf7f0_c0fa_40a1_821e_1d554c916030, direction=from-lport, priority=1002, match=inport == @pg_5d1cf7f0_c0fa_40a1_821e_1d554c916030 && ip6, action=allow-related, log=False, may_exist=True, severity=[], name=[], meter=[], external_ids={'neutron:security_group_rule_id': 'd7d10a14-32db-4a3b-b0b9-77d691cb0faa'}) {{(pid=90496) do_commit /opt/stack/data/venv/lib/python3.12/site-packages/ovsdbapp/backend/ovs_idl/transaction.py:89}}
Jul 03 03:17:20.182265 np0000004358 devstack@neutron-api.service[90496]: DEBUG neutron.plugins.ml2.drivers.ovn.mech_driver.ovsdb.ovsdb_monitor [-] Hash Ring: Node 6e0a6e3700e5532faea33f6de990944a (host: np0000004358) handling event "create" for row 3efa5b34-b0e4-4254-98fd-0d232dd33625 (table: ACL) {{(pid=90496) notify /opt/stack/neutron/neutron/plugins/ml2/drivers/ovn/mech_driver/ovsdb/ovsdb_monitor.py:1015}}
Jul 03 03:17:20.182265 np0000004358 devstack@neutron-api.service[90496]: DEBUG neutron.plugins.ml2.drivers.ovn.mech_driver.ovsdb.ovsdb_monitor [-] Hash Ring: Node 6e0a6e3700e5532faea33f6de990944a (host: np0000004358) handling event "create" for row b000e1bc-b6b4-485b-970f-d5726ee264f5 (table: ACL) {{(pid=90496) notify /opt/stack/neutron/neutron/plugins/ml2/drivers/ovn/mech_driver/ovsdb/ovsdb_monitor.py:1015}}
Jul 03 03:17:20.182265 np0000004358 devstack@neutron-api.service[90496]: DEBUG neutron.plugins.ml2.drivers.ovn.mech_driver.ovsdb.ovsdb_monitor [-] Hash Ring: Node 6e0a6e3700e5532faea33f6de990944a (host: np0000004358) handling event "create" for row b3fa62f1-dc73-48fc-a727-d79bcdf31758 (table: Port_Group) {{(pid=90496) notify /opt/stack/neutron/neutron/plugins/ml2/drivers/ovn/mech_driver/ovsdb/ovsdb_monitor.py:1015}}
Jul 03 03:17:20.182773 np0000004358 devstack@neutron-api.service[90493]: DEBUG neutron.plugins.ml2.drivers.ovn.mech_driver.ovsdb.ovsdb_monitor [-] Hash Ring: Node be063809d4275e9bb5c5a5c4bcfd0a22 (host: np0000004358) handling event "create" for row 3efa5b34-b0e4-4254-98fd-0d232dd33625 (table: ACL) {{(pid=90493) notify /opt/stack/neutron/neutron/plugins/ml2/drivers/ovn/mech_driver/ovsdb/ovsdb_monitor.py:1015}}
Jul 03 03:17:20.182773 np0000004358 devstack@neutron-api.service[90493]: DEBUG neutron.plugins.ml2.drivers.ovn.mech_driver.ovsdb.ovsdb_monitor [-] Hash Ring: Node be063809d4275e9bb5c5a5c4bcfd0a22 (host: np0000004358) handling event "create" for row 9dd797ff-eeeb-4e28-ab98-94f0fc939e05 (table: ACL) {{(pid=90493) notify /opt/stack/neutron/neutron/plugins/ml2/drivers/ovn/mech_driver/ovsdb/ovsdb_monitor.py:1015}}
Jul 03 03:17:20.182773 np0000004358 devstack@neutron-api.service[90493]: DEBUG neutron.plugins.ml2.drivers.ovn.mech_driver.ovsdb.ovsdb_monitor [-] Hash Ring: Node be063809d4275e9bb5c5a5c4bcfd0a22 (host: np0000004358) handling event "create" for row b000e1bc-b6b4-485b-970f-d5726ee264f5 (table: ACL) {{(pid=90493) notify /opt/stack/neutron/neutron/plugins/ml2/drivers/ovn/mech_driver/ovsdb/ovsdb_monitor.py:1015}}
Jul 03 03:17:20.182773 np0000004358 devstack@neutron-api.service[90493]: DEBUG neutron.plugins.ml2.drivers.ovn.mech_driver.ovsdb.ovsdb_monitor [-] Hash Ring: Node be063809d4275e9bb5c5a5c4bcfd0a22 (host: np0000004358) handling event "create" for row f9083952-c785-4bb8-bd02-a40be38c023f (table: ACL) {{(pid=90493) notify /opt/stack/neutron/neutron/plugins/ml2/drivers/ovn/mech_driver/ovsdb/ovsdb_monitor.py:1015}}
Jul 03 03:17:20.183544 np0000004358 devstack@neutron-api.service[90494]: DEBUG neutron.plugins.ml2.drivers.ovn.mech_driver.ovsdb.ovsdb_monitor [-] Hash Ring: Node 763e3ac1e4055cbe91bb874ae593ea02 (host: np0000004358) handling event "create" for row 9dd797ff-eeeb-4e28-ab98-94f0fc939e05 (table: ACL) {{(pid=90494) notify /opt/stack/neutron/neutron/plugins/ml2/drivers/ovn/mech_driver/ovsdb/ovsdb_monitor.py:1015}}
Jul 03 03:17:20.200824 np0000004358 devstack@neutron-api.service[90493]: DEBUG neutron.plugins.ml2.drivers.ovn.mech_driver.ovsdb.ovsdb_monitor [-] Hash Ring: Node be063809d4275e9bb5c5a5c4bcfd0a22 (host: np0000004358) handling event "create" for row b3fa62f1-dc73-48fc-a727-d79bcdf31758 (table: Port_Group) {{(pid=90493) notify /opt/stack/neutron/neutron/plugins/ml2/drivers/ovn/mech_driver/ovsdb/ovsdb_monitor.py:1015}}
Jul 03 03:17:20.201357 np0000004358 devstack@neutron-api.service[90495]: DEBUG neutron.plugins.ml2.drivers.ovn.mech_driver.ovsdb.ovsdb_monitor [-] Hash Ring: Node 14b2db1f55fa5bf3ad6d342d9974dbf2 (host: np0000004358) handling event "create" for row f9083952-c785-4bb8-bd02-a40be38c023f (table: ACL) {{(pid=90495) notify /opt/stack/neutron/neutron/plugins/ml2/drivers/ovn/mech_driver/ovsdb/ovsdb_monitor.py:1015}}
Jul 03 03:17:20.239604 np0000004358 devstack@neutron-api.service[90496]: INFO neutron.db.ovn_revision_numbers_db [None req-b94264ea-68e9-443a-9368-fd41a13757eb admin admin] Successfully bumped revision number for resource 5d1cf7f0-c0fa-40a1-821e-1d554c916030 (type: security_groups) to 1
Jul 03 03:17:20.297806 np0000004358 devstack@neutron-api.service[90496]: INFO neutron.db.ovn_revision_numbers_db [None req-b94264ea-68e9-443a-9368-fd41a13757eb admin admin] Successfully bumped revision number for resource 1b829aec-8025-4524-9c68-0af47558797b (type: security_group_rules) to 0
Jul 03 03:17:20.311736 np0000004358 devstack@neutron-api.service[90496]: INFO neutron.db.ovn_revision_numbers_db [None req-b94264ea-68e9-443a-9368-fd41a13757eb admin admin] Successfully bumped revision number for resource 50767a4d-75e6-438e-9d9e-535f6be52d1c (type: security_group_rules) to 0
Jul 03 03:17:20.332715 np0000004358 devstack@neutron-api.service[90496]: INFO neutron.db.ovn_revision_numbers_db [None req-b94264ea-68e9-443a-9368-fd41a13757eb admin admin] Successfully bumped revision number for resource d16e2bd3-d385-45fd-81df-28107c2c5269 (type: security_group_rules) to 0
Jul 03 03:17:20.360977 np0000004358 devstack@neutron-api.service[90496]: INFO neutron.db.ovn_revision_numbers_db [None req-b94264ea-68e9-443a-9368-fd41a13757eb admin admin] Successfully bumped revision number for resource d7d10a14-32db-4a3b-b0b9-77d691cb0faa (type: security_group_rules) to 0
Jul 03 03:17:20.381174 np0000004358 devstack@neutron-api.service[90496]: DEBUG neutron.api.rpc.handlers.resources_rpc [None req-b94264ea-68e9-443a-9368-fd41a13757eb admin admin] Pushing event updated for resources: {'SecurityGroup': ['ID=5d1cf7f0-c0fa-40a1-821e-1d554c916030,revision_number=1']} {{(pid=90496) push /opt/stack/neutron/neutron/api/rpc/handlers/resources_rpc.py:237}}
Jul 03 03:17:20.387200 np0000004358 devstack@neutron-api.service[90496]: DEBUG ovsdbapp.backend.ovs_idl.transaction [-] Running txn n=1 command(idx=0): CheckLivenessCommand(_result=None) {{(pid=90496) do_commit /opt/stack/data/venv/lib/python3.12/site-packages/ovsdbapp/backend/ovs_idl/transaction.py:89}}
Jul 03 03:17:20.389492 np0000004358 devstack@neutron-api.service[90493]: DEBUG neutron.plugins.ml2.drivers.ovn.mech_driver.ovsdb.ovsdb_monitor [-] Hash Ring: Node be063809d4275e9bb5c5a5c4bcfd0a22 (host: np0000004358) handling event "update" for row c1daa689-30a2-4196-912c-af8870dcd05e (table: NB_Global) {{(pid=90493) notify /opt/stack/neutron/neutron/plugins/ml2/drivers/ovn/mech_driver/ovsdb/ovsdb_monitor.py:1015}}
Jul 03 03:17:20.390102 np0000004358 devstack@neutron-api.service[90496]: DEBUG neutron.plugins.ml2.drivers.ovn.mech_driver.ovsdb.ovsdb_monitor [-] Hash Ring: Node 6e0a6e3700e5532faea33f6de990944a (host: np0000004358) handling event "update" for row c1daa689-30a2-4196-912c-af8870dcd05e (table: NB_Global) {{(pid=90496) notify /opt/stack/neutron/neutron/plugins/ml2/drivers/ovn/mech_driver/ovsdb/ovsdb_monitor.py:1015}}
Jul 03 03:17:20.391087 np0000004358 devstack@neutron-api.service[90493]: DEBUG neutron.plugins.ml2.drivers.ovn.mech_driver.ovsdb.ovsdb_monitor [-] Hash Ring: Node be063809d4275e9bb5c5a5c4bcfd0a22 (host: np0000004358) handling event "update" for row c1daa689-30a2-4196-912c-af8870dcd05e (table: NB_Global) {{(pid=90493) notify /opt/stack/neutron/neutron/plugins/ml2/drivers/ovn/mech_driver/ovsdb/ovsdb_monitor.py:1015}}
Jul 03 03:17:20.393518 np0000004358 devstack@neutron-api.service[90493]: DEBUG neutron.plugins.ml2.drivers.ovn.mech_driver.ovsdb.ovsdb_monitor [-] Hash Ring: Node be063809d4275e9bb5c5a5c4bcfd0a22 (host: np0000004358) handling event "update" for row c1daa689-30a2-4196-912c-af8870dcd05e (table: NB_Global) {{(pid=90493) notify /opt/stack/neutron/neutron/plugins/ml2/drivers/ovn/mech_driver/ovsdb/ovsdb_monitor.py:1015}}
Jul 03 03:17:20.394049 np0000004358 devstack@neutron-api.service[90496]: DEBUG neutron.api.rpc.callbacks.version_manager [None req-b94264ea-68e9-443a-9368-fd41a13757eb admin admin] Tracked resource versions report:
Jul 03 03:17:20.394049 np0000004358 devstack@neutron-api.service[90496]: pushed versions:
Jul 03 03:17:20.394049 np0000004358 devstack@neutron-api.service[90496]: { 'AddressGroup': {'1.2'},
Jul 03 03:17:20.394049 np0000004358 devstack@neutron-api.service[90496]: 'Agent': {'1.1'},
Jul 03 03:17:20.394049 np0000004358 devstack@neutron-api.service[90496]: 'ConntrackHelper': {'1.0'},
Jul 03 03:17:20.394049 np0000004358 devstack@neutron-api.service[90496]: 'LocalIPAssociation': {'1.0'},
Jul 03 03:17:20.394049 np0000004358 devstack@neutron-api.service[90496]: 'Log': {'1.0'},
Jul 03 03:17:20.394049 np0000004358 devstack@neutron-api.service[90496]: 'NDPProxy': {'1.0'},
Jul 03 03:17:20.394049 np0000004358 devstack@neutron-api.service[90496]: 'Network': {'1.3'},
Jul 03 03:17:20.394049 np0000004358 devstack@neutron-api.service[90496]: 'Port': {'1.11'},
Jul 03 03:17:20.394049 np0000004358 devstack@neutron-api.service[90496]: 'PortForwarding': {'1.3'},
Jul 03 03:17:20.394049 np0000004358 devstack@neutron-api.service[90496]: 'QosPolicy': {'1.10'},
Jul 03 03:17:20.394049 np0000004358 devstack@neutron-api.service[90496]: 'SecurityGroup': {'1.6'},
Jul 03 03:17:20.394049 np0000004358 devstack@neutron-api.service[90496]: 'SecurityGroupRule': {'1.3'},
Jul 03 03:17:20.394049 np0000004358 devstack@neutron-api.service[90496]: 'SubPort': {'1.0'},
Jul 03 03:17:20.394049 np0000004358 devstack@neutron-api.service[90496]: 'Subnet': {'1.2'},
Jul 03 03:17:20.394049 np0000004358 devstack@neutron-api.service[90496]: 'Trunk': {'1.1'}}
Jul 03 03:17:20.394049 np0000004358 devstack@neutron-api.service[90496]: consumer versions:
Jul 03 03:17:20.394049 np0000004358 devstack@neutron-api.service[90496]: {}
Jul 03 03:17:20.394049 np0000004358 devstack@neutron-api.service[90496]: {{(pid=90496) report /opt/stack/neutron/neutron/api/rpc/callbacks/version_manager.py:183}}
Jul 03 03:17:20.395151 np0000004358 devstack@neutron-api.service[90493]: DEBUG neutron.plugins.ml2.drivers.ovn.mech_driver.ovsdb.ovsdb_monitor [-] ChassisAgentWriteEvent : Matched Chassis_Private, update, None None {{(pid=90493) matches /opt/stack/neutron/neutron/plugins/ml2/drivers/ovn/mech_driver/ovsdb/ovsdb_monitor.py:64}}
Jul 03 03:17:20.396845 np0000004358 devstack@neutron-api.service[90495]: DEBUG neutron.plugins.ml2.drivers.ovn.mech_driver.ovsdb.ovsdb_monitor [-] ChassisAgentWriteEvent : Matched Chassis_Private, update, None None {{(pid=90495) matches /opt/stack/neutron/neutron/plugins/ml2/drivers/ovn/mech_driver/ovsdb/ovsdb_monitor.py:64}}
Jul 03 03:17:20.397697 np0000004358 devstack@neutron-api.service[90494]: DEBUG neutron.plugins.ml2.drivers.ovn.mech_driver.ovsdb.ovsdb_monitor [-] ChassisAgentWriteEvent : Matched Chassis_Private, update, None None {{(pid=90494) matches /opt/stack/neutron/neutron/plugins/ml2/drivers/ovn/mech_driver/ovsdb/ovsdb_monitor.py:64}}
Jul 03 03:17:20.397697 np0000004358 devstack@neutron-api.service[90494]: DEBUG neutron.plugins.ml2.drivers.ovn.mech_driver.ovsdb.ovsdb_monitor [-] Hash Ring: Node 763e3ac1e4055cbe91bb874ae593ea02 (host: np0000004358) handling event "update" for row 4d358f3d-c081-4ee7-94fe-a7ee500242f9 (table: Chassis_Private) {{(pid=90494) notify /opt/stack/neutron/neutron/plugins/ml2/drivers/ovn/mech_driver/ovsdb/ovsdb_monitor.py:1015}}
Jul 03 03:17:20.397937 np0000004358 devstack@neutron-api.service[90493]: DEBUG neutron.plugins.ml2.drivers.ovn.mech_driver.ovsdb.ovsdb_monitor [-] Hash Ring: Node be063809d4275e9bb5c5a5c4bcfd0a22 (host: np0000004358) handling event "update" for row c1daa689-30a2-4196-912c-af8870dcd05e (table: NB_Global) {{(pid=90493) notify /opt/stack/neutron/neutron/plugins/ml2/drivers/ovn/mech_driver/ovsdb/ovsdb_monitor.py:1015}}
Jul 03 03:17:20.404409 np0000004358 devstack@neutron-api.service[90494]: DEBUG neutron.plugins.ml2.drivers.ovn.mech_driver.ovsdb.ovsdb_monitor [-] ChassisOVNAgentWriteEvent : Matched Chassis_Private, update, None None {{(pid=90494) matches /opt/stack/neutron/neutron/plugins/ml2/drivers/ovn/mech_driver/ovsdb/ovsdb_monitor.py:64}}
Jul 03 03:17:20.404609 np0000004358 devstack@neutron-api.service[90496]: DEBUG neutron.plugins.ml2.drivers.ovn.mech_driver.ovsdb.ovsdb_monitor [-] ChassisAgentWriteEvent : Matched Chassis_Private, update, None None {{(pid=90496) matches /opt/stack/neutron/neutron/plugins/ml2/drivers/ovn/mech_driver/ovsdb/ovsdb_monitor.py:64}}
Jul 03 03:17:20.405595 np0000004358 devstack@neutron-api.service[90495]: DEBUG neutron.plugins.ml2.drivers.ovn.mech_driver.ovsdb.ovsdb_monitor [-] ChassisOVNAgentWriteEvent : Matched Chassis_Private, update, None None {{(pid=90495) matches /opt/stack/neutron/neutron/plugins/ml2/drivers/ovn/mech_driver/ovsdb/ovsdb_monitor.py:64}}
Jul 03 03:17:20.406186 np0000004358 devstack@neutron-api.service[90494]: DEBUG neutron.plugins.ml2.drivers.ovn.mech_driver.ovsdb.ovsdb_monitor [-] Hash Ring: Node 763e3ac1e4055cbe91bb874ae593ea02 (host: np0000004358) handling event "update" for row 4d358f3d-c081-4ee7-94fe-a7ee500242f9 (table: Chassis_Private) {{(pid=90494) notify /opt/stack/neutron/neutron/plugins/ml2/drivers/ovn/mech_driver/ovsdb/ovsdb_monitor.py:1015}}
Jul 03 03:17:20.406729 np0000004358 devstack@neutron-api.service[90493]: DEBUG neutron.common.ovn.hash_ring_manager [-] Allow caching, nodes 4>=4 {{(pid=90493) _wait_startup_before_caching /opt/stack/neutron/neutron/common/ovn/hash_ring_manager.py:71}}
Jul 03 03:17:20.406729 np0000004358 devstack@neutron-api.service[90493]: DEBUG neutron.plugins.ml2.drivers.ovn.mech_driver.ovsdb.ovsdb_monitor [-] Hash Ring: Node be063809d4275e9bb5c5a5c4bcfd0a22 (host: np0000004358) handling event "update" for row 4d358f3d-c081-4ee7-94fe-a7ee500242f9 (table: Chassis_Private) {{(pid=90493) notify /opt/stack/neutron/neutron/plugins/ml2/drivers/ovn/mech_driver/ovsdb/ovsdb_monitor.py:1015}}
Jul 03 03:17:20.407414 np0000004358 devstack@neutron-api.service[90496]: DEBUG neutron.plugins.ml2.drivers.ovn.mech_driver.ovsdb.ovsdb_monitor [-] Hash Ring: Node 6e0a6e3700e5532faea33f6de990944a (host: np0000004358) handling event "update" for row c1daa689-30a2-4196-912c-af8870dcd05e (table: NB_Global) {{(pid=90496) notify /opt/stack/neutron/neutron/plugins/ml2/drivers/ovn/mech_driver/ovsdb/ovsdb_monitor.py:1015}}
Jul 03 03:17:20.407574 np0000004358 devstack@neutron-api.service[90493]: DEBUG neutron.plugins.ml2.drivers.ovn.mech_driver.ovsdb.ovsdb_monitor [-] ChassisOVNAgentWriteEvent : Matched Chassis_Private, update, None None {{(pid=90493) matches /opt/stack/neutron/neutron/plugins/ml2/drivers/ovn/mech_driver/ovsdb/ovsdb_monitor.py:64}}
Jul 03 03:17:20.407574 np0000004358 devstack@neutron-api.service[90493]: DEBUG neutron.plugins.ml2.drivers.ovn.mech_driver.ovsdb.ovsdb_monitor [-] Hash Ring: Node be063809d4275e9bb5c5a5c4bcfd0a22 (host: np0000004358) handling event "update" for row 4d358f3d-c081-4ee7-94fe-a7ee500242f9 (table: Chassis_Private) {{(pid=90493) notify /opt/stack/neutron/neutron/plugins/ml2/drivers/ovn/mech_driver/ovsdb/ovsdb_monitor.py:1015}}
Jul 03 03:17:20.408182 np0000004358 devstack@neutron-api.service[90496]: DEBUG neutron.plugins.ml2.drivers.ovn.mech_driver.ovsdb.ovsdb_monitor [-] Hash Ring: Node 6e0a6e3700e5532faea33f6de990944a (host: np0000004358) handling event "update" for row c1daa689-30a2-4196-912c-af8870dcd05e (table: NB_Global) {{(pid=90496) notify /opt/stack/neutron/neutron/plugins/ml2/drivers/ovn/mech_driver/ovsdb/ovsdb_monitor.py:1015}}
Jul 03 03:17:20.408182 np0000004358 devstack@neutron-api.service[90496]: DEBUG neutron.plugins.ml2.drivers.ovn.mech_driver.ovsdb.ovsdb_monitor [-] ChassisOVNAgentWriteEvent : Matched Chassis_Private, update, None None {{(pid=90496) matches /opt/stack/neutron/neutron/plugins/ml2/drivers/ovn/mech_driver/ovsdb/ovsdb_monitor.py:64}}
Jul 03 03:17:20.408182 np0000004358 devstack@neutron-api.service[90496]: DEBUG neutron.plugins.ml2.drivers.ovn.mech_driver.ovsdb.ovsdb_monitor [-] Hash Ring: Node 6e0a6e3700e5532faea33f6de990944a (host: np0000004358) handling event "update" for row c1daa689-30a2-4196-912c-af8870dcd05e (table: NB_Global) {{(pid=90496) notify /opt/stack/neutron/neutron/plugins/ml2/drivers/ovn/mech_driver/ovsdb/ovsdb_monitor.py:1015}}
Jul 03 03:17:20.448858 np0000004358 devstack@neutron-api.service[90496]: DEBUG neutron.plugins.ml2.drivers.helpers [None req-b94264ea-68e9-443a-9368-fd41a13757eb admin admin] geneve segment allocate from pool success with {'geneve_vni': 26272} {{(pid=90496) allocate_partially_specified_segment /opt/stack/neutron/neutron/plugins/ml2/drivers/helpers.py:142}}
Jul 03 03:17:20.460228 np0000004358 devstack@neutron-api.service[90496]: DEBUG neutron_lib.callbacks.manager [None req-b94264ea-68e9-443a-9368-fd41a13757eb admin admin] Publish callbacks ['neutron.services.segments.db._add_segment_host_mapping_for_segment-8375605881126', 'neutron.plugins.ml2.plugin.Ml2Plugin._handle_segment_change-2086091'] for segment (41f0f599-fe64-44f0-8f3e-9842b34fdc69), precommit_create {{(pid=90496) _notify_loop /opt/stack/data/venv/lib/python3.12/site-packages/neutron_lib/callbacks/manager.py:184}}
Jul 03 03:17:20.460533 np0000004358 devstack@neutron-api.service[90496]: INFO neutron.db.segments_db [None req-b94264ea-68e9-443a-9368-fd41a13757eb admin admin] Added segment 41f0f599-fe64-44f0-8f3e-9842b34fdc69 of type geneve for network ca4742ad-de66-4cb0-b13f-0b6c714d059d
Jul 03 03:17:20.507509 np0000004358 devstack@neutron-api.service[90496]: DEBUG neutron_lib.callbacks.manager [None req-b94264ea-68e9-443a-9368-fd41a13757eb admin admin] Publish callbacks ['neutron.services.auto_allocate.db._ensure_external_network_default_value_callback-8375604699270'] for network (ca4742ad-de66-4cb0-b13f-0b6c714d059d), precommit_create {{(pid=90496) _notify_loop /opt/stack/data/venv/lib/python3.12/site-packages/neutron_lib/callbacks/manager.py:184}}
Jul 03 03:17:20.527025 np0000004358 devstack@neutron-api.service[90496]: DEBUG neutron.plugins.ml2.drivers.ovn.mech_driver.mech_driver [None req-b94264ea-68e9-443a-9368-fd41a13757eb admin admin] Validating network segment with type geneve, segmentation ID 26272, physical network None {{(pid=90496) _validate_network_segments /opt/stack/neutron/neutron/plugins/ml2/drivers/ovn/mech_driver/mech_driver.py:646}}
Jul 03 03:17:20.527225 np0000004358 devstack@neutron-api.service[90496]: DEBUG neutron.db.ovn_revision_numbers_db [None req-b94264ea-68e9-443a-9368-fd41a13757eb admin admin] create_initial_revision uuid=ca4742ad-de66-4cb0-b13f-0b6c714d059d, type=networks, rev=-1 {{(pid=90496) create_initial_revision /opt/stack/neutron/neutron/db/ovn_revision_numbers_db.py:98}}
Jul 03 03:17:20.558632 np0000004358 devstack@neutron-api.service[90496]: DEBUG neutron_lib.callbacks.manager [None req-b94264ea-68e9-443a-9368-fd41a13757eb admin admin] Publish callbacks ['neutron.plugins.ml2.ovo_rpc._ObjectChangeHandler.handle_event-31853469'] for network (ca4742ad-de66-4cb0-b13f-0b6c714d059d), after_create {{(pid=90496) _notify_loop /opt/stack/data/venv/lib/python3.12/site-packages/neutron_lib/callbacks/manager.py:184}}
Jul 03 03:17:20.607687 np0000004358 devstack@neutron-api.service[90496]: DEBUG neutron.api.rpc.handlers.resources_rpc [None req-b94264ea-68e9-443a-9368-fd41a13757eb admin admin] Pushing event updated for resources: {'Network': ['ID=ca4742ad-de66-4cb0-b13f-0b6c714d059d,revision_number=1']} {{(pid=90496) push /opt/stack/neutron/neutron/api/rpc/handlers/resources_rpc.py:237}}
Jul 03 03:17:20.615317 np0000004358 devstack@neutron-api.service[90496]: DEBUG ovsdbapp.backend.ovs_idl.transaction [-] Running txn n=1 command(idx=0): AddNetworkCommand(_result=None, network_uuid=ca4742ad-de66-4cb0-b13f-0b6c714d059d, may_exist=True, columns={'external_ids': {'neutron:network_name': 'private', 'neutron:mtu': '1372', 'neutron:revision_number': '1', 'neutron:availability_zone_hints': '', 'neutron:provnet-network-type': 'geneve'}, 'other_config': {'mcast_snoop': 'false', 'mcast_flood_unregistered': 'false', 'vlan-passthru': 'false'}}) {{(pid=90496) do_commit /opt/stack/data/venv/lib/python3.12/site-packages/ovsdbapp/backend/ovs_idl/transaction.py:89}}
Jul 03 03:17:20.615782 np0000004358 devstack@neutron-api.service[90496]: DEBUG neutron.common.ovn.utils [-] OVS persist_uuid supported=True {{(pid=90496) ovs_persist_uuid_supported /opt/stack/neutron/neutron/common/ovn/utils.py:1562}}
Jul 03 03:17:20.617636 np0000004358 devstack@neutron-api.service[90496]: DEBUG neutron.plugins.ml2.drivers.ovn.mech_driver.ovsdb.ovsdb_monitor [-] Hash Ring: Node 6e0a6e3700e5532faea33f6de990944a (host: np0000004358) handling event "create" for row ca4742ad-de66-4cb0-b13f-0b6c714d059d (table: Logical_Switch) {{(pid=90496) notify /opt/stack/neutron/neutron/plugins/ml2/drivers/ovn/mech_driver/ovsdb/ovsdb_monitor.py:1015}}
Jul 03 03:17:20.619919 np0000004358 devstack@neutron-api.service[90493]: DEBUG neutron.plugins.ml2.drivers.ovn.mech_driver.ovsdb.ovsdb_monitor [-] Hash Ring: Node be063809d4275e9bb5c5a5c4bcfd0a22 (host: np0000004358) handling event "create" for row ca4742ad-de66-4cb0-b13f-0b6c714d059d (table: Logical_Switch) {{(pid=90493) notify /opt/stack/neutron/neutron/plugins/ml2/drivers/ovn/mech_driver/ovsdb/ovsdb_monitor.py:1015}}
Jul 03 03:17:20.622805 np0000004358 devstack@neutron-api.service[90493]: DEBUG neutron.plugins.ml2.drivers.ovn.mech_driver.ovsdb.ovsdb_monitor [-] Hash Ring: Node be063809d4275e9bb5c5a5c4bcfd0a22 (host: np0000004358) handling event "create" for row 22d735be-b2a6-4306-a9e2-5a5d83c9a623 (table: Datapath_Binding) {{(pid=90493) notify /opt/stack/neutron/neutron/plugins/ml2/drivers/ovn/mech_driver/ovsdb/ovsdb_monitor.py:1015}}
Jul 03 03:17:20.672063 np0000004358 devstack@neutron-api.service[90496]: INFO neutron.db.ovn_revision_numbers_db [None req-b94264ea-68e9-443a-9368-fd41a13757eb admin admin] Successfully bumped revision number for resource ca4742ad-de66-4cb0-b13f-0b6c714d059d (type: networks) to 1
Jul 03 03:17:20.730740 np0000004358 devstack@neutron-api.service[90496]: DEBUG neutron_lib.callbacks.manager [None req-b94264ea-68e9-443a-9368-fd41a13757eb admin admin] Publish callbacks ['neutron.plugins.ml2.plugin.SecurityGroupDbMixin._ensure_default_security_group_handler-1779357'] for port (None), before_create {{(pid=90496) _notify_loop /opt/stack/data/venv/lib/python3.12/site-packages/neutron_lib/callbacks/manager.py:184}}
Jul 03 03:17:21.018141 np0000004358 devstack@neutron-api.service[90496]: DEBUG neutron_lib.callbacks.manager [None req-b94264ea-68e9-443a-9368-fd41a13757eb admin admin] Publish callbacks ['neutron.plugins.ml2.drivers.ovn.mech_driver.mech_driver.OVNMechanismDriver._validate_allowed_address_pairs-33315431'] for allowed_address_pair (0fc85818-9da5-4a06-a98d-c9722962d975), before_create {{(pid=90496) _notify_loop /opt/stack/data/venv/lib/python3.12/site-packages/neutron_lib/callbacks/manager.py:184}}
Jul 03 03:17:21.023808 np0000004358 devstack@neutron-api.service[90496]: DEBUG neutron_lib.callbacks.manager [None req-b94264ea-68e9-443a-9368-fd41a13757eb admin admin] Publish callbacks [] for port (0fc85818-9da5-4a06-a98d-c9722962d975), precommit_create {{(pid=90496) _notify_loop /opt/stack/data/venv/lib/python3.12/site-packages/neutron_lib/callbacks/manager.py:184}}
Jul 03 03:17:21.023808 np0000004358 devstack@neutron-api.service[90496]: DEBUG neutron.plugins.ml2.drivers.ovn.mech_driver.mech_driver [None req-b94264ea-68e9-443a-9368-fd41a13757eb admin admin] No provisioning block for port 0fc85818-9da5-4a06-a98d-c9722962d975 since it does not have a host {{(pid=90496) _is_port_provisioning_required /opt/stack/neutron/neutron/plugins/ml2/drivers/ovn/mech_driver/mech_driver.py:899}}
Jul 03 03:17:21.023808 np0000004358 devstack@neutron-api.service[90496]: DEBUG neutron.db.ovn_revision_numbers_db [None req-b94264ea-68e9-443a-9368-fd41a13757eb admin admin] create_initial_revision uuid=0fc85818-9da5-4a06-a98d-c9722962d975, type=ports, rev=-1 {{(pid=90496) create_initial_revision /opt/stack/neutron/neutron/db/ovn_revision_numbers_db.py:98}}
Jul 03 03:17:21.076922 np0000004358 devstack@neutron-api.service[90496]: DEBUG neutron_lib.callbacks.manager [None req-b94264ea-68e9-443a-9368-fd41a13757eb admin admin] Publish callbacks ['neutron.plugins.ml2.ovo_rpc._ObjectChangeHandler.handle_event-31853484'] for port (0fc85818-9da5-4a06-a98d-c9722962d975), after_create {{(pid=90496) _notify_loop /opt/stack/data/venv/lib/python3.12/site-packages/neutron_lib/callbacks/manager.py:184}}
Jul 03 03:17:21.195296 np0000004358 devstack@neutron-api.service[90496]: DEBUG neutron.api.rpc.handlers.resources_rpc [None req-b94264ea-68e9-443a-9368-fd41a13757eb admin admin] Pushing event updated for resources: {'Port': ['ID=0fc85818-9da5-4a06-a98d-c9722962d975,revision_number=1']} {{(pid=90496) push /opt/stack/neutron/neutron/api/rpc/handlers/resources_rpc.py:237}}
Jul 03 03:17:21.240157 np0000004358 devstack@neutron-api.service[90496]: DEBUG neutron.plugins.ml2.drivers.ovn.mech_driver.ovsdb.commands [None req-b94264ea-68e9-443a-9368-fd41a13757eb admin admin] Converting tag [] to a tag_request {{(pid=90496) _tag_column_to_tag_request /opt/stack/neutron/neutron/plugins/ml2/drivers/ovn/mech_driver/ovsdb/commands.py:205}}
Jul 03 03:17:21.241059 np0000004358 devstack@neutron-api.service[90496]: DEBUG ovsdbapp.backend.ovs_idl.transaction [-] Running txn n=1 command(idx=0): AddLSwitchPortCommand(_result=None, lport=0fc85818-9da5-4a06-a98d-c9722962d975, lswitch=neutron-ca4742ad-de66-4cb0-b13f-0b6c714d059d, may_exist=True, network_uuid=ca4742ad-de66-4cb0-b13f-0b6c714d059d, columns={'addresses': ['fa:16:3e:cb:e1:0a'], 'external_ids': {'neutron:port_name': '', 'neutron:device_id': 'ovnmeta-ca4742ad-de66-4cb0-b13f-0b6c714d059d', 'neutron:project_id': 'b29be8d7c1ca49008589b95d58c78d71', 'neutron:cidrs': '', 'neutron:device_owner': 'network:distributed', 'neutron:subnet_pool_addr_scope4': '', 'neutron:subnet_pool_addr_scope6': '', 'neutron:network_name': 'neutron-ca4742ad-de66-4cb0-b13f-0b6c714d059d', 'neutron:security_group_ids': '', 'neutron:revision_number': '1', 'neutron:vnic_type': 'normal', 'neutron:port_capabilities': '', 'neutron:mtu': '1372'}, 'parent_name': [], 'enabled': True, 'options': {}, 'type': 'localport', 'port_security': [], 'dhcpv4_options': [], 'dhcpv6_options': [], 'tag_request': []}) {{(pid=90496) do_commit /opt/stack/data/venv/lib/python3.12/site-packages/ovsdbapp/backend/ovs_idl/transaction.py:89}}
Jul 03 03:17:21.241557 np0000004358 devstack@neutron-api.service[90496]: DEBUG ovsdbapp.backend.ovs_idl.transaction [-] Running txn n=1 command(idx=1): QoSDelCommand(_result=None, switch=neutron-ca4742ad-de66-4cb0-b13f-0b6c714d059d, conditions=[('direction', '=', 'to-lport'), ('priority', '=', 2002), ('match', '=', 'outport == "0fc85818-9da5-4a06-a98d-c9722962d975"')], if_exists=True) {{(pid=90496) do_commit /opt/stack/data/venv/lib/python3.12/site-packages/ovsdbapp/backend/ovs_idl/transaction.py:89}}
Jul 03 03:17:21.241719 np0000004358 devstack@neutron-api.service[90496]: DEBUG ovsdbapp.backend.ovs_idl.transaction [-] Running txn n=1 command(idx=2): QoSDelCommand(_result=None, switch=neutron-ca4742ad-de66-4cb0-b13f-0b6c714d059d, conditions=[('direction', '=', 'from-lport'), ('priority', '=', 2002), ('match', '=', 'inport == "0fc85818-9da5-4a06-a98d-c9722962d975"')], if_exists=True) {{(pid=90496) do_commit /opt/stack/data/venv/lib/python3.12/site-packages/ovsdbapp/backend/ovs_idl/transaction.py:89}}
Jul 03 03:17:21.244023 np0000004358 devstack@neutron-api.service[90496]: DEBUG neutron.plugins.ml2.drivers.ovn.mech_driver.ovsdb.ovsdb_monitor [-] Hash Ring: Node 6e0a6e3700e5532faea33f6de990944a (host: np0000004358) handling event "update" for row ca4742ad-de66-4cb0-b13f-0b6c714d059d (table: Logical_Switch) {{(pid=90496) notify /opt/stack/neutron/neutron/plugins/ml2/drivers/ovn/mech_driver/ovsdb/ovsdb_monitor.py:1015}}
Jul 03 03:17:21.247857 np0000004358 devstack@neutron-api.service[90493]: DEBUG neutron.plugins.ml2.drivers.ovn.mech_driver.ovsdb.ovsdb_monitor [-] Hash Ring: Node be063809d4275e9bb5c5a5c4bcfd0a22 (host: np0000004358) handling event "update" for row ca4742ad-de66-4cb0-b13f-0b6c714d059d (table: Logical_Switch) {{(pid=90493) notify /opt/stack/neutron/neutron/plugins/ml2/drivers/ovn/mech_driver/ovsdb/ovsdb_monitor.py:1015}}
Jul 03 03:17:21.247857 np0000004358 devstack@neutron-api.service[90493]: DEBUG neutron.plugins.ml2.drivers.ovn.mech_driver.ovsdb.ovsdb_monitor [-] Hash Ring: Node be063809d4275e9bb5c5a5c4bcfd0a22 (host: np0000004358) handling event "create" for row 6c7cdcc3-bb39-4289-8d60-469547319792 (table: Logical_Switch_Port) {{(pid=90493) notify /opt/stack/neutron/neutron/plugins/ml2/drivers/ovn/mech_driver/ovsdb/ovsdb_monitor.py:1015}}
Jul 03 03:17:21.247857 np0000004358 devstack@neutron-api.service[90493]: DEBUG ovsdbapp.backend.ovs_idl.event [-] Matched CREATE: LogicalSwitchPortCreateEvent(events=('create',), table='Logical_Switch_Port', conditions=[], old_conditions=None), priority=20 to row=Logical_Switch_Port(uuid=6c7cdcc3-bb39-4289-8d60-469547319792, addresses=['fa:16:3e:cb:e1:0a'], dhcpv4_options=[], dhcpv6_options=[], dynamic_addresses=[], enabled=True, external_ids={'neutron:cidrs': '', 'neutron:device_id': 'ovnmeta-ca4742ad-de66-4cb0-b13f-0b6c714d059d', 'neutron:device_owner': 'network:distributed', 'neutron:mtu': '1372', 'neutron:network_name': 'neutron-ca4742ad-de66-4cb0-b13f-0b6c714d059d', 'neutron:port_capabilities': '', 'neutron:port_name': '', 'neutron:project_id': 'b29be8d7c1ca49008589b95d58c78d71', 'neutron:revision_number': '1', 'neutron:security_group_ids': '', 'neutron:subnet_pool_addr_scope4': '', 'neutron:subnet_pool_addr_scope6': '', 'neutron:vnic_type': 'normal'}, ha_chassis_group=[], mirror_rules=[], name='0fc85818-9da5-4a06-a98d-c9722962d975', options={}, parent_name=[], port_security=[], tag=[], tag_request=[], type='localport', up=[]) old= {{(pid=90493) matches /opt/stack/data/venv/lib/python3.12/site-packages/ovsdbapp/backend/ovs_idl/event.py:55}}
Jul 03 03:17:21.248694 np0000004358 devstack@neutron-api.service[90493]: INFO neutron.plugins.ml2.drivers.ovn.mech_driver.mech_driver [-] OVN reports status down for port: 0fc85818-9da5-4a06-a98d-c9722962d975
Jul 03 03:17:21.250057 np0000004358 devstack@neutron-api.service[90494]: DEBUG neutron.plugins.ml2.drivers.ovn.mech_driver.ovsdb.ovsdb_monitor [-] Hash Ring: Node 763e3ac1e4055cbe91bb874ae593ea02 (host: np0000004358) handling event "create" for row 94e08584-2639-4b33-bd56-1244e24055b6 (table: Port_Binding) {{(pid=90494) notify /opt/stack/neutron/neutron/plugins/ml2/drivers/ovn/mech_driver/ovsdb/ovsdb_monitor.py:1015}}
Jul 03 03:17:21.250796 np0000004358 devstack@neutron-api.service[90493]: DEBUG neutron.plugins.ml2.drivers.ovn.mech_driver.ovsdb.ovsdb_monitor [-] Hash Ring: Node be063809d4275e9bb5c5a5c4bcfd0a22 (host: np0000004358) handling event "create" for row 94e08584-2639-4b33-bd56-1244e24055b6 (table: Port_Binding) {{(pid=90493) notify /opt/stack/neutron/neutron/plugins/ml2/drivers/ovn/mech_driver/ovsdb/ovsdb_monitor.py:1015}}
Jul 03 03:17:21.251304 np0000004358 devstack@neutron-api.service[90493]: DEBUG neutron.plugins.ml2.drivers.ovn.mech_driver.ovsdb.ovsdb_monitor [-] Hash Ring: Node be063809d4275e9bb5c5a5c4bcfd0a22 (host: np0000004358) handling event "update" for row 6c7cdcc3-bb39-4289-8d60-469547319792 (table: Logical_Switch_Port) {{(pid=90493) notify /opt/stack/neutron/neutron/plugins/ml2/drivers/ovn/mech_driver/ovsdb/ovsdb_monitor.py:1015}}
Jul 03 03:17:21.289184 np0000004358 devstack@neutron-api.service[90496]: INFO neutron.db.ovn_revision_numbers_db [None req-b94264ea-68e9-443a-9368-fd41a13757eb admin admin] Successfully bumped revision number for resource 0fc85818-9da5-4a06-a98d-c9722962d975 (type: ports) to 1
Jul 03 03:17:21.297074 np0000004358 devstack@neutron-api.service[90496]: DEBUG neutron.pecan_wsgi.hooks.policy_enforcement [None req-b94264ea-68e9-443a-9368-fd41a13757eb admin admin] Attributes excluded by policy engine: ['standard_attr_id'] {{(pid=90496) _exclude_attributes_by_policy /opt/stack/neutron/neutron/pecan_wsgi/hooks/policy_enforcement.py:259}}
Jul 03 03:17:21.297421 np0000004358 devstack@neutron-api.service[90496]: DEBUG neutron_lib.callbacks.manager [None req-b94264ea-68e9-443a-9368-fd41a13757eb admin admin] Publish callbacks [] for network (None), before_response {{(pid=90496) _notify_loop /opt/stack/data/venv/lib/python3.12/site-packages/neutron_lib/callbacks/manager.py:184}}
Jul 03 03:17:21.308848 np0000004358 devstack@neutron-api.service[90493]: DEBUG neutron.db.provisioning_blocks [None req-01b911e1-620e-436d-89c2-c6bdf2d00b96 None None] Transition to ACTIVE for port object 0fc85818-9da5-4a06-a98d-c9722962d975 will not be triggered until provisioned by entity L2. {{(pid=90493) add_provisioning_component /opt/stack/neutron/neutron/db/provisioning_blocks.py:74}}
Jul 03 03:17:21.313263 np0000004358 devstack@neutron-api.service[90496]: [pid: 90496|app: 0|req: 1/5] 10.4.3.124 () {68 vars in 1326 bytes} [Fri Jul 3 03:17:19 2026] POST /networking/v2.0/networks => generated 681 bytes in 2018 msecs (HTTP/1.1 201) 4 headers in 162 bytes (1 switches on core 0)
Jul 03 03:17:21.348510 np0000004358 devstack@neutron-api.service[90493]: DEBUG neutron.plugins.ml2.plugin [None req-01b911e1-620e-436d-89c2-c6bdf2d00b96 None None] Current status of the port 0fc85818-9da5-4a06-a98d-c9722962d975 is: DOWN; New status is: DOWN {{(pid=90493) _update_individual_port_db_status /opt/stack/neutron/neutron/plugins/ml2/plugin.py:2473}}
Jul 03 03:17:21.350101 np0000004358 devstack@neutron-api.service[90493]: DEBUG ovsdbapp.backend.ovs_idl.transaction [-] Running txn n=1 command(idx=0): DbRemoveCommand(_result=None, table=Logical_Switch_Port, record=0fc85818-9da5-4a06-a98d-c9722962d975, column=external_ids, values=('neutron:host_id',), keyvalues={}, if_exists=True) {{(pid=90493) do_commit /opt/stack/data/venv/lib/python3.12/site-packages/ovsdbapp/backend/ovs_idl/transaction.py:89}}
Jul 03 03:17:21.762718 np0000004358 devstack@neutron-api.service[90493]: DEBUG neutron.policy [None req-407569bc-52ef-4c6d-9b03-cf7276cc38fe admin admin] Loaded default policies from ['neutron'] under neutron.policies entry points {{(pid=90493) register_rules /opt/stack/neutron/neutron/policy.py:65}}
Jul 03 03:17:21.854614 np0000004358 devstack@neutron-api.service[90493]: DEBUG neutron.pecan_wsgi.hooks.policy_enforcement [None req-407569bc-52ef-4c6d-9b03-cf7276cc38fe admin admin] Attributes excluded by policy engine: ['standard_attr_id'] {{(pid=90493) _exclude_attributes_by_policy /opt/stack/neutron/neutron/pecan_wsgi/hooks/policy_enforcement.py:259}}
Jul 03 03:17:21.855790 np0000004358 devstack@neutron-api.service[90493]: [pid: 90493|app: 0|req: 3/6] 10.4.3.124 () {64 vars in 1384 bytes} [Fri Jul 3 03:17:21 2026] GET /networking/v2.0/networks/ca4742ad-de66-4cb0-b13f-0b6c714d059d => generated 662 bytes in 281 msecs (HTTP/1.1 200) 4 headers in 157 bytes (1 switches on core 0)
Jul 03 03:17:21.866248 np0000004358 devstack@neutron-api.service[90495]: DEBUG neutron.api.wsgi [None req-5f85f690-6634-4b3f-bb06-a491ce1240c3 admin admin] Missing Content-Type {{(pid=90495) get_content_type /opt/stack/neutron/neutron/api/wsgi.py:80}}
Jul 03 03:17:21.875972 np0000004358 devstack@neutron-api.service[90495]: [pid: 90495|app: 0|req: 2/7] 10.4.3.124 () {64 vars in 1393 bytes} [Fri Jul 3 03:17:21 2026] GET /networking/v2.0/subnetpools/71072123-f324-4c2f-8bfc-3bec0d0debb3 => generated 533 bytes in 12 msecs (HTTP/1.1 200) 4 headers in 157 bytes (1 switches on core 0)
Jul 03 03:17:21.887890 np0000004358 devstack@neutron-api.service[90494]: DEBUG neutron.api.v2.base [None req-43864077-77bb-45a5-b402-f27a1b9ea52d admin admin] Request body: {'subnet': {'network_id': 'ca4742ad-de66-4cb0-b13f-0b6c714d059d', 'subnetpool_id': '71072123-f324-4c2f-8bfc-3bec0d0debb3', 'ip_version': 4, 'name': 'private-subnet', 'gateway_ip': '10.1.0.1'}} {{(pid=90494) prepare_request_body /opt/stack/neutron/neutron/api/v2/base.py:727}}
Jul 03 03:17:21.918072 np0000004358 devstack@neutron-api.service[90494]: DEBUG neutron.pecan_wsgi.hooks.quota_enforcement [None req-43864077-77bb-45a5-b402-f27a1b9ea52d admin admin] Made reservation on behalf of b29be8d7c1ca49008589b95d58c78d71 for: {'subnet': 1} {{(pid=90494) before /opt/stack/neutron/neutron/pecan_wsgi/hooks/quota_enforcement.py:66}}
Jul 03 03:17:21.920963 np0000004358 devstack@neutron-api.service[90494]: DEBUG neutron_lib.callbacks.manager [None req-43864077-77bb-45a5-b402-f27a1b9ea52d admin admin] Publish callbacks [] for subnet (None), before_create {{(pid=90494) _notify_loop /opt/stack/data/venv/lib/python3.12/site-packages/neutron_lib/callbacks/manager.py:184}}
Jul 03 03:17:22.099672 np0000004358 devstack@neutron-api.service[90494]: DEBUG neutron.db.ovn_revision_numbers_db [None req-43864077-77bb-45a5-b402-f27a1b9ea52d admin admin] create_initial_revision uuid=d6a8aa35-3546-4e31-926f-25e81cf71df5, type=subnets, rev=-1 {{(pid=90494) create_initial_revision /opt/stack/neutron/neutron/db/ovn_revision_numbers_db.py:98}}
Jul 03 03:17:22.161399 np0000004358 devstack@neutron-api.service[90494]: DEBUG neutron_lib.callbacks.manager [None req-43864077-77bb-45a5-b402-f27a1b9ea52d admin admin] Publish callbacks ['neutron.plugins.ml2.ovo_rpc._ObjectChangeHandler.handle_event-31798100'] for subnet (d6a8aa35-3546-4e31-926f-25e81cf71df5), after_create {{(pid=90494) _notify_loop /opt/stack/data/venv/lib/python3.12/site-packages/neutron_lib/callbacks/manager.py:184}}
