Jul 03 03:17:12.997274 np0000004358 devstack@neutron-api.service[90496]: INFO neutron.api.extensions [None req-cd7cb535-0df2-46d5-b9cb-87b081c7ce90 None None] Loaded extension: subnet-service-types
Jul 03 03:17:12.997274 np0000004358 devstack@neutron-api.service[90496]: DEBUG neutron.api.extensions [None req-cd7cb535-0df2-46d5-b9cb-87b081c7ce90 None None] Loading extension file: subnetallocation.py {{(pid=90496) _load_all_extensions_from_path /opt/stack/neutron/neutron/api/extensions.py:449}}
Jul 03 03:17:12.997457 np0000004358 devstack@neutron-api.service[90494]: DEBUG neutron.api.extensions [None req-df1a94c7-0acb-481e-8e0e-6053b3da169f None None] Extended resource: network-ip-availabilities {{(pid=90494) __init__ /opt/stack/neutron/neutron/api/extensions.py:156}}
Jul 03 03:17:12.997597 np0000004358 devstack@neutron-api.service[90496]: DEBUG neutron.api.extensions [None req-cd7cb535-0df2-46d5-b9cb-87b081c7ce90 None None] Ext name="Subnet Allocation" alias="subnet_allocation" description="Enables allocation of subnets from a subnet pool" updated="2015-03-30T10:00:00-00:00" {{(pid=90496) _check_extension /opt/stack/neutron/neutron/api/extensions.py:415}}
Jul 03 03:17:12.997715 np0000004358 devstack@neutron-api.service[90494]: DEBUG neutron.api.extensions [None req-df1a94c7-0acb-481e-8e0e-6053b3da169f None None] Extended resource: bindings {{(pid=90494) __init__ /opt/stack/neutron/neutron/api/extensions.py:156}}
Jul 03 03:17:12.997806 np0000004358 devstack@neutron-api.service[90496]: INFO neutron.api.extensions [None req-cd7cb535-0df2-46d5-b9cb-87b081c7ce90 None None] Loaded extension: subnet_allocation
Jul 03 03:17:12.997806 np0000004358 devstack@neutron-api.service[90496]: DEBUG neutron.api.extensions [None req-cd7cb535-0df2-46d5-b9cb-87b081c7ce90 None None] Loading extension file: subnetpool_prefix_ops.py {{(pid=90496) _load_all_extensions_from_path /opt/stack/neutron/neutron/api/extensions.py:449}}
Jul 03 03:17:12.997967 np0000004358 devstack@neutron-api.service[90494]: DEBUG neutron.api.extensions [None req-df1a94c7-0acb-481e-8e0e-6053b3da169f None None] Extended resource: quotas {{(pid=90494) __init__ /opt/stack/neutron/neutron/api/extensions.py:156}}
Jul 03 03:17:12.998080 np0000004358 devstack@neutron-api.service[90496]: DEBUG neutron.api.extensions [None req-cd7cb535-0df2-46d5-b9cb-87b081c7ce90 None None] Ext name="Subnet Pool Prefix Operations" alias="subnetpool-prefix-ops" description="Provides support for adjusting the prefix list of subnet pools" updated="2019-02-08T10:00:00-00:00" {{(pid=90496) _check_extension /opt/stack/neutron/neutron/api/extensions.py:415}}
Jul 03 03:17:12.998080 np0000004358 devstack@neutron-api.service[90496]: INFO neutron.api.extensions [None req-cd7cb535-0df2-46d5-b9cb-87b081c7ce90 None None] Loaded extension: subnetpool-prefix-ops
Jul 03 03:17:12.998080 np0000004358 devstack@neutron-api.service[90496]: DEBUG neutron.api.extensions [None req-cd7cb535-0df2-46d5-b9cb-87b081c7ce90 None None] Loading extension file: tag_creation.py {{(pid=90496) _load_all_extensions_from_path /opt/stack/neutron/neutron/api/extensions.py:449}}
Jul 03 03:17:12.998205 np0000004358 devstack@neutron-api.service[90494]: DEBUG neutron.api.extensions [None req-df1a94c7-0acb-481e-8e0e-6053b3da169f None None] Extended resource: quotas {{(pid=90494) __init__ /opt/stack/neutron/neutron/api/extensions.py:156}}
Jul 03 03:17:12.998341 np0000004358 devstack@neutron-api.service[90496]: DEBUG neutron.api.extensions [None req-cd7cb535-0df2-46d5-b9cb-87b081c7ce90 None None] Ext name="Tag creation extension" alias="tag-creation" description="Allow to create multiple tags for a resource" updated="2024-23-07T10:00:00-00:00" {{(pid=90496) _check_extension /opt/stack/neutron/neutron/api/extensions.py:415}}
Jul 03 03:17:12.998341 np0000004358 devstack@neutron-api.service[90496]: INFO neutron.api.extensions [None req-cd7cb535-0df2-46d5-b9cb-87b081c7ce90 None None] Loaded extension: tag-creation
Jul 03 03:17:12.998341 np0000004358 devstack@neutron-api.service[90496]: DEBUG neutron.api.extensions [None req-cd7cb535-0df2-46d5-b9cb-87b081c7ce90 None None] Loading extension file: tag_ports_during_bulk_creation.py {{(pid=90496) _load_all_extensions_from_path /opt/stack/neutron/neutron/api/extensions.py:449}}
Jul 03 03:17:12.998483 np0000004358 devstack@neutron-api.service[90494]: DEBUG neutron.api.extensions [None req-df1a94c7-0acb-481e-8e0e-6053b3da169f None None] Extended resource: rbac-policies {{(pid=90494) __init__ /opt/stack/neutron/neutron/api/extensions.py:156}}
Jul 03 03:17:12.998583 np0000004358 devstack@neutron-api.service[90496]: DEBUG neutron.api.extensions [None req-cd7cb535-0df2-46d5-b9cb-87b081c7ce90 None None] Ext name="Tag Ports During Bulk Creation" alias="tag-ports-during-bulk-creation" description="Allow to tag ports during bulk creation" updated="2019-12-29T19:00:00-00:00" {{(pid=90496) _check_extension /opt/stack/neutron/neutron/api/extensions.py:415}}
Jul 03 03:17:12.998583 np0000004358 devstack@neutron-api.service[90496]: INFO neutron.api.extensions [None req-cd7cb535-0df2-46d5-b9cb-87b081c7ce90 None None] Extension tag-ports-during-bulk-creation not supported by any of loaded plugins
Jul 03 03:17:12.998764 np0000004358 devstack@neutron-api.service[90494]: DEBUG neutron.api.extensions [None req-df1a94c7-0acb-481e-8e0e-6053b3da169f None None] Extended resource: default-security-group-rules {{(pid=90494) __init__ /opt/stack/neutron/neutron/api/extensions.py:156}}
Jul 03 03:17:12.998848 np0000004358 devstack@neutron-api.service[90496]: DEBUG neutron.api.extensions [None req-cd7cb535-0df2-46d5-b9cb-87b081c7ce90 None None] Loading extension file: tagging.py {{(pid=90496) _load_all_extensions_from_path /opt/stack/neutron/neutron/api/extensions.py:449}}
Jul 03 03:17:12.998937 np0000004358 devstack@neutron-api.service[90494]: DEBUG neutron.api.extensions [None req-df1a94c7-0acb-481e-8e0e-6053b3da169f None None] Extended resource: security-groups-default-statefulness {{(pid=90494) __init__ /opt/stack/neutron/neutron/api/extensions.py:156}}
Jul 03 03:17:12.998937 np0000004358 devstack@neutron-api.service[90494]: DEBUG neutron.api.extensions [None req-df1a94c7-0acb-481e-8e0e-6053b3da169f None None] Extended resource: security-groups {{(pid=90494) __init__ /opt/stack/neutron/neutron/api/extensions.py:156}}
Jul 03 03:17:12.999127 np0000004358 devstack@neutron-api.service[90495]: DEBUG neutron.plugins.ml2.drivers.ovn.mech_driver.ovsdb.maintenance [None req-087e9852-524e-426a-a775-006f9b697374 None None] Periodic task found: HashRingHealthCheckPeriodics.touch_hash_ring_node {{(pid=90495) add_periodics /opt/stack/neutron/neutron/plugins/ml2/drivers/ovn/mech_driver/ovsdb/maintenance.py:146}}
Jul 03 03:17:12.999227 np0000004358 devstack@neutron-api.service[90496]: DEBUG neutron.api.extensions [None req-cd7cb535-0df2-46d5-b9cb-87b081c7ce90 None None] Ext name="Tag support for resources with standard attribute: port, subnet, subnetpool, network, security_group, router, floatingip, policy, trunk, network_segment_range" alias="standard-attr-tag" description="Enables to set tag on resources with standard attribute." updated="2017-01-01T00:00:00-00:00" {{(pid=90496) _check_extension /opt/stack/neutron/neutron/api/extensions.py:415}}
Jul 03 03:17:12.999227 np0000004358 devstack@neutron-api.service[90496]: INFO neutron.api.extensions [None req-cd7cb535-0df2-46d5-b9cb-87b081c7ce90 None None] Loaded extension: standard-attr-tag
Jul 03 03:17:12.999227 np0000004358 devstack@neutron-api.service[90496]: DEBUG neutron.api.extensions [None req-cd7cb535-0df2-46d5-b9cb-87b081c7ce90 None None] Loading extension file: timestamp.py {{(pid=90496) _load_all_extensions_from_path /opt/stack/neutron/neutron/api/extensions.py:449}}
Jul 03 03:17:12.999498 np0000004358 devstack@neutron-api.service[90494]: DEBUG neutron.api.extensions [None req-df1a94c7-0acb-481e-8e0e-6053b3da169f None None] Extended resource: security-group-rules {{(pid=90494) __init__ /opt/stack/neutron/neutron/api/extensions.py:156}}
Jul 03 03:17:12.999593 np0000004358 devstack@neutron-api.service[90496]: DEBUG neutron.api.extensions [None req-cd7cb535-0df2-46d5-b9cb-87b081c7ce90 None None] Ext name="Resource timestamps" alias="standard-attr-timestamp" description="Adds created_at and updated_at fields to all Neutron resources that have Neutron standard attributes." updated="2016-09-12T10:00:00-00:00" {{(pid=90496) _check_extension /opt/stack/neutron/neutron/api/extensions.py:415}}
Jul 03 03:17:12.999772 np0000004358 devstack@neutron-api.service[90494]: DEBUG neutron.api.extensions [None req-df1a94c7-0acb-481e-8e0e-6053b3da169f None None] Extended resource: service-providers {{(pid=90494) __init__ /opt/stack/neutron/neutron/api/extensions.py:156}}
Jul 03 03:17:12.999905 np0000004358 devstack@neutron-api.service[90496]: INFO neutron.api.extensions [None req-cd7cb535-0df2-46d5-b9cb-87b081c7ce90 None None] Loaded extension: standard-attr-timestamp
Jul 03 03:17:12.999905 np0000004358 devstack@neutron-api.service[90496]: DEBUG neutron.api.extensions [None req-cd7cb535-0df2-46d5-b9cb-87b081c7ce90 None None] Loading extension file: trunk.py {{(pid=90496) _load_all_extensions_from_path /opt/stack/neutron/neutron/api/extensions.py:449}}
Jul 03 03:17:13.000086 np0000004358 devstack@neutron-api.service[90494]: DEBUG neutron.api.extensions [None req-df1a94c7-0acb-481e-8e0e-6053b3da169f None None] Extended resource: subnetpools {{(pid=90494) __init__ /opt/stack/neutron/neutron/api/extensions.py:156}}
Jul 03 03:17:13.000223 np0000004358 devstack@neutron-api.service[90496]: DEBUG neutron.api.extensions [None req-cd7cb535-0df2-46d5-b9cb-87b081c7ce90 None None] Ext name="Trunk Extension" alias="trunk" description="Provides support for trunk ports" updated="2016-01-01T10:00:00-00:00" {{(pid=90496) _check_extension /opt/stack/neutron/neutron/api/extensions.py:415}}
Jul 03 03:17:13.000223 np0000004358 devstack@neutron-api.service[90496]: INFO neutron.api.extensions [None req-cd7cb535-0df2-46d5-b9cb-87b081c7ce90 None None] Extension trunk not supported by any of loaded plugins
Jul 03 03:17:13.000223 np0000004358 devstack@neutron-api.service[90496]: DEBUG neutron.api.extensions [None req-cd7cb535-0df2-46d5-b9cb-87b081c7ce90 None None] Loading extension file: trunk_details.py {{(pid=90496) _load_all_extensions_from_path /opt/stack/neutron/neutron/api/extensions.py:449}}
Jul 03 03:17:13.000443 np0000004358 devstack@neutron-api.service[90494]: DEBUG neutron.api.extensions [None req-df1a94c7-0acb-481e-8e0e-6053b3da169f None None] Extended resource: subnetpools {{(pid=90494) __init__ /opt/stack/neutron/neutron/api/extensions.py:156}}
Jul 03 03:17:13.000591 np0000004358 devstack@neutron-api.service[90495]: INFO neutron.plugins.ml2.drivers.ovn.mech_driver.mech_driver [None req-087e9852-524e-426a-a775-006f9b697374 None None] Hash Ring probing thread for node 14b2db1f55fa5bf3ad6d342d9974dbf2 has started
Jul 03 03:17:13.000738 np0000004358 devstack@neutron-api.service[90496]: DEBUG neutron.api.extensions [None req-cd7cb535-0df2-46d5-b9cb-87b081c7ce90 None None] Ext name="Trunk port details" alias="trunk-details" description="Expose trunk port details" updated="2016-01-01T10:00:00-00:00" {{(pid=90496) _check_extension /opt/stack/neutron/neutron/api/extensions.py:415}}
Jul 03 03:17:13.000738 np0000004358 devstack@neutron-api.service[90496]: INFO neutron.api.extensions [None req-cd7cb535-0df2-46d5-b9cb-87b081c7ce90 None None] Extension trunk-details not supported by any of loaded plugins
Jul 03 03:17:13.000926 np0000004358 devstack@neutron-api.service[90494]: DEBUG neutron.api.extensions [None req-df1a94c7-0acb-481e-8e0e-6053b3da169f None None] Extended resource: tags {{(pid=90494) __init__ /opt/stack/neutron/neutron/api/extensions.py:156}}
Jul 03 03:17:13.001091 np0000004358 devstack@neutron-api.service[90496]: DEBUG neutron.api.extensions [None req-cd7cb535-0df2-46d5-b9cb-87b081c7ce90 None None] Loading extension file: uplink_status_propagation.py {{(pid=90496) _load_all_extensions_from_path /opt/stack/neutron/neutron/api/extensions.py:449}}
Jul 03 03:17:13.001091 np0000004358 devstack@neutron-api.service[90496]: DEBUG neutron.api.extensions [None req-cd7cb535-0df2-46d5-b9cb-87b081c7ce90 None None] Ext name="Uplink status propagation extension" alias="uplink-status-propagation" description="Provides ability to propagate port uplink status." updated="2018-05-31T18:00:00-00:00" {{(pid=90496) _check_extension /opt/stack/neutron/neutron/api/extensions.py:415}}
Jul 03 03:17:13.001091 np0000004358 devstack@neutron-api.service[90496]: INFO neutron.api.extensions [None req-cd7cb535-0df2-46d5-b9cb-87b081c7ce90 None None] Extension uplink-status-propagation not supported by any of loaded plugins
Jul 03 03:17:13.001293 np0000004358 devstack@neutron-api.service[90494]: DEBUG neutron.api.extensions [None req-df1a94c7-0acb-481e-8e0e-6053b3da169f None None] Extended resource: tags {{(pid=90494) __init__ /opt/stack/neutron/neutron/api/extensions.py:156}}
Jul 03 03:17:13.001439 np0000004358 devstack@neutron-api.service[90496]: DEBUG neutron.api.extensions [None req-cd7cb535-0df2-46d5-b9cb-87b081c7ce90 None None] Loading extension file: uplink_status_propagation_updatable.py {{(pid=90496) _load_all_extensions_from_path /opt/stack/neutron/neutron/api/extensions.py:449}}
Jul 03 03:17:13.001439 np0000004358 devstack@neutron-api.service[90496]: DEBUG neutron.api.extensions [None req-cd7cb535-0df2-46d5-b9cb-87b081c7ce90 None None] Ext name="Uplink status propagation updatable extension" alias="uplink-status-propagation-updatable" description="Provides ability to update the port uplink status." updated="2024-09-03T18:00:00-00:00" {{(pid=90496) _check_extension /opt/stack/neutron/neutron/api/extensions.py:415}}
Jul 03 03:17:13.001439 np0000004358 devstack@neutron-api.service[90496]: INFO neutron.api.extensions [None req-cd7cb535-0df2-46d5-b9cb-87b081c7ce90 None None] Extension uplink-status-propagation-updatable not supported by any of loaded plugins
Jul 03 03:17:13.001627 np0000004358 devstack@neutron-api.service[90494]: DEBUG neutron.api.extensions [None req-df1a94c7-0acb-481e-8e0e-6053b3da169f None None] Extended resource: tags {{(pid=90494) __init__ /opt/stack/neutron/neutron/api/extensions.py:156}}
Jul 03 03:17:13.001795 np0000004358 devstack@neutron-api.service[90496]: DEBUG neutron.api.extensions [None req-cd7cb535-0df2-46d5-b9cb-87b081c7ce90 None None] Loading extension file: vlantransparent.py {{(pid=90496) _load_all_extensions_from_path /opt/stack/neutron/neutron/api/extensions.py:449}}
Jul 03 03:17:13.001931 np0000004358 devstack@neutron-api.service[90495]: INFO neutron.plugins.ml2.drivers.ovn.mech_driver.ovsdb.impl_idl_ovn [None req-087e9852-524e-426a-a775-006f9b697374 None None] Getting OvsdbNbOvnIdl for WorkerService with retry
Jul 03 03:17:13.002080 np0000004358 devstack@neutron-api.service[90494]: DEBUG neutron.api.extensions [None req-df1a94c7-0acb-481e-8e0e-6053b3da169f None None] Extended resource: tags {{(pid=90494) __init__ /opt/stack/neutron/neutron/api/extensions.py:156}}
Jul 03 03:17:13.002202 np0000004358 devstack@neutron-api.service[90496]: DEBUG neutron.api.extensions [None req-cd7cb535-0df2-46d5-b9cb-87b081c7ce90 None None] Ext name="Vlantransparent" alias="vlan-transparent" description="Provides Vlan Transparent Networks" updated="2015-03-23T09:00:00-00:00" {{(pid=90496) _check_extension /opt/stack/neutron/neutron/api/extensions.py:415}}
Jul 03 03:17:13.002202 np0000004358 devstack@neutron-api.service[90496]: INFO neutron.api.extensions [None req-cd7cb535-0df2-46d5-b9cb-87b081c7ce90 None None] Loaded extension: vlan-transparent
Jul 03 03:17:13.002319 np0000004358 devstack@neutron-api.service[90494]: DEBUG neutron.api.extensions [None req-df1a94c7-0acb-481e-8e0e-6053b3da169f None None] Extended resource: tags {{(pid=90494) __init__ /opt/stack/neutron/neutron/api/extensions.py:156}}
Jul 03 03:17:13.002319 np0000004358 devstack@neutron-api.service[90494]: DEBUG neutron.api.extensions [None req-df1a94c7-0acb-481e-8e0e-6053b3da169f None None] Extended resource: tags {{(pid=90494) __init__ /opt/stack/neutron/neutron/api/extensions.py:156}}
Jul 03 03:17:13.002319 np0000004358 devstack@neutron-api.service[90494]: DEBUG neutron.api.extensions [None req-df1a94c7-0acb-481e-8e0e-6053b3da169f None None] Extended resource: tags {{(pid=90494) __init__ /opt/stack/neutron/neutron/api/extensions.py:156}}
Jul 03 03:17:13.002319 np0000004358 devstack@neutron-api.service[90494]: DEBUG neutron.api.extensions [None req-df1a94c7-0acb-481e-8e0e-6053b3da169f None None] Extended resource: tags {{(pid=90494) __init__ /opt/stack/neutron/neutron/api/extensions.py:156}}
Jul 03 03:17:13.002469 np0000004358 devstack@neutron-api.service[90496]: INFO neutron.quota.resource_registry [None req-cd7cb535-0df2-46d5-b9cb-87b081c7ce90 None None] Creating instance of TrackedResource for resource:network
Jul 03 03:17:13.002469 np0000004358 devstack@neutron-api.service[90496]: INFO neutron.quota.resource_registry [None req-cd7cb535-0df2-46d5-b9cb-87b081c7ce90 None None] Creating instance of TrackedResource for resource:subnet
Jul 03 03:17:13.002633 np0000004358 devstack@neutron-api.service[90494]: DEBUG neutron.api.extensions [None req-df1a94c7-0acb-481e-8e0e-6053b3da169f None None] Extended resource: tags {{(pid=90494) __init__ /opt/stack/neutron/neutron/api/extensions.py:156}}
Jul 03 03:17:13.002763 np0000004358 devstack@neutron-api.service[90496]: INFO neutron.quota.resource_registry [None req-cd7cb535-0df2-46d5-b9cb-87b081c7ce90 None None] Creating instance of TrackedResource for resource:subnetpool
Jul 03 03:17:13.002763 np0000004358 devstack@neutron-api.service[90496]: INFO neutron.quota.resource_registry [None req-cd7cb535-0df2-46d5-b9cb-87b081c7ce90 None None] Creating instance of TrackedResource for resource:port
Jul 03 03:17:13.002870 np0000004358 devstack@neutron-api.service[90494]: DEBUG neutron.api.extensions [None req-df1a94c7-0acb-481e-8e0e-6053b3da169f None None] Extended resource: tags {{(pid=90494) __init__ /opt/stack/neutron/neutron/api/extensions.py:156}}
Jul 03 03:17:13.002979 np0000004358 devstack@neutron-api.service[90496]: INFO neutron.quota.resource_registry [None req-cd7cb535-0df2-46d5-b9cb-87b081c7ce90 None None] Creating instance of CountableResource for resource:router_route
Jul 03 03:17:13.002979 np0000004358 devstack@neutron-api.service[90496]: DEBUG neutron.api.v2.resource_helper [None req-cd7cb535-0df2-46d5-b9cb-87b081c7ce90 None None] Service L3_ROUTER_NAT assigned prefix: {{(pid=90496) build_resource_info /opt/stack/neutron/neutron/api/v2/resource_helper.py:77}}
Jul 03 03:17:13.002979 np0000004358 devstack@neutron-api.service[90496]: DEBUG neutron.api.v2.resource_helper [None req-cd7cb535-0df2-46d5-b9cb-87b081c7ce90 None None] Service FLAVORS assigned prefix: {{(pid=90496) build_resource_info /opt/stack/neutron/neutron/api/v2/resource_helper.py:77}}
Jul 03 03:17:13.002979 np0000004358 devstack@neutron-api.service[90496]: DEBUG neutron.api.v2.resource_helper [None req-cd7cb535-0df2-46d5-b9cb-87b081c7ce90 None None] Service L3_ROUTER_NAT assigned prefix: {{(pid=90496) build_resource_info /opt/stack/neutron/neutron/api/v2/resource_helper.py:77}}
Jul 03 03:17:13.002979 np0000004358 devstack@neutron-api.service[90496]: DEBUG neutron.api.v2.resource_helper [None req-cd7cb535-0df2-46d5-b9cb-87b081c7ce90 None None] Service L3_ROUTER_NAT assigned prefix: {{(pid=90496) build_resource_info /opt/stack/neutron/neutron/api/v2/resource_helper.py:77}}
Jul 03 03:17:13.002979 np0000004358 devstack@neutron-api.service[90496]: INFO neutron.quota.resource_registry [None req-cd7cb535-0df2-46d5-b9cb-87b081c7ce90 None None] Creating instance of TrackedResource for resource:router
Jul 03 03:17:13.002979 np0000004358 devstack@neutron-api.service[90496]: INFO neutron.quota.resource_registry [None req-cd7cb535-0df2-46d5-b9cb-87b081c7ce90 None None] Creating instance of TrackedResource for resource:floatingip
Jul 03 03:17:13.002979 np0000004358 devstack@neutron-api.service[90496]: INFO neutron.quota.resource_registry [None req-cd7cb535-0df2-46d5-b9cb-87b081c7ce90 None None] Creating instance of CountableResource for resource:rbac_policy
Jul 03 03:17:13.002979 np0000004358 devstack@neutron-api.service[90496]: INFO neutron.quota.resource_registry [None req-cd7cb535-0df2-46d5-b9cb-87b081c7ce90 None None] Creating instance of TrackedResource for resource:security_group
Jul 03 03:17:13.003236 np0000004358 devstack@neutron-api.service[90496]: INFO neutron.quota.resource_registry [None req-cd7cb535-0df2-46d5-b9cb-87b081c7ce90 None None] Creating instance of TrackedResource for resource:security_group_rule
Jul 03 03:17:13.003236 np0000004358 devstack@neutron-api.service[90496]: DEBUG neutron.api.v2.resource_helper [None req-cd7cb535-0df2-46d5-b9cb-87b081c7ce90 None None] Service CORE assigned prefix: {{(pid=90496) build_resource_info /opt/stack/neutron/neutron/api/v2/resource_helper.py:77}}
Jul 03 03:17:13.003236 np0000004358 devstack@neutron-api.service[90496]: INFO neutron.quota.resource_registry [None req-cd7cb535-0df2-46d5-b9cb-87b081c7ce90 None None] Creating instance of TrackedResource for resource:subnetpool
Jul 03 03:17:13.003236 np0000004358 devstack@neutron-api.service[90496]: WARNING neutron.quota.resource_registry [None req-cd7cb535-0df2-46d5-b9cb-87b081c7ce90 None None] subnetpool is already registered
Jul 03 03:17:13.003386 np0000004358 devstack@neutron-api.service[90494]: DEBUG neutron_lib.callbacks.manager [None req-df1a94c7-0acb-481e-8e0e-6053b3da169f None None] Publish callbacks ['neutron.plugins.ml2.drivers.ovn.mech_driver.mech_driver.OVNMechanismDriver.pre_fork_initialize-33312504'] for process (None), before_spawn {{(pid=90494) _notify_loop /opt/stack/data/venv/lib/python3.12/site-packages/neutron_lib/callbacks/manager.py:184}}
Jul 03 03:17:13.003386 np0000004358 devstack@neutron-api.service[90494]: DEBUG oslo_concurrency.processutils [None req-df1a94c7-0acb-481e-8e0e-6053b3da169f None None] Running cmd (subprocess): ovsdb-client transact ssl:10.4.3.124:6641 --timeout 180 -p /opt/stack/data/CA/int-ca/private/devstack-cert.key -c /opt/stack/data/CA/int-ca/devstack-cert.crt -C /opt/stack/data/CA/int-ca/ca-chain.pem ["OVN_Northbound", {"op": "wait", "timeout": 0, "table": "Port_Group", "where": [["name", "==", "neutron_pg_drop"]], "until": "==", "rows": []}, {"op": "insert", "table": "ACL", "row": {"action": "drop", "direction": "to-lport", "match": "outport == @neutron_pg_drop && ip", "priority": 1001}, "uuid-name": "droptoport"}, {"op": "insert", "table": "ACL", "row": {"action": "drop", "direction": "from-lport", "match": "inport == @neutron_pg_drop && ip", "priority": 1001}, "uuid-name": "dropfromport"}, {"op": "insert", "table": "Port_Group", "row": {"name": "neutron_pg_drop", "acls": ["set", [["named-uuid", "droptoport"], ["named-uuid", "dropfromport"]]]}}] {{(pid=90494) execute /opt/stack/data/venv/lib/python3.12/site-packages/oslo_concurrency/processutils.py:440}}
Jul 03 03:17:13.003533 np0000004358 devstack@neutron-api.service[90496]: DEBUG neutron.api.v2.resource_helper [None req-cd7cb535-0df2-46d5-b9cb-87b081c7ce90 None None] Service CORE assigned prefix: {{(pid=90496) build_resource_info /opt/stack/neutron/neutron/api/v2/resource_helper.py:77}}
Jul 03 03:17:13.003533 np0000004358 devstack@neutron-api.service[90496]: INFO neutron.quota.resource_registry [None req-cd7cb535-0df2-46d5-b9cb-87b081c7ce90 None None] Creating instance of TrackedResource for resource:subnetpool
Jul 03 03:17:13.003533 np0000004358 devstack@neutron-api.service[90496]: WARNING neutron.quota.resource_registry [None req-cd7cb535-0df2-46d5-b9cb-87b081c7ce90 None None] subnetpool is already registered
Jul 03 03:17:13.003533 np0000004358 devstack@neutron-api.service[90496]: INFO neutron.quota.resource_registry [None req-cd7cb535-0df2-46d5-b9cb-87b081c7ce90 None None] Creating instance of CountableResource for resource:router_route
Jul 03 03:17:13.003533 np0000004358 devstack@neutron-api.service[90496]: WARNING neutron.quota.resource_registry [None req-cd7cb535-0df2-46d5-b9cb-87b081c7ce90 None None] router_route is already registered
Jul 03 03:17:13.003533 np0000004358 devstack@neutron-api.service[90496]: DEBUG neutron.api.v2.resource_helper [None req-cd7cb535-0df2-46d5-b9cb-87b081c7ce90 None None] Service L3_ROUTER_NAT assigned prefix: {{(pid=90496) build_resource_info /opt/stack/neutron/neutron/api/v2/resource_helper.py:77}}
Jul 03 03:17:13.003533 np0000004358 devstack@neutron-api.service[90496]: DEBUG neutron.api.v2.resource_helper [None req-cd7cb535-0df2-46d5-b9cb-87b081c7ce90 None None] Service FLAVORS assigned prefix: {{(pid=90496) build_resource_info /opt/stack/neutron/neutron/api/v2/resource_helper.py:77}}
Jul 03 03:17:13.003533 np0000004358 devstack@neutron-api.service[90496]: DEBUG neutron.api.v2.resource_helper [None req-cd7cb535-0df2-46d5-b9cb-87b081c7ce90 None None] Service L3_ROUTER_NAT assigned prefix: {{(pid=90496) build_resource_info /opt/stack/neutron/neutron/api/v2/resource_helper.py:77}}
Jul 03 03:17:13.003533 np0000004358 devstack@neutron-api.service[90496]: DEBUG neutron.api.v2.resource_helper [None req-cd7cb535-0df2-46d5-b9cb-87b081c7ce90 None None] Service L3_ROUTER_NAT assigned prefix: {{(pid=90496) build_resource_info /opt/stack/neutron/neutron/api/v2/resource_helper.py:77}}
Jul 03 03:17:13.003780 np0000004358 devstack@neutron-api.service[90496]: INFO neutron.quota.resource_registry [None req-cd7cb535-0df2-46d5-b9cb-87b081c7ce90 None None] Creating instance of TrackedResource for resource:router
Jul 03 03:17:13.003780 np0000004358 devstack@neutron-api.service[90496]: WARNING neutron.quota.resource_registry [None req-cd7cb535-0df2-46d5-b9cb-87b081c7ce90 None None] router is already registered
Jul 03 03:17:13.003780 np0000004358 devstack@neutron-api.service[90496]: INFO neutron.quota.resource_registry [None req-cd7cb535-0df2-46d5-b9cb-87b081c7ce90 None None] Creating instance of TrackedResource for resource:floatingip
Jul 03 03:17:13.003905 np0000004358 devstack@neutron-api.service[90496]: WARNING neutron.quota.resource_registry [None req-cd7cb535-0df2-46d5-b9cb-87b081c7ce90 None None] floatingip is already registered
Jul 03 03:17:13.005455 np0000004358 devstack@neutron-api.service[90496]: INFO neutron.quota.resource_registry [None req-cd7cb535-0df2-46d5-b9cb-87b081c7ce90 None None] Creating instance of CountableResource for resource:rbac_policy
Jul 03 03:17:13.005613 np0000004358 devstack@neutron-api.service[90496]: WARNING neutron.quota.resource_registry [None req-cd7cb535-0df2-46d5-b9cb-87b081c7ce90 None None] rbac_policy is already registered
Jul 03 03:17:13.006590 np0000004358 devstack@neutron-api.service[90496]: INFO neutron.quota.resource_registry [None req-cd7cb535-0df2-46d5-b9cb-87b081c7ce90 None None] Creating instance of TrackedResource for resource:security_group
Jul 03 03:17:13.006775 np0000004358 devstack@neutron-api.service[90496]: WARNING neutron.quota.resource_registry [None req-cd7cb535-0df2-46d5-b9cb-87b081c7ce90 None None] security_group is already registered
Jul 03 03:17:13.007263 np0000004358 devstack@neutron-api.service[90496]: INFO neutron.quota.resource_registry [None req-cd7cb535-0df2-46d5-b9cb-87b081c7ce90 None None] Creating instance of TrackedResource for resource:security_group_rule
Jul 03 03:17:13.007472 np0000004358 devstack@neutron-api.service[90496]: WARNING neutron.quota.resource_registry [None req-cd7cb535-0df2-46d5-b9cb-87b081c7ce90 None None] security_group_rule is already registered
Jul 03 03:17:13.008312 np0000004358 devstack@neutron-api.service[90496]: DEBUG neutron.api.v2.resource_helper [None req-cd7cb535-0df2-46d5-b9cb-87b081c7ce90 None None] Service CORE assigned prefix: {{(pid=90496) build_resource_info /opt/stack/neutron/neutron/api/v2/resource_helper.py:77}}
Jul 03 03:17:13.008420 np0000004358 devstack@neutron-api.service[90496]: INFO neutron.quota.resource_registry [None req-cd7cb535-0df2-46d5-b9cb-87b081c7ce90 None None] Creating instance of TrackedResource for resource:subnetpool
Jul 03 03:17:13.008646 np0000004358 devstack@neutron-api.service[90496]: WARNING neutron.quota.resource_registry [None req-cd7cb535-0df2-46d5-b9cb-87b081c7ce90 None None] subnetpool is already registered
Jul 03 03:17:13.009092 np0000004358 devstack@neutron-api.service[90496]: DEBUG neutron.api.v2.resource_helper [None req-cd7cb535-0df2-46d5-b9cb-87b081c7ce90 None None] Service CORE assigned prefix: {{(pid=90496) build_resource_info /opt/stack/neutron/neutron/api/v2/resource_helper.py:77}}
Jul 03 03:17:13.009241 np0000004358 devstack@neutron-api.service[90496]: INFO neutron.quota.resource_registry [None req-cd7cb535-0df2-46d5-b9cb-87b081c7ce90 None None] Creating instance of TrackedResource for resource:subnetpool
Jul 03 03:17:13.009399 np0000004358 devstack@neutron-api.service[90496]: WARNING neutron.quota.resource_registry [None req-cd7cb535-0df2-46d5-b9cb-87b081c7ce90 None None] subnetpool is already registered
Jul 03 03:17:13.009922 np0000004358 devstack@neutron-api.service[90496]: DEBUG neutron.api.extensions [None req-cd7cb535-0df2-46d5-b9cb-87b081c7ce90 None None] Extended resource: extensions {{(pid=90496) __init__ /opt/stack/neutron/neutron/api/extensions.py:156}}
Jul 03 03:17:13.011114 np0000004358 devstack@neutron-api.service[90496]: DEBUG neutron.api.extensions [None req-cd7cb535-0df2-46d5-b9cb-87b081c7ce90 None None] Extended resource: address-groups {{(pid=90496) __init__ /opt/stack/neutron/neutron/api/extensions.py:156}}
Jul 03 03:17:13.012106 np0000004358 devstack@neutron-api.service[90496]: DEBUG neutron.api.extensions [None req-cd7cb535-0df2-46d5-b9cb-87b081c7ce90 None None] Extended resource: address-scopes {{(pid=90496) __init__ /opt/stack/neutron/neutron/api/extensions.py:156}}
Jul 03 03:17:13.012538 np0000004358 devstack@neutron-api.service[90496]: DEBUG neutron.api.extensions [None req-cd7cb535-0df2-46d5-b9cb-87b081c7ce90 None None] Extended resource: agents {{(pid=90496) __init__ /opt/stack/neutron/neutron/api/extensions.py:156}}
Jul 03 03:17:13.013338 np0000004358 devstack@neutron-api.service[90496]: DEBUG neutron.api.extensions [None req-cd7cb535-0df2-46d5-b9cb-87b081c7ce90 None None] Extended resource: auto-allocated-topology {{(pid=90496) __init__ /opt/stack/neutron/neutron/api/extensions.py:156}}
Jul 03 03:17:13.014179 np0000004358 devstack@neutron-api.service[90496]: DEBUG neutron.api.extensions [None req-cd7cb535-0df2-46d5-b9cb-87b081c7ce90 None None] Extended resource: availability_zones {{(pid=90496) __init__ /opt/stack/neutron/neutron/api/extensions.py:156}}
Jul 03 03:17:13.014890 np0000004358 devstack@neutron-api.service[90496]: DEBUG neutron.api.extensions [None req-cd7cb535-0df2-46d5-b9cb-87b081c7ce90 None None] Extended resource: dhcp-networks {{(pid=90496) __init__ /opt/stack/neutron/neutron/api/extensions.py:156}}
Jul 03 03:17:13.015604 np0000004358 devstack@neutron-api.service[90496]: DEBUG neutron.api.extensions [None req-cd7cb535-0df2-46d5-b9cb-87b081c7ce90 None None] Extended resource: dhcp-agents {{(pid=90496) __init__ /opt/stack/neutron/neutron/api/extensions.py:156}}
Jul 03 03:17:13.016426 np0000004358 devstack@neutron-api.service[90496]: DEBUG neutron.api.extensions [None req-cd7cb535-0df2-46d5-b9cb-87b081c7ce90 None None] Extended resource: routers {{(pid=90496) __init__ /opt/stack/neutron/neutron/api/extensions.py:156}}
Jul 03 03:17:13.017589 np0000004358 devstack@neutron-api.service[90496]: DEBUG neutron.api.extensions [None req-cd7cb535-0df2-46d5-b9cb-87b081c7ce90 None None] Extended resource: flavors {{(pid=90496) __init__ /opt/stack/neutron/neutron/api/extensions.py:156}}
Jul 03 03:17:13.018358 np0000004358 devstack@neutron-api.service[90496]: DEBUG neutron.api.extensions [None req-cd7cb535-0df2-46d5-b9cb-87b081c7ce90 None None] Extended resource: service_profiles {{(pid=90496) __init__ /opt/stack/neutron/neutron/api/extensions.py:156}}
Jul 03 03:17:13.018993 np0000004358 devstack@neutron-api.service[90496]: DEBUG neutron.api.extensions [None req-cd7cb535-0df2-46d5-b9cb-87b081c7ce90 None None] Extended resource: next_providers {{(pid=90496) __init__ /opt/stack/neutron/neutron/api/extensions.py:156}}
Jul 03 03:17:13.019923 np0000004358 devstack@neutron-api.service[90496]: DEBUG neutron.api.extensions [None req-cd7cb535-0df2-46d5-b9cb-87b081c7ce90 None None] Extended resource: service_profiles {{(pid=90496) __init__ /opt/stack/neutron/neutron/api/extensions.py:156}}
Jul 03 03:17:13.020801 np0000004358 devstack@neutron-api.service[90496]: DEBUG neutron.api.extensions [None req-cd7cb535-0df2-46d5-b9cb-87b081c7ce90 None None] Extended resource: floatingip-pools {{(pid=90496) __init__ /opt/stack/neutron/neutron/api/extensions.py:156}}
Jul 03 03:17:13.021670 np0000004358 devstack@neutron-api.service[90496]: DEBUG neutron.api.extensions [None req-cd7cb535-0df2-46d5-b9cb-87b081c7ce90 None None] Extended resource: routers {{(pid=90496) __init__ /opt/stack/neutron/neutron/api/extensions.py:156}}
Jul 03 03:17:13.023006 np0000004358 devstack@neutron-api.service[90496]: DEBUG neutron.api.extensions [None req-cd7cb535-0df2-46d5-b9cb-87b081c7ce90 None None] Extended resource: floatingips {{(pid=90496) __init__ /opt/stack/neutron/neutron/api/extensions.py:156}}
Jul 03 03:17:13.023767 np0000004358 devstack@neutron-api.service[90496]: DEBUG neutron.api.extensions [None req-cd7cb535-0df2-46d5-b9cb-87b081c7ce90 None None] Extended resource: l3-routers {{(pid=90496) __init__ /opt/stack/neutron/neutron/api/extensions.py:156}}
Jul 03 03:17:13.024917 np0000004358 devstack@neutron-api.service[90496]: DEBUG neutron.api.extensions [None req-cd7cb535-0df2-46d5-b9cb-87b081c7ce90 None None] Extended resource: l3-agents {{(pid=90496) __init__ /opt/stack/neutron/neutron/api/extensions.py:156}}
Jul 03 03:17:13.025826 np0000004358 devstack@neutron-api.service[90496]: DEBUG neutron.api.extensions [None req-cd7cb535-0df2-46d5-b9cb-87b081c7ce90 None None] Extended resource: network-ip-availabilities {{(pid=90496) __init__ /opt/stack/neutron/neutron/api/extensions.py:156}}
Jul 03 03:17:13.026718 np0000004358 devstack@neutron-api.service[90496]: DEBUG neutron.api.extensions [None req-cd7cb535-0df2-46d5-b9cb-87b081c7ce90 None None] Extended resource: network-ip-availabilities {{(pid=90496) __init__ /opt/stack/neutron/neutron/api/extensions.py:156}}
Jul 03 03:17:13.028456 np0000004358 devstack@neutron-api.service[90496]: DEBUG neutron.api.extensions [None req-cd7cb535-0df2-46d5-b9cb-87b081c7ce90 None None] Extended resource: bindings {{(pid=90496) __init__ /opt/stack/neutron/neutron/api/extensions.py:156}}
Jul 03 03:17:13.029527 np0000004358 devstack@neutron-api.service[90496]: DEBUG neutron.api.extensions [None req-cd7cb535-0df2-46d5-b9cb-87b081c7ce90 None None] Extended resource: quotas {{(pid=90496) __init__ /opt/stack/neutron/neutron/api/extensions.py:156}}
Jul 03 03:17:13.030400 np0000004358 devstack@neutron-api.service[90496]: DEBUG neutron.api.extensions [None req-cd7cb535-0df2-46d5-b9cb-87b081c7ce90 None None] Extended resource: quotas {{(pid=90496) __init__ /opt/stack/neutron/neutron/api/extensions.py:156}}
Jul 03 03:17:13.031276 np0000004358 devstack@neutron-api.service[90496]: DEBUG neutron.api.extensions [None req-cd7cb535-0df2-46d5-b9cb-87b081c7ce90 None None] Extended resource: rbac-policies {{(pid=90496) __init__ /opt/stack/neutron/neutron/api/extensions.py:156}}
Jul 03 03:17:13.031974 np0000004358 devstack@neutron-api.service[90496]: DEBUG neutron.api.extensions [None req-cd7cb535-0df2-46d5-b9cb-87b081c7ce90 None None] Extended resource: default-security-group-rules {{(pid=90496) __init__ /opt/stack/neutron/neutron/api/extensions.py:156}}
Jul 03 03:17:13.032815 np0000004358 devstack@neutron-api.service[90496]: DEBUG neutron.api.extensions [None req-cd7cb535-0df2-46d5-b9cb-87b081c7ce90 None None] Extended resource: security-groups-default-statefulness {{(pid=90496) __init__ /opt/stack/neutron/neutron/api/extensions.py:156}}
Jul 03 03:17:13.033439 np0000004358 devstack@neutron-api.service[90496]: DEBUG neutron.api.extensions [None req-cd7cb535-0df2-46d5-b9cb-87b081c7ce90 None None] Extended resource: security-groups {{(pid=90496) __init__ /opt/stack/neutron/neutron/api/extensions.py:156}}
Jul 03 03:17:13.034050 np0000004358 devstack@neutron-api.service[90496]: DEBUG neutron.api.extensions [None req-cd7cb535-0df2-46d5-b9cb-87b081c7ce90 None None] Extended resource: security-group-rules {{(pid=90496) __init__ /opt/stack/neutron/neutron/api/extensions.py:156}}
Jul 03 03:17:13.034803 np0000004358 devstack@neutron-api.service[90496]: DEBUG neutron.api.extensions [None req-cd7cb535-0df2-46d5-b9cb-87b081c7ce90 None None] Extended resource: service-providers {{(pid=90496) __init__ /opt/stack/neutron/neutron/api/extensions.py:156}}
Jul 03 03:17:13.035327 np0000004358 devstack@neutron-api.service[90496]: DEBUG neutron.api.extensions [None req-cd7cb535-0df2-46d5-b9cb-87b081c7ce90 None None] Extended resource: subnetpools {{(pid=90496) __init__ /opt/stack/neutron/neutron/api/extensions.py:156}}
Jul 03 03:17:13.035664 np0000004358 devstack@neutron-api.service[90495]: DEBUG ovsdbapp.backend.ovs_idl [None req-087e9852-524e-426a-a775-006f9b697374 None None] Created lookup_table index Logical_Switch.name {{(pid=90495) autocreate_indices /opt/stack/data/venv/lib/python3.12/site-packages/ovsdbapp/backend/ovs_idl/__init__.py:87}}
Jul 03 03:17:13.035924 np0000004358 devstack@neutron-api.service[90496]: DEBUG neutron.api.extensions [None req-cd7cb535-0df2-46d5-b9cb-87b081c7ce90 None None] Extended resource: subnetpools {{(pid=90496) __init__ /opt/stack/neutron/neutron/api/extensions.py:156}}
Jul 03 03:17:13.036209 np0000004358 devstack@neutron-api.service[90495]: DEBUG ovsdbapp.backend.ovs_idl [None req-087e9852-524e-426a-a775-006f9b697374 None None] Created lookup_table index Logical_Router.name {{(pid=90495) autocreate_indices /opt/stack/data/venv/lib/python3.12/site-packages/ovsdbapp/backend/ovs_idl/__init__.py:87}}
Jul 03 03:17:13.036209 np0000004358 devstack@neutron-api.service[90495]: DEBUG ovsdbapp.backend.ovs_idl [None req-087e9852-524e-426a-a775-006f9b697374 None None] Created lookup_table index Load_Balancer.name {{(pid=90495) autocreate_indices /opt/stack/data/venv/lib/python3.12/site-packages/ovsdbapp/backend/ovs_idl/__init__.py:87}}
Jul 03 03:17:13.036209 np0000004358 devstack@neutron-api.service[90495]: DEBUG ovsdbapp.backend.ovs_idl [None req-087e9852-524e-426a-a775-006f9b697374 None None] Created schema index Copp.name {{(pid=90495) autocreate_indices /opt/stack/data/venv/lib/python3.12/site-packages/ovsdbapp/backend/ovs_idl/__init__.py:106}}
Jul 03 03:17:13.036456 np0000004358 devstack@neutron-api.service[90495]: DEBUG ovsdbapp.backend.ovs_idl [None req-087e9852-524e-426a-a775-006f9b697374 None None] Created schema index Meter.name {{(pid=90495) autocreate_indices /opt/stack/data/venv/lib/python3.12/site-packages/ovsdbapp/backend/ovs_idl/__init__.py:106}}
Jul 03 03:17:13.036456 np0000004358 devstack@neutron-api.service[90495]: DEBUG ovsdbapp.backend.ovs_idl [None req-087e9852-524e-426a-a775-006f9b697374 None None] Created schema index Load_Balancer_Group.name {{(pid=90495) autocreate_indices /opt/stack/data/venv/lib/python3.12/site-packages/ovsdbapp/backend/ovs_idl/__init__.py:106}}
Jul 03 03:17:13.036796 np0000004358 devstack@neutron-api.service[90495]: DEBUG ovsdbapp.backend.ovs_idl [None req-087e9852-524e-426a-a775-006f9b697374 None None] Created schema index HA_Chassis_Group.name {{(pid=90495) autocreate_indices /opt/stack/data/venv/lib/python3.12/site-packages/ovsdbapp/backend/ovs_idl/__init__.py:106}}
Jul 03 03:17:13.037060 np0000004358 devstack@neutron-api.service[90496]: DEBUG neutron.api.extensions [None req-cd7cb535-0df2-46d5-b9cb-87b081c7ce90 None None] Extended resource: tags {{(pid=90496) __init__ /opt/stack/neutron/neutron/api/extensions.py:156}}
Jul 03 03:17:13.037203 np0000004358 devstack@neutron-api.service[90495]: DEBUG ovsdbapp.backend.ovs_idl [None req-087e9852-524e-426a-a775-006f9b697374 None None] Created schema index Address_Set.name {{(pid=90495) autocreate_indices /opt/stack/data/venv/lib/python3.12/site-packages/ovsdbapp/backend/ovs_idl/__init__.py:106}}
Jul 03 03:17:13.037203 np0000004358 devstack@neutron-api.service[90495]: DEBUG ovsdbapp.backend.ovs_idl [None req-087e9852-524e-426a-a775-006f9b697374 None None] Created schema index Connection.target {{(pid=90495) autocreate_indices /opt/stack/data/venv/lib/python3.12/site-packages/ovsdbapp/backend/ovs_idl/__init__.py:106}}
Jul 03 03:17:13.037203 np0000004358 devstack@neutron-api.service[90495]: DEBUG ovsdbapp.backend.ovs_idl [None req-087e9852-524e-426a-a775-006f9b697374 None None] Created schema index Gateway_Chassis.name {{(pid=90495) autocreate_indices /opt/stack/data/venv/lib/python3.12/site-packages/ovsdbapp/backend/ovs_idl/__init__.py:106}}
Jul 03 03:17:13.037203 np0000004358 devstack@neutron-api.service[90495]: DEBUG ovsdbapp.backend.ovs_idl [None req-087e9852-524e-426a-a775-006f9b697374 None None] Created schema index Mirror.name {{(pid=90495) autocreate_indices /opt/stack/data/venv/lib/python3.12/site-packages/ovsdbapp/backend/ovs_idl/__init__.py:106}}
Jul 03 03:17:13.037203 np0000004358 devstack@neutron-api.service[90495]: DEBUG ovsdbapp.backend.ovs_idl [None req-087e9852-524e-426a-a775-006f9b697374 None None] Created schema index Chassis_Template_Var.chassis {{(pid=90495) autocreate_indices /opt/stack/data/venv/lib/python3.12/site-packages/ovsdbapp/backend/ovs_idl/__init__.py:106}}
Jul 03 03:17:13.037203 np0000004358 devstack@neutron-api.service[90495]: DEBUG ovsdbapp.backend.ovs_idl [None req-087e9852-524e-426a-a775-006f9b697374 None None] Created schema index Logical_Router_Port.name {{(pid=90495) autocreate_indices /opt/stack/data/venv/lib/python3.12/site-packages/ovsdbapp/backend/ovs_idl/__init__.py:106}}
Jul 03 03:17:13.037526 np0000004358 devstack@neutron-api.service[90496]: DEBUG neutron.api.extensions [None req-cd7cb535-0df2-46d5-b9cb-87b081c7ce90 None None] Extended resource: tags {{(pid=90496) __init__ /opt/stack/neutron/neutron/api/extensions.py:156}}
Jul 03 03:17:13.037683 np0000004358 devstack@neutron-api.service[90495]: DEBUG ovsdbapp.backend.ovs_idl [None req-087e9852-524e-426a-a775-006f9b697374 None None] Created schema index Port_Group.name {{(pid=90495) autocreate_indices /opt/stack/data/venv/lib/python3.12/site-packages/ovsdbapp/backend/ovs_idl/__init__.py:106}}
Jul 03 03:17:13.037683 np0000004358 devstack@neutron-api.service[90495]: DEBUG ovsdbapp.backend.ovs_idl [None req-087e9852-524e-426a-a775-006f9b697374 None None] Created schema index Logical_Switch_Port.name {{(pid=90495) autocreate_indices /opt/stack/data/venv/lib/python3.12/site-packages/ovsdbapp/backend/ovs_idl/__init__.py:106}}
Jul 03 03:17:13.038165 np0000004358 devstack@neutron-api.service[90496]: DEBUG neutron.api.extensions [None req-cd7cb535-0df2-46d5-b9cb-87b081c7ce90 None None] Extended resource: tags {{(pid=90496) __init__ /opt/stack/neutron/neutron/api/extensions.py:156}}
Jul 03 03:17:13.038760 np0000004358 devstack@neutron-api.service[90496]: DEBUG neutron.api.extensions [None req-cd7cb535-0df2-46d5-b9cb-87b081c7ce90 None None] Extended resource: tags {{(pid=90496) __init__ /opt/stack/neutron/neutron/api/extensions.py:156}}
Jul 03 03:17:13.039726 np0000004358 devstack@neutron-api.service[90496]: DEBUG neutron.api.extensions [None req-cd7cb535-0df2-46d5-b9cb-87b081c7ce90 None None] Extended resource: tags {{(pid=90496) __init__ /opt/stack/neutron/neutron/api/extensions.py:156}}
Jul 03 03:17:13.040089 np0000004358 devstack@neutron-api.service[90494]: DEBUG oslo_concurrency.processutils [None req-df1a94c7-0acb-481e-8e0e-6053b3da169f None None] CMD "ovsdb-client transact ssl:10.4.3.124:6641 --timeout 180 -p /opt/stack/data/CA/int-ca/private/devstack-cert.key -c /opt/stack/data/CA/int-ca/devstack-cert.crt -C /opt/stack/data/CA/int-ca/ca-chain.pem ["OVN_Northbound", {"op": "wait", "timeout": 0, "table": "Port_Group", "where": [["name", "==", "neutron_pg_drop"]], "until": "==", "rows": []}, {"op": "insert", "table": "ACL", "row": {"action": "drop", "direction": "to-lport", "match": "outport == @neutron_pg_drop && ip", "priority": 1001}, "uuid-name": "droptoport"}, {"op": "insert", "table": "ACL", "row": {"action": "drop", "direction": "from-lport", "match": "inport == @neutron_pg_drop && ip", "priority": 1001}, "uuid-name": "dropfromport"}, {"op": "insert", "table": "Port_Group", "row": {"name": "neutron_pg_drop", "acls": ["set", [["named-uuid", "droptoport"], ["named-uuid", "dropfromport"]]]}}]" returned: 0 in 0.043s {{(pid=90494) execute /opt/stack/data/venv/lib/python3.12/site-packages/oslo_concurrency/processutils.py:468}}
Jul 03 03:17:13.040326 np0000004358 devstack@neutron-api.service[90495]: INFO ovsdbapp.backend.ovs_idl.vlog [None req-087e9852-524e-426a-a775-006f9b697374 None None] ssl:10.4.3.124:6641: connecting...
Jul 03 03:17:13.040621 np0000004358 devstack@neutron-api.service[90496]: DEBUG neutron.api.extensions [None req-cd7cb535-0df2-46d5-b9cb-87b081c7ce90 None None] Extended resource: tags {{(pid=90496) __init__ /opt/stack/neutron/neutron/api/extensions.py:156}}
Jul 03 03:17:13.041593 np0000004358 devstack@neutron-api.service[90496]: DEBUG neutron.api.extensions [None req-cd7cb535-0df2-46d5-b9cb-87b081c7ce90 None None] Extended resource: tags {{(pid=90496) __init__ /opt/stack/neutron/neutron/api/extensions.py:156}}
Jul 03 03:17:13.042234 np0000004358 devstack@neutron-api.service[90494]: DEBUG neutron_lib.callbacks.manager [None req-df1a94c7-0acb-481e-8e0e-6053b3da169f None None] Publish callbacks ['neutron.plugins.ml2.drivers.ovn.mech_driver.mech_driver.OVNMechanismDriver.post_fork_initialize-33312464', 'neutron.services.pvlan.drivers.ovn.driver._initialize_pvlan_pg_drop-8375605395076', 'neutron.services.ovn_l3.plugin.OVNL3RouterPlugin._post_fork_initialize-122513'] for process (None), after_init {{(pid=90494) _notify_loop /opt/stack/data/venv/lib/python3.12/site-packages/neutron_lib/callbacks/manager.py:184}}
Jul 03 03:17:13.042409 np0000004358 devstack@neutron-api.service[90496]: DEBUG neutron.api.extensions [None req-cd7cb535-0df2-46d5-b9cb-87b081c7ce90 None None] Extended resource: tags {{(pid=90496) __init__ /opt/stack/neutron/neutron/api/extensions.py:156}}
Jul 03 03:17:13.042724 np0000004358 devstack@neutron-api.service[90494]: DEBUG oslo_concurrency.lockutils [None req-df1a94c7-0acb-481e-8e0e-6053b3da169f None None] Acquiring lock "singleton_lock" {{(pid=90494) lock /opt/stack/data/venv/lib/python3.12/site-packages/oslo_concurrency/lockutils.py:395}}
Jul 03 03:17:13.042900 np0000004358 devstack@neutron-api.service[90494]: DEBUG oslo_concurrency.lockutils [None req-df1a94c7-0acb-481e-8e0e-6053b3da169f None None] Acquired lock "singleton_lock" {{(pid=90494) lock /opt/stack/data/venv/lib/python3.12/site-packages/oslo_concurrency/lockutils.py:398}}
Jul 03 03:17:13.043154 np0000004358 devstack@neutron-api.service[90494]: DEBUG oslo_concurrency.lockutils [None req-df1a94c7-0acb-481e-8e0e-6053b3da169f None None] Releasing lock "singleton_lock" {{(pid=90494) lock /opt/stack/data/venv/lib/python3.12/site-packages/oslo_concurrency/lockutils.py:418}}
Jul 03 03:17:13.043437 np0000004358 devstack@neutron-api.service[90496]: DEBUG neutron.api.extensions [None req-cd7cb535-0df2-46d5-b9cb-87b081c7ce90 None None] Extended resource: tags {{(pid=90496) __init__ /opt/stack/neutron/neutron/api/extensions.py:156}}
Jul 03 03:17:13.044423 np0000004358 devstack@neutron-api.service[90496]: DEBUG neutron.api.extensions [None req-cd7cb535-0df2-46d5-b9cb-87b081c7ce90 None None] Extended resource: tags {{(pid=90496) __init__ /opt/stack/neutron/neutron/api/extensions.py:156}}
Jul 03 03:17:13.045641 np0000004358 devstack@neutron-api.service[90494]: DEBUG neutron.plugins.ml2.drivers.ovn.mech_driver.mech_driver [None req-df1a94c7-0acb-481e-8e0e-6053b3da169f None None] Hash Ring setup using WSGI start time 2026-07-03 03:17:06+00:00 {{(pid=90494) _init_hash_ring /opt/stack/neutron/neutron/plugins/ml2/drivers/ovn/mech_driver/mech_driver.py:404}}
Jul 03 03:17:13.055255 np0000004358 devstack@neutron-api.service[90495]: INFO ovsdbapp.backend.ovs_idl.vlog [None req-087e9852-524e-426a-a775-006f9b697374 None None] ssl:10.4.3.124:6641: connected
Jul 03 03:17:13.057560 np0000004358 devstack@neutron-api.service[90496]: DEBUG neutron_lib.callbacks.manager [None req-cd7cb535-0df2-46d5-b9cb-87b081c7ce90 None None] Publish callbacks ['neutron.plugins.ml2.drivers.ovn.mech_driver.mech_driver.OVNMechanismDriver.pre_fork_initialize-33321419'] for process (None), before_spawn {{(pid=90496) _notify_loop /opt/stack/data/venv/lib/python3.12/site-packages/neutron_lib/callbacks/manager.py:184}}
Jul 03 03:17:13.058004 np0000004358 devstack@neutron-api.service[90496]: DEBUG oslo_concurrency.processutils [None req-cd7cb535-0df2-46d5-b9cb-87b081c7ce90 None None] Running cmd (subprocess): ovsdb-client transact ssl:10.4.3.124:6641 --timeout 180 -p /opt/stack/data/CA/int-ca/private/devstack-cert.key -c /opt/stack/data/CA/int-ca/devstack-cert.crt -C /opt/stack/data/CA/int-ca/ca-chain.pem ["OVN_Northbound", {"op": "wait", "timeout": 0, "table": "Port_Group", "where": [["name", "==", "neutron_pg_drop"]], "until": "==", "rows": []}, {"op": "insert", "table": "ACL", "row": {"action": "drop", "direction": "to-lport", "match": "outport == @neutron_pg_drop && ip", "priority": 1001}, "uuid-name": "droptoport"}, {"op": "insert", "table": "ACL", "row": {"action": "drop", "direction": "from-lport", "match": "inport == @neutron_pg_drop && ip", "priority": 1001}, "uuid-name": "dropfromport"}, {"op": "insert", "table": "Port_Group", "row": {"name": "neutron_pg_drop", "acls": ["set", [["named-uuid", "droptoport"], ["named-uuid", "dropfromport"]]]}}] {{(pid=90496) execute /opt/stack/data/venv/lib/python3.12/site-packages/oslo_concurrency/processutils.py:440}}
