Jul 05 00:36:52.677683 np0000004544 devstack@g-api.service[102706]: DEBUG glance.api.middleware.version_negotiation [None req-05cc798b-db5d-4d7d-bbd1-5ed78446ef61 tempest-VolumesActionsTest-1779233428 tempest-VolumesActionsTest-1779233428-project-member] new path /v2/images/2f6889fd-cbc5-4e44-a63a-653bde9b664c {{(pid=102706) process_request /opt/stack/glance/glance/api/middleware/version_negotiation.py:70}}
Jul 05 00:36:52.692740 np0000004544 devstack@g-api.service[102706]: [pid: 102706|app: 0|req: 99/389] 127.0.0.1 () {40 vars in 838 bytes} [Sun Jul 5 00:36:52 2026] GET /v2/images/2f6889fd-cbc5-4e44-a63a-653bde9b664c => generated 650 bytes in 16 msecs (HTTP/1.1 200) 4 headers in 157 bytes (1 switches on core 0)
Jul 05 00:36:53.702190 np0000004544 devstack@g-api.service[102705]: DEBUG glance.api.middleware.version_negotiation [None req-cbc7fe80-41f7-4d15-9628-c91947000fe2 tempest-VolumesActionsTest-1779233428 tempest-VolumesActionsTest-1779233428-project-member] Determining version of request: GET /v2/images/2f6889fd-cbc5-4e44-a63a-653bde9b664c Accept: application/json {{(pid=102705) process_request /opt/stack/glance/glance/api/middleware/version_negotiation.py:44}}
Jul 05 00:36:53.702190 np0000004544 devstack@g-api.service[102705]: DEBUG glance.api.middleware.version_negotiation [None req-cbc7fe80-41f7-4d15-9628-c91947000fe2 tempest-VolumesActionsTest-1779233428 tempest-VolumesActionsTest-1779233428-project-member] Using url versioning {{(pid=102705) process_request /opt/stack/glance/glance/api/middleware/version_negotiation.py:57}}
Jul 05 00:36:53.702190 np0000004544 devstack@g-api.service[102705]: DEBUG glance.api.middleware.version_negotiation [None req-cbc7fe80-41f7-4d15-9628-c91947000fe2 tempest-VolumesActionsTest-1779233428 tempest-VolumesActionsTest-1779233428-project-member] Matched version: v2 {{(pid=102705) process_request /opt/stack/glance/glance/api/middleware/version_negotiation.py:69}}
Jul 05 00:36:53.703279 np0000004544 devstack@g-api.service[102705]: DEBUG glance.api.middleware.version_negotiation [None req-cbc7fe80-41f7-4d15-9628-c91947000fe2 tempest-VolumesActionsTest-1779233428 tempest-VolumesActionsTest-1779233428-project-member] new path /v2/images/2f6889fd-cbc5-4e44-a63a-653bde9b664c {{(pid=102705) process_request /opt/stack/glance/glance/api/middleware/version_negotiation.py:70}}
Jul 05 00:36:53.713321 np0000004544 devstack@g-api.service[102705]: [pid: 102705|app: 0|req: 99/390] 127.0.0.1 () {40 vars in 838 bytes} [Sun Jul 5 00:36:53 2026] GET /v2/images/2f6889fd-cbc5-4e44-a63a-653bde9b664c => generated 650 bytes in 12 msecs (HTTP/1.1 200) 4 headers in 157 bytes (1 switches on core 0)
Jul 05 00:36:54.725113 np0000004544 devstack@g-api.service[102703]: DEBUG glance.api.middleware.version_negotiation [None req-bf2f339a-8181-42d5-8797-c373b203aee9 tempest-VolumesActionsTest-1779233428 tempest-VolumesActionsTest-1779233428-project-member] Determining version of request: GET /v2/images/2f6889fd-cbc5-4e44-a63a-653bde9b664c Accept: application/json {{(pid=102703) process_request /opt/stack/glance/glance/api/middleware/version_negotiation.py:44}}
Jul 05 00:36:54.725567 np0000004544 devstack@g-api.service[102703]: DEBUG glance.api.middleware.version_negotiation [None req-bf2f339a-8181-42d5-8797-c373b203aee9 tempest-VolumesActionsTest-1779233428 tempest-VolumesActionsTest-1779233428-project-member] Using url versioning {{(pid=102703) process_request /opt/stack/glance/glance/api/middleware/version_negotiation.py:57}}
Jul 05 00:36:54.725953 np0000004544 devstack@g-api.service[102703]: DEBUG glance.api.middleware.version_negotiation [None req-bf2f339a-8181-42d5-8797-c373b203aee9 tempest-VolumesActionsTest-1779233428 tempest-VolumesActionsTest-1779233428-project-member] Matched version: v2 {{(pid=102703) process_request /opt/stack/glance/glance/api/middleware/version_negotiation.py:69}}
Jul 05 00:36:54.725953 np0000004544 devstack@g-api.service[102703]: DEBUG glance.api.middleware.version_negotiation [None req-bf2f339a-8181-42d5-8797-c373b203aee9 tempest-VolumesActionsTest-1779233428 tempest-VolumesActionsTest-1779233428-project-member] new path /v2/images/2f6889fd-cbc5-4e44-a63a-653bde9b664c {{(pid=102703) process_request /opt/stack/glance/glance/api/middleware/version_negotiation.py:70}}
Jul 05 00:36:54.737130 np0000004544 devstack@g-api.service[102703]: [pid: 102703|app: 0|req: 98/391] 127.0.0.1 () {40 vars in 838 bytes} [Sun Jul 5 00:36:54 2026] GET /v2/images/2f6889fd-cbc5-4e44-a63a-653bde9b664c => generated 650 bytes in 12 msecs (HTTP/1.1 200) 4 headers in 157 bytes (1 switches on core 0)
Jul 05 00:36:55.354258 np0000004544 devstack@g-api.service[102704]: DEBUG glance.api.middleware.version_negotiation [None req-0b5b4237-3edb-4f22-b761-d9f0958ed1a4 tempest-VolumesActionsTest-1779233428 tempest-VolumesActionsTest-1779233428-project-member] Determining version of request: PUT /v2/images/2f6889fd-cbc5-4e44-a63a-653bde9b664c/file Accept: */* {{(pid=102704) process_request /opt/stack/glance/glance/api/middleware/version_negotiation.py:44}}
Jul 05 00:36:55.357013 np0000004544 devstack@g-api.service[102704]: DEBUG glance.api.middleware.version_negotiation [None req-0b5b4237-3edb-4f22-b761-d9f0958ed1a4 tempest-VolumesActionsTest-1779233428 tempest-VolumesActionsTest-1779233428-project-member] Using url versioning {{(pid=102704) process_request /opt/stack/glance/glance/api/middleware/version_negotiation.py:57}}
Jul 05 00:36:55.357013 np0000004544 devstack@g-api.service[102704]: DEBUG glance.api.middleware.version_negotiation [None req-0b5b4237-3edb-4f22-b761-d9f0958ed1a4 tempest-VolumesActionsTest-1779233428 tempest-VolumesActionsTest-1779233428-project-member] Matched version: v2 {{(pid=102704) process_request /opt/stack/glance/glance/api/middleware/version_negotiation.py:69}}
Jul 05 00:36:55.357013 np0000004544 devstack@g-api.service[102704]: DEBUG glance.api.middleware.version_negotiation [None req-0b5b4237-3edb-4f22-b761-d9f0958ed1a4 tempest-VolumesActionsTest-1779233428 tempest-VolumesActionsTest-1779233428-project-member] new path /v2/images/2f6889fd-cbc5-4e44-a63a-653bde9b664c/file {{(pid=102704) process_request /opt/stack/glance/glance/api/middleware/version_negotiation.py:70}}
Jul 05 00:36:55.748801 np0000004544 devstack@g-api.service[102706]: DEBUG glance.api.middleware.version_negotiation [None req-7296b304-acbc-4c17-9cd6-83dda78a629c tempest-VolumesActionsTest-1779233428 tempest-VolumesActionsTest-1779233428-project-member] Determining version of request: GET /v2/images/2f6889fd-cbc5-4e44-a63a-653bde9b664c Accept: application/json {{(pid=102706) process_request /opt/stack/glance/glance/api/middleware/version_negotiation.py:44}}
Jul 05 00:36:55.749283 np0000004544 devstack@g-api.service[102706]: DEBUG glance.api.middleware.version_negotiation [None req-7296b304-acbc-4c17-9cd6-83dda78a629c tempest-VolumesActionsTest-1779233428 tempest-VolumesActionsTest-1779233428-project-member] Using url versioning {{(pid=102706) process_request /opt/stack/glance/glance/api/middleware/version_negotiation.py:57}}
Jul 05 00:36:55.749283 np0000004544 devstack@g-api.service[102706]: DEBUG glance.api.middleware.version_negotiation [None req-7296b304-acbc-4c17-9cd6-83dda78a629c tempest-VolumesActionsTest-1779233428 tempest-VolumesActionsTest-1779233428-project-member] Matched version: v2 {{(pid=102706) process_request /opt/stack/glance/glance/api/middleware/version_negotiation.py:69}}
Jul 05 00:36:55.749283 np0000004544 devstack@g-api.service[102706]: DEBUG glance.api.middleware.version_negotiation [None req-7296b304-acbc-4c17-9cd6-83dda78a629c tempest-VolumesActionsTest-1779233428 tempest-VolumesActionsTest-1779233428-project-member] new path /v2/images/2f6889fd-cbc5-4e44-a63a-653bde9b664c {{(pid=102706) process_request /opt/stack/glance/glance/api/middleware/version_negotiation.py:70}}
Jul 05 00:36:55.762437 np0000004544 devstack@g-api.service[102706]: [pid: 102706|app: 0|req: 100/392] 127.0.0.1 () {40 vars in 838 bytes} [Sun Jul 5 00:36:55 2026] GET /v2/images/2f6889fd-cbc5-4e44-a63a-653bde9b664c => generated 650 bytes in 14 msecs (HTTP/1.1 200) 4 headers in 157 bytes (1 switches on core 0)
Jul 05 00:36:56.029090 np0000004544 devstack@g-api.service[102704]: INFO glance.api.v2.image_data [None req-05cc798b-db5d-4d7d-bbd1-5ed78446ef61 tempest-VolumesActionsTest-1779233428 tempest-VolumesActionsTest-1779233428-project-member] Unable to create trust: no such option collect_timing in group [keystone_authtoken] Use the existing user token.
Jul 05 00:36:56.663907 np0000004544 devstack@g-api.service[102704]: DEBUG glance.location [None req-05cc798b-db5d-4d7d-bbd1-5ed78446ef61 tempest-VolumesActionsTest-1779233428 tempest-VolumesActionsTest-1779233428-project-member] Enabling in-flight format inspection for raw {{(pid=102704) set_data /opt/stack/glance/glance/location.py:596}}
Jul 05 00:36:56.664361 np0000004544 devstack@g-api.service[102704]: DEBUG glance_store.backend [None req-05cc798b-db5d-4d7d-bbd1-5ed78446ef61 tempest-VolumesActionsTest-1779233428 tempest-VolumesActionsTest-1779233428-project-member] Attempting to import store swift {{(pid=102704) _load_store /opt/stack/data/venv/lib/python3.12/site-packages/glance_store/backend.py:215}}
Jul 05 00:36:56.665732 np0000004544 devstack@g-api.service[102704]: DEBUG glance_store.capabilities [None req-05cc798b-db5d-4d7d-bbd1-5ed78446ef61 tempest-VolumesActionsTest-1779233428 tempest-VolumesActionsTest-1779233428-project-member] Store glance_store._drivers.swift.store.SingleTenantStore doesn't support updating dynamic storage capabilities. Please overwrite 'update_capabilities' method of the store to implement updating logics if needed. {{(pid=102704) update_capabilities /opt/stack/data/venv/lib/python3.12/site-packages/glance_store/capabilities.py:91}}
Jul 05 00:36:56.665852 np0000004544 devstack@g-api.service[102704]: DEBUG glance_store.driver [None req-05cc798b-db5d-4d7d-bbd1-5ed78446ef61 tempest-VolumesActionsTest-1779233428 tempest-VolumesActionsTest-1779233428-project-member] Late loading location class glance_store._drivers.swift.store.StoreLocation {{(pid=102704) get_store_location_class /opt/stack/data/venv/lib/python3.12/site-packages/glance_store/driver.py:134}}
Jul 05 00:36:56.665985 np0000004544 devstack@g-api.service[102704]: DEBUG glance_store.location [None req-05cc798b-db5d-4d7d-bbd1-5ed78446ef61 tempest-VolumesActionsTest-1779233428 tempest-VolumesActionsTest-1779233428-project-member] Registering scheme swift+https with {'store': , 'location_class': , 'store_entry': 'swift'} {{(pid=102704) register_scheme_map /opt/stack/data/venv/lib/python3.12/site-packages/glance_store/location.py:146}}
Jul 05 00:36:56.665985 np0000004544 devstack@g-api.service[102704]: DEBUG glance_store.location [None req-05cc798b-db5d-4d7d-bbd1-5ed78446ef61 tempest-VolumesActionsTest-1779233428 tempest-VolumesActionsTest-1779233428-project-member] Registering scheme swift+https with {'store': , 'location_class': , 'store_entry': 'swift'} {{(pid=102704) register_scheme_map /opt/stack/data/venv/lib/python3.12/site-packages/glance_store/location.py:146}}
Jul 05 00:36:56.666133 np0000004544 devstack@g-api.service[102704]: DEBUG glance_store.location [None req-05cc798b-db5d-4d7d-bbd1-5ed78446ef61 tempest-VolumesActionsTest-1779233428 tempest-VolumesActionsTest-1779233428-project-member] Registering scheme swift with {'store': , 'location_class': , 'store_entry': 'swift'} {{(pid=102704) register_scheme_map /opt/stack/data/venv/lib/python3.12/site-packages/glance_store/location.py:146}}
Jul 05 00:36:56.666322 np0000004544 devstack@g-api.service[102704]: DEBUG glance_store.location [None req-05cc798b-db5d-4d7d-bbd1-5ed78446ef61 tempest-VolumesActionsTest-1779233428 tempest-VolumesActionsTest-1779233428-project-member] Registering scheme swift+https with {'store': , 'location_class': , 'store_entry': 'swift'} {{(pid=102704) register_scheme_map /opt/stack/data/venv/lib/python3.12/site-packages/glance_store/location.py:146}}
Jul 05 00:36:56.666322 np0000004544 devstack@g-api.service[102704]: DEBUG glance_store.location [None req-05cc798b-db5d-4d7d-bbd1-5ed78446ef61 tempest-VolumesActionsTest-1779233428 tempest-VolumesActionsTest-1779233428-project-member] Registering scheme swift with {'store': , 'location_class': , 'store_entry': 'swift'} {{(pid=102704) register_scheme_map /opt/stack/data/venv/lib/python3.12/site-packages/glance_store/location.py:146}}
Jul 05 00:36:56.666322 np0000004544 devstack@g-api.service[102704]: DEBUG glance_store.location [None req-05cc798b-db5d-4d7d-bbd1-5ed78446ef61 tempest-VolumesActionsTest-1779233428 tempest-VolumesActionsTest-1779233428-project-member] Registering scheme swift+http with {'store': , 'location_class': , 'store_entry': 'swift'} {{(pid=102704) register_scheme_map /opt/stack/data/venv/lib/python3.12/site-packages/glance_store/location.py:146}}
Jul 05 00:36:56.666322 np0000004544 devstack@g-api.service[102704]: DEBUG glance_store.location [None req-05cc798b-db5d-4d7d-bbd1-5ed78446ef61 tempest-VolumesActionsTest-1779233428 tempest-VolumesActionsTest-1779233428-project-member] Registering scheme swift+https with {'store': , 'location_class': , 'store_entry': 'swift'} {{(pid=102704) register_scheme_map /opt/stack/data/venv/lib/python3.12/site-packages/glance_store/location.py:146}}
Jul 05 00:36:56.666566 np0000004544 devstack@g-api.service[102704]: DEBUG glance_store.location [None req-05cc798b-db5d-4d7d-bbd1-5ed78446ef61 tempest-VolumesActionsTest-1779233428 tempest-VolumesActionsTest-1779233428-project-member] Registering scheme swift with {'store': , 'location_class': , 'store_entry': 'swift'} {{(pid=102704) register_scheme_map /opt/stack/data/venv/lib/python3.12/site-packages/glance_store/location.py:146}}
Jul 05 00:36:56.667362 np0000004544 devstack@g-api.service[102704]: DEBUG glance_store.location [None req-05cc798b-db5d-4d7d-bbd1-5ed78446ef61 tempest-VolumesActionsTest-1779233428 tempest-VolumesActionsTest-1779233428-project-member] Registering scheme swift+http with {'store': , 'location_class': , 'store_entry': 'swift'} {{(pid=102704) register_scheme_map /opt/stack/data/venv/lib/python3.12/site-packages/glance_store/location.py:146}}
Jul 05 00:36:56.667362 np0000004544 devstack@g-api.service[102704]: DEBUG glance_store.location [None req-05cc798b-db5d-4d7d-bbd1-5ed78446ef61 tempest-VolumesActionsTest-1779233428 tempest-VolumesActionsTest-1779233428-project-member] Registering scheme swift+config with {'store': , 'location_class': , 'store_entry': 'swift'} {{(pid=102704) register_scheme_map /opt/stack/data/venv/lib/python3.12/site-packages/glance_store/location.py:146}}
Jul 05 00:36:56.777444 np0000004544 devstack@g-api.service[102705]: DEBUG glance.api.middleware.version_negotiation [None req-28d811ba-2aba-4763-b485-de3b32865cfd tempest-VolumesActionsTest-1779233428 tempest-VolumesActionsTest-1779233428-project-member] Determining version of request: GET /v2/images/2f6889fd-cbc5-4e44-a63a-653bde9b664c Accept: application/json {{(pid=102705) process_request /opt/stack/glance/glance/api/middleware/version_negotiation.py:44}}
Jul 05 00:36:56.777855 np0000004544 devstack@g-api.service[102705]: DEBUG glance.api.middleware.version_negotiation [None req-28d811ba-2aba-4763-b485-de3b32865cfd tempest-VolumesActionsTest-1779233428 tempest-VolumesActionsTest-1779233428-project-member] Using url versioning {{(pid=102705) process_request /opt/stack/glance/glance/api/middleware/version_negotiation.py:57}}
Jul 05 00:36:56.777907 np0000004544 devstack@g-api.service[102705]: DEBUG glance.api.middleware.version_negotiation [None req-28d811ba-2aba-4763-b485-de3b32865cfd tempest-VolumesActionsTest-1779233428 tempest-VolumesActionsTest-1779233428-project-member] Matched version: v2 {{(pid=102705) process_request /opt/stack/glance/glance/api/middleware/version_negotiation.py:69}}
Jul 05 00:36:56.778072 np0000004544 devstack@g-api.service[102705]: DEBUG glance.api.middleware.version_negotiation [None req-28d811ba-2aba-4763-b485-de3b32865cfd tempest-VolumesActionsTest-1779233428 tempest-VolumesActionsTest-1779233428-project-member] new path /v2/images/2f6889fd-cbc5-4e44-a63a-653bde9b664c {{(pid=102705) process_request /opt/stack/glance/glance/api/middleware/version_negotiation.py:70}}
Jul 05 00:36:56.789226 np0000004544 devstack@g-api.service[102705]: [pid: 102705|app: 0|req: 100/393] 127.0.0.1 () {40 vars in 838 bytes} [Sun Jul 5 00:36:56 2026] GET /v2/images/2f6889fd-cbc5-4e44-a63a-653bde9b664c => generated 650 bytes in 12 msecs (HTTP/1.1 200) 4 headers in 157 bytes (1 switches on core 0)
Jul 05 00:36:57.027178 np0000004544 devstack@g-api.service[102704]: DEBUG swiftclient [None req-05cc798b-db5d-4d7d-bbd1-5ed78446ef61 tempest-VolumesActionsTest-1779233428 tempest-VolumesActionsTest-1779233428-project-member] REQ: curl -i https://10.4.3.248:8080/v1/AUTH_557a2153cbd44399b6bb88e8578ef727/glance -I -H "X-Auth-Token: gAAAAABqSacok2n0..." {{(pid=102704) http_log /opt/stack/data/venv/lib/python3.12/site-packages/swiftclient/client.py:160}}
Jul 05 00:36:57.027298 np0000004544 devstack@g-api.service[102704]: DEBUG swiftclient [None req-05cc798b-db5d-4d7d-bbd1-5ed78446ef61 tempest-VolumesActionsTest-1779233428 tempest-VolumesActionsTest-1779233428-project-member] RESP STATUS: 204 No Content {{(pid=102704) http_log /opt/stack/data/venv/lib/python3.12/site-packages/swiftclient/client.py:161}}
Jul 05 00:36:57.027484 np0000004544 devstack@g-api.service[102704]: DEBUG swiftclient [None req-05cc798b-db5d-4d7d-bbd1-5ed78446ef61 tempest-VolumesActionsTest-1779233428 tempest-VolumesActionsTest-1779233428-project-member] RESP HEADERS: {'Date': 'Sun, 05 Jul 2026 00:36:57 GMT', 'Server': 'Apache/2.4.58 (Ubuntu)', 'Content-Type': 'text/plain; charset=utf-8', 'X-Container-Object-Count': '3', 'X-Container-Bytes-Used': '64356352', 'X-Timestamp': '1783211314.00761', 'Last-Modified': 'Sun, 05 Jul 2026 00:28:34 GMT', 'Accept-Ranges': 'bytes', 'X-Storage-Policy': 'Policy-0', 'X-Container-Sharding': 'False', 'Vary': 'Accept', 'X-Trans-Id': 'txd2158a7ad148464eae103-006a49a728', 'X-Openstack-Request-Id': 'txd2158a7ad148464eae103-006a49a728', 'Connection': 'close'} {{(pid=102704) http_log /opt/stack/data/venv/lib/python3.12/site-packages/swiftclient/client.py:162}}
Jul 05 00:36:57.028569 np0000004544 devstack@g-api.service[102704]: DEBUG glance_store._drivers.swift.store [None req-05cc798b-db5d-4d7d-bbd1-5ed78446ef61 tempest-VolumesActionsTest-1779233428 tempest-VolumesActionsTest-1779233428-project-member] Adding image object '2f6889fd-cbc5-4e44-a63a-653bde9b664c' to Swift {{(pid=102704) add /opt/stack/data/venv/lib/python3.12/site-packages/glance_store/_drivers/swift/store.py:970}}
Jul 05 00:36:57.028569 np0000004544 devstack@g-api.service[102704]: DEBUG glance_store._drivers.swift.store [None req-05cc798b-db5d-4d7d-bbd1-5ed78446ef61 tempest-VolumesActionsTest-1779233428 tempest-VolumesActionsTest-1779233428-project-member] Cannot determine image size because it is either not provided in the request or chunked-transfer encoding is used. Adding image as a segmented object to Swift. {{(pid=102704) add /opt/stack/data/venv/lib/python3.12/site-packages/glance_store/_drivers/swift/store.py:994}}
Jul 05 00:36:57.034788 np0000004544 devstack@g-api.service[102704]: DEBUG oslo_utils.imageutils.format_inspector [None req-05cc798b-db5d-4d7d-bbd1-5ed78446ef61 tempest-VolumesActionsTest-1779233428 tempest-VolumesActionsTest-1779233428-project-member] Format inspector for vmdk does not match, excluding from consideration (Signature KDMV not found: b'\x00\x00\x00\x00') {{(pid=102704) _process_chunk /opt/stack/data/venv/lib/python3.12/site-packages/oslo_utils/imageutils/format_inspector.py:1758}}
Jul 05 00:36:57.043826 np0000004544 devstack@g-api.service[102704]: DEBUG oslo_utils.imageutils.format_inspector [None req-05cc798b-db5d-4d7d-bbd1-5ed78446ef61 tempest-VolumesActionsTest-1779233428 tempest-VolumesActionsTest-1779233428-project-member] Format inspector for vhdx does not match, excluding from consideration (Region signature not found at 30000) {{(pid=102704) _process_chunk /opt/stack/data/venv/lib/python3.12/site-packages/oslo_utils/imageutils/format_inspector.py:1758}}
Jul 05 00:36:57.807489 np0000004544 devstack@g-api.service[102703]: DEBUG glance.api.middleware.version_negotiation [None req-e12c2ca3-2136-41f3-ac84-a8ec7f478f6e tempest-VolumesActionsTest-1779233428 tempest-VolumesActionsTest-1779233428-project-member] Determining version of request: GET /v2/images/2f6889fd-cbc5-4e44-a63a-653bde9b664c Accept: application/json {{(pid=102703) process_request /opt/stack/glance/glance/api/middleware/version_negotiation.py:44}}
Jul 05 00:36:57.808581 np0000004544 devstack@g-api.service[102703]: DEBUG glance.api.middleware.version_negotiation [None req-e12c2ca3-2136-41f3-ac84-a8ec7f478f6e tempest-VolumesActionsTest-1779233428 tempest-VolumesActionsTest-1779233428-project-member] Using url versioning {{(pid=102703) process_request /opt/stack/glance/glance/api/middleware/version_negotiation.py:57}}
Jul 05 00:36:57.808581 np0000004544 devstack@g-api.service[102703]: DEBUG glance.api.middleware.version_negotiation [None req-e12c2ca3-2136-41f3-ac84-a8ec7f478f6e tempest-VolumesActionsTest-1779233428 tempest-VolumesActionsTest-1779233428-project-member] Matched version: v2 {{(pid=102703) process_request /opt/stack/glance/glance/api/middleware/version_negotiation.py:69}}
Jul 05 00:36:57.808581 np0000004544 devstack@g-api.service[102703]: DEBUG glance.api.middleware.version_negotiation [None req-e12c2ca3-2136-41f3-ac84-a8ec7f478f6e tempest-VolumesActionsTest-1779233428 tempest-VolumesActionsTest-1779233428-project-member] new path /v2/images/2f6889fd-cbc5-4e44-a63a-653bde9b664c {{(pid=102703) process_request /opt/stack/glance/glance/api/middleware/version_negotiation.py:70}}
Jul 05 00:36:57.824522 np0000004544 devstack@g-api.service[102703]: [pid: 102703|app: 0|req: 99/394] 127.0.0.1 () {40 vars in 838 bytes} [Sun Jul 5 00:36:57 2026] GET /v2/images/2f6889fd-cbc5-4e44-a63a-653bde9b664c => generated 650 bytes in 15 msecs (HTTP/1.1 200) 4 headers in 157 bytes (1 switches on core 0)
Jul 05 00:36:58.833132 np0000004544 devstack@g-api.service[102706]: DEBUG glance.api.middleware.version_negotiation [None req-3fc08f6a-b21c-40e0-9089-0859c9b25ca3 tempest-VolumesActionsTest-1779233428 tempest-VolumesActionsTest-1779233428-project-member] Determining version of request: GET /v2/images/2f6889fd-cbc5-4e44-a63a-653bde9b664c Accept: application/json {{(pid=102706) process_request /opt/stack/glance/glance/api/middleware/version_negotiation.py:44}}
Jul 05 00:36:58.833494 np0000004544 devstack@g-api.service[102706]: DEBUG glance.api.middleware.version_negotiation [None req-3fc08f6a-b21c-40e0-9089-0859c9b25ca3 tempest-VolumesActionsTest-1779233428 tempest-VolumesActionsTest-1779233428-project-member] Using url versioning {{(pid=102706) process_request /opt/stack/glance/glance/api/middleware/version_negotiation.py:57}}
Jul 05 00:36:58.833494 np0000004544 devstack@g-api.service[102706]: DEBUG glance.api.middleware.version_negotiation [None req-3fc08f6a-b21c-40e0-9089-0859c9b25ca3 tempest-VolumesActionsTest-1779233428 tempest-VolumesActionsTest-1779233428-project-member] Matched version: v2 {{(pid=102706) process_request /opt/stack/glance/glance/api/middleware/version_negotiation.py:69}}
Jul 05 00:36:58.833544 np0000004544 devstack@g-api.service[102706]: DEBUG glance.api.middleware.version_negotiation [None req-3fc08f6a-b21c-40e0-9089-0859c9b25ca3 tempest-VolumesActionsTest-1779233428 tempest-VolumesActionsTest-1779233428-project-member] new path /v2/images/2f6889fd-cbc5-4e44-a63a-653bde9b664c {{(pid=102706) process_request /opt/stack/glance/glance/api/middleware/version_negotiation.py:70}}
Jul 05 00:36:58.847732 np0000004544 devstack@g-api.service[102706]: [pid: 102706|app: 0|req: 101/395] 127.0.0.1 () {40 vars in 838 bytes} [Sun Jul 5 00:36:58 2026] GET /v2/images/2f6889fd-cbc5-4e44-a63a-653bde9b664c => generated 650 bytes in 15 msecs (HTTP/1.1 200) 4 headers in 157 bytes (1 switches on core 0)
Jul 05 00:36:59.191417 np0000004544 devstack@g-api.service[102704]: DEBUG swiftclient [None req-05cc798b-db5d-4d7d-bbd1-5ed78446ef61 tempest-VolumesActionsTest-1779233428 tempest-VolumesActionsTest-1779233428-project-member] REQ: curl -i https://10.4.3.248:8080/v1/AUTH_557a2153cbd44399b6bb88e8578ef727/glance/2f6889fd-cbc5-4e44-a63a-653bde9b664c-00001 -X PUT -H "X-Auth-Token: gAAAAABqSacok2n0..." {{(pid=102704) http_log /opt/stack/data/venv/lib/python3.12/site-packages/swiftclient/client.py:160}}
Jul 05 00:36:59.191742 np0000004544 devstack@g-api.service[102704]: DEBUG swiftclient [None req-05cc798b-db5d-4d7d-bbd1-5ed78446ef61 tempest-VolumesActionsTest-1779233428 tempest-VolumesActionsTest-1779233428-project-member] RESP STATUS: 201 Created {{(pid=102704) http_log /opt/stack/data/venv/lib/python3.12/site-packages/swiftclient/client.py:161}}
Jul 05 00:36:59.191742 np0000004544 devstack@g-api.service[102704]: DEBUG swiftclient [None req-05cc798b-db5d-4d7d-bbd1-5ed78446ef61 tempest-VolumesActionsTest-1779233428 tempest-VolumesActionsTest-1779233428-project-member] RESP HEADERS: {'Date': 'Sun, 05 Jul 2026 00:36:59 GMT', 'Server': 'Apache/2.4.58 (Ubuntu)', 'Content-Type': 'text/html; charset=UTF-8', 'Content-Length': '0', 'Etag': 'eda9a9889837ac4bc81d6387d92c1bec', 'Last-Modified': 'Sun, 05 Jul 2026 00:36:58 GMT', 'X-Trans-Id': 'txd41e787372e441d086620-006a49a729', 'X-Openstack-Request-Id': 'txd41e787372e441d086620-006a49a729', 'Connection': 'close'} {{(pid=102704) http_log /opt/stack/data/venv/lib/python3.12/site-packages/swiftclient/client.py:162}}
Jul 05 00:36:59.191896 np0000004544 devstack@g-api.service[102704]: DEBUG glance_store._drivers.swift.store [None req-05cc798b-db5d-4d7d-bbd1-5ed78446ef61 tempest-VolumesActionsTest-1779233428 tempest-VolumesActionsTest-1779233428-project-member] Wrote chunk 2f6889fd-cbc5-4e44-a63a-653bde9b664c-00001 (1/?) of length 204800000 to Swift returning MD5 of content: eda9a9889837ac4bc81d6387d92c1bec {{(pid=102704) add /opt/stack/data/venv/lib/python3.12/site-packages/glance_store/_drivers/swift/store.py:1059}}
Jul 05 00:36:59.857727 np0000004544 devstack@g-api.service[102705]: DEBUG glance.api.middleware.version_negotiation [None req-0f039d4d-eadc-4d02-b33d-508d6492bb3b tempest-VolumesActionsTest-1779233428 tempest-VolumesActionsTest-1779233428-project-member] Determining version of request: GET /v2/images/2f6889fd-cbc5-4e44-a63a-653bde9b664c Accept: application/json {{(pid=102705) process_request /opt/stack/glance/glance/api/middleware/version_negotiation.py:44}}
Jul 05 00:36:59.858094 np0000004544 devstack@g-api.service[102705]: DEBUG glance.api.middleware.version_negotiation [None req-0f039d4d-eadc-4d02-b33d-508d6492bb3b tempest-VolumesActionsTest-1779233428 tempest-VolumesActionsTest-1779233428-project-member] Using url versioning {{(pid=102705) process_request /opt/stack/glance/glance/api/middleware/version_negotiation.py:57}}
Jul 05 00:36:59.858197 np0000004544 devstack@g-api.service[102705]: DEBUG glance.api.middleware.version_negotiation [None req-0f039d4d-eadc-4d02-b33d-508d6492bb3b tempest-VolumesActionsTest-1779233428 tempest-VolumesActionsTest-1779233428-project-member] Matched version: v2 {{(pid=102705) process_request /opt/stack/glance/glance/api/middleware/version_negotiation.py:69}}
Jul 05 00:36:59.858317 np0000004544 devstack@g-api.service[102705]: DEBUG glance.api.middleware.version_negotiation [None req-0f039d4d-eadc-4d02-b33d-508d6492bb3b tempest-VolumesActionsTest-1779233428 tempest-VolumesActionsTest-1779233428-project-member] new path /v2/images/2f6889fd-cbc5-4e44-a63a-653bde9b664c {{(pid=102705) process_request /opt/stack/glance/glance/api/middleware/version_negotiation.py:70}}
Jul 05 00:36:59.868095 np0000004544 devstack@g-api.service[102705]: [pid: 102705|app: 0|req: 101/396] 127.0.0.1 () {40 vars in 838 bytes} [Sun Jul 5 00:36:59 2026] GET /v2/images/2f6889fd-cbc5-4e44-a63a-653bde9b664c => generated 650 bytes in 10 msecs (HTTP/1.1 200) 4 headers in 157 bytes (1 switches on core 0)
Jul 05 00:37:00.877046 np0000004544 devstack@g-api.service[102703]: DEBUG glance.api.middleware.version_negotiation [None req-20f2803c-5e0e-4cfd-9fb1-8749dcc85699 tempest-VolumesActionsTest-1779233428 tempest-VolumesActionsTest-1779233428-project-member] Determining version of request: GET /v2/images/2f6889fd-cbc5-4e44-a63a-653bde9b664c Accept: application/json {{(pid=102703) process_request /opt/stack/glance/glance/api/middleware/version_negotiation.py:44}}
Jul 05 00:37:00.877521 np0000004544 devstack@g-api.service[102703]: DEBUG glance.api.middleware.version_negotiation [None req-20f2803c-5e0e-4cfd-9fb1-8749dcc85699 tempest-VolumesActionsTest-1779233428 tempest-VolumesActionsTest-1779233428-project-member] Using url versioning {{(pid=102703) process_request /opt/stack/glance/glance/api/middleware/version_negotiation.py:57}}
Jul 05 00:37:00.877521 np0000004544 devstack@g-api.service[102703]: DEBUG glance.api.middleware.version_negotiation [None req-20f2803c-5e0e-4cfd-9fb1-8749dcc85699 tempest-VolumesActionsTest-1779233428 tempest-VolumesActionsTest-1779233428-project-member] Matched version: v2 {{(pid=102703) process_request /opt/stack/glance/glance/api/middleware/version_negotiation.py:69}}
Jul 05 00:37:00.877521 np0000004544 devstack@g-api.service[102703]: DEBUG glance.api.middleware.version_negotiation [None req-20f2803c-5e0e-4cfd-9fb1-8749dcc85699 tempest-VolumesActionsTest-1779233428 tempest-VolumesActionsTest-1779233428-project-member] new path /v2/images/2f6889fd-cbc5-4e44-a63a-653bde9b664c {{(pid=102703) process_request /opt/stack/glance/glance/api/middleware/version_negotiation.py:70}}
Jul 05 00:37:00.892865 np0000004544 devstack@g-api.service[102703]: [pid: 102703|app: 0|req: 100/397] 127.0.0.1 () {40 vars in 838 bytes} [Sun Jul 5 00:37:00 2026] GET /v2/images/2f6889fd-cbc5-4e44-a63a-653bde9b664c => generated 650 bytes in 16 msecs (HTTP/1.1 200) 4 headers in 157 bytes (1 switches on core 0)
Jul 05 00:37:01.271726 np0000004544 devstack@g-api.service[102704]: DEBUG swiftclient [None req-05cc798b-db5d-4d7d-bbd1-5ed78446ef61 tempest-VolumesActionsTest-1779233428 tempest-VolumesActionsTest-1779233428-project-member] REQ: curl -i https://10.4.3.248:8080/v1/AUTH_557a2153cbd44399b6bb88e8578ef727/glance/2f6889fd-cbc5-4e44-a63a-653bde9b664c-00002 -X PUT -H "X-Auth-Token: gAAAAABqSacok2n0..." {{(pid=102704) http_log /opt/stack/data/venv/lib/python3.12/site-packages/swiftclient/client.py:160}}
Jul 05 00:37:01.271954 np0000004544 devstack@g-api.service[102704]: DEBUG swiftclient [None req-05cc798b-db5d-4d7d-bbd1-5ed78446ef61 tempest-VolumesActionsTest-1779233428 tempest-VolumesActionsTest-1779233428-project-member] RESP STATUS: 201 Created {{(pid=102704) http_log /opt/stack/data/venv/lib/python3.12/site-packages/swiftclient/client.py:161}}
Jul 05 00:37:01.271987 np0000004544 devstack@g-api.service[102704]: DEBUG swiftclient [None req-05cc798b-db5d-4d7d-bbd1-5ed78446ef61 tempest-VolumesActionsTest-1779233428 tempest-VolumesActionsTest-1779233428-project-member] RESP HEADERS: {'Date': 'Sun, 05 Jul 2026 00:37:01 GMT', 'Server': 'Apache/2.4.58 (Ubuntu)', 'Content-Type': 'text/html; charset=UTF-8', 'Content-Length': '0', 'Etag': 'eda9a9889837ac4bc81d6387d92c1bec', 'Last-Modified': 'Sun, 05 Jul 2026 00:37:00 GMT', 'X-Trans-Id': 'txad47c7efd37f4f01a4a8d-006a49a72b', 'X-Openstack-Request-Id': 'txad47c7efd37f4f01a4a8d-006a49a72b', 'Connection': 'close'} {{(pid=102704) http_log /opt/stack/data/venv/lib/python3.12/site-packages/swiftclient/client.py:162}}
Jul 05 00:37:01.272083 np0000004544 devstack@g-api.service[102704]: DEBUG glance_store._drivers.swift.store [None req-05cc798b-db5d-4d7d-bbd1-5ed78446ef61 tempest-VolumesActionsTest-1779233428 tempest-VolumesActionsTest-1779233428-project-member] Wrote chunk 2f6889fd-cbc5-4e44-a63a-653bde9b664c-00002 (2/?) of length 204800000 to Swift returning MD5 of content: eda9a9889837ac4bc81d6387d92c1bec {{(pid=102704) add /opt/stack/data/venv/lib/python3.12/site-packages/glance_store/_drivers/swift/store.py:1059}}
Jul 05 00:37:01.908746 np0000004544 devstack@g-api.service[102706]: DEBUG glance.api.middleware.version_negotiation [None req-ae65ce14-5337-469c-b025-703f8beeef8a tempest-VolumesActionsTest-1779233428 tempest-VolumesActionsTest-1779233428-project-member] Determining version of request: GET /v2/images/2f6889fd-cbc5-4e44-a63a-653bde9b664c Accept: application/json {{(pid=102706) process_request /opt/stack/glance/glance/api/middleware/version_negotiation.py:44}}
Jul 05 00:37:01.909158 np0000004544 devstack@g-api.service[102706]: DEBUG glance.api.middleware.version_negotiation [None req-ae65ce14-5337-469c-b025-703f8beeef8a tempest-VolumesActionsTest-1779233428 tempest-VolumesActionsTest-1779233428-project-member] Using url versioning {{(pid=102706) process_request /opt/stack/glance/glance/api/middleware/version_negotiation.py:57}}
Jul 05 00:37:01.909158 np0000004544 devstack@g-api.service[102706]: DEBUG glance.api.middleware.version_negotiation [None req-ae65ce14-5337-469c-b025-703f8beeef8a tempest-VolumesActionsTest-1779233428 tempest-VolumesActionsTest-1779233428-project-member] Matched version: v2 {{(pid=102706) process_request /opt/stack/glance/glance/api/middleware/version_negotiation.py:69}}
Jul 05 00:37:01.909158 np0000004544 devstack@g-api.service[102706]: DEBUG glance.api.middleware.version_negotiation [None req-ae65ce14-5337-469c-b025-703f8beeef8a tempest-VolumesActionsTest-1779233428 tempest-VolumesActionsTest-1779233428-project-member] new path /v2/images/2f6889fd-cbc5-4e44-a63a-653bde9b664c {{(pid=102706) process_request /opt/stack/glance/glance/api/middleware/version_negotiation.py:70}}
Jul 05 00:37:01.922057 np0000004544 devstack@g-api.service[102706]: [pid: 102706|app: 0|req: 102/398] 127.0.0.1 () {40 vars in 838 bytes} [Sun Jul 5 00:37:01 2026] GET /v2/images/2f6889fd-cbc5-4e44-a63a-653bde9b664c => generated 650 bytes in 13 msecs (HTTP/1.1 200) 4 headers in 157 bytes (1 switches on core 0)
Jul 05 00:37:02.930535 np0000004544 devstack@g-api.service[102705]: DEBUG glance.api.middleware.version_negotiation [None req-5f28d20c-a10e-4c1d-af40-694895e77a4a tempest-VolumesActionsTest-1779233428 tempest-VolumesActionsTest-1779233428-project-member] Determining version of request: GET /v2/images/2f6889fd-cbc5-4e44-a63a-653bde9b664c Accept: application/json {{(pid=102705) process_request /opt/stack/glance/glance/api/middleware/version_negotiation.py:44}}
Jul 05 00:37:02.931014 np0000004544 devstack@g-api.service[102705]: DEBUG glance.api.middleware.version_negotiation [None req-5f28d20c-a10e-4c1d-af40-694895e77a4a tempest-VolumesActionsTest-1779233428 tempest-VolumesActionsTest-1779233428-project-member] Using url versioning {{(pid=102705) process_request /opt/stack/glance/glance/api/middleware/version_negotiation.py:57}}
Jul 05 00:37:02.931014 np0000004544 devstack@g-api.service[102705]: DEBUG glance.api.middleware.version_negotiation [None req-5f28d20c-a10e-4c1d-af40-694895e77a4a tempest-VolumesActionsTest-1779233428 tempest-VolumesActionsTest-1779233428-project-member] Matched version: v2 {{(pid=102705) process_request /opt/stack/glance/glance/api/middleware/version_negotiation.py:69}}
Jul 05 00:37:02.932073 np0000004544 devstack@g-api.service[102705]: DEBUG glance.api.middleware.version_negotiation [None req-5f28d20c-a10e-4c1d-af40-694895e77a4a tempest-VolumesActionsTest-1779233428 tempest-VolumesActionsTest-1779233428-project-member] new path /v2/images/2f6889fd-cbc5-4e44-a63a-653bde9b664c {{(pid=102705) process_request /opt/stack/glance/glance/api/middleware/version_negotiation.py:70}}
Jul 05 00:37:02.941155 np0000004544 devstack@g-api.service[102705]: [pid: 102705|app: 0|req: 102/399] 127.0.0.1 () {40 vars in 838 bytes} [Sun Jul 5 00:37:02 2026] GET /v2/images/2f6889fd-cbc5-4e44-a63a-653bde9b664c => generated 650 bytes in 11 msecs (HTTP/1.1 200) 4 headers in 157 bytes (1 switches on core 0)
Jul 05 00:37:03.275126 np0000004544 devstack@g-api.service[102704]: DEBUG swiftclient [None req-05cc798b-db5d-4d7d-bbd1-5ed78446ef61 tempest-VolumesActionsTest-1779233428 tempest-VolumesActionsTest-1779233428-project-member] REQ: curl -i https://10.4.3.248:8080/v1/AUTH_557a2153cbd44399b6bb88e8578ef727/glance/2f6889fd-cbc5-4e44-a63a-653bde9b664c-00003 -X PUT -H "X-Auth-Token: gAAAAABqSacok2n0..." {{(pid=102704) http_log /opt/stack/data/venv/lib/python3.12/site-packages/swiftclient/client.py:160}}
Jul 05 00:37:03.275463 np0000004544 devstack@g-api.service[102704]: DEBUG swiftclient [None req-05cc798b-db5d-4d7d-bbd1-5ed78446ef61 tempest-VolumesActionsTest-1779233428 tempest-VolumesActionsTest-1779233428-project-member] RESP STATUS: 201 Created {{(pid=102704) http_log /opt/stack/data/venv/lib/python3.12/site-packages/swiftclient/client.py:161}}
Jul 05 00:37:03.275463 np0000004544 devstack@g-api.service[102704]: DEBUG swiftclient [None req-05cc798b-db5d-4d7d-bbd1-5ed78446ef61 tempest-VolumesActionsTest-1779233428 tempest-VolumesActionsTest-1779233428-project-member] RESP HEADERS: {'Date': 'Sun, 05 Jul 2026 00:37:03 GMT', 'Server': 'Apache/2.4.58 (Ubuntu)', 'Content-Type': 'text/html; charset=UTF-8', 'Content-Length': '0', 'Etag': 'eda9a9889837ac4bc81d6387d92c1bec', 'Last-Modified': 'Sun, 05 Jul 2026 00:37:02 GMT', 'X-Trans-Id': 'tx5ca135ab5234419fbb8df-006a49a72d', 'X-Openstack-Request-Id': 'tx5ca135ab5234419fbb8df-006a49a72d', 'Connection': 'close'} {{(pid=102704) http_log /opt/stack/data/venv/lib/python3.12/site-packages/swiftclient/client.py:162}}
Jul 05 00:37:03.276289 np0000004544 devstack@g-api.service[102704]: DEBUG glance_store._drivers.swift.store [None req-05cc798b-db5d-4d7d-bbd1-5ed78446ef61 tempest-VolumesActionsTest-1779233428 tempest-VolumesActionsTest-1779233428-project-member] Wrote chunk 2f6889fd-cbc5-4e44-a63a-653bde9b664c-00003 (3/?) of length 204800000 to Swift returning MD5 of content: eda9a9889837ac4bc81d6387d92c1bec {{(pid=102704) add /opt/stack/data/venv/lib/python3.12/site-packages/glance_store/_drivers/swift/store.py:1059}}
Jul 05 00:37:03.953573 np0000004544 devstack@g-api.service[102703]: DEBUG glance.api.middleware.version_negotiation [None req-aebd8b94-def8-4f28-9e21-dea9445ed906 tempest-VolumesActionsTest-1779233428 tempest-VolumesActionsTest-1779233428-project-member] Determining version of request: GET /v2/images/2f6889fd-cbc5-4e44-a63a-653bde9b664c Accept: application/json {{(pid=102703) process_request /opt/stack/glance/glance/api/middleware/version_negotiation.py:44}}
Jul 05 00:37:03.954012 np0000004544 devstack@g-api.service[102703]: DEBUG glance.api.middleware.version_negotiation [None req-aebd8b94-def8-4f28-9e21-dea9445ed906 tempest-VolumesActionsTest-1779233428 tempest-VolumesActionsTest-1779233428-project-member] Using url versioning {{(pid=102703) process_request /opt/stack/glance/glance/api/middleware/version_negotiation.py:57}}
Jul 05 00:37:03.954063 np0000004544 devstack@g-api.service[102703]: DEBUG glance.api.middleware.version_negotiation [None req-aebd8b94-def8-4f28-9e21-dea9445ed906 tempest-VolumesActionsTest-1779233428 tempest-VolumesActionsTest-1779233428-project-member] Matched version: v2 {{(pid=102703) process_request /opt/stack/glance/glance/api/middleware/version_negotiation.py:69}}
Jul 05 00:37:03.954647 np0000004544 devstack@g-api.service[102703]: DEBUG glance.api.middleware.version_negotiation [None req-aebd8b94-def8-4f28-9e21-dea9445ed906 tempest-VolumesActionsTest-1779233428 tempest-VolumesActionsTest-1779233428-project-member] new path /v2/images/2f6889fd-cbc5-4e44-a63a-653bde9b664c {{(pid=102703) process_request /opt/stack/glance/glance/api/middleware/version_negotiation.py:70}}
Jul 05 00:37:03.967940 np0000004544 devstack@g-api.service[102703]: [pid: 102703|app: 0|req: 101/400] 127.0.0.1 () {40 vars in 838 bytes} [Sun Jul 5 00:37:03 2026] GET /v2/images/2f6889fd-cbc5-4e44-a63a-653bde9b664c => generated 650 bytes in 14 msecs (HTTP/1.1 200) 4 headers in 157 bytes (1 switches on core 0)
Jul 05 00:37:04.977900 np0000004544 devstack@g-api.service[102706]: DEBUG glance.api.middleware.version_negotiation [None req-d268d40c-0f9e-49c8-b024-732d49356df8 tempest-VolumesActionsTest-1779233428 tempest-VolumesActionsTest-1779233428-project-member] Determining version of request: GET /v2/images/2f6889fd-cbc5-4e44-a63a-653bde9b664c Accept: application/json {{(pid=102706) process_request /opt/stack/glance/glance/api/middleware/version_negotiation.py:44}}
Jul 05 00:37:04.978507 np0000004544 devstack@g-api.service[102706]: DEBUG glance.api.middleware.version_negotiation [None req-d268d40c-0f9e-49c8-b024-732d49356df8 tempest-VolumesActionsTest-1779233428 tempest-VolumesActionsTest-1779233428-project-member] Using url versioning {{(pid=102706) process_request /opt/stack/glance/glance/api/middleware/version_negotiation.py:57}}
Jul 05 00:37:04.978507 np0000004544 devstack@g-api.service[102706]: DEBUG glance.api.middleware.version_negotiation [None req-d268d40c-0f9e-49c8-b024-732d49356df8 tempest-VolumesActionsTest-1779233428 tempest-VolumesActionsTest-1779233428-project-member] Matched version: v2 {{(pid=102706) process_request /opt/stack/glance/glance/api/middleware/version_negotiation.py:69}}
Jul 05 00:37:04.978507 np0000004544 devstack@g-api.service[102706]: DEBUG glance.api.middleware.version_negotiation [None req-d268d40c-0f9e-49c8-b024-732d49356df8 tempest-VolumesActionsTest-1779233428 tempest-VolumesActionsTest-1779233428-project-member] new path /v2/images/2f6889fd-cbc5-4e44-a63a-653bde9b664c {{(pid=102706) process_request /opt/stack/glance/glance/api/middleware/version_negotiation.py:70}}
Jul 05 00:37:04.992943 np0000004544 devstack@g-api.service[102706]: [pid: 102706|app: 0|req: 103/401] 127.0.0.1 () {40 vars in 838 bytes} [Sun Jul 5 00:37:04 2026] GET /v2/images/2f6889fd-cbc5-4e44-a63a-653bde9b664c => generated 650 bytes in 15 msecs (HTTP/1.1 200) 4 headers in 157 bytes (1 switches on core 0)
Jul 05 00:37:05.502191 np0000004544 devstack@g-api.service[102704]: DEBUG swiftclient [None req-05cc798b-db5d-4d7d-bbd1-5ed78446ef61 tempest-VolumesActionsTest-1779233428 tempest-VolumesActionsTest-1779233428-project-member] REQ: curl -i https://10.4.3.248:8080/v1/AUTH_557a2153cbd44399b6bb88e8578ef727/glance/2f6889fd-cbc5-4e44-a63a-653bde9b664c-00004 -X PUT -H "X-Auth-Token: gAAAAABqSacok2n0..." {{(pid=102704) http_log /opt/stack/data/venv/lib/python3.12/site-packages/swiftclient/client.py:160}}
Jul 05 00:37:05.502550 np0000004544 devstack@g-api.service[102704]: DEBUG swiftclient [None req-05cc798b-db5d-4d7d-bbd1-5ed78446ef61 tempest-VolumesActionsTest-1779233428 tempest-VolumesActionsTest-1779233428-project-member] RESP STATUS: 201 Created {{(pid=102704) http_log /opt/stack/data/venv/lib/python3.12/site-packages/swiftclient/client.py:161}}
Jul 05 00:37:05.502550 np0000004544 devstack@g-api.service[102704]: DEBUG swiftclient [None req-05cc798b-db5d-4d7d-bbd1-5ed78446ef61 tempest-VolumesActionsTest-1779233428 tempest-VolumesActionsTest-1779233428-project-member] RESP HEADERS: {'Date': 'Sun, 05 Jul 2026 00:37:05 GMT', 'Server': 'Apache/2.4.58 (Ubuntu)', 'Content-Type': 'text/html; charset=UTF-8', 'Content-Length': '0', 'Etag': 'eda9a9889837ac4bc81d6387d92c1bec', 'Last-Modified': 'Sun, 05 Jul 2026 00:37:04 GMT', 'X-Trans-Id': 'tx54d9fed2c9cb4719b54f5-006a49a72f', 'X-Openstack-Request-Id': 'tx54d9fed2c9cb4719b54f5-006a49a72f', 'Connection': 'close'} {{(pid=102704) http_log /opt/stack/data/venv/lib/python3.12/site-packages/swiftclient/client.py:162}}
Jul 05 00:37:05.502550 np0000004544 devstack@g-api.service[102704]: DEBUG glance_store._drivers.swift.store [None req-05cc798b-db5d-4d7d-bbd1-5ed78446ef61 tempest-VolumesActionsTest-1779233428 tempest-VolumesActionsTest-1779233428-project-member] Wrote chunk 2f6889fd-cbc5-4e44-a63a-653bde9b664c-00004 (4/?) of length 204800000 to Swift returning MD5 of content: eda9a9889837ac4bc81d6387d92c1bec {{(pid=102704) add /opt/stack/data/venv/lib/python3.12/site-packages/glance_store/_drivers/swift/store.py:1059}}
Jul 05 00:37:06.003788 np0000004544 devstack@g-api.service[102705]: DEBUG glance.api.middleware.version_negotiation [None req-503f49f2-e306-4028-ae36-9cd72006ec88 tempest-VolumesActionsTest-1779233428 tempest-VolumesActionsTest-1779233428-project-member] Determining version of request: GET /v2/images/2f6889fd-cbc5-4e44-a63a-653bde9b664c Accept: application/json {{(pid=102705) process_request /opt/stack/glance/glance/api/middleware/version_negotiation.py:44}}
Jul 05 00:37:06.004301 np0000004544 devstack@g-api.service[102705]: DEBUG glance.api.middleware.version_negotiation [None req-503f49f2-e306-4028-ae36-9cd72006ec88 tempest-VolumesActionsTest-1779233428 tempest-VolumesActionsTest-1779233428-project-member] Using url versioning {{(pid=102705) process_request /opt/stack/glance/glance/api/middleware/version_negotiation.py:57}}
Jul 05 00:37:06.004301 np0000004544 devstack@g-api.service[102705]: DEBUG glance.api.middleware.version_negotiation [None req-503f49f2-e306-4028-ae36-9cd72006ec88 tempest-VolumesActionsTest-1779233428 tempest-VolumesActionsTest-1779233428-project-member] Matched version: v2 {{(pid=102705) process_request /opt/stack/glance/glance/api/middleware/version_negotiation.py:69}}
Jul 05 00:37:06.004301 np0000004544 devstack@g-api.service[102705]: DEBUG glance.api.middleware.version_negotiation [None req-503f49f2-e306-4028-ae36-9cd72006ec88 tempest-VolumesActionsTest-1779233428 tempest-VolumesActionsTest-1779233428-project-member] new path /v2/images/2f6889fd-cbc5-4e44-a63a-653bde9b664c {{(pid=102705) process_request /opt/stack/glance/glance/api/middleware/version_negotiation.py:70}}
Jul 05 00:37:06.016099 np0000004544 devstack@g-api.service[102705]: [pid: 102705|app: 0|req: 103/402] 127.0.0.1 () {40 vars in 838 bytes} [Sun Jul 5 00:37:06 2026] GET /v2/images/2f6889fd-cbc5-4e44-a63a-653bde9b664c => generated 650 bytes in 12 msecs (HTTP/1.1 200) 4 headers in 157 bytes (1 switches on core 0)
Jul 05 00:37:06.662041 np0000004544 devstack@g-api.service[102704]: DEBUG dbcounter [-] [102704] Writing DB stats glance:SELECT=26,glance:INSERT=1,glance:UPDATE=1 {{(pid=102704) stat_writer /opt/stack/data/venv/lib/python3.12/site-packages/dbcounter.py:115}}
Jul 05 00:37:07.028262 np0000004544 devstack@g-api.service[102703]: DEBUG glance.api.middleware.version_negotiation [None req-16ec0233-8876-467a-ba24-25652ec0ced6 tempest-VolumesActionsTest-1779233428 tempest-VolumesActionsTest-1779233428-project-member] Determining version of request: GET /v2/images/2f6889fd-cbc5-4e44-a63a-653bde9b664c Accept: application/json {{(pid=102703) process_request /opt/stack/glance/glance/api/middleware/version_negotiation.py:44}}
Jul 05 00:37:07.028262 np0000004544 devstack@g-api.service[102703]: DEBUG glance.api.middleware.version_negotiation [None req-16ec0233-8876-467a-ba24-25652ec0ced6 tempest-VolumesActionsTest-1779233428 tempest-VolumesActionsTest-1779233428-project-member] Using url versioning {{(pid=102703) process_request /opt/stack/glance/glance/api/middleware/version_negotiation.py:57}}
Jul 05 00:37:07.028262 np0000004544 devstack@g-api.service[102703]: DEBUG glance.api.middleware.version_negotiation [None req-16ec0233-8876-467a-ba24-25652ec0ced6 tempest-VolumesActionsTest-1779233428 tempest-VolumesActionsTest-1779233428-project-member] Matched version: v2 {{(pid=102703) process_request /opt/stack/glance/glance/api/middleware/version_negotiation.py:69}}
Jul 05 00:37:07.028262 np0000004544 devstack@g-api.service[102703]: DEBUG glance.api.middleware.version_negotiation [None req-16ec0233-8876-467a-ba24-25652ec0ced6 tempest-VolumesActionsTest-1779233428 tempest-VolumesActionsTest-1779233428-project-member] new path /v2/images/2f6889fd-cbc5-4e44-a63a-653bde9b664c {{(pid=102703) process_request /opt/stack/glance/glance/api/middleware/version_negotiation.py:70}}
Jul 05 00:37:07.054000 np0000004544 devstack@g-api.service[102703]: [pid: 102703|app: 0|req: 102/403] 127.0.0.1 () {40 vars in 838 bytes} [Sun Jul 5 00:37:07 2026] GET /v2/images/2f6889fd-cbc5-4e44-a63a-653bde9b664c => generated 650 bytes in 26 msecs (HTTP/1.1 200) 4 headers in 157 bytes (1 switches on core 0)
Jul 05 00:37:07.889013 np0000004544 devstack@g-api.service[102704]: DEBUG swiftclient [None req-05cc798b-db5d-4d7d-bbd1-5ed78446ef61 tempest-VolumesActionsTest-1779233428 tempest-VolumesActionsTest-1779233428-project-member] REQ: curl -i https://10.4.3.248:8080/v1/AUTH_557a2153cbd44399b6bb88e8578ef727/glance/2f6889fd-cbc5-4e44-a63a-653bde9b664c-00005 -X PUT -H "X-Auth-Token: gAAAAABqSacok2n0..." {{(pid=102704) http_log /opt/stack/data/venv/lib/python3.12/site-packages/swiftclient/client.py:160}}
Jul 05 00:37:07.889013 np0000004544 devstack@g-api.service[102704]: DEBUG swiftclient [None req-05cc798b-db5d-4d7d-bbd1-5ed78446ef61 tempest-VolumesActionsTest-1779233428 tempest-VolumesActionsTest-1779233428-project-member] RESP STATUS: 201 Created {{(pid=102704) http_log /opt/stack/data/venv/lib/python3.12/site-packages/swiftclient/client.py:161}}
Jul 05 00:37:07.889013 np0000004544 devstack@g-api.service[102704]: DEBUG swiftclient [None req-05cc798b-db5d-4d7d-bbd1-5ed78446ef61 tempest-VolumesActionsTest-1779233428 tempest-VolumesActionsTest-1779233428-project-member] RESP HEADERS: {'Date': 'Sun, 05 Jul 2026 00:37:07 GMT', 'Server': 'Apache/2.4.58 (Ubuntu)', 'Content-Type': 'text/html; charset=UTF-8', 'Content-Length': '0', 'Etag': 'eda9a9889837ac4bc81d6387d92c1bec', 'Last-Modified': 'Sun, 05 Jul 2026 00:37:06 GMT', 'X-Trans-Id': 'tx778613ec92bb4116b9225-006a49a731', 'X-Openstack-Request-Id': 'tx778613ec92bb4116b9225-006a49a731', 'Connection': 'close'} {{(pid=102704) http_log /opt/stack/data/venv/lib/python3.12/site-packages/swiftclient/client.py:162}}
