Jul 05 00:28:04.343607 np0000004544 nova-scheduler[96284]: DEBUG cotyledon.oslo_config_glue [-] profiler.enabled = False {{(pid=96284) log_opt_values /opt/stack/data/venv/lib/python3.12/site-packages/oslo_config/cfg.py:3253}}
Jul 05 00:28:04.343607 np0000004544 nova-scheduler[96284]: DEBUG cotyledon.oslo_config_glue [-] profiler.es_doc_type = notification {{(pid=96284) log_opt_values /opt/stack/data/venv/lib/python3.12/site-packages/oslo_config/cfg.py:3253}}
Jul 05 00:28:04.343607 np0000004544 nova-scheduler[96284]: DEBUG cotyledon.oslo_config_glue [-] profiler.es_scroll_size = 10000 {{(pid=96284) log_opt_values /opt/stack/data/venv/lib/python3.12/site-packages/oslo_config/cfg.py:3253}}
Jul 05 00:28:04.343854 np0000004544 nova-scheduler[96284]: DEBUG cotyledon.oslo_config_glue [-] profiler.es_scroll_time = 2m {{(pid=96284) log_opt_values /opt/stack/data/venv/lib/python3.12/site-packages/oslo_config/cfg.py:3253}}
Jul 05 00:28:04.343854 np0000004544 nova-scheduler[96284]: DEBUG cotyledon.oslo_config_glue [-] profiler.filter_error_trace = False {{(pid=96284) log_opt_values /opt/stack/data/venv/lib/python3.12/site-packages/oslo_config/cfg.py:3253}}
Jul 05 00:28:04.343854 np0000004544 nova-scheduler[96284]: DEBUG cotyledon.oslo_config_glue [-] profiler.hmac_keys = **** {{(pid=96284) log_opt_values /opt/stack/data/venv/lib/python3.12/site-packages/oslo_config/cfg.py:3253}}
Jul 05 00:28:04.343854 np0000004544 nova-scheduler[96284]: DEBUG cotyledon.oslo_config_glue [-] profiler.sentinel_service_name = mymaster {{(pid=96284) log_opt_values /opt/stack/data/venv/lib/python3.12/site-packages/oslo_config/cfg.py:3253}}
Jul 05 00:28:04.343854 np0000004544 nova-scheduler[96284]: DEBUG cotyledon.oslo_config_glue [-] profiler.socket_timeout = 0.1 {{(pid=96284) log_opt_values /opt/stack/data/venv/lib/python3.12/site-packages/oslo_config/cfg.py:3253}}
Jul 05 00:28:04.343854 np0000004544 nova-scheduler[96284]: DEBUG cotyledon.oslo_config_glue [-] profiler.trace_requests = False {{(pid=96284) log_opt_values /opt/stack/data/venv/lib/python3.12/site-packages/oslo_config/cfg.py:3253}}
Jul 05 00:28:04.343854 np0000004544 nova-scheduler[96284]: DEBUG cotyledon.oslo_config_glue [-] profiler.trace_sqlalchemy = False {{(pid=96284) log_opt_values /opt/stack/data/venv/lib/python3.12/site-packages/oslo_config/cfg.py:3253}}
Jul 05 00:28:04.343854 np0000004544 nova-scheduler[96284]: DEBUG cotyledon.oslo_config_glue [-] profiler_jaeger.process_tags = {} {{(pid=96284) log_opt_values /opt/stack/data/venv/lib/python3.12/site-packages/oslo_config/cfg.py:3253}}
Jul 05 00:28:04.343854 np0000004544 nova-scheduler[96284]: DEBUG cotyledon.oslo_config_glue [-] profiler_jaeger.service_name_prefix = None {{(pid=96284) log_opt_values /opt/stack/data/venv/lib/python3.12/site-packages/oslo_config/cfg.py:3253}}
Jul 05 00:28:04.344133 np0000004544 nova-scheduler[96284]: DEBUG cotyledon.oslo_config_glue [-] profiler_otlp.service_name_prefix = None {{(pid=96284) log_opt_values /opt/stack/data/venv/lib/python3.12/site-packages/oslo_config/cfg.py:3253}}
Jul 05 00:28:04.344133 np0000004544 nova-scheduler[96284]: DEBUG cotyledon.oslo_config_glue [-] oslo_messaging_rabbit.amqp_auto_delete = False {{(pid=96284) log_opt_values /opt/stack/data/venv/lib/python3.12/site-packages/oslo_config/cfg.py:3253}}
Jul 05 00:28:04.344133 np0000004544 nova-scheduler[96284]: DEBUG cotyledon.oslo_config_glue [-] oslo_messaging_rabbit.amqp_durable_queues = False {{(pid=96284) log_opt_values /opt/stack/data/venv/lib/python3.12/site-packages/oslo_config/cfg.py:3253}}
Jul 05 00:28:04.344133 np0000004544 nova-scheduler[96284]: DEBUG cotyledon.oslo_config_glue [-] oslo_messaging_rabbit.conn_pool_min_size = 2 {{(pid=96284) log_opt_values /opt/stack/data/venv/lib/python3.12/site-packages/oslo_config/cfg.py:3253}}
Jul 05 00:28:04.344133 np0000004544 nova-scheduler[96284]: DEBUG cotyledon.oslo_config_glue [-] oslo_messaging_rabbit.conn_pool_ttl = 1200 {{(pid=96284) log_opt_values /opt/stack/data/venv/lib/python3.12/site-packages/oslo_config/cfg.py:3253}}
Jul 05 00:28:04.344133 np0000004544 nova-scheduler[96284]: DEBUG cotyledon.oslo_config_glue [-] oslo_messaging_rabbit.direct_mandatory_flag = True {{(pid=96284) log_opt_values /opt/stack/data/venv/lib/python3.12/site-packages/oslo_config/cfg.py:3253}}
Jul 05 00:28:04.344133 np0000004544 nova-scheduler[96284]: DEBUG cotyledon.oslo_config_glue [-] oslo_messaging_rabbit.enable_cancel_on_failover = False {{(pid=96284) log_opt_values /opt/stack/data/venv/lib/python3.12/site-packages/oslo_config/cfg.py:3253}}
Jul 05 00:28:04.344133 np0000004544 nova-scheduler[96284]: DEBUG cotyledon.oslo_config_glue [-] oslo_messaging_rabbit.heartbeat_rate = 3 {{(pid=96284) log_opt_values /opt/stack/data/venv/lib/python3.12/site-packages/oslo_config/cfg.py:3253}}
Jul 05 00:28:04.344133 np0000004544 nova-scheduler[96284]: DEBUG cotyledon.oslo_config_glue [-] oslo_messaging_rabbit.heartbeat_timeout_threshold = 60 {{(pid=96284) log_opt_values /opt/stack/data/venv/lib/python3.12/site-packages/oslo_config/cfg.py:3253}}
Jul 05 00:28:04.344395 np0000004544 nova-scheduler[96284]: DEBUG cotyledon.oslo_config_glue [-] oslo_messaging_rabbit.hostname = np0000004544 {{(pid=96284) log_opt_values /opt/stack/data/venv/lib/python3.12/site-packages/oslo_config/cfg.py:3253}}
Jul 05 00:28:04.344395 np0000004544 nova-scheduler[96284]: DEBUG cotyledon.oslo_config_glue [-] oslo_messaging_rabbit.kombu_compression = None {{(pid=96284) log_opt_values /opt/stack/data/venv/lib/python3.12/site-packages/oslo_config/cfg.py:3253}}
Jul 05 00:28:04.344395 np0000004544 nova-scheduler[96284]: DEBUG cotyledon.oslo_config_glue [-] oslo_messaging_rabbit.kombu_failover_strategy = round-robin {{(pid=96284) log_opt_values /opt/stack/data/venv/lib/python3.12/site-packages/oslo_config/cfg.py:3253}}
Jul 05 00:28:04.344395 np0000004544 nova-scheduler[96284]: DEBUG cotyledon.oslo_config_glue [-] oslo_messaging_rabbit.kombu_missing_consumer_retry_timeout = 60 {{(pid=96284) log_opt_values /opt/stack/data/venv/lib/python3.12/site-packages/oslo_config/cfg.py:3253}}
Jul 05 00:28:04.344395 np0000004544 nova-scheduler[96284]: DEBUG cotyledon.oslo_config_glue [-] oslo_messaging_rabbit.kombu_reconnect_delay = 1.0 {{(pid=96284) log_opt_values /opt/stack/data/venv/lib/python3.12/site-packages/oslo_config/cfg.py:3253}}
Jul 05 00:28:04.344395 np0000004544 nova-scheduler[96284]: DEBUG cotyledon.oslo_config_glue [-] oslo_messaging_rabbit.kombu_reconnect_splay = 0.0 {{(pid=96284) log_opt_values /opt/stack/data/venv/lib/python3.12/site-packages/oslo_config/cfg.py:3253}}
Jul 05 00:28:04.344395 np0000004544 nova-scheduler[96284]: DEBUG cotyledon.oslo_config_glue [-] oslo_messaging_rabbit.processname = nova-scheduler {{(pid=96284) log_opt_values /opt/stack/data/venv/lib/python3.12/site-packages/oslo_config/cfg.py:3253}}
Jul 05 00:28:04.344395 np0000004544 nova-scheduler[96284]: DEBUG cotyledon.oslo_config_glue [-] oslo_messaging_rabbit.rabbit_ha_queues = False {{(pid=96284) log_opt_values /opt/stack/data/venv/lib/python3.12/site-packages/oslo_config/cfg.py:3253}}
Jul 05 00:28:04.344395 np0000004544 nova-scheduler[96284]: DEBUG cotyledon.oslo_config_glue [-] oslo_messaging_rabbit.rabbit_interval_max = 30 {{(pid=96284) log_opt_values /opt/stack/data/venv/lib/python3.12/site-packages/oslo_config/cfg.py:3253}}
Jul 05 00:28:04.344651 np0000004544 nova-scheduler[96284]: DEBUG cotyledon.oslo_config_glue [-] oslo_messaging_rabbit.rabbit_login_method = AMQPLAIN {{(pid=96284) log_opt_values /opt/stack/data/venv/lib/python3.12/site-packages/oslo_config/cfg.py:3253}}
Jul 05 00:28:04.344651 np0000004544 nova-scheduler[96284]: DEBUG cotyledon.oslo_config_glue [-] oslo_messaging_rabbit.rabbit_qos_prefetch_count = 0 {{(pid=96284) log_opt_values /opt/stack/data/venv/lib/python3.12/site-packages/oslo_config/cfg.py:3253}}
Jul 05 00:28:04.344651 np0000004544 nova-scheduler[96284]: DEBUG cotyledon.oslo_config_glue [-] oslo_messaging_rabbit.rabbit_quorum_delivery_limit = 0 {{(pid=96284) log_opt_values /opt/stack/data/venv/lib/python3.12/site-packages/oslo_config/cfg.py:3253}}
Jul 05 00:28:04.344651 np0000004544 nova-scheduler[96284]: DEBUG cotyledon.oslo_config_glue [-] oslo_messaging_rabbit.rabbit_quorum_max_memory_bytes = 0 {{(pid=96284) log_opt_values /opt/stack/data/venv/lib/python3.12/site-packages/oslo_config/cfg.py:3253}}
Jul 05 00:28:04.344651 np0000004544 nova-scheduler[96284]: DEBUG cotyledon.oslo_config_glue [-] oslo_messaging_rabbit.rabbit_quorum_max_memory_length = 0 {{(pid=96284) log_opt_values /opt/stack/data/venv/lib/python3.12/site-packages/oslo_config/cfg.py:3253}}
Jul 05 00:28:04.344651 np0000004544 nova-scheduler[96284]: DEBUG cotyledon.oslo_config_glue [-] oslo_messaging_rabbit.rabbit_quorum_queue = False {{(pid=96284) log_opt_values /opt/stack/data/venv/lib/python3.12/site-packages/oslo_config/cfg.py:3253}}
Jul 05 00:28:04.344651 np0000004544 nova-scheduler[96284]: DEBUG cotyledon.oslo_config_glue [-] oslo_messaging_rabbit.rabbit_retry_backoff = 2 {{(pid=96284) log_opt_values /opt/stack/data/venv/lib/python3.12/site-packages/oslo_config/cfg.py:3253}}
Jul 05 00:28:04.344651 np0000004544 nova-scheduler[96284]: DEBUG cotyledon.oslo_config_glue [-] oslo_messaging_rabbit.rabbit_retry_interval = 1 {{(pid=96284) log_opt_values /opt/stack/data/venv/lib/python3.12/site-packages/oslo_config/cfg.py:3253}}
Jul 05 00:28:04.344651 np0000004544 nova-scheduler[96284]: DEBUG cotyledon.oslo_config_glue [-] oslo_messaging_rabbit.rabbit_stream_fanout = False {{(pid=96284) log_opt_values /opt/stack/data/venv/lib/python3.12/site-packages/oslo_config/cfg.py:3253}}
Jul 05 00:28:04.344983 np0000004544 nova-scheduler[96284]: DEBUG cotyledon.oslo_config_glue [-] oslo_messaging_rabbit.rabbit_transient_queues_ttl = 1800 {{(pid=96284) log_opt_values /opt/stack/data/venv/lib/python3.12/site-packages/oslo_config/cfg.py:3253}}
Jul 05 00:28:04.344983 np0000004544 nova-scheduler[96284]: DEBUG cotyledon.oslo_config_glue [-] oslo_messaging_rabbit.rabbit_transient_quorum_queue = False {{(pid=96284) log_opt_values /opt/stack/data/venv/lib/python3.12/site-packages/oslo_config/cfg.py:3253}}
Jul 05 00:28:04.344983 np0000004544 nova-scheduler[96284]: DEBUG cotyledon.oslo_config_glue [-] oslo_messaging_rabbit.rpc_conn_pool_size = 30 {{(pid=96284) log_opt_values /opt/stack/data/venv/lib/python3.12/site-packages/oslo_config/cfg.py:3253}}
Jul 05 00:28:04.344983 np0000004544 nova-scheduler[96284]: DEBUG cotyledon.oslo_config_glue [-] oslo_messaging_rabbit.ssl = False {{(pid=96284) log_opt_values /opt/stack/data/venv/lib/python3.12/site-packages/oslo_config/cfg.py:3253}}
Jul 05 00:28:04.344983 np0000004544 nova-scheduler[96284]: DEBUG cotyledon.oslo_config_glue [-] oslo_messaging_rabbit.ssl_ca_file = {{(pid=96284) log_opt_values /opt/stack/data/venv/lib/python3.12/site-packages/oslo_config/cfg.py:3253}}
Jul 05 00:28:04.344983 np0000004544 nova-scheduler[96284]: DEBUG cotyledon.oslo_config_glue [-] oslo_messaging_rabbit.ssl_cert_file = {{(pid=96284) log_opt_values /opt/stack/data/venv/lib/python3.12/site-packages/oslo_config/cfg.py:3253}}
Jul 05 00:28:04.344983 np0000004544 nova-scheduler[96284]: DEBUG cotyledon.oslo_config_glue [-] oslo_messaging_rabbit.ssl_enforce_fips_mode = False {{(pid=96284) log_opt_values /opt/stack/data/venv/lib/python3.12/site-packages/oslo_config/cfg.py:3253}}
Jul 05 00:28:04.344983 np0000004544 nova-scheduler[96284]: DEBUG cotyledon.oslo_config_glue [-] oslo_messaging_rabbit.ssl_enforce_hostname_verification = True {{(pid=96284) log_opt_values /opt/stack/data/venv/lib/python3.12/site-packages/oslo_config/cfg.py:3253}}
Jul 05 00:28:04.344983 np0000004544 nova-scheduler[96284]: DEBUG cotyledon.oslo_config_glue [-] oslo_messaging_rabbit.ssl_key_file = {{(pid=96284) log_opt_values /opt/stack/data/venv/lib/python3.12/site-packages/oslo_config/cfg.py:3253}}
Jul 05 00:28:04.345282 np0000004544 nova-scheduler[96284]: DEBUG cotyledon.oslo_config_glue [-] oslo_messaging_rabbit.ssl_version = {{(pid=96284) log_opt_values /opt/stack/data/venv/lib/python3.12/site-packages/oslo_config/cfg.py:3253}}
Jul 05 00:28:04.345282 np0000004544 nova-scheduler[96284]: DEBUG cotyledon.oslo_config_glue [-] oslo_messaging_rabbit.use_queue_manager = False {{(pid=96284) log_opt_values /opt/stack/data/venv/lib/python3.12/site-packages/oslo_config/cfg.py:3253}}
Jul 05 00:28:04.345282 np0000004544 nova-scheduler[96284]: DEBUG cotyledon.oslo_config_glue [-] oslo_messaging_notifications.driver = ['messagingv2'] {{(pid=96284) log_opt_values /opt/stack/data/venv/lib/python3.12/site-packages/oslo_config/cfg.py:3253}}
Jul 05 00:28:04.345282 np0000004544 nova-scheduler[96284]: DEBUG cotyledon.oslo_config_glue [-] oslo_messaging_notifications.retry = -1 {{(pid=96284) log_opt_values /opt/stack/data/venv/lib/python3.12/site-packages/oslo_config/cfg.py:3253}}
Jul 05 00:28:04.345282 np0000004544 nova-scheduler[96284]: DEBUG cotyledon.oslo_config_glue [-] oslo_messaging_notifications.topics = ['notifications'] {{(pid=96284) log_opt_values /opt/stack/data/venv/lib/python3.12/site-packages/oslo_config/cfg.py:3253}}
Jul 05 00:28:04.345282 np0000004544 nova-scheduler[96284]: DEBUG cotyledon.oslo_config_glue [-] oslo_messaging_notifications.transport_url = **** {{(pid=96284) log_opt_values /opt/stack/data/venv/lib/python3.12/site-packages/oslo_config/cfg.py:3253}}
Jul 05 00:28:04.345282 np0000004544 nova-scheduler[96284]: DEBUG cotyledon.oslo_config_glue [-] oslo_limit.auth_section = None {{(pid=96284) log_opt_values /opt/stack/data/venv/lib/python3.12/site-packages/oslo_config/cfg.py:3253}}
Jul 05 00:28:04.345282 np0000004544 nova-scheduler[96284]: DEBUG cotyledon.oslo_config_glue [-] oslo_limit.auth_type = None {{(pid=96284) log_opt_values /opt/stack/data/venv/lib/python3.12/site-packages/oslo_config/cfg.py:3253}}
Jul 05 00:28:04.345282 np0000004544 nova-scheduler[96284]: DEBUG cotyledon.oslo_config_glue [-] oslo_limit.cafile = None {{(pid=96284) log_opt_values /opt/stack/data/venv/lib/python3.12/site-packages/oslo_config/cfg.py:3253}}
Jul 05 00:28:04.345543 np0000004544 nova-scheduler[96284]: DEBUG cotyledon.oslo_config_glue [-] oslo_limit.certfile = None {{(pid=96284) log_opt_values /opt/stack/data/venv/lib/python3.12/site-packages/oslo_config/cfg.py:3253}}
Jul 05 00:28:04.345543 np0000004544 nova-scheduler[96284]: DEBUG cotyledon.oslo_config_glue [-] oslo_limit.collect_timing = False {{(pid=96284) log_opt_values /opt/stack/data/venv/lib/python3.12/site-packages/oslo_config/cfg.py:3253}}
Jul 05 00:28:04.345543 np0000004544 nova-scheduler[96284]: DEBUG cotyledon.oslo_config_glue [-] oslo_limit.connect_retries = None {{(pid=96284) log_opt_values /opt/stack/data/venv/lib/python3.12/site-packages/oslo_config/cfg.py:3253}}
Jul 05 00:28:04.345543 np0000004544 nova-scheduler[96284]: DEBUG cotyledon.oslo_config_glue [-] oslo_limit.connect_retry_delay = None {{(pid=96284) log_opt_values /opt/stack/data/venv/lib/python3.12/site-packages/oslo_config/cfg.py:3253}}
Jul 05 00:28:04.345543 np0000004544 nova-scheduler[96284]: DEBUG cotyledon.oslo_config_glue [-] oslo_limit.endpoint_id = None {{(pid=96284) log_opt_values /opt/stack/data/venv/lib/python3.12/site-packages/oslo_config/cfg.py:3253}}
Jul 05 00:28:04.345543 np0000004544 nova-scheduler[96284]: DEBUG cotyledon.oslo_config_glue [-] oslo_limit.endpoint_interface = public {{(pid=96284) log_opt_values /opt/stack/data/venv/lib/python3.12/site-packages/oslo_config/cfg.py:3253}}
Jul 05 00:28:04.345543 np0000004544 nova-scheduler[96284]: DEBUG cotyledon.oslo_config_glue [-] oslo_limit.endpoint_override = None {{(pid=96284) log_opt_values /opt/stack/data/venv/lib/python3.12/site-packages/oslo_config/cfg.py:3253}}
Jul 05 00:28:04.345543 np0000004544 nova-scheduler[96284]: DEBUG cotyledon.oslo_config_glue [-] oslo_limit.endpoint_region_name = None {{(pid=96284) log_opt_values /opt/stack/data/venv/lib/python3.12/site-packages/oslo_config/cfg.py:3253}}
Jul 05 00:28:04.345543 np0000004544 nova-scheduler[96284]: DEBUG cotyledon.oslo_config_glue [-] oslo_limit.endpoint_service_name = None {{(pid=96284) log_opt_values /opt/stack/data/venv/lib/python3.12/site-packages/oslo_config/cfg.py:3253}}
Jul 05 00:28:04.345791 np0000004544 nova-scheduler[96284]: DEBUG cotyledon.oslo_config_glue [-] oslo_limit.endpoint_service_type = None {{(pid=96284) log_opt_values /opt/stack/data/venv/lib/python3.12/site-packages/oslo_config/cfg.py:3253}}
Jul 05 00:28:04.345791 np0000004544 nova-scheduler[96284]: DEBUG cotyledon.oslo_config_glue [-] oslo_limit.insecure = False {{(pid=96284) log_opt_values /opt/stack/data/venv/lib/python3.12/site-packages/oslo_config/cfg.py:3253}}
Jul 05 00:28:04.345791 np0000004544 nova-scheduler[96284]: DEBUG cotyledon.oslo_config_glue [-] oslo_limit.keyfile = None {{(pid=96284) log_opt_values /opt/stack/data/venv/lib/python3.12/site-packages/oslo_config/cfg.py:3253}}
Jul 05 00:28:04.345791 np0000004544 nova-scheduler[96284]: DEBUG cotyledon.oslo_config_glue [-] oslo_limit.max_version = None {{(pid=96284) log_opt_values /opt/stack/data/venv/lib/python3.12/site-packages/oslo_config/cfg.py:3253}}
Jul 05 00:28:04.345791 np0000004544 nova-scheduler[96284]: DEBUG cotyledon.oslo_config_glue [-] oslo_limit.min_version = None {{(pid=96284) log_opt_values /opt/stack/data/venv/lib/python3.12/site-packages/oslo_config/cfg.py:3253}}
Jul 05 00:28:04.345791 np0000004544 nova-scheduler[96284]: DEBUG cotyledon.oslo_config_glue [-] oslo_limit.region_name = None {{(pid=96284) log_opt_values /opt/stack/data/venv/lib/python3.12/site-packages/oslo_config/cfg.py:3253}}
Jul 05 00:28:04.345791 np0000004544 nova-scheduler[96284]: DEBUG cotyledon.oslo_config_glue [-] oslo_limit.retriable_status_codes = None {{(pid=96284) log_opt_values /opt/stack/data/venv/lib/python3.12/site-packages/oslo_config/cfg.py:3253}}
Jul 05 00:28:04.345791 np0000004544 nova-scheduler[96284]: DEBUG cotyledon.oslo_config_glue [-] oslo_limit.service_name = None {{(pid=96284) log_opt_values /opt/stack/data/venv/lib/python3.12/site-packages/oslo_config/cfg.py:3253}}
Jul 05 00:28:04.345791 np0000004544 nova-scheduler[96284]: DEBUG cotyledon.oslo_config_glue [-] oslo_limit.service_type = None {{(pid=96284) log_opt_values /opt/stack/data/venv/lib/python3.12/site-packages/oslo_config/cfg.py:3253}}
Jul 05 00:28:04.346026 np0000004544 nova-scheduler[96284]: DEBUG cotyledon.oslo_config_glue [-] oslo_limit.split_loggers = False {{(pid=96284) log_opt_values /opt/stack/data/venv/lib/python3.12/site-packages/oslo_config/cfg.py:3253}}
Jul 05 00:28:04.346026 np0000004544 nova-scheduler[96284]: DEBUG cotyledon.oslo_config_glue [-] oslo_limit.status_code_retries = None {{(pid=96284) log_opt_values /opt/stack/data/venv/lib/python3.12/site-packages/oslo_config/cfg.py:3253}}
Jul 05 00:28:04.346026 np0000004544 nova-scheduler[96284]: DEBUG cotyledon.oslo_config_glue [-] oslo_limit.status_code_retry_delay = None {{(pid=96284) log_opt_values /opt/stack/data/venv/lib/python3.12/site-packages/oslo_config/cfg.py:3253}}
Jul 05 00:28:04.346026 np0000004544 nova-scheduler[96284]: DEBUG cotyledon.oslo_config_glue [-] oslo_limit.timeout = None {{(pid=96284) log_opt_values /opt/stack/data/venv/lib/python3.12/site-packages/oslo_config/cfg.py:3253}}
Jul 05 00:28:04.346026 np0000004544 nova-scheduler[96284]: DEBUG cotyledon.oslo_config_glue [-] oslo_limit.valid_interfaces = None {{(pid=96284) log_opt_values /opt/stack/data/venv/lib/python3.12/site-packages/oslo_config/cfg.py:3253}}
Jul 05 00:28:04.346026 np0000004544 nova-scheduler[96284]: DEBUG cotyledon.oslo_config_glue [-] oslo_limit.version = None {{(pid=96284) log_opt_values /opt/stack/data/venv/lib/python3.12/site-packages/oslo_config/cfg.py:3253}}
Jul 05 00:28:04.346026 np0000004544 nova-scheduler[96284]: DEBUG cotyledon.oslo_config_glue [-] oslo_reports.file_event_handler = None {{(pid=96284) log_opt_values /opt/stack/data/venv/lib/python3.12/site-packages/oslo_config/cfg.py:3253}}
Jul 05 00:28:04.346026 np0000004544 nova-scheduler[96284]: DEBUG cotyledon.oslo_config_glue [-] oslo_reports.file_event_handler_interval = 1 {{(pid=96284) log_opt_values /opt/stack/data/venv/lib/python3.12/site-packages/oslo_config/cfg.py:3253}}
Jul 05 00:28:04.346026 np0000004544 nova-scheduler[96284]: DEBUG cotyledon.oslo_config_glue [-] oslo_reports.log_dir = None {{(pid=96284) log_opt_values /opt/stack/data/venv/lib/python3.12/site-packages/oslo_config/cfg.py:3253}}
Jul 05 00:28:04.346297 np0000004544 nova-scheduler[96284]: DEBUG cotyledon.oslo_config_glue [-] ******************************************************************************** {{(pid=96284) log_opt_values /opt/stack/data/venv/lib/python3.12/site-packages/oslo_config/cfg.py:3260}}
Jul 05 00:28:04.346297 np0000004544 nova-scheduler[96284]: DEBUG cotyledon._service_worker [-] Run service ServiceWrapper(3) [96284] {{(pid=96284) wait_forever /opt/stack/data/venv/lib/python3.12/site-packages/cotyledon/_service_worker.py:218}}
Jul 05 00:28:04.346297 np0000004544 nova-scheduler[96284]: INFO nova.service [-] Starting scheduler node (version 33.1.0)
Jul 05 00:28:04.346401 np0000004544 nova-scheduler[96270]: DEBUG oslo_db.sqlalchemy.engines [None req-6d50a8f9-677a-4cd8-a601-e565b2d96a5b None None] MySQL server mode set to STRICT_TRANS_TABLES,STRICT_ALL_TABLES,NO_ZERO_IN_DATE,NO_ZERO_DATE,ERROR_FOR_DIVISION_BY_ZERO,TRADITIONAL,NO_ENGINE_SUBSTITUTION {{(pid=96270) _check_effective_sql_mode /opt/stack/data/venv/lib/python3.12/site-packages/oslo_db/sqlalchemy/engines.py:325}}
Jul 05 00:28:04.346445 np0000004544 nova-scheduler[96284]: INFO dbcounter [None req-9986cc2d-2177-4172-bf03-ce3f40dbdb1b None None] Registered counter for database nova_cell0
Jul 05 00:28:04.346502 np0000004544 nova-scheduler[96268]: DEBUG nova.service [None req-b290d089-9757-4002-bfeb-2d8202e6f955 None None] Creating RPC server for service: nova-scheduler on topic: scheduler {{(pid=96268) start /opt/stack/nova/nova/service.py:196}}
Jul 05 00:28:04.352700 np0000004544 nova-scheduler[96270]: DEBUG dbcounter [-] [96270] Writer thread running {{(pid=96270) stat_writer /opt/stack/data/venv/lib/python3.12/site-packages/dbcounter.py:102}}
Jul 05 00:28:04.355739 np0000004544 nova-scheduler[96270]: DEBUG nova.service [None req-6d50a8f9-677a-4cd8-a601-e565b2d96a5b None None] Creating RPC server for service: nova-scheduler on topic: scheduler {{(pid=96270) start /opt/stack/nova/nova/service.py:196}}
Jul 05 00:28:04.377259 np0000004544 nova-scheduler[96268]: DEBUG nova.service [None req-b290d089-9757-4002-bfeb-2d8202e6f955 None None] Join ServiceGroup membership for this service scheduler {{(pid=96268) start /opt/stack/nova/nova/service.py:222}}
Jul 05 00:28:04.378042 np0000004544 nova-scheduler[96268]: DEBUG nova.servicegroup.drivers.db [None req-b290d089-9757-4002-bfeb-2d8202e6f955 None None] DB_Driver: join new ServiceGroup member np0000004544 to the scheduler group, service = {{(pid=96268) join /opt/stack/nova/nova/servicegroup/drivers/db.py:44}}
Jul 05 00:28:04.382538 np0000004544 nova-scheduler[96270]: DEBUG nova.service [None req-6d50a8f9-677a-4cd8-a601-e565b2d96a5b None None] Join ServiceGroup membership for this service scheduler {{(pid=96270) start /opt/stack/nova/nova/service.py:222}}
Jul 05 00:28:04.382953 np0000004544 nova-scheduler[96270]: DEBUG nova.servicegroup.drivers.db [None req-6d50a8f9-677a-4cd8-a601-e565b2d96a5b None None] DB_Driver: join new ServiceGroup member np0000004544 to the scheduler group, service = {{(pid=96270) join /opt/stack/nova/nova/servicegroup/drivers/db.py:44}}
Jul 05 00:28:04.398027 np0000004544 nova-scheduler[96284]: DEBUG oslo_db.sqlalchemy.engines [None req-9986cc2d-2177-4172-bf03-ce3f40dbdb1b None None] MySQL server mode set to STRICT_TRANS_TABLES,STRICT_ALL_TABLES,NO_ZERO_IN_DATE,NO_ZERO_DATE,ERROR_FOR_DIVISION_BY_ZERO,TRADITIONAL,NO_ENGINE_SUBSTITUTION {{(pid=96284) _check_effective_sql_mode /opt/stack/data/venv/lib/python3.12/site-packages/oslo_db/sqlalchemy/engines.py:325}}
Jul 05 00:28:04.406969 np0000004544 nova-scheduler[96276]: DEBUG oslo_db.sqlalchemy.engines [None req-92394409-fdb3-45ad-a794-6418a6e68751 None None] MySQL server mode set to STRICT_TRANS_TABLES,STRICT_ALL_TABLES,NO_ZERO_IN_DATE,NO_ZERO_DATE,ERROR_FOR_DIVISION_BY_ZERO,TRADITIONAL,NO_ENGINE_SUBSTITUTION {{(pid=96276) _check_effective_sql_mode /opt/stack/data/venv/lib/python3.12/site-packages/oslo_db/sqlalchemy/engines.py:325}}
Jul 05 00:28:04.409666 np0000004544 nova-scheduler[96284]: DEBUG dbcounter [-] [96284] Writer thread running {{(pid=96284) stat_writer /opt/stack/data/venv/lib/python3.12/site-packages/dbcounter.py:102}}
Jul 05 00:28:04.413135 np0000004544 nova-scheduler[96284]: DEBUG nova.service [None req-9986cc2d-2177-4172-bf03-ce3f40dbdb1b None None] Creating RPC server for service: nova-scheduler on topic: scheduler {{(pid=96284) start /opt/stack/nova/nova/service.py:196}}
Jul 05 00:28:04.424770 np0000004544 nova-scheduler[96276]: DEBUG dbcounter [-] [96276] Writer thread running {{(pid=96276) stat_writer /opt/stack/data/venv/lib/python3.12/site-packages/dbcounter.py:102}}
Jul 05 00:28:04.428676 np0000004544 nova-scheduler[96276]: DEBUG nova.service [None req-92394409-fdb3-45ad-a794-6418a6e68751 None None] Creating RPC server for service: nova-scheduler on topic: scheduler {{(pid=96276) start /opt/stack/nova/nova/service.py:196}}
Jul 05 00:28:04.438074 np0000004544 nova-scheduler[96284]: DEBUG nova.service [None req-9986cc2d-2177-4172-bf03-ce3f40dbdb1b None None] Join ServiceGroup membership for this service scheduler {{(pid=96284) start /opt/stack/nova/nova/service.py:222}}
Jul 05 00:28:04.438455 np0000004544 nova-scheduler[96284]: DEBUG nova.servicegroup.drivers.db [None req-9986cc2d-2177-4172-bf03-ce3f40dbdb1b None None] DB_Driver: join new ServiceGroup member np0000004544 to the scheduler group, service = {{(pid=96284) join /opt/stack/nova/nova/servicegroup/drivers/db.py:44}}
Jul 05 00:28:04.451859 np0000004544 nova-scheduler[96276]: DEBUG nova.service [None req-92394409-fdb3-45ad-a794-6418a6e68751 None None] Join ServiceGroup membership for this service scheduler {{(pid=96276) start /opt/stack/nova/nova/service.py:222}}
Jul 05 00:28:04.452021 np0000004544 nova-scheduler[96276]: DEBUG nova.servicegroup.drivers.db [None req-92394409-fdb3-45ad-a794-6418a6e68751 None None] DB_Driver: join new ServiceGroup member np0000004544 to the scheduler group, service = {{(pid=96276) join /opt/stack/nova/nova/servicegroup/drivers/db.py:44}}
Jul 05 00:28:09.392603 np0000004544 nova-scheduler[96268]: DEBUG oslo.service.backend._threading.loopingcall [-] Fixed interval looping call 'nova.servicegroup.drivers.db.DbDriver._report_state' sleeping for 119.99 seconds {{(pid=96268) _run_loop /opt/stack/data/venv/lib/python3.12/site-packages/oslo_service/backend/_threading/loopingcall.py:125}}
Jul 05 00:28:09.397055 np0000004544 nova-scheduler[96270]: DEBUG oslo.service.backend._threading.loopingcall [-] Fixed interval looping call 'nova.servicegroup.drivers.db.DbDriver._report_state' sleeping for 119.99 seconds {{(pid=96270) _run_loop /opt/stack/data/venv/lib/python3.12/site-packages/oslo_service/backend/_threading/loopingcall.py:125}}
Jul 05 00:28:09.451449 np0000004544 nova-scheduler[96284]: DEBUG oslo.service.backend._threading.loopingcall [-] Fixed interval looping call 'nova.servicegroup.drivers.db.DbDriver._report_state' sleeping for 119.99 seconds {{(pid=96284) _run_loop /opt/stack/data/venv/lib/python3.12/site-packages/oslo_service/backend/_threading/loopingcall.py:125}}
Jul 05 00:28:09.463619 np0000004544 nova-scheduler[96276]: DEBUG oslo.service.backend._threading.loopingcall [-] Fixed interval looping call 'nova.servicegroup.drivers.db.DbDriver._report_state' sleeping for 119.99 seconds {{(pid=96276) _run_loop /opt/stack/data/venv/lib/python3.12/site-packages/oslo_service/backend/_threading/loopingcall.py:125}}
Jul 05 00:28:12.938216 np0000004544 nova-scheduler[95074]: DEBUG dbcounter [-] [95074] Writing DB stats nova_api:SELECT=3 {{(pid=95074) stat_writer /opt/stack/data/venv/lib/python3.12/site-packages/dbcounter.py:115}}
Jul 05 00:28:13.074816 np0000004544 nova-scheduler[95074]: DEBUG dbcounter [-] [95074] Writing DB stats nova_cell0:SELECT=1 {{(pid=95074) stat_writer /opt/stack/data/venv/lib/python3.12/site-packages/dbcounter.py:115}}
Jul 05 00:28:13.080093 np0000004544 nova-scheduler[95074]: DEBUG dbcounter [-] [95074] Writing DB stats nova_cell1:SELECT=1 {{(pid=95074) stat_writer /opt/stack/data/venv/lib/python3.12/site-packages/dbcounter.py:115}}
Jul 05 00:28:19.388981 np0000004544 nova-scheduler[96268]: DEBUG dbcounter [-] [96268] Writing DB stats nova_cell0:SELECT=4,nova_cell0:INSERT=1,nova_cell0:UPDATE=1 {{(pid=96268) stat_writer /opt/stack/data/venv/lib/python3.12/site-packages/dbcounter.py:115}}
Jul 05 00:28:19.393941 np0000004544 nova-scheduler[96270]: DEBUG dbcounter [-] [96270] Writing DB stats nova_cell0:SELECT=3 {{(pid=96270) stat_writer /opt/stack/data/venv/lib/python3.12/site-packages/dbcounter.py:115}}
Jul 05 00:28:19.447579 np0000004544 nova-scheduler[96284]: DEBUG dbcounter [-] [96284] Writing DB stats nova_cell0:SELECT=3 {{(pid=96284) stat_writer /opt/stack/data/venv/lib/python3.12/site-packages/dbcounter.py:115}}
Jul 05 00:28:19.460723 np0000004544 nova-scheduler[96276]: DEBUG dbcounter [-] [96276] Writing DB stats nova_cell0:SELECT=3 {{(pid=96276) stat_writer /opt/stack/data/venv/lib/python3.12/site-packages/dbcounter.py:115}}
Jul 05 00:28:22.386300 np0000004544 nova-scheduler[96270]: DEBUG oslo.service.backend._threading.loopingcall [None req-25461f21-682d-401c-8165-da64bc203cbe None None] Dynamic interval looping call 'nova.service.Service.periodic_tasks' sleeping for 60.00 seconds {{(pid=96270) _run_loop /opt/stack/data/venv/lib/python3.12/site-packages/oslo_service/backend/_threading/loopingcall.py:125}}
Jul 05 00:28:49.381116 np0000004544 nova-scheduler[96268]: DEBUG oslo.service.backend._threading.loopingcall [None req-d4d32104-66ea-4f7c-a95d-f118a2772925 None None] Dynamic interval looping call 'nova.service.Service.periodic_tasks' sleeping for 60.00 seconds {{(pid=96268) _run_loop /opt/stack/data/venv/lib/python3.12/site-packages/oslo_service/backend/_threading/loopingcall.py:125}}
Jul 05 00:28:59.455087 np0000004544 nova-scheduler[96276]: DEBUG oslo.service.backend._threading.loopingcall [None req-e864cf89-af6d-47ec-8b42-050512d5b6c1 None None] Dynamic interval looping call 'nova.service.Service.periodic_tasks' sleeping for 60.00 seconds {{(pid=96276) _run_loop /opt/stack/data/venv/lib/python3.12/site-packages/oslo_service/backend/_threading/loopingcall.py:125}}
Jul 05 00:29:01.440496 np0000004544 nova-scheduler[96284]: DEBUG oslo.service.backend._threading.loopingcall [None req-90fd5ad3-b58e-4904-ada6-63a9bee78631 None None] Dynamic interval looping call 'nova.service.Service.periodic_tasks' sleeping for 60.00 seconds {{(pid=96284) _run_loop /opt/stack/data/venv/lib/python3.12/site-packages/oslo_service/backend/_threading/loopingcall.py:125}}
Jul 05 00:29:22.386807 np0000004544 nova-scheduler[96270]: DEBUG oslo.service.backend._threading.loopingcall [None req-25461f21-682d-401c-8165-da64bc203cbe None None] Dynamic interval looping call 'nova.service.Service.periodic_tasks' sleeping for 60.00 seconds {{(pid=96270) _run_loop /opt/stack/data/venv/lib/python3.12/site-packages/oslo_service/backend/_threading/loopingcall.py:125}}
Jul 05 00:29:49.381695 np0000004544 nova-scheduler[96268]: DEBUG oslo.service.backend._threading.loopingcall [None req-d4d32104-66ea-4f7c-a95d-f118a2772925 None None] Dynamic interval looping call 'nova.service.Service.periodic_tasks' sleeping for 60.00 seconds {{(pid=96268) _run_loop /opt/stack/data/venv/lib/python3.12/site-packages/oslo_service/backend/_threading/loopingcall.py:125}}
Jul 05 00:29:59.455908 np0000004544 nova-scheduler[96276]: DEBUG oslo.service.backend._threading.loopingcall [None req-e864cf89-af6d-47ec-8b42-050512d5b6c1 None None] Dynamic interval looping call 'nova.service.Service.periodic_tasks' sleeping for 60.00 seconds {{(pid=96276) _run_loop /opt/stack/data/venv/lib/python3.12/site-packages/oslo_service/backend/_threading/loopingcall.py:125}}
Jul 05 00:30:01.441297 np0000004544 nova-scheduler[96284]: DEBUG oslo.service.backend._threading.loopingcall [None req-90fd5ad3-b58e-4904-ada6-63a9bee78631 None None] Dynamic interval looping call 'nova.service.Service.periodic_tasks' sleeping for 60.00 seconds {{(pid=96284) _run_loop /opt/stack/data/venv/lib/python3.12/site-packages/oslo_service/backend/_threading/loopingcall.py:125}}
Jul 05 00:30:09.394612 np0000004544 nova-scheduler[96268]: DEBUG oslo.service.backend._threading.loopingcall [-] Fixed interval looping call 'nova.servicegroup.drivers.db.DbDriver._report_state' sleeping for 119.99 seconds {{(pid=96268) _run_loop /opt/stack/data/venv/lib/python3.12/site-packages/oslo_service/backend/_threading/loopingcall.py:125}}
Jul 05 00:30:09.395632 np0000004544 nova-scheduler[96270]: DEBUG oslo.service.backend._threading.loopingcall [-] Fixed interval looping call 'nova.servicegroup.drivers.db.DbDriver._report_state' sleeping for 119.99 seconds {{(pid=96270) _run_loop /opt/stack/data/venv/lib/python3.12/site-packages/oslo_service/backend/_threading/loopingcall.py:125}}
Jul 05 00:30:09.447683 np0000004544 nova-scheduler[96284]: DEBUG oslo.service.backend._threading.loopingcall [-] Fixed interval looping call 'nova.servicegroup.drivers.db.DbDriver._report_state' sleeping for 119.99 seconds {{(pid=96284) _run_loop /opt/stack/data/venv/lib/python3.12/site-packages/oslo_service/backend/_threading/loopingcall.py:125}}
Jul 05 00:30:09.458168 np0000004544 nova-scheduler[96276]: DEBUG oslo.service.backend._threading.loopingcall [-] Fixed interval looping call 'nova.servicegroup.drivers.db.DbDriver._report_state' sleeping for 120.00 seconds {{(pid=96276) _run_loop /opt/stack/data/venv/lib/python3.12/site-packages/oslo_service/backend/_threading/loopingcall.py:125}}
Jul 05 00:30:13.979602 np0000004544 nova-scheduler[96268]: DEBUG nova.scheduler.manager [None req-2b186618-546c-4b88-8860-87590a6c0b7f tempest-DeleteServersTestJSON-627620333 tempest-DeleteServersTestJSON-627620333-project-member] Starting to schedule for instances: ['50c19047-5e11-4c98-9d02-fdeeb910d882'] {{(pid=96268) select_destinations /opt/stack/nova/nova/scheduler/manager.py:209}}
Jul 05 00:30:13.980448 np0000004544 nova-scheduler[96268]: DEBUG nova.scheduler.request_filter [None req-2b186618-546c-4b88-8860-87590a6c0b7f tempest-DeleteServersTestJSON-627620333 tempest-DeleteServersTestJSON-627620333-project-member] compute_status_filter request filter added forbidden trait COMPUTE_STATUS_DISABLED {{(pid=96268) compute_status_filter /opt/stack/nova/nova/scheduler/request_filter.py:253}}
Jul 05 00:30:13.980448 np0000004544 nova-scheduler[96268]: DEBUG nova.scheduler.request_filter [None req-2b186618-546c-4b88-8860-87590a6c0b7f tempest-DeleteServersTestJSON-627620333 tempest-DeleteServersTestJSON-627620333-project-member] Request filter 'compute_status_filter' took 0.0 seconds {{(pid=96268) wrapper /opt/stack/nova/nova/scheduler/request_filter.py:46}}
Jul 05 00:30:13.980448 np0000004544 nova-scheduler[96268]: DEBUG nova.scheduler.request_filter [None req-2b186618-546c-4b88-8860-87590a6c0b7f tempest-DeleteServersTestJSON-627620333 tempest-DeleteServersTestJSON-627620333-project-member] Request filter 'accelerators_filter' took 0.0 seconds {{(pid=96268) wrapper /opt/stack/nova/nova/scheduler/request_filter.py:46}}
Jul 05 00:30:13.980448 np0000004544 nova-scheduler[96268]: DEBUG nova.scheduler.request_filter [None req-2b186618-546c-4b88-8860-87590a6c0b7f tempest-DeleteServersTestJSON-627620333 tempest-DeleteServersTestJSON-627620333-project-member] Request filter 'packed_virtqueue_filter' took 0.0 seconds {{(pid=96268) wrapper /opt/stack/nova/nova/scheduler/request_filter.py:46}}
Jul 05 00:30:13.980949 np0000004544 nova-scheduler[96268]: DEBUG nova.scheduler.request_filter [None req-2b186618-546c-4b88-8860-87590a6c0b7f tempest-DeleteServersTestJSON-627620333 tempest-DeleteServersTestJSON-627620333-project-member] Request filter 'remote_managed_ports_filter' took 0.0 seconds {{(pid=96268) wrapper /opt/stack/nova/nova/scheduler/request_filter.py:46}}
Jul 05 00:30:13.980949 np0000004544 nova-scheduler[96268]: DEBUG nova.scheduler.request_filter [None req-2b186618-546c-4b88-8860-87590a6c0b7f tempest-DeleteServersTestJSON-627620333 tempest-DeleteServersTestJSON-627620333-project-member] ephemeral_encryption_filter skipped {{(pid=96268) ephemeral_encryption_filter /opt/stack/nova/nova/scheduler/request_filter.py:426}}
Jul 05 00:30:13.981567 np0000004544 nova-scheduler[96268]: DEBUG nova.scheduler.request_filter [None req-2b186618-546c-4b88-8860-87590a6c0b7f tempest-DeleteServersTestJSON-627620333 tempest-DeleteServersTestJSON-627620333-project-member] virtio_sound_filter skipped {{(pid=96268) virtio_sound_filter /opt/stack/nova/nova/scheduler/request_filter.py:460}}
Jul 05 00:30:13.981810 np0000004544 nova-scheduler[96268]: DEBUG nova.scheduler.request_filter [None req-2b186618-546c-4b88-8860-87590a6c0b7f tempest-DeleteServersTestJSON-627620333 tempest-DeleteServersTestJSON-627620333-project-member] tpm_secret_security_filter skipped {{(pid=96268) tpm_secret_security_filter /opt/stack/nova/nova/scheduler/request_filter.py:477}}
Jul 05 00:30:14.649498 np0000004544 nova-scheduler[96268]: INFO nova.utils [None req-2b186618-546c-4b88-8860-87590a6c0b7f tempest-DeleteServersTestJSON-627620333 tempest-DeleteServersTestJSON-627620333-project-member] The cell worker thread pool ForkProcess-1.cell_worker is initialized
Jul 05 00:30:14.649783 np0000004544 nova-scheduler[96268]: DEBUG oslo_concurrency.lockutils [None req-2b186618-546c-4b88-8860-87590a6c0b7f tempest-DeleteServersTestJSON-627620333 tempest-DeleteServersTestJSON-627620333-project-member] Acquiring lock "858437f1-11e0-4c59-9fa1-dfe4c59d2ebd" by "nova.context.set_target_cell..get_or_set_cached_cell_and_set_connections" {{(pid=96268) inner /opt/stack/data/venv/lib/python3.12/site-packages/oslo_concurrency/lockutils.py:511}}
Jul 05 00:30:14.649892 np0000004544 nova-scheduler[96268]: DEBUG oslo_concurrency.lockutils [None req-2b186618-546c-4b88-8860-87590a6c0b7f tempest-DeleteServersTestJSON-627620333 tempest-DeleteServersTestJSON-627620333-project-member] Lock "858437f1-11e0-4c59-9fa1-dfe4c59d2ebd" acquired by "nova.context.set_target_cell..get_or_set_cached_cell_and_set_connections" :: waited 0.000s {{(pid=96268) inner /opt/stack/data/venv/lib/python3.12/site-packages/oslo_concurrency/lockutils.py:524}}
Jul 05 00:30:14.652122 np0000004544 nova-scheduler[96268]: DEBUG oslo_concurrency.lockutils [None req-2b186618-546c-4b88-8860-87590a6c0b7f tempest-DeleteServersTestJSON-627620333 tempest-DeleteServersTestJSON-627620333-project-member] Lock "858437f1-11e0-4c59-9fa1-dfe4c59d2ebd" "released" by "nova.context.set_target_cell..get_or_set_cached_cell_and_set_connections" :: held 0.002s {{(pid=96268) inner /opt/stack/data/venv/lib/python3.12/site-packages/oslo_concurrency/lockutils.py:543}}
Jul 05 00:30:14.656399 np0000004544 nova-scheduler[96268]: INFO dbcounter [None req-2b186618-546c-4b88-8860-87590a6c0b7f tempest-DeleteServersTestJSON-627620333 tempest-DeleteServersTestJSON-627620333-project-member] Registered counter for database nova_cell1
Jul 05 00:30:14.707775 np0000004544 nova-scheduler[96268]: DEBUG oslo_db.sqlalchemy.engines [None req-2b186618-546c-4b88-8860-87590a6c0b7f tempest-DeleteServersTestJSON-627620333 tempest-DeleteServersTestJSON-627620333-project-member] MySQL server mode set to STRICT_TRANS_TABLES,STRICT_ALL_TABLES,NO_ZERO_IN_DATE,NO_ZERO_DATE,ERROR_FOR_DIVISION_BY_ZERO,TRADITIONAL,NO_ENGINE_SUBSTITUTION {{(pid=96268) _check_effective_sql_mode /opt/stack/data/venv/lib/python3.12/site-packages/oslo_db/sqlalchemy/engines.py:325}}
Jul 05 00:30:14.715885 np0000004544 nova-scheduler[96268]: DEBUG dbcounter [-] [96268] Writer thread running {{(pid=96268) stat_writer /opt/stack/data/venv/lib/python3.12/site-packages/dbcounter.py:102}}
Jul 05 00:30:14.727814 np0000004544 nova-scheduler[96268]: DEBUG oslo_db.sqlalchemy.engines [None req-2b186618-546c-4b88-8860-87590a6c0b7f tempest-DeleteServersTestJSON-627620333 tempest-DeleteServersTestJSON-627620333-project-member] Parent process 95074 forked (96268) with an open database connection, which is being discarded and recreated. {{(pid=96268) checkout /opt/stack/data/venv/lib/python3.12/site-packages/oslo_db/sqlalchemy/engines.py:402}}
Jul 05 00:30:14.789692 np0000004544 nova-scheduler[96268]: DEBUG dbcounter [-] [96268] Writer thread running {{(pid=96268) stat_writer /opt/stack/data/venv/lib/python3.12/site-packages/dbcounter.py:102}}
Jul 05 00:30:14.792531 np0000004544 nova-scheduler[96268]: DEBUG oslo_concurrency.lockutils [None req-2b186618-546c-4b88-8860-87590a6c0b7f tempest-DeleteServersTestJSON-627620333 tempest-DeleteServersTestJSON-627620333-project-member] Acquiring lock "858437f1-11e0-4c59-9fa1-dfe4c59d2ebd" by "nova.context.set_target_cell..get_or_set_cached_cell_and_set_connections" {{(pid=96268) inner /opt/stack/data/venv/lib/python3.12/site-packages/oslo_concurrency/lockutils.py:511}}
Jul 05 00:30:14.792683 np0000004544 nova-scheduler[96268]: DEBUG oslo_concurrency.lockutils [None req-2b186618-546c-4b88-8860-87590a6c0b7f tempest-DeleteServersTestJSON-627620333 tempest-DeleteServersTestJSON-627620333-project-member] Lock "858437f1-11e0-4c59-9fa1-dfe4c59d2ebd" acquired by "nova.context.set_target_cell..get_or_set_cached_cell_and_set_connections" :: waited 0.000s {{(pid=96268) inner /opt/stack/data/venv/lib/python3.12/site-packages/oslo_concurrency/lockutils.py:524}}
Jul 05 00:30:14.792796 np0000004544 nova-scheduler[96268]: DEBUG oslo_concurrency.lockutils [None req-2b186618-546c-4b88-8860-87590a6c0b7f tempest-DeleteServersTestJSON-627620333 tempest-DeleteServersTestJSON-627620333-project-member] Lock "858437f1-11e0-4c59-9fa1-dfe4c59d2ebd" "released" by "nova.context.set_target_cell..get_or_set_cached_cell_and_set_connections" :: held 0.000s {{(pid=96268) inner /opt/stack/data/venv/lib/python3.12/site-packages/oslo_concurrency/lockutils.py:543}}
Jul 05 00:30:14.798435 np0000004544 nova-scheduler[96268]: DEBUG oslo_concurrency.lockutils [None req-2b186618-546c-4b88-8860-87590a6c0b7f tempest-DeleteServersTestJSON-627620333 tempest-DeleteServersTestJSON-627620333-project-member] Acquiring lock "np0000004544-np0000004544" by "nova.scheduler.host_manager.HostState.update.._locked_update" {{(pid=96268) inner /opt/stack/data/venv/lib/python3.12/site-packages/oslo_concurrency/lockutils.py:511}}
Jul 05 00:30:14.798744 np0000004544 nova-scheduler[96268]: DEBUG oslo_concurrency.lockutils [None req-2b186618-546c-4b88-8860-87590a6c0b7f tempest-DeleteServersTestJSON-627620333 tempest-DeleteServersTestJSON-627620333-project-member] Lock "np0000004544-np0000004544" acquired by "nova.scheduler.host_manager.HostState.update.._locked_update" :: waited 0.000s {{(pid=96268) inner /opt/stack/data/venv/lib/python3.12/site-packages/oslo_concurrency/lockutils.py:524}}
Jul 05 00:30:14.800047 np0000004544 nova-scheduler[96268]: DEBUG nova.scheduler.host_manager [None req-2b186618-546c-4b88-8860-87590a6c0b7f tempest-DeleteServersTestJSON-627620333 tempest-DeleteServersTestJSON-627620333-project-member] Update host state from compute node: ComputeNode(cpu_allocation_ratio=4.0,cpu_info='{"arch": "x86_64", "model": "EPYC-Milan", "vendor": "AMD", "topology": {"cells": 1, "sockets": 16, "cores": 1, "threads": 1}, "maxphysaddr": {"mode": "emulate", "bits": 40}, "features": ["fsrm", "mmx", "svm", "amd-stibp", "bmi2", "cmp_legacy", "xsavec", "tsc", "umip", "pdpe1gb", "smap", "osvw", "vme", "de", "sep", "x2apic", "spec-ctrl", "cx16", "pclmuldq", "fma", "vgif", "adx", "amd-ssbd", "perfctr_core", "nx", "pse", "ssbd", "abm", "clzero", "svme-addr-chk", "v-vmsave-vmload", "virt-ssbd", "cr8legacy", "pause-filter", "clflush", "cmov", "rdctl-no", "pge", "rdpid", "sha-ni", "rdtscp", "xsaveopt", "xsaves", "pschange-mc-no", "topoext", "tsc_adjust", "null-sel-clr-base", "npt", "mds-no", "clwb", "ibpb", "amd-psfd", "sse4.1", "smep", "mce", "cx8", "sse2", "sse", "ssse3", "rdrand", "sse4a", "erms", "pku", "invpcid", "stibp-always-on", "tsc-deadline", "skip-l1dfl-vmentry", "popcnt", "ibrs", "flushbyasid", "rdseed", "avx", "sse4.2", "pcid", "gds-no", "lfence-always-serializing", "fxsr", "fsgsbase", "lbrv", "wbnoinvd", "arat", "nrip-save", "bmi1", "misalignsse", "lahf_lm", "tsc-scale", "3dnowprefetch", "msr", "avx2", "mtrr", "pat", "fpu", "arch-capabilities", "no-nested-data-bp", "hypervisor", "lm", "movbe", "clflushopt", "pse36", "aes", "pae", "pfthreshold", "fxsr_opt", "xgetbv1", "vpclmulqdq", "mca", "pni", "vmcb-clean", "xsave", "f16c", "mmxext", "xsaveerptr", "syscall", "vaes", "stibp", "apic"]}',created_at=2026-07-05T00:28:30Z,current_workload=0,deleted=False,deleted_at=None,disk_allocation_ratio=1.0,disk_available_least=74,free_disk_gb=95,free_ram_mb=63789,host='np0000004544',host_ip=10.4.3.248,hypervisor_hostname='np0000004544',hypervisor_type='QEMU',hypervisor_version=8002002,id=1,local_gb=95,local_gb_used=0,mapped=1,memory_mb=64301,memory_mb_used=512,metrics='[]',numa_topology='{"nova_object.name": "NUMATopology", "nova_object.namespace": "nova", "nova_object.version": "1.2", "nova_object.data": {"cells": [{"nova_object.name": "NUMACell", "nova_object.namespace": "nova", "nova_object.version": "1.5", "nova_object.data": {"id": 0, "cpuset": [0, 1, 2, 3, 4, 5, 6, 7, 8, 9, 10, 11, 12, 13, 14, 15], "pcpuset": [0, 1, 2, 3, 4, 5, 6, 7, 8, 9, 10, 11, 12, 13, 14, 15], "memory": 64301, "cpu_usage": 0, "memory_usage": 0, "pinned_cpus": [], "siblings": [[6], [12], [2], [15], [5], [11], [8], [14], [4], [1], [7], [10], [0], [13], [3], [9]], "mempages": [{"nova_object.name": "NUMAPagesTopology", "nova_object.namespace": "nova", "nova_object.version": "1.1", "nova_object.data": {"size_kb": 4, "total": 16461069, "used": 0, "reserved": 0}, "nova_object.changes": ["total", "reserved", "used", "size_kb"]}, {"nova_object.name": "NUMAPagesTopology", "nova_object.namespace": "nova", "nova_object.version": "1.1", "nova_object.data": {"size_kb": 2048, "total": 0, "used": 0, "reserved": 0}, "nova_object.changes": ["total", "reserved", "used", "size_kb"]}, {"nova_object.name": "NUMAPagesTopology", "nova_object.namespace": "nova", "nova_object.version": "1.1", "nova_object.data": {"size_kb": 1048576, "total": 0, "used": 0, "reserved": 0}, "nova_object.changes": ["total", "reserved", "used", "size_kb"]}], "network_metadata": {"nova_object.name": "NetworkMetadata", "nova_object.namespace": "nova", "nova_object.version": "1.0", "nova_object.data": {"physnets": [], "tunneled": false}, "nova_object.changes": ["physnets", "tunneled"]}, "socket": null}, "nova_object.changes": ["socket", "mempages", "memory", "cpuset", "id", "network_metadata", "cpu_usage", "pinned_cpus", "pcpuset", "siblings", "memory_usage"]}]}, "nova_object.changes": ["cells"]}',pci_device_pools=PciDevicePoolList,ram_allocation_ratio=1.0,running_vms=0,service_id=2,stats={failed_builds='0',uptime=' 00:29:14 up 25 min, 2 users, load average: 2.14, 1.72, 0.89
Jul 05 00:30:14.800047 np0000004544 nova-scheduler[96268]: '},supported_hv_specs=[HVSpec,HVSpec,HVSpec,HVSpec,HVSpec,HVSpec,HVSpec,HVSpec,HVSpec,HVSpec,HVSpec,HVSpec,HVSpec,HVSpec,HVSpec,HVSpec,HVSpec,HVSpec,HVSpec,HVSpec,HVSpec,HVSpec,HVSpec,HVSpec,HVSpec],updated_at=2026-07-05T00:29:16Z,uuid=234815e0-6e13-4d23-9446-7a364adbbd23,vcpus=16,vcpus_used=0) {{(pid=96268) _locked_update /opt/stack/nova/nova/scheduler/host_manager.py:168}}
Jul 05 00:30:14.802195 np0000004544 nova-scheduler[96268]: DEBUG nova.scheduler.host_manager [None req-2b186618-546c-4b88-8860-87590a6c0b7f tempest-DeleteServersTestJSON-627620333 tempest-DeleteServersTestJSON-627620333-project-member] Update host state with aggregates: [] {{(pid=96268) _locked_update /opt/stack/nova/nova/scheduler/host_manager.py:171}}
Jul 05 00:30:14.802195 np0000004544 nova-scheduler[96268]: DEBUG nova.scheduler.host_manager [None req-2b186618-546c-4b88-8860-87590a6c0b7f tempest-DeleteServersTestJSON-627620333 tempest-DeleteServersTestJSON-627620333-project-member] Update host state with service dict: {'id': 2, 'uuid': '84c7ac62-617e-4ca9-87ef-88ca5aa9e5d6', 'host': 'np0000004544', 'binary': 'nova-compute', 'topic': 'compute', 'report_count': 1, 'disabled': False, 'disabled_reason': None, 'last_seen_up': datetime.datetime(2026, 7, 5, 0, 28, 39, tzinfo=datetime.timezone.utc), 'forced_down': False, 'version': 72, 'created_at': datetime.datetime(2026, 7, 5, 0, 28, 28, tzinfo=datetime.timezone.utc), 'updated_at': datetime.datetime(2026, 7, 5, 0, 28, 39, tzinfo=datetime.timezone.utc), 'deleted_at': None, 'deleted': False} {{(pid=96268) _locked_update /opt/stack/nova/nova/scheduler/host_manager.py:174}}
Jul 05 00:30:14.802195 np0000004544 nova-scheduler[96268]: DEBUG nova.scheduler.host_manager [None req-2b186618-546c-4b88-8860-87590a6c0b7f tempest-DeleteServersTestJSON-627620333 tempest-DeleteServersTestJSON-627620333-project-member] Update host state with instances: [] {{(pid=96268) _locked_update /opt/stack/nova/nova/scheduler/host_manager.py:177}}
Jul 05 00:30:14.802195 np0000004544 nova-scheduler[96268]: DEBUG oslo_concurrency.lockutils [None req-2b186618-546c-4b88-8860-87590a6c0b7f tempest-DeleteServersTestJSON-627620333 tempest-DeleteServersTestJSON-627620333-project-member] Lock "np0000004544-np0000004544" "released" by "nova.scheduler.host_manager.HostState.update.._locked_update" :: held 0.003s {{(pid=96268) inner /opt/stack/data/venv/lib/python3.12/site-packages/oslo_concurrency/lockutils.py:543}}
Jul 05 00:30:14.802863 np0000004544 nova-scheduler[96268]: DEBUG nova.filters [None req-2b186618-546c-4b88-8860-87590a6c0b7f tempest-DeleteServersTestJSON-627620333 tempest-DeleteServersTestJSON-627620333-project-member] Starting with 1 host(s) {{(pid=96268) get_filtered_objects /opt/stack/nova/nova/filters.py:70}}
