Jul 05 00:28:09.837432 np0000004544 nova-conductor[98759]: DEBUG cotyledon.oslo_config_glue [-] profiler.enabled = False {{(pid=98759) log_opt_values /opt/stack/data/venv/lib/python3.12/site-packages/oslo_config/cfg.py:3253}}
Jul 05 00:28:09.837432 np0000004544 nova-conductor[98759]: DEBUG cotyledon.oslo_config_glue [-] profiler.es_doc_type = notification {{(pid=98759) log_opt_values /opt/stack/data/venv/lib/python3.12/site-packages/oslo_config/cfg.py:3253}}
Jul 05 00:28:09.837432 np0000004544 nova-conductor[98759]: DEBUG cotyledon.oslo_config_glue [-] profiler.es_scroll_size = 10000 {{(pid=98759) log_opt_values /opt/stack/data/venv/lib/python3.12/site-packages/oslo_config/cfg.py:3253}}
Jul 05 00:28:09.837432 np0000004544 nova-conductor[98759]: DEBUG cotyledon.oslo_config_glue [-] profiler.es_scroll_time = 2m {{(pid=98759) log_opt_values /opt/stack/data/venv/lib/python3.12/site-packages/oslo_config/cfg.py:3253}}
Jul 05 00:28:09.837432 np0000004544 nova-conductor[98759]: DEBUG cotyledon.oslo_config_glue [-] profiler.filter_error_trace = False {{(pid=98759) log_opt_values /opt/stack/data/venv/lib/python3.12/site-packages/oslo_config/cfg.py:3253}}
Jul 05 00:28:09.837432 np0000004544 nova-conductor[98759]: DEBUG cotyledon.oslo_config_glue [-] profiler.hmac_keys = **** {{(pid=98759) log_opt_values /opt/stack/data/venv/lib/python3.12/site-packages/oslo_config/cfg.py:3253}}
Jul 05 00:28:09.837432 np0000004544 nova-conductor[98759]: DEBUG cotyledon.oslo_config_glue [-] profiler.sentinel_service_name = mymaster {{(pid=98759) log_opt_values /opt/stack/data/venv/lib/python3.12/site-packages/oslo_config/cfg.py:3253}}
Jul 05 00:28:09.837661 np0000004544 nova-conductor[98759]: DEBUG cotyledon.oslo_config_glue [-] profiler.socket_timeout = 0.1 {{(pid=98759) log_opt_values /opt/stack/data/venv/lib/python3.12/site-packages/oslo_config/cfg.py:3253}}
Jul 05 00:28:09.837661 np0000004544 nova-conductor[98759]: DEBUG cotyledon.oslo_config_glue [-] profiler.trace_requests = False {{(pid=98759) log_opt_values /opt/stack/data/venv/lib/python3.12/site-packages/oslo_config/cfg.py:3253}}
Jul 05 00:28:09.837661 np0000004544 nova-conductor[98759]: DEBUG cotyledon.oslo_config_glue [-] profiler.trace_sqlalchemy = False {{(pid=98759) log_opt_values /opt/stack/data/venv/lib/python3.12/site-packages/oslo_config/cfg.py:3253}}
Jul 05 00:28:09.837661 np0000004544 nova-conductor[98759]: DEBUG cotyledon.oslo_config_glue [-] profiler_jaeger.process_tags = {} {{(pid=98759) log_opt_values /opt/stack/data/venv/lib/python3.12/site-packages/oslo_config/cfg.py:3253}}
Jul 05 00:28:09.837661 np0000004544 nova-conductor[98759]: DEBUG cotyledon.oslo_config_glue [-] profiler_jaeger.service_name_prefix = None {{(pid=98759) log_opt_values /opt/stack/data/venv/lib/python3.12/site-packages/oslo_config/cfg.py:3253}}
Jul 05 00:28:09.837661 np0000004544 nova-conductor[98759]: DEBUG cotyledon.oslo_config_glue [-] profiler_otlp.service_name_prefix = None {{(pid=98759) log_opt_values /opt/stack/data/venv/lib/python3.12/site-packages/oslo_config/cfg.py:3253}}
Jul 05 00:28:09.837661 np0000004544 nova-conductor[98759]: DEBUG cotyledon.oslo_config_glue [-] oslo_messaging_rabbit.amqp_auto_delete = False {{(pid=98759) log_opt_values /opt/stack/data/venv/lib/python3.12/site-packages/oslo_config/cfg.py:3253}}
Jul 05 00:28:09.837661 np0000004544 nova-conductor[98759]: DEBUG cotyledon.oslo_config_glue [-] oslo_messaging_rabbit.amqp_durable_queues = False {{(pid=98759) log_opt_values /opt/stack/data/venv/lib/python3.12/site-packages/oslo_config/cfg.py:3253}}
Jul 05 00:28:09.837661 np0000004544 nova-conductor[98759]: DEBUG cotyledon.oslo_config_glue [-] oslo_messaging_rabbit.conn_pool_min_size = 2 {{(pid=98759) log_opt_values /opt/stack/data/venv/lib/python3.12/site-packages/oslo_config/cfg.py:3253}}
Jul 05 00:28:09.837859 np0000004544 nova-conductor[98759]: DEBUG cotyledon.oslo_config_glue [-] oslo_messaging_rabbit.conn_pool_ttl = 1200 {{(pid=98759) log_opt_values /opt/stack/data/venv/lib/python3.12/site-packages/oslo_config/cfg.py:3253}}
Jul 05 00:28:09.837859 np0000004544 nova-conductor[98759]: DEBUG cotyledon.oslo_config_glue [-] oslo_messaging_rabbit.direct_mandatory_flag = True {{(pid=98759) log_opt_values /opt/stack/data/venv/lib/python3.12/site-packages/oslo_config/cfg.py:3253}}
Jul 05 00:28:09.837859 np0000004544 nova-conductor[98759]: DEBUG cotyledon.oslo_config_glue [-] oslo_messaging_rabbit.enable_cancel_on_failover = False {{(pid=98759) log_opt_values /opt/stack/data/venv/lib/python3.12/site-packages/oslo_config/cfg.py:3253}}
Jul 05 00:28:09.837859 np0000004544 nova-conductor[98759]: DEBUG cotyledon.oslo_config_glue [-] oslo_messaging_rabbit.heartbeat_rate = 3 {{(pid=98759) log_opt_values /opt/stack/data/venv/lib/python3.12/site-packages/oslo_config/cfg.py:3253}}
Jul 05 00:28:09.837859 np0000004544 nova-conductor[98759]: DEBUG cotyledon.oslo_config_glue [-] oslo_messaging_rabbit.heartbeat_timeout_threshold = 60 {{(pid=98759) log_opt_values /opt/stack/data/venv/lib/python3.12/site-packages/oslo_config/cfg.py:3253}}
Jul 05 00:28:09.837859 np0000004544 nova-conductor[98759]: DEBUG cotyledon.oslo_config_glue [-] oslo_messaging_rabbit.hostname = np0000004544 {{(pid=98759) log_opt_values /opt/stack/data/venv/lib/python3.12/site-packages/oslo_config/cfg.py:3253}}
Jul 05 00:28:09.837859 np0000004544 nova-conductor[98759]: DEBUG cotyledon.oslo_config_glue [-] oslo_messaging_rabbit.kombu_compression = None {{(pid=98759) log_opt_values /opt/stack/data/venv/lib/python3.12/site-packages/oslo_config/cfg.py:3253}}
Jul 05 00:28:09.837859 np0000004544 nova-conductor[98759]: DEBUG cotyledon.oslo_config_glue [-] oslo_messaging_rabbit.kombu_failover_strategy = round-robin {{(pid=98759) log_opt_values /opt/stack/data/venv/lib/python3.12/site-packages/oslo_config/cfg.py:3253}}
Jul 05 00:28:09.837859 np0000004544 nova-conductor[98759]: DEBUG cotyledon.oslo_config_glue [-] oslo_messaging_rabbit.kombu_missing_consumer_retry_timeout = 60 {{(pid=98759) log_opt_values /opt/stack/data/venv/lib/python3.12/site-packages/oslo_config/cfg.py:3253}}
Jul 05 00:28:09.838055 np0000004544 nova-conductor[98759]: DEBUG cotyledon.oslo_config_glue [-] oslo_messaging_rabbit.kombu_reconnect_delay = 1.0 {{(pid=98759) log_opt_values /opt/stack/data/venv/lib/python3.12/site-packages/oslo_config/cfg.py:3253}}
Jul 05 00:28:09.838055 np0000004544 nova-conductor[98759]: DEBUG cotyledon.oslo_config_glue [-] oslo_messaging_rabbit.kombu_reconnect_splay = 0.0 {{(pid=98759) log_opt_values /opt/stack/data/venv/lib/python3.12/site-packages/oslo_config/cfg.py:3253}}
Jul 05 00:28:09.838055 np0000004544 nova-conductor[98759]: DEBUG cotyledon.oslo_config_glue [-] oslo_messaging_rabbit.processname = nova-conductor {{(pid=98759) log_opt_values /opt/stack/data/venv/lib/python3.12/site-packages/oslo_config/cfg.py:3253}}
Jul 05 00:28:09.838055 np0000004544 nova-conductor[98759]: DEBUG cotyledon.oslo_config_glue [-] oslo_messaging_rabbit.rabbit_ha_queues = False {{(pid=98759) log_opt_values /opt/stack/data/venv/lib/python3.12/site-packages/oslo_config/cfg.py:3253}}
Jul 05 00:28:09.838055 np0000004544 nova-conductor[98759]: DEBUG cotyledon.oslo_config_glue [-] oslo_messaging_rabbit.rabbit_interval_max = 30 {{(pid=98759) log_opt_values /opt/stack/data/venv/lib/python3.12/site-packages/oslo_config/cfg.py:3253}}
Jul 05 00:28:09.838055 np0000004544 nova-conductor[98759]: DEBUG cotyledon.oslo_config_glue [-] oslo_messaging_rabbit.rabbit_login_method = AMQPLAIN {{(pid=98759) log_opt_values /opt/stack/data/venv/lib/python3.12/site-packages/oslo_config/cfg.py:3253}}
Jul 05 00:28:09.838055 np0000004544 nova-conductor[98759]: DEBUG cotyledon.oslo_config_glue [-] oslo_messaging_rabbit.rabbit_qos_prefetch_count = 0 {{(pid=98759) log_opt_values /opt/stack/data/venv/lib/python3.12/site-packages/oslo_config/cfg.py:3253}}
Jul 05 00:28:09.838055 np0000004544 nova-conductor[98759]: DEBUG cotyledon.oslo_config_glue [-] oslo_messaging_rabbit.rabbit_quorum_delivery_limit = 0 {{(pid=98759) log_opt_values /opt/stack/data/venv/lib/python3.12/site-packages/oslo_config/cfg.py:3253}}
Jul 05 00:28:09.838055 np0000004544 nova-conductor[98759]: DEBUG cotyledon.oslo_config_glue [-] oslo_messaging_rabbit.rabbit_quorum_max_memory_bytes = 0 {{(pid=98759) log_opt_values /opt/stack/data/venv/lib/python3.12/site-packages/oslo_config/cfg.py:3253}}
Jul 05 00:28:09.838248 np0000004544 nova-conductor[98759]: DEBUG cotyledon.oslo_config_glue [-] oslo_messaging_rabbit.rabbit_quorum_max_memory_length = 0 {{(pid=98759) log_opt_values /opt/stack/data/venv/lib/python3.12/site-packages/oslo_config/cfg.py:3253}}
Jul 05 00:28:09.838248 np0000004544 nova-conductor[98759]: DEBUG cotyledon.oslo_config_glue [-] oslo_messaging_rabbit.rabbit_quorum_queue = False {{(pid=98759) log_opt_values /opt/stack/data/venv/lib/python3.12/site-packages/oslo_config/cfg.py:3253}}
Jul 05 00:28:09.838248 np0000004544 nova-conductor[98759]: DEBUG cotyledon.oslo_config_glue [-] oslo_messaging_rabbit.rabbit_retry_backoff = 2 {{(pid=98759) log_opt_values /opt/stack/data/venv/lib/python3.12/site-packages/oslo_config/cfg.py:3253}}
Jul 05 00:28:09.838248 np0000004544 nova-conductor[98759]: DEBUG cotyledon.oslo_config_glue [-] oslo_messaging_rabbit.rabbit_retry_interval = 1 {{(pid=98759) log_opt_values /opt/stack/data/venv/lib/python3.12/site-packages/oslo_config/cfg.py:3253}}
Jul 05 00:28:09.838248 np0000004544 nova-conductor[98759]: DEBUG cotyledon.oslo_config_glue [-] oslo_messaging_rabbit.rabbit_stream_fanout = False {{(pid=98759) log_opt_values /opt/stack/data/venv/lib/python3.12/site-packages/oslo_config/cfg.py:3253}}
Jul 05 00:28:09.838248 np0000004544 nova-conductor[98759]: DEBUG cotyledon.oslo_config_glue [-] oslo_messaging_rabbit.rabbit_transient_queues_ttl = 1800 {{(pid=98759) log_opt_values /opt/stack/data/venv/lib/python3.12/site-packages/oslo_config/cfg.py:3253}}
Jul 05 00:28:09.838248 np0000004544 nova-conductor[98759]: DEBUG cotyledon.oslo_config_glue [-] oslo_messaging_rabbit.rabbit_transient_quorum_queue = False {{(pid=98759) log_opt_values /opt/stack/data/venv/lib/python3.12/site-packages/oslo_config/cfg.py:3253}}
Jul 05 00:28:09.838248 np0000004544 nova-conductor[98759]: DEBUG cotyledon.oslo_config_glue [-] oslo_messaging_rabbit.rpc_conn_pool_size = 30 {{(pid=98759) log_opt_values /opt/stack/data/venv/lib/python3.12/site-packages/oslo_config/cfg.py:3253}}
Jul 05 00:28:09.838248 np0000004544 nova-conductor[98759]: DEBUG cotyledon.oslo_config_glue [-] oslo_messaging_rabbit.ssl = False {{(pid=98759) log_opt_values /opt/stack/data/venv/lib/python3.12/site-packages/oslo_config/cfg.py:3253}}
Jul 05 00:28:09.838451 np0000004544 nova-conductor[98759]: DEBUG cotyledon.oslo_config_glue [-] oslo_messaging_rabbit.ssl_ca_file = {{(pid=98759) log_opt_values /opt/stack/data/venv/lib/python3.12/site-packages/oslo_config/cfg.py:3253}}
Jul 05 00:28:09.838451 np0000004544 nova-conductor[98759]: DEBUG cotyledon.oslo_config_glue [-] oslo_messaging_rabbit.ssl_cert_file = {{(pid=98759) log_opt_values /opt/stack/data/venv/lib/python3.12/site-packages/oslo_config/cfg.py:3253}}
Jul 05 00:28:09.838451 np0000004544 nova-conductor[98759]: DEBUG cotyledon.oslo_config_glue [-] oslo_messaging_rabbit.ssl_enforce_fips_mode = False {{(pid=98759) log_opt_values /opt/stack/data/venv/lib/python3.12/site-packages/oslo_config/cfg.py:3253}}
Jul 05 00:28:09.838451 np0000004544 nova-conductor[98759]: DEBUG cotyledon.oslo_config_glue [-] oslo_messaging_rabbit.ssl_enforce_hostname_verification = True {{(pid=98759) log_opt_values /opt/stack/data/venv/lib/python3.12/site-packages/oslo_config/cfg.py:3253}}
Jul 05 00:28:09.838451 np0000004544 nova-conductor[98759]: DEBUG cotyledon.oslo_config_glue [-] oslo_messaging_rabbit.ssl_key_file = {{(pid=98759) log_opt_values /opt/stack/data/venv/lib/python3.12/site-packages/oslo_config/cfg.py:3253}}
Jul 05 00:28:09.838451 np0000004544 nova-conductor[98759]: DEBUG cotyledon.oslo_config_glue [-] oslo_messaging_rabbit.ssl_version = {{(pid=98759) log_opt_values /opt/stack/data/venv/lib/python3.12/site-packages/oslo_config/cfg.py:3253}}
Jul 05 00:28:09.838451 np0000004544 nova-conductor[98759]: DEBUG cotyledon.oslo_config_glue [-] oslo_messaging_rabbit.use_queue_manager = False {{(pid=98759) log_opt_values /opt/stack/data/venv/lib/python3.12/site-packages/oslo_config/cfg.py:3253}}
Jul 05 00:28:09.838451 np0000004544 nova-conductor[98759]: DEBUG cotyledon.oslo_config_glue [-] oslo_messaging_notifications.driver = ['messagingv2'] {{(pid=98759) log_opt_values /opt/stack/data/venv/lib/python3.12/site-packages/oslo_config/cfg.py:3253}}
Jul 05 00:28:09.838451 np0000004544 nova-conductor[98759]: DEBUG cotyledon.oslo_config_glue [-] oslo_messaging_notifications.retry = -1 {{(pid=98759) log_opt_values /opt/stack/data/venv/lib/python3.12/site-packages/oslo_config/cfg.py:3253}}
Jul 05 00:28:09.838671 np0000004544 nova-conductor[98759]: DEBUG cotyledon.oslo_config_glue [-] oslo_messaging_notifications.topics = ['notifications'] {{(pid=98759) log_opt_values /opt/stack/data/venv/lib/python3.12/site-packages/oslo_config/cfg.py:3253}}
Jul 05 00:28:09.838671 np0000004544 nova-conductor[98759]: DEBUG cotyledon.oslo_config_glue [-] oslo_messaging_notifications.transport_url = **** {{(pid=98759) log_opt_values /opt/stack/data/venv/lib/python3.12/site-packages/oslo_config/cfg.py:3253}}
Jul 05 00:28:09.838671 np0000004544 nova-conductor[98759]: DEBUG cotyledon.oslo_config_glue [-] oslo_limit.auth_section = None {{(pid=98759) log_opt_values /opt/stack/data/venv/lib/python3.12/site-packages/oslo_config/cfg.py:3253}}
Jul 05 00:28:09.838671 np0000004544 nova-conductor[98759]: DEBUG cotyledon.oslo_config_glue [-] oslo_limit.auth_type = None {{(pid=98759) log_opt_values /opt/stack/data/venv/lib/python3.12/site-packages/oslo_config/cfg.py:3253}}
Jul 05 00:28:09.838671 np0000004544 nova-conductor[98759]: DEBUG cotyledon.oslo_config_glue [-] oslo_limit.cafile = None {{(pid=98759) log_opt_values /opt/stack/data/venv/lib/python3.12/site-packages/oslo_config/cfg.py:3253}}
Jul 05 00:28:09.838671 np0000004544 nova-conductor[98759]: DEBUG cotyledon.oslo_config_glue [-] oslo_limit.certfile = None {{(pid=98759) log_opt_values /opt/stack/data/venv/lib/python3.12/site-packages/oslo_config/cfg.py:3253}}
Jul 05 00:28:09.838671 np0000004544 nova-conductor[98759]: DEBUG cotyledon.oslo_config_glue [-] oslo_limit.collect_timing = False {{(pid=98759) log_opt_values /opt/stack/data/venv/lib/python3.12/site-packages/oslo_config/cfg.py:3253}}
Jul 05 00:28:09.838671 np0000004544 nova-conductor[98759]: DEBUG cotyledon.oslo_config_glue [-] oslo_limit.connect_retries = None {{(pid=98759) log_opt_values /opt/stack/data/venv/lib/python3.12/site-packages/oslo_config/cfg.py:3253}}
Jul 05 00:28:09.838671 np0000004544 nova-conductor[98759]: DEBUG cotyledon.oslo_config_glue [-] oslo_limit.connect_retry_delay = None {{(pid=98759) log_opt_values /opt/stack/data/venv/lib/python3.12/site-packages/oslo_config/cfg.py:3253}}
Jul 05 00:28:09.838858 np0000004544 nova-conductor[98759]: DEBUG cotyledon.oslo_config_glue [-] oslo_limit.endpoint_id = None {{(pid=98759) log_opt_values /opt/stack/data/venv/lib/python3.12/site-packages/oslo_config/cfg.py:3253}}
Jul 05 00:28:09.838858 np0000004544 nova-conductor[98759]: DEBUG cotyledon.oslo_config_glue [-] oslo_limit.endpoint_interface = public {{(pid=98759) log_opt_values /opt/stack/data/venv/lib/python3.12/site-packages/oslo_config/cfg.py:3253}}
Jul 05 00:28:09.838858 np0000004544 nova-conductor[98759]: DEBUG cotyledon.oslo_config_glue [-] oslo_limit.endpoint_override = None {{(pid=98759) log_opt_values /opt/stack/data/venv/lib/python3.12/site-packages/oslo_config/cfg.py:3253}}
Jul 05 00:28:09.838858 np0000004544 nova-conductor[98759]: DEBUG cotyledon.oslo_config_glue [-] oslo_limit.endpoint_region_name = None {{(pid=98759) log_opt_values /opt/stack/data/venv/lib/python3.12/site-packages/oslo_config/cfg.py:3253}}
Jul 05 00:28:09.838858 np0000004544 nova-conductor[98759]: DEBUG cotyledon.oslo_config_glue [-] oslo_limit.endpoint_service_name = None {{(pid=98759) log_opt_values /opt/stack/data/venv/lib/python3.12/site-packages/oslo_config/cfg.py:3253}}
Jul 05 00:28:09.838858 np0000004544 nova-conductor[98759]: DEBUG cotyledon.oslo_config_glue [-] oslo_limit.endpoint_service_type = None {{(pid=98759) log_opt_values /opt/stack/data/venv/lib/python3.12/site-packages/oslo_config/cfg.py:3253}}
Jul 05 00:28:09.838979 np0000004544 nova-conductor[98742]: DEBUG dbcounter [-] [98742] Writer thread running {{(pid=98742) stat_writer /opt/stack/data/venv/lib/python3.12/site-packages/dbcounter.py:102}}
Jul 05 00:28:09.839011 np0000004544 nova-conductor[98749]: DEBUG oslo_db.sqlalchemy.engines [None req-2f2f2bf3-7c1c-436a-833b-df0037244b5e None None] MySQL server mode set to STRICT_TRANS_TABLES,STRICT_ALL_TABLES,NO_ZERO_IN_DATE,NO_ZERO_DATE,ERROR_FOR_DIVISION_BY_ZERO,TRADITIONAL,NO_ENGINE_SUBSTITUTION {{(pid=98749) _check_effective_sql_mode /opt/stack/data/venv/lib/python3.12/site-packages/oslo_db/sqlalchemy/engines.py:325}}
Jul 05 00:28:09.839040 np0000004544 nova-conductor[98759]: DEBUG cotyledon.oslo_config_glue [-] oslo_limit.insecure = False {{(pid=98759) log_opt_values /opt/stack/data/venv/lib/python3.12/site-packages/oslo_config/cfg.py:3253}}
Jul 05 00:28:09.839040 np0000004544 nova-conductor[98759]: DEBUG cotyledon.oslo_config_glue [-] oslo_limit.keyfile = None {{(pid=98759) log_opt_values /opt/stack/data/venv/lib/python3.12/site-packages/oslo_config/cfg.py:3253}}
Jul 05 00:28:09.839040 np0000004544 nova-conductor[98759]: DEBUG cotyledon.oslo_config_glue [-] oslo_limit.max_version = None {{(pid=98759) log_opt_values /opt/stack/data/venv/lib/python3.12/site-packages/oslo_config/cfg.py:3253}}
Jul 05 00:28:09.839040 np0000004544 nova-conductor[98759]: DEBUG cotyledon.oslo_config_glue [-] oslo_limit.min_version = None {{(pid=98759) log_opt_values /opt/stack/data/venv/lib/python3.12/site-packages/oslo_config/cfg.py:3253}}
Jul 05 00:28:09.839040 np0000004544 nova-conductor[98759]: DEBUG cotyledon.oslo_config_glue [-] oslo_limit.region_name = None {{(pid=98759) log_opt_values /opt/stack/data/venv/lib/python3.12/site-packages/oslo_config/cfg.py:3253}}
Jul 05 00:28:09.839040 np0000004544 nova-conductor[98759]: DEBUG cotyledon.oslo_config_glue [-] oslo_limit.retriable_status_codes = None {{(pid=98759) log_opt_values /opt/stack/data/venv/lib/python3.12/site-packages/oslo_config/cfg.py:3253}}
Jul 05 00:28:09.839040 np0000004544 nova-conductor[98759]: DEBUG cotyledon.oslo_config_glue [-] oslo_limit.service_name = None {{(pid=98759) log_opt_values /opt/stack/data/venv/lib/python3.12/site-packages/oslo_config/cfg.py:3253}}
Jul 05 00:28:09.839040 np0000004544 nova-conductor[98759]: DEBUG cotyledon.oslo_config_glue [-] oslo_limit.service_type = None {{(pid=98759) log_opt_values /opt/stack/data/venv/lib/python3.12/site-packages/oslo_config/cfg.py:3253}}
Jul 05 00:28:09.839040 np0000004544 nova-conductor[98759]: DEBUG cotyledon.oslo_config_glue [-] oslo_limit.split_loggers = False {{(pid=98759) log_opt_values /opt/stack/data/venv/lib/python3.12/site-packages/oslo_config/cfg.py:3253}}
Jul 05 00:28:09.839227 np0000004544 nova-conductor[98759]: DEBUG cotyledon.oslo_config_glue [-] oslo_limit.status_code_retries = None {{(pid=98759) log_opt_values /opt/stack/data/venv/lib/python3.12/site-packages/oslo_config/cfg.py:3253}}
Jul 05 00:28:09.839227 np0000004544 nova-conductor[98759]: DEBUG cotyledon.oslo_config_glue [-] oslo_limit.status_code_retry_delay = None {{(pid=98759) log_opt_values /opt/stack/data/venv/lib/python3.12/site-packages/oslo_config/cfg.py:3253}}
Jul 05 00:28:09.839227 np0000004544 nova-conductor[98759]: DEBUG cotyledon.oslo_config_glue [-] oslo_limit.timeout = None {{(pid=98759) log_opt_values /opt/stack/data/venv/lib/python3.12/site-packages/oslo_config/cfg.py:3253}}
Jul 05 00:28:09.839227 np0000004544 nova-conductor[98759]: DEBUG cotyledon.oslo_config_glue [-] oslo_limit.valid_interfaces = None {{(pid=98759) log_opt_values /opt/stack/data/venv/lib/python3.12/site-packages/oslo_config/cfg.py:3253}}
Jul 05 00:28:09.839227 np0000004544 nova-conductor[98759]: DEBUG cotyledon.oslo_config_glue [-] oslo_limit.version = None {{(pid=98759) log_opt_values /opt/stack/data/venv/lib/python3.12/site-packages/oslo_config/cfg.py:3253}}
Jul 05 00:28:09.839227 np0000004544 nova-conductor[98759]: DEBUG cotyledon.oslo_config_glue [-] oslo_reports.file_event_handler = None {{(pid=98759) log_opt_values /opt/stack/data/venv/lib/python3.12/site-packages/oslo_config/cfg.py:3253}}
Jul 05 00:28:09.839227 np0000004544 nova-conductor[98759]: DEBUG cotyledon.oslo_config_glue [-] oslo_reports.file_event_handler_interval = 1 {{(pid=98759) log_opt_values /opt/stack/data/venv/lib/python3.12/site-packages/oslo_config/cfg.py:3253}}
Jul 05 00:28:09.839227 np0000004544 nova-conductor[98759]: DEBUG cotyledon.oslo_config_glue [-] oslo_reports.log_dir = None {{(pid=98759) log_opt_values /opt/stack/data/venv/lib/python3.12/site-packages/oslo_config/cfg.py:3253}}
Jul 05 00:28:09.839227 np0000004544 nova-conductor[98759]: DEBUG cotyledon.oslo_config_glue [-] ******************************************************************************** {{(pid=98759) log_opt_values /opt/stack/data/venv/lib/python3.12/site-packages/oslo_config/cfg.py:3260}}
Jul 05 00:28:09.839419 np0000004544 nova-conductor[98759]: DEBUG cotyledon._service_worker [-] Run service ServiceWrapper(3) [98759] {{(pid=98759) wait_forever /opt/stack/data/venv/lib/python3.12/site-packages/cotyledon/_service_worker.py:218}}
Jul 05 00:28:09.839419 np0000004544 nova-conductor[98759]: INFO nova.service [-] Starting conductor node (version 33.1.0)
Jul 05 00:28:09.839419 np0000004544 nova-conductor[98759]: INFO dbcounter [None req-0d122a43-ac62-4e05-a363-6d175ad0d0c5 None None] Registered counter for database nova_cell0
Jul 05 00:28:09.839515 np0000004544 nova-conductor[98749]: DEBUG dbcounter [-] [98749] Writer thread running {{(pid=98749) stat_writer /opt/stack/data/venv/lib/python3.12/site-packages/dbcounter.py:102}}
Jul 05 00:28:09.839546 np0000004544 nova-conductor[98742]: DEBUG nova.service [None req-40c4426d-a341-48a8-a7f9-b152a2a2c0df None None] Creating RPC server for service: nova-conductor on topic: conductor {{(pid=98742) start /opt/stack/nova/nova/service.py:196}}
Jul 05 00:28:09.839571 np0000004544 nova-conductor[98749]: DEBUG nova.service [None req-2f2f2bf3-7c1c-436a-833b-df0037244b5e None None] Creating RPC server for service: nova-conductor on topic: conductor {{(pid=98749) start /opt/stack/nova/nova/service.py:196}}
Jul 05 00:28:09.840227 np0000004544 nova-conductor[98753]: DEBUG oslo_db.sqlalchemy.engines [None req-91c184ac-2f0b-4a3d-89ef-99ef716155da None None] MySQL server mode set to STRICT_TRANS_TABLES,STRICT_ALL_TABLES,NO_ZERO_IN_DATE,NO_ZERO_DATE,ERROR_FOR_DIVISION_BY_ZERO,TRADITIONAL,NO_ENGINE_SUBSTITUTION {{(pid=98753) _check_effective_sql_mode /opt/stack/data/venv/lib/python3.12/site-packages/oslo_db/sqlalchemy/engines.py:325}}
Jul 05 00:28:09.850264 np0000004544 nova-conductor[98753]: DEBUG dbcounter [-] [98753] Writer thread running {{(pid=98753) stat_writer /opt/stack/data/venv/lib/python3.12/site-packages/dbcounter.py:102}}
Jul 05 00:28:09.852904 np0000004544 nova-conductor[98749]: DEBUG nova.service [None req-2f2f2bf3-7c1c-436a-833b-df0037244b5e None None] Join ServiceGroup membership for this service conductor {{(pid=98749) start /opt/stack/nova/nova/service.py:222}}
Jul 05 00:28:09.853066 np0000004544 nova-conductor[98753]: DEBUG nova.service [None req-91c184ac-2f0b-4a3d-89ef-99ef716155da None None] Creating RPC server for service: nova-conductor on topic: conductor {{(pid=98753) start /opt/stack/nova/nova/service.py:196}}
Jul 05 00:28:09.853127 np0000004544 nova-conductor[98749]: DEBUG nova.servicegroup.drivers.db [None req-2f2f2bf3-7c1c-436a-833b-df0037244b5e None None] DB_Driver: join new ServiceGroup member np0000004544 to the conductor group, service = {{(pid=98749) join /opt/stack/nova/nova/servicegroup/drivers/db.py:44}}
Jul 05 00:28:09.856198 np0000004544 nova-conductor[98759]: DEBUG oslo_db.sqlalchemy.engines [None req-0d122a43-ac62-4e05-a363-6d175ad0d0c5 None None] MySQL server mode set to STRICT_TRANS_TABLES,STRICT_ALL_TABLES,NO_ZERO_IN_DATE,NO_ZERO_DATE,ERROR_FOR_DIVISION_BY_ZERO,TRADITIONAL,NO_ENGINE_SUBSTITUTION {{(pid=98759) _check_effective_sql_mode /opt/stack/data/venv/lib/python3.12/site-packages/oslo_db/sqlalchemy/engines.py:325}}
Jul 05 00:28:09.856680 np0000004544 nova-conductor[98742]: DEBUG nova.service [None req-40c4426d-a341-48a8-a7f9-b152a2a2c0df None None] Join ServiceGroup membership for this service conductor {{(pid=98742) start /opt/stack/nova/nova/service.py:222}}
Jul 05 00:28:09.856913 np0000004544 nova-conductor[98742]: DEBUG nova.servicegroup.drivers.db [None req-40c4426d-a341-48a8-a7f9-b152a2a2c0df None None] DB_Driver: join new ServiceGroup member np0000004544 to the conductor group, service = {{(pid=98742) join /opt/stack/nova/nova/servicegroup/drivers/db.py:44}}
Jul 05 00:28:09.866285 np0000004544 nova-conductor[98759]: DEBUG dbcounter [-] [98759] Writer thread running {{(pid=98759) stat_writer /opt/stack/data/venv/lib/python3.12/site-packages/dbcounter.py:102}}
Jul 05 00:28:09.869054 np0000004544 nova-conductor[98759]: DEBUG nova.service [None req-0d122a43-ac62-4e05-a363-6d175ad0d0c5 None None] Creating RPC server for service: nova-conductor on topic: conductor {{(pid=98759) start /opt/stack/nova/nova/service.py:196}}
Jul 05 00:28:09.869866 np0000004544 nova-conductor[98753]: DEBUG nova.service [None req-91c184ac-2f0b-4a3d-89ef-99ef716155da None None] Join ServiceGroup membership for this service conductor {{(pid=98753) start /opt/stack/nova/nova/service.py:222}}
Jul 05 00:28:09.870024 np0000004544 nova-conductor[98753]: DEBUG nova.servicegroup.drivers.db [None req-91c184ac-2f0b-4a3d-89ef-99ef716155da None None] DB_Driver: join new ServiceGroup member np0000004544 to the conductor group, service = {{(pid=98753) join /opt/stack/nova/nova/servicegroup/drivers/db.py:44}}
Jul 05 00:28:09.887246 np0000004544 nova-conductor[98759]: DEBUG nova.service [None req-0d122a43-ac62-4e05-a363-6d175ad0d0c5 None None] Join ServiceGroup membership for this service conductor {{(pid=98759) start /opt/stack/nova/nova/service.py:222}}
Jul 05 00:28:09.887509 np0000004544 nova-conductor[98759]: DEBUG nova.servicegroup.drivers.db [None req-0d122a43-ac62-4e05-a363-6d175ad0d0c5 None None] DB_Driver: join new ServiceGroup member np0000004544 to the conductor group, service = {{(pid=98759) join /opt/stack/nova/nova/servicegroup/drivers/db.py:44}}
Jul 05 00:28:14.867677 np0000004544 nova-conductor[98749]: DEBUG oslo.service.backend._threading.loopingcall [-] Fixed interval looping call 'nova.servicegroup.drivers.db.DbDriver._report_state' sleeping for 119.99 seconds {{(pid=98749) _run_loop /opt/stack/data/venv/lib/python3.12/site-packages/oslo_service/backend/_threading/loopingcall.py:125}}
Jul 05 00:28:14.868114 np0000004544 nova-conductor[98742]: DEBUG oslo.service.backend._threading.loopingcall [-] Fixed interval looping call 'nova.servicegroup.drivers.db.DbDriver._report_state' sleeping for 119.99 seconds {{(pid=98742) _run_loop /opt/stack/data/venv/lib/python3.12/site-packages/oslo_service/backend/_threading/loopingcall.py:125}}
Jul 05 00:28:14.879446 np0000004544 nova-conductor[98753]: DEBUG oslo.service.backend._threading.loopingcall [-] Fixed interval looping call 'nova.servicegroup.drivers.db.DbDriver._report_state' sleeping for 119.99 seconds {{(pid=98753) _run_loop /opt/stack/data/venv/lib/python3.12/site-packages/oslo_service/backend/_threading/loopingcall.py:125}}
Jul 05 00:28:14.901056 np0000004544 nova-conductor[98759]: DEBUG oslo.service.backend._threading.loopingcall [-] Fixed interval looping call 'nova.servicegroup.drivers.db.DbDriver._report_state' sleeping for 119.99 seconds {{(pid=98759) _run_loop /opt/stack/data/venv/lib/python3.12/site-packages/oslo_service/backend/_threading/loopingcall.py:125}}
Jul 05 00:28:17.872062 np0000004544 nova-conductor[98753]: DEBUG oslo.service.backend._threading.loopingcall [None req-b7013932-6ced-4c26-b859-db29287f4db8 None None] Dynamic interval looping call 'nova.service.Service.periodic_tasks' sleeping for 60.00 seconds {{(pid=98753) _run_loop /opt/stack/data/venv/lib/python3.12/site-packages/oslo_service/backend/_threading/loopingcall.py:125}}
Jul 05 00:28:18.429641 np0000004544 nova-conductor[97276]: DEBUG dbcounter [-] [97276] Writing DB stats nova_api:SELECT=1 {{(pid=97276) stat_writer /opt/stack/data/venv/lib/python3.12/site-packages/dbcounter.py:115}}
Jul 05 00:28:18.563594 np0000004544 nova-conductor[97276]: DEBUG dbcounter [-] [97276] Writing DB stats nova_cell0:SELECT=1 {{(pid=97276) stat_writer /opt/stack/data/venv/lib/python3.12/site-packages/dbcounter.py:115}}
Jul 05 00:28:18.568741 np0000004544 nova-conductor[97276]: DEBUG dbcounter [-] [97276] Writing DB stats nova_cell1:SELECT=1 {{(pid=97276) stat_writer /opt/stack/data/venv/lib/python3.12/site-packages/dbcounter.py:115}}
Jul 05 00:28:24.863562 np0000004544 nova-conductor[98749]: DEBUG dbcounter [-] [98749] Writing DB stats nova_cell0:SELECT=5,nova_cell0:INSERT=1,nova_cell0:UPDATE=1 {{(pid=98749) stat_writer /opt/stack/data/venv/lib/python3.12/site-packages/dbcounter.py:115}}
Jul 05 00:28:24.866643 np0000004544 nova-conductor[98742]: DEBUG dbcounter [-] [98742] Writing DB stats nova_cell0:SELECT=4,nova_cell0:INSERT=1,nova_cell0:UPDATE=1 {{(pid=98742) stat_writer /opt/stack/data/venv/lib/python3.12/site-packages/dbcounter.py:115}}
Jul 05 00:28:24.877118 np0000004544 nova-conductor[98753]: DEBUG dbcounter [-] [98753] Writing DB stats nova_cell0:SELECT=3 {{(pid=98753) stat_writer /opt/stack/data/venv/lib/python3.12/site-packages/dbcounter.py:115}}
Jul 05 00:28:24.897731 np0000004544 nova-conductor[98759]: DEBUG dbcounter [-] [98759] Writing DB stats nova_cell0:SELECT=3 {{(pid=98759) stat_writer /opt/stack/data/venv/lib/python3.12/site-packages/dbcounter.py:115}}
Jul 05 00:28:31.889663 np0000004544 nova-conductor[98759]: DEBUG oslo.service.backend._threading.loopingcall [None req-ee977ebf-a30c-435e-9c1b-4ad4f9c8722d None None] Dynamic interval looping call 'nova.service.Service.periodic_tasks' sleeping for 60.00 seconds {{(pid=98759) _run_loop /opt/stack/data/venv/lib/python3.12/site-packages/oslo_service/backend/_threading/loopingcall.py:125}}
Jul 05 00:28:54.855514 np0000004544 nova-conductor[98749]: DEBUG oslo.service.backend._threading.loopingcall [None req-6d942bd2-24b6-49b8-a7ee-55f876e71293 None None] Dynamic interval looping call 'nova.service.Service.periodic_tasks' sleeping for 60.00 seconds {{(pid=98749) _run_loop /opt/stack/data/venv/lib/python3.12/site-packages/oslo_service/backend/_threading/loopingcall.py:125}}
Jul 05 00:29:08.859074 np0000004544 nova-conductor[98742]: DEBUG oslo.service.backend._threading.loopingcall [None req-d444a70d-53a3-4c70-ba9c-c1788111ecfd None None] Dynamic interval looping call 'nova.service.Service.periodic_tasks' sleeping for 60.00 seconds {{(pid=98742) _run_loop /opt/stack/data/venv/lib/python3.12/site-packages/oslo_service/backend/_threading/loopingcall.py:125}}
Jul 05 00:29:17.872723 np0000004544 nova-conductor[98753]: DEBUG oslo.service.backend._threading.loopingcall [None req-b7013932-6ced-4c26-b859-db29287f4db8 None None] Dynamic interval looping call 'nova.service.Service.periodic_tasks' sleeping for 60.00 seconds {{(pid=98753) _run_loop /opt/stack/data/venv/lib/python3.12/site-packages/oslo_service/backend/_threading/loopingcall.py:125}}
Jul 05 00:29:31.890079 np0000004544 nova-conductor[98759]: DEBUG oslo.service.backend._threading.loopingcall [None req-ee977ebf-a30c-435e-9c1b-4ad4f9c8722d None None] Dynamic interval looping call 'nova.service.Service.periodic_tasks' sleeping for 60.00 seconds {{(pid=98759) _run_loop /opt/stack/data/venv/lib/python3.12/site-packages/oslo_service/backend/_threading/loopingcall.py:125}}
Jul 05 00:29:54.855965 np0000004544 nova-conductor[98749]: DEBUG oslo.service.backend._threading.loopingcall [None req-6d942bd2-24b6-49b8-a7ee-55f876e71293 None None] Dynamic interval looping call 'nova.service.Service.periodic_tasks' sleeping for 60.00 seconds {{(pid=98749) _run_loop /opt/stack/data/venv/lib/python3.12/site-packages/oslo_service/backend/_threading/loopingcall.py:125}}
Jul 05 00:30:08.859581 np0000004544 nova-conductor[98742]: DEBUG oslo.service.backend._threading.loopingcall [None req-d444a70d-53a3-4c70-ba9c-c1788111ecfd None None] Dynamic interval looping call 'nova.service.Service.periodic_tasks' sleeping for 60.00 seconds {{(pid=98742) _run_loop /opt/stack/data/venv/lib/python3.12/site-packages/oslo_service/backend/_threading/loopingcall.py:125}}
Jul 05 00:30:13.880590 np0000004544 nova-conductor[98749]: DEBUG oslo_db.sqlalchemy.engines [None req-2b186618-546c-4b88-8860-87590a6c0b7f tempest-DeleteServersTestJSON-627620333 tempest-DeleteServersTestJSON-627620333-project-member] Parent process 97276 forked (98749) with an open database connection, which is being discarded and recreated. {{(pid=98749) checkout /opt/stack/data/venv/lib/python3.12/site-packages/oslo_db/sqlalchemy/engines.py:402}}
Jul 05 00:30:13.944127 np0000004544 nova-conductor[98749]: DEBUG dbcounter [-] [98749] Writer thread running {{(pid=98749) stat_writer /opt/stack/data/venv/lib/python3.12/site-packages/dbcounter.py:102}}
Jul 05 00:30:14.870419 np0000004544 nova-conductor[98749]: DEBUG oslo.service.backend._threading.loopingcall [-] Fixed interval looping call 'nova.servicegroup.drivers.db.DbDriver._report_state' sleeping for 119.99 seconds {{(pid=98749) _run_loop /opt/stack/data/venv/lib/python3.12/site-packages/oslo_service/backend/_threading/loopingcall.py:125}}
Jul 05 00:30:14.871392 np0000004544 nova-conductor[98742]: DEBUG oslo.service.backend._threading.loopingcall [-] Fixed interval looping call 'nova.servicegroup.drivers.db.DbDriver._report_state' sleeping for 119.99 seconds {{(pid=98742) _run_loop /opt/stack/data/venv/lib/python3.12/site-packages/oslo_service/backend/_threading/loopingcall.py:125}}
Jul 05 00:30:14.875161 np0000004544 nova-conductor[98753]: DEBUG oslo.service.backend._threading.loopingcall [-] Fixed interval looping call 'nova.servicegroup.drivers.db.DbDriver._report_state' sleeping for 119.99 seconds {{(pid=98753) _run_loop /opt/stack/data/venv/lib/python3.12/site-packages/oslo_service/backend/_threading/loopingcall.py:125}}
Jul 05 00:30:14.895269 np0000004544 nova-conductor[98759]: DEBUG oslo.service.backend._threading.loopingcall [-] Fixed interval looping call 'nova.servicegroup.drivers.db.DbDriver._report_state' sleeping for 120.00 seconds {{(pid=98759) _run_loop /opt/stack/data/venv/lib/python3.12/site-packages/oslo_service/backend/_threading/loopingcall.py:125}}
Jul 05 00:30:15.474892 np0000004544 nova-conductor[98749]: DEBUG nova.conductor.manager [None req-2b186618-546c-4b88-8860-87590a6c0b7f tempest-DeleteServersTestJSON-627620333 tempest-DeleteServersTestJSON-627620333-project-member] Took 1.53 seconds to select destinations for 1 instance(s). {{(pid=98749) _schedule_instances /opt/stack/nova/nova/conductor/manager.py:968}}
Jul 05 00:30:15.504004 np0000004544 nova-conductor[98749]: DEBUG oslo_concurrency.lockutils [None req-2b186618-546c-4b88-8860-87590a6c0b7f tempest-DeleteServersTestJSON-627620333 tempest-DeleteServersTestJSON-627620333-project-member] Acquiring lock "858437f1-11e0-4c59-9fa1-dfe4c59d2ebd" by "nova.context.set_target_cell..get_or_set_cached_cell_and_set_connections" {{(pid=98749) inner /opt/stack/data/venv/lib/python3.12/site-packages/oslo_concurrency/lockutils.py:511}}
Jul 05 00:30:15.504211 np0000004544 nova-conductor[98749]: DEBUG oslo_concurrency.lockutils [None req-2b186618-546c-4b88-8860-87590a6c0b7f tempest-DeleteServersTestJSON-627620333 tempest-DeleteServersTestJSON-627620333-project-member] Lock "858437f1-11e0-4c59-9fa1-dfe4c59d2ebd" acquired by "nova.context.set_target_cell..get_or_set_cached_cell_and_set_connections" :: waited 0.000s {{(pid=98749) inner /opt/stack/data/venv/lib/python3.12/site-packages/oslo_concurrency/lockutils.py:524}}
Jul 05 00:30:15.506288 np0000004544 nova-conductor[98749]: DEBUG oslo_concurrency.lockutils [None req-2b186618-546c-4b88-8860-87590a6c0b7f tempest-DeleteServersTestJSON-627620333 tempest-DeleteServersTestJSON-627620333-project-member] Lock "858437f1-11e0-4c59-9fa1-dfe4c59d2ebd" "released" by "nova.context.set_target_cell..get_or_set_cached_cell_and_set_connections" :: held 0.001s {{(pid=98749) inner /opt/stack/data/venv/lib/python3.12/site-packages/oslo_concurrency/lockutils.py:543}}
Jul 05 00:30:15.507801 np0000004544 nova-conductor[98749]: INFO dbcounter [None req-2b186618-546c-4b88-8860-87590a6c0b7f tempest-DeleteServersTestJSON-627620333 tempest-DeleteServersTestJSON-627620333-project-member] Registered counter for database nova_cell1
Jul 05 00:30:15.551420 np0000004544 nova-conductor[98749]: DEBUG oslo_db.sqlalchemy.engines [None req-2b186618-546c-4b88-8860-87590a6c0b7f tempest-DeleteServersTestJSON-627620333 tempest-DeleteServersTestJSON-627620333-project-member] MySQL server mode set to STRICT_TRANS_TABLES,STRICT_ALL_TABLES,NO_ZERO_IN_DATE,NO_ZERO_DATE,ERROR_FOR_DIVISION_BY_ZERO,TRADITIONAL,NO_ENGINE_SUBSTITUTION {{(pid=98749) _check_effective_sql_mode /opt/stack/data/venv/lib/python3.12/site-packages/oslo_db/sqlalchemy/engines.py:325}}
Jul 05 00:30:15.558785 np0000004544 nova-conductor[98749]: DEBUG dbcounter [-] [98749] Writer thread running {{(pid=98749) stat_writer /opt/stack/data/venv/lib/python3.12/site-packages/dbcounter.py:102}}
Jul 05 00:30:15.635388 np0000004544 nova-conductor[98749]: INFO nova.utils [None req-2b186618-546c-4b88-8860-87590a6c0b7f tempest-DeleteServersTestJSON-627620333 tempest-DeleteServersTestJSON-627620333-project-member] The cell worker thread pool ForkProcess-2.cell_worker is initialized
Jul 05 00:30:15.635787 np0000004544 nova-conductor[98749]: DEBUG oslo_concurrency.lockutils [None req-2b186618-546c-4b88-8860-87590a6c0b7f tempest-DeleteServersTestJSON-627620333 tempest-DeleteServersTestJSON-627620333-project-member] Acquiring lock "00000000-0000-0000-0000-000000000000" by "nova.context.set_target_cell..get_or_set_cached_cell_and_set_connections" {{(pid=98749) inner /opt/stack/data/venv/lib/python3.12/site-packages/oslo_concurrency/lockutils.py:511}}
Jul 05 00:30:15.635996 np0000004544 nova-conductor[98749]: DEBUG oslo_concurrency.lockutils [None req-2b186618-546c-4b88-8860-87590a6c0b7f tempest-DeleteServersTestJSON-627620333 tempest-DeleteServersTestJSON-627620333-project-member] Lock "00000000-0000-0000-0000-000000000000" acquired by "nova.context.set_target_cell..get_or_set_cached_cell_and_set_connections" :: waited 0.000s {{(pid=98749) inner /opt/stack/data/venv/lib/python3.12/site-packages/oslo_concurrency/lockutils.py:524}}
Jul 05 00:30:15.636484 np0000004544 nova-conductor[98749]: DEBUG oslo_concurrency.lockutils [None req-2b186618-546c-4b88-8860-87590a6c0b7f tempest-DeleteServersTestJSON-627620333 tempest-DeleteServersTestJSON-627620333-project-member] Lock "00000000-0000-0000-0000-000000000000" "released" by "nova.context.set_target_cell..get_or_set_cached_cell_and_set_connections" :: held 0.000s {{(pid=98749) inner /opt/stack/data/venv/lib/python3.12/site-packages/oslo_concurrency/lockutils.py:543}}
Jul 05 00:30:15.637213 np0000004544 nova-conductor[98749]: DEBUG oslo_concurrency.lockutils [None req-2b186618-546c-4b88-8860-87590a6c0b7f tempest-DeleteServersTestJSON-627620333 tempest-DeleteServersTestJSON-627620333-project-member] Acquiring lock "858437f1-11e0-4c59-9fa1-dfe4c59d2ebd" by "nova.context.set_target_cell..get_or_set_cached_cell_and_set_connections" {{(pid=98749) inner /opt/stack/data/venv/lib/python3.12/site-packages/oslo_concurrency/lockutils.py:511}}
Jul 05 00:30:15.638460 np0000004544 nova-conductor[98749]: INFO dbcounter [None req-2b186618-546c-4b88-8860-87590a6c0b7f tempest-DeleteServersTestJSON-627620333 tempest-DeleteServersTestJSON-627620333-project-member] Registered counter for database nova_cell0
Jul 05 00:30:15.639618 np0000004544 nova-conductor[98749]: DEBUG oslo_concurrency.lockutils [None req-2b186618-546c-4b88-8860-87590a6c0b7f tempest-DeleteServersTestJSON-627620333 tempest-DeleteServersTestJSON-627620333-project-member] Lock "858437f1-11e0-4c59-9fa1-dfe4c59d2ebd" acquired by "nova.context.set_target_cell..get_or_set_cached_cell_and_set_connections" :: waited 0.001s {{(pid=98749) inner /opt/stack/data/venv/lib/python3.12/site-packages/oslo_concurrency/lockutils.py:524}}
Jul 05 00:30:15.639735 np0000004544 nova-conductor[98749]: DEBUG oslo_concurrency.lockutils [None req-2b186618-546c-4b88-8860-87590a6c0b7f tempest-DeleteServersTestJSON-627620333 tempest-DeleteServersTestJSON-627620333-project-member] Lock "858437f1-11e0-4c59-9fa1-dfe4c59d2ebd" "released" by "nova.context.set_target_cell..get_or_set_cached_cell_and_set_connections" :: held 0.001s {{(pid=98749) inner /opt/stack/data/venv/lib/python3.12/site-packages/oslo_concurrency/lockutils.py:543}}
Jul 05 00:30:15.686834 np0000004544 nova-conductor[98749]: DEBUG oslo_db.sqlalchemy.engines [None req-2b186618-546c-4b88-8860-87590a6c0b7f tempest-DeleteServersTestJSON-627620333 tempest-DeleteServersTestJSON-627620333-project-member] MySQL server mode set to STRICT_TRANS_TABLES,STRICT_ALL_TABLES,NO_ZERO_IN_DATE,NO_ZERO_DATE,ERROR_FOR_DIVISION_BY_ZERO,TRADITIONAL,NO_ENGINE_SUBSTITUTION {{(pid=98749) _check_effective_sql_mode /opt/stack/data/venv/lib/python3.12/site-packages/oslo_db/sqlalchemy/engines.py:325}}
Jul 05 00:30:15.693001 np0000004544 nova-conductor[98749]: DEBUG dbcounter [-] [98749] Writer thread running {{(pid=98749) stat_writer /opt/stack/data/venv/lib/python3.12/site-packages/dbcounter.py:102}}
Jul 05 00:30:15.703185 np0000004544 nova-conductor[98749]: DEBUG nova.quota [None req-2b186618-546c-4b88-8860-87590a6c0b7f tempest-DeleteServersTestJSON-627620333 tempest-DeleteServersTestJSON-627620333-project-member] Getting quotas for project 9b57e062eef94e428244f93744a1eece. Resources: {'ram', 'cores', 'instances'} {{(pid=98749) _get_quotas /opt/stack/nova/nova/quota.py:389}}
Jul 05 00:30:15.707328 np0000004544 nova-conductor[98749]: DEBUG nova.quota [None req-2b186618-546c-4b88-8860-87590a6c0b7f tempest-DeleteServersTestJSON-627620333 tempest-DeleteServersTestJSON-627620333-project-member] Getting quotas for user bf117c0fb78b4a7880f370f83507a8ce and project 9b57e062eef94e428244f93744a1eece. Resources: {'ram', 'cores', 'instances'} {{(pid=98749) _get_quotas /opt/stack/nova/nova/quota.py:379}}
Jul 05 00:30:15.714631 np0000004544 nova-conductor[98749]: DEBUG nova.conductor.manager [None req-2b186618-546c-4b88-8860-87590a6c0b7f tempest-DeleteServersTestJSON-627620333 tempest-DeleteServersTestJSON-627620333-project-member] [instance: 50c19047-5e11-4c98-9d02-fdeeb910d882] Selected host: np0000004544; Selected node: np0000004544; Alternates: [] {{(pid=98749) schedule_and_build_instances /opt/stack/nova/nova/conductor/manager.py:1784}}
Jul 05 00:30:15.715190 np0000004544 nova-conductor[98749]: DEBUG oslo_concurrency.lockutils [None req-2b186618-546c-4b88-8860-87590a6c0b7f tempest-DeleteServersTestJSON-627620333 tempest-DeleteServersTestJSON-627620333-project-member] Acquiring lock "858437f1-11e0-4c59-9fa1-dfe4c59d2ebd" by "nova.context.set_target_cell..get_or_set_cached_cell_and_set_connections" {{(pid=98749) inner /opt/stack/data/venv/lib/python3.12/site-packages/oslo_concurrency/lockutils.py:511}}
Jul 05 00:30:15.715439 np0000004544 nova-conductor[98749]: DEBUG oslo_concurrency.lockutils [None req-2b186618-546c-4b88-8860-87590a6c0b7f tempest-DeleteServersTestJSON-627620333 tempest-DeleteServersTestJSON-627620333-project-member] Lock "858437f1-11e0-4c59-9fa1-dfe4c59d2ebd" acquired by "nova.context.set_target_cell..get_or_set_cached_cell_and_set_connections" :: waited 0.000s {{(pid=98749) inner /opt/stack/data/venv/lib/python3.12/site-packages/oslo_concurrency/lockutils.py:524}}
Jul 05 00:30:15.715532 np0000004544 nova-conductor[98749]: DEBUG oslo_concurrency.lockutils [None req-2b186618-546c-4b88-8860-87590a6c0b7f tempest-DeleteServersTestJSON-627620333 tempest-DeleteServersTestJSON-627620333-project-member] Lock "858437f1-11e0-4c59-9fa1-dfe4c59d2ebd" "released" by "nova.context.set_target_cell..get_or_set_cached_cell_and_set_connections" :: held 0.000s {{(pid=98749) inner /opt/stack/data/venv/lib/python3.12/site-packages/oslo_concurrency/lockutils.py:543}}
Jul 05 00:30:15.724003 np0000004544 nova-conductor[98749]: DEBUG nova.conductor.manager [None req-2b186618-546c-4b88-8860-87590a6c0b7f tempest-DeleteServersTestJSON-627620333 tempest-DeleteServersTestJSON-627620333-project-member] [instance: 50c19047-5e11-4c98-9d02-fdeeb910d882] block_device_mapping [BlockDeviceMapping(attachment_id=,boot_index=0,connection_info=None,created_at=,delete_on_termination=True,deleted=,deleted_at=,destination_type='local',device_name=None,device_type='disk',disk_bus=None,encrypted=False,encryption_format=None,encryption_options=None,encryption_secret_uuid=None,guest_format=None,id=,image_id='22c728c5-3e8e-407c-a1a2-60b3475b4b70',instance=,instance_uuid=,no_device=False,snapshot_id=None,source_type='image',tag=None,updated_at=,uuid=,volume_id=None,volume_size=None,volume_type=None)] {{(pid=98749) _create_block_device_mapping /opt/stack/nova/nova/conductor/manager.py:1529}}
Jul 05 00:30:15.725299 np0000004544 nova-conductor[98749]: DEBUG oslo_concurrency.lockutils [None req-2b186618-546c-4b88-8860-87590a6c0b7f tempest-DeleteServersTestJSON-627620333 tempest-DeleteServersTestJSON-627620333-project-member] Acquiring lock "858437f1-11e0-4c59-9fa1-dfe4c59d2ebd" by "nova.context.set_target_cell..get_or_set_cached_cell_and_set_connections" {{(pid=98749) inner /opt/stack/data/venv/lib/python3.12/site-packages/oslo_concurrency/lockutils.py:511}}
Jul 05 00:30:15.725457 np0000004544 nova-conductor[98749]: DEBUG oslo_concurrency.lockutils [None req-2b186618-546c-4b88-8860-87590a6c0b7f tempest-DeleteServersTestJSON-627620333 tempest-DeleteServersTestJSON-627620333-project-member] Lock "858437f1-11e0-4c59-9fa1-dfe4c59d2ebd" acquired by "nova.context.set_target_cell..get_or_set_cached_cell_and_set_connections" :: waited 0.000s {{(pid=98749) inner /opt/stack/data/venv/lib/python3.12/site-packages/oslo_concurrency/lockutils.py:524}}
Jul 05 00:30:15.725596 np0000004544 nova-conductor[98749]: DEBUG oslo_concurrency.lockutils [None req-2b186618-546c-4b88-8860-87590a6c0b7f tempest-DeleteServersTestJSON-627620333 tempest-DeleteServersTestJSON-627620333-project-member] Lock "858437f1-11e0-4c59-9fa1-dfe4c59d2ebd" "released" by "nova.context.set_target_cell..get_or_set_cached_cell_and_set_connections" :: held 0.000s {{(pid=98749) inner /opt/stack/data/venv/lib/python3.12/site-packages/oslo_concurrency/lockutils.py:543}}
Jul 05 00:30:15.767948 np0000004544 nova-conductor[98749]: DEBUG oslo_concurrency.lockutils [None req-2b186618-546c-4b88-8860-87590a6c0b7f tempest-DeleteServersTestJSON-627620333 tempest-DeleteServersTestJSON-627620333-project-member] Acquiring lock "858437f1-11e0-4c59-9fa1-dfe4c59d2ebd" by "nova.context.set_target_cell..get_or_set_cached_cell_and_set_connections" {{(pid=98749) inner /opt/stack/data/venv/lib/python3.12/site-packages/oslo_concurrency/lockutils.py:511}}
Jul 05 00:30:15.767948 np0000004544 nova-conductor[98749]: DEBUG oslo_concurrency.lockutils [None req-2b186618-546c-4b88-8860-87590a6c0b7f tempest-DeleteServersTestJSON-627620333 tempest-DeleteServersTestJSON-627620333-project-member] Lock "858437f1-11e0-4c59-9fa1-dfe4c59d2ebd" acquired by "nova.context.set_target_cell..get_or_set_cached_cell_and_set_connections" :: waited 0.000s {{(pid=98749) inner /opt/stack/data/venv/lib/python3.12/site-packages/oslo_concurrency/lockutils.py:524}}
Jul 05 00:30:15.767948 np0000004544 nova-conductor[98749]: DEBUG oslo_concurrency.lockutils [None req-2b186618-546c-4b88-8860-87590a6c0b7f tempest-DeleteServersTestJSON-627620333 tempest-DeleteServersTestJSON-627620333-project-member] Lock "858437f1-11e0-4c59-9fa1-dfe4c59d2ebd" "released" by "nova.context.set_target_cell..get_or_set_cached_cell_and_set_connections" :: held 0.000s {{(pid=98749) inner /opt/stack/data/venv/lib/python3.12/site-packages/oslo_concurrency/lockutils.py:543}}
Jul 05 00:30:15.768280 np0000004544 nova-conductor[98749]: DEBUG oslo_concurrency.lockutils [None req-2b186618-546c-4b88-8860-87590a6c0b7f tempest-DeleteServersTestJSON-627620333 tempest-DeleteServersTestJSON-627620333-project-member] Acquiring lock "compute-rpcapi-router" {{(pid=98749) lock /opt/stack/data/venv/lib/python3.12/site-packages/oslo_concurrency/lockutils.py:395}}
Jul 05 00:30:15.768280 np0000004544 nova-conductor[98749]: DEBUG oslo_concurrency.lockutils [None req-2b186618-546c-4b88-8860-87590a6c0b7f tempest-DeleteServersTestJSON-627620333 tempest-DeleteServersTestJSON-627620333-project-member] Acquired lock "compute-rpcapi-router" {{(pid=98749) lock /opt/stack/data/venv/lib/python3.12/site-packages/oslo_concurrency/lockutils.py:398}}
Jul 05 00:30:15.768718 np0000004544 nova-conductor[98749]: DEBUG oslo_concurrency.lockutils [None req-dde04b84-f268-4368-ad7f-faf6c43bf13a None None] Acquiring lock "00000000-0000-0000-0000-000000000000" by "nova.context.set_target_cell..get_or_set_cached_cell_and_set_connections" {{(pid=98749) inner /opt/stack/data/venv/lib/python3.12/site-packages/oslo_concurrency/lockutils.py:511}}
Jul 05 00:30:15.768718 np0000004544 nova-conductor[98749]: DEBUG oslo_concurrency.lockutils [None req-dde04b84-f268-4368-ad7f-faf6c43bf13a None None] Lock "00000000-0000-0000-0000-000000000000" acquired by "nova.context.set_target_cell..get_or_set_cached_cell_and_set_connections" :: waited 0.000s {{(pid=98749) inner /opt/stack/data/venv/lib/python3.12/site-packages/oslo_concurrency/lockutils.py:524}}
