May 12 19:31:02.757457 np0000000633 nova-conductor[98046]: DEBUG cotyledon.oslo_config_glue [-] oslo_messaging_rabbit.ssl_key_file = {{(pid=98046) log_opt_values /opt/stack/data/venv/lib/python3.12/site-packages/oslo_config/cfg.py:3006}}
May 12 19:31:02.757457 np0000000633 nova-conductor[98046]: DEBUG cotyledon.oslo_config_glue [-] oslo_messaging_rabbit.ssl_version = {{(pid=98046) log_opt_values /opt/stack/data/venv/lib/python3.12/site-packages/oslo_config/cfg.py:3006}}
May 12 19:31:02.757457 np0000000633 nova-conductor[98046]: DEBUG cotyledon.oslo_config_glue [-] oslo_messaging_rabbit.use_queue_manager = False {{(pid=98046) log_opt_values /opt/stack/data/venv/lib/python3.12/site-packages/oslo_config/cfg.py:3006}}
May 12 19:31:02.757457 np0000000633 nova-conductor[98046]: DEBUG cotyledon.oslo_config_glue [-] oslo_messaging_notifications.driver = ['messagingv2'] {{(pid=98046) log_opt_values /opt/stack/data/venv/lib/python3.12/site-packages/oslo_config/cfg.py:3006}}
May 12 19:31:02.757554 np0000000633 nova-conductor[98046]: DEBUG cotyledon.oslo_config_glue [-] oslo_messaging_notifications.retry = -1 {{(pid=98046) log_opt_values /opt/stack/data/venv/lib/python3.12/site-packages/oslo_config/cfg.py:3006}}
May 12 19:31:02.757554 np0000000633 nova-conductor[98046]: DEBUG cotyledon.oslo_config_glue [-] oslo_messaging_notifications.topics = ['notifications'] {{(pid=98046) log_opt_values /opt/stack/data/venv/lib/python3.12/site-packages/oslo_config/cfg.py:3006}}
May 12 19:31:02.757633 np0000000633 nova-conductor[98046]: DEBUG cotyledon.oslo_config_glue [-] oslo_messaging_notifications.transport_url = **** {{(pid=98046) log_opt_values /opt/stack/data/venv/lib/python3.12/site-packages/oslo_config/cfg.py:3006}}
May 12 19:31:02.757772 np0000000633 nova-conductor[98046]: DEBUG cotyledon.oslo_config_glue [-] oslo_limit.auth_section = None {{(pid=98046) log_opt_values /opt/stack/data/venv/lib/python3.12/site-packages/oslo_config/cfg.py:3006}}
May 12 19:31:02.757803 np0000000633 nova-conductor[98046]: DEBUG cotyledon.oslo_config_glue [-] oslo_limit.auth_type = None {{(pid=98046) log_opt_values /opt/stack/data/venv/lib/python3.12/site-packages/oslo_config/cfg.py:3006}}
May 12 19:31:02.757869 np0000000633 nova-conductor[98046]: DEBUG cotyledon.oslo_config_glue [-] oslo_limit.cafile = None {{(pid=98046) log_opt_values /opt/stack/data/venv/lib/python3.12/site-packages/oslo_config/cfg.py:3006}}
May 12 19:31:02.757990 np0000000633 nova-conductor[98046]: DEBUG cotyledon.oslo_config_glue [-] oslo_limit.certfile = None {{(pid=98046) log_opt_values /opt/stack/data/venv/lib/python3.12/site-packages/oslo_config/cfg.py:3006}}
May 12 19:31:02.758469 np0000000633 nova-conductor[98046]: DEBUG cotyledon.oslo_config_glue [-] oslo_limit.collect_timing = False {{(pid=98046) log_opt_values /opt/stack/data/venv/lib/python3.12/site-packages/oslo_config/cfg.py:3006}}
May 12 19:31:02.758588 np0000000633 nova-conductor[98046]: DEBUG cotyledon.oslo_config_glue [-] oslo_limit.connect_retries = None {{(pid=98046) log_opt_values /opt/stack/data/venv/lib/python3.12/site-packages/oslo_config/cfg.py:3006}}
May 12 19:31:02.758669 np0000000633 nova-conductor[98046]: DEBUG cotyledon.oslo_config_glue [-] oslo_limit.connect_retry_delay = None {{(pid=98046) log_opt_values /opt/stack/data/venv/lib/python3.12/site-packages/oslo_config/cfg.py:3006}}
May 12 19:31:02.758750 np0000000633 nova-conductor[98046]: DEBUG cotyledon.oslo_config_glue [-] oslo_limit.endpoint_id = None {{(pid=98046) log_opt_values /opt/stack/data/venv/lib/python3.12/site-packages/oslo_config/cfg.py:3006}}
May 12 19:31:02.758830 np0000000633 nova-conductor[98046]: DEBUG cotyledon.oslo_config_glue [-] oslo_limit.endpoint_interface = public {{(pid=98046) log_opt_values /opt/stack/data/venv/lib/python3.12/site-packages/oslo_config/cfg.py:3006}}
May 12 19:31:02.758921 np0000000633 nova-conductor[98046]: DEBUG cotyledon.oslo_config_glue [-] oslo_limit.endpoint_override = None {{(pid=98046) log_opt_values /opt/stack/data/venv/lib/python3.12/site-packages/oslo_config/cfg.py:3006}}
May 12 19:31:02.759002 np0000000633 nova-conductor[98046]: DEBUG cotyledon.oslo_config_glue [-] oslo_limit.endpoint_region_name = None {{(pid=98046) log_opt_values /opt/stack/data/venv/lib/python3.12/site-packages/oslo_config/cfg.py:3006}}
May 12 19:31:02.759100 np0000000633 nova-conductor[98046]: DEBUG cotyledon.oslo_config_glue [-] oslo_limit.endpoint_service_name = None {{(pid=98046) log_opt_values /opt/stack/data/venv/lib/python3.12/site-packages/oslo_config/cfg.py:3006}}
May 12 19:31:02.759180 np0000000633 nova-conductor[98046]: DEBUG cotyledon.oslo_config_glue [-] oslo_limit.endpoint_service_type = None {{(pid=98046) log_opt_values /opt/stack/data/venv/lib/python3.12/site-packages/oslo_config/cfg.py:3006}}
May 12 19:31:02.759255 np0000000633 nova-conductor[98046]: DEBUG cotyledon.oslo_config_glue [-] oslo_limit.insecure = False {{(pid=98046) log_opt_values /opt/stack/data/venv/lib/python3.12/site-packages/oslo_config/cfg.py:3006}}
May 12 19:31:02.759329 np0000000633 nova-conductor[98046]: DEBUG cotyledon.oslo_config_glue [-] oslo_limit.keyfile = None {{(pid=98046) log_opt_values /opt/stack/data/venv/lib/python3.12/site-packages/oslo_config/cfg.py:3006}}
May 12 19:31:02.759466 np0000000633 nova-conductor[98046]: DEBUG cotyledon.oslo_config_glue [-] oslo_limit.max_version = None {{(pid=98046) log_opt_values /opt/stack/data/venv/lib/python3.12/site-packages/oslo_config/cfg.py:3006}}
May 12 19:31:02.759542 np0000000633 nova-conductor[98046]: DEBUG cotyledon.oslo_config_glue [-] oslo_limit.min_version = None {{(pid=98046) log_opt_values /opt/stack/data/venv/lib/python3.12/site-packages/oslo_config/cfg.py:3006}}
May 12 19:31:02.759679 np0000000633 nova-conductor[98046]: DEBUG cotyledon.oslo_config_glue [-] oslo_limit.region_name = None {{(pid=98046) log_opt_values /opt/stack/data/venv/lib/python3.12/site-packages/oslo_config/cfg.py:3006}}
May 12 19:31:02.759751 np0000000633 nova-conductor[98046]: DEBUG cotyledon.oslo_config_glue [-] oslo_limit.retriable_status_codes = None {{(pid=98046) log_opt_values /opt/stack/data/venv/lib/python3.12/site-packages/oslo_config/cfg.py:3006}}
May 12 19:31:02.759839 np0000000633 nova-conductor[98046]: DEBUG cotyledon.oslo_config_glue [-] oslo_limit.service_name = None {{(pid=98046) log_opt_values /opt/stack/data/venv/lib/python3.12/site-packages/oslo_config/cfg.py:3006}}
May 12 19:31:02.759909 np0000000633 nova-conductor[98046]: DEBUG cotyledon.oslo_config_glue [-] oslo_limit.service_type = None {{(pid=98046) log_opt_values /opt/stack/data/venv/lib/python3.12/site-packages/oslo_config/cfg.py:3006}}
May 12 19:31:02.759978 np0000000633 nova-conductor[98046]: DEBUG cotyledon.oslo_config_glue [-] oslo_limit.split_loggers = False {{(pid=98046) log_opt_values /opt/stack/data/venv/lib/python3.12/site-packages/oslo_config/cfg.py:3006}}
May 12 19:31:02.760041 np0000000633 nova-conductor[98046]: DEBUG cotyledon.oslo_config_glue [-] oslo_limit.status_code_retries = None {{(pid=98046) log_opt_values /opt/stack/data/venv/lib/python3.12/site-packages/oslo_config/cfg.py:3006}}
May 12 19:31:02.760116 np0000000633 nova-conductor[98046]: DEBUG cotyledon.oslo_config_glue [-] oslo_limit.status_code_retry_delay = None {{(pid=98046) log_opt_values /opt/stack/data/venv/lib/python3.12/site-packages/oslo_config/cfg.py:3006}}
May 12 19:31:02.760185 np0000000633 nova-conductor[98046]: DEBUG cotyledon.oslo_config_glue [-] oslo_limit.timeout = None {{(pid=98046) log_opt_values /opt/stack/data/venv/lib/python3.12/site-packages/oslo_config/cfg.py:3006}}
May 12 19:31:02.760262 np0000000633 nova-conductor[98046]: DEBUG cotyledon.oslo_config_glue [-] oslo_limit.valid_interfaces = None {{(pid=98046) log_opt_values /opt/stack/data/venv/lib/python3.12/site-packages/oslo_config/cfg.py:3006}}
May 12 19:31:02.760330 np0000000633 nova-conductor[98046]: DEBUG cotyledon.oslo_config_glue [-] oslo_limit.version = None {{(pid=98046) log_opt_values /opt/stack/data/venv/lib/python3.12/site-packages/oslo_config/cfg.py:3006}}
May 12 19:31:02.760358 np0000000633 nova-conductor[98048]: DEBUG oslo_db.sqlalchemy.engines [None req-e64d4a2e-6e1f-4240-a565-a5d20c92b60c None None] MySQL server mode set to STRICT_TRANS_TABLES,STRICT_ALL_TABLES,NO_ZERO_IN_DATE,NO_ZERO_DATE,ERROR_FOR_DIVISION_BY_ZERO,TRADITIONAL,NO_ENGINE_SUBSTITUTION {{(pid=98048) _check_effective_sql_mode /opt/stack/data/venv/lib/python3.12/site-packages/oslo_db/sqlalchemy/engines.py:325}}
May 12 19:31:02.760434 np0000000633 nova-conductor[98046]: DEBUG cotyledon.oslo_config_glue [-] oslo_reports.file_event_handler = None {{(pid=98046) log_opt_values /opt/stack/data/venv/lib/python3.12/site-packages/oslo_config/cfg.py:3006}}
May 12 19:31:02.760533 np0000000633 nova-conductor[98046]: DEBUG cotyledon.oslo_config_glue [-] oslo_reports.file_event_handler_interval = 1 {{(pid=98046) log_opt_values /opt/stack/data/venv/lib/python3.12/site-packages/oslo_config/cfg.py:3006}}
May 12 19:31:02.760617 np0000000633 nova-conductor[98046]: DEBUG cotyledon.oslo_config_glue [-] oslo_reports.log_dir = None {{(pid=98046) log_opt_values /opt/stack/data/venv/lib/python3.12/site-packages/oslo_config/cfg.py:3006}}
May 12 19:31:02.760690 np0000000633 nova-conductor[98046]: DEBUG cotyledon.oslo_config_glue [-] ******************************************************************************** {{(pid=98046) log_opt_values /opt/stack/data/venv/lib/python3.12/site-packages/oslo_config/cfg.py:3013}}
May 12 19:31:02.760879 np0000000633 nova-conductor[98046]: DEBUG cotyledon._service_worker [-] Run service ServiceWrapper(1) [98046] {{(pid=98046) wait_forever /opt/stack/data/venv/lib/python3.12/site-packages/cotyledon/_service_worker.py:218}}
May 12 19:31:02.762073 np0000000633 nova-conductor[98046]: INFO nova.service [-] Starting conductor node (version 33.1.0)
May 12 19:31:02.765789 np0000000633 nova-conductor[98046]: INFO dbcounter [None req-60345199-ff4e-4bab-aa9a-6a653976961c None None] Registered counter for database nova_cell0
May 12 19:31:02.765936 np0000000633 nova-conductor[98044]: DEBUG nova.service [None req-223aa2d3-ed39-4ad0-8b2a-a8d083dc4e46 None None] Join ServiceGroup membership for this service conductor {{(pid=98044) start /opt/stack/nova/nova/service.py:221}}
May 12 19:31:02.766088 np0000000633 nova-conductor[98044]: DEBUG nova.servicegroup.drivers.db [None req-223aa2d3-ed39-4ad0-8b2a-a8d083dc4e46 None None] DB_Driver: join new ServiceGroup member np0000000633 to the conductor group, service = {{(pid=98044) join /opt/stack/nova/nova/servicegroup/drivers/db.py:44}}
May 12 19:31:02.770844 np0000000633 nova-conductor[98048]: DEBUG dbcounter [-] [98048] Writer thread running {{(pid=98048) stat_writer /opt/stack/data/venv/lib/python3.12/site-packages/dbcounter.py:102}}
May 12 19:31:02.771292 np0000000633 nova-conductor[98046]: DEBUG oslo_db.sqlalchemy.engines [None req-60345199-ff4e-4bab-aa9a-6a653976961c None None] MySQL server mode set to STRICT_TRANS_TABLES,STRICT_ALL_TABLES,NO_ZERO_IN_DATE,NO_ZERO_DATE,ERROR_FOR_DIVISION_BY_ZERO,TRADITIONAL,NO_ENGINE_SUBSTITUTION {{(pid=98046) _check_effective_sql_mode /opt/stack/data/venv/lib/python3.12/site-packages/oslo_db/sqlalchemy/engines.py:325}}
May 12 19:31:02.773226 np0000000633 nova-conductor[98048]: DEBUG nova.service [None req-e64d4a2e-6e1f-4240-a565-a5d20c92b60c None None] Creating RPC server for service: nova-conductor on topic: conductor {{(pid=98048) start /opt/stack/nova/nova/service.py:195}}
May 12 19:31:02.782167 np0000000633 nova-conductor[98046]: DEBUG dbcounter [-] [98046] Writer thread running {{(pid=98046) stat_writer /opt/stack/data/venv/lib/python3.12/site-packages/dbcounter.py:102}}
May 12 19:31:02.785292 np0000000633 nova-conductor[98046]: DEBUG nova.service [None req-60345199-ff4e-4bab-aa9a-6a653976961c None None] Creating RPC server for service: nova-conductor on topic: conductor {{(pid=98046) start /opt/stack/nova/nova/service.py:195}}
May 12 19:31:02.789471 np0000000633 nova-conductor[98048]: DEBUG nova.service [None req-e64d4a2e-6e1f-4240-a565-a5d20c92b60c None None] Join ServiceGroup membership for this service conductor {{(pid=98048) start /opt/stack/nova/nova/service.py:221}}
May 12 19:31:02.789618 np0000000633 nova-conductor[98048]: DEBUG nova.servicegroup.drivers.db [None req-e64d4a2e-6e1f-4240-a565-a5d20c92b60c None None] DB_Driver: join new ServiceGroup member np0000000633 to the conductor group, service = {{(pid=98048) join /opt/stack/nova/nova/servicegroup/drivers/db.py:44}}
May 12 19:31:02.807895 np0000000633 nova-conductor[98046]: DEBUG nova.service [None req-60345199-ff4e-4bab-aa9a-6a653976961c None None] Join ServiceGroup membership for this service conductor {{(pid=98046) start /opt/stack/nova/nova/service.py:221}}
May 12 19:31:02.808090 np0000000633 nova-conductor[98046]: DEBUG nova.servicegroup.drivers.db [None req-60345199-ff4e-4bab-aa9a-6a653976961c None None] DB_Driver: join new ServiceGroup member np0000000633 to the conductor group, service = {{(pid=98046) join /opt/stack/nova/nova/servicegroup/drivers/db.py:44}}
May 12 19:31:06.768439 np0000000633 nova-conductor[98044]: DEBUG oslo.service.backend._threading.loopingcall [None req-7492c29c-2922-447d-869c-83003ee9274c None None] Dynamic interval looping call 'nova.service.Service.periodic_tasks' sleeping for 60.00 seconds {{(pid=98044) _run_loop /opt/stack/data/venv/lib/python3.12/site-packages/oslo_service/backend/_threading/loopingcall.py:125}}
May 12 19:31:07.786445 np0000000633 nova-conductor[98044]: DEBUG oslo.service.backend._threading.loopingcall [-] Fixed interval looping call 'nova.servicegroup.drivers.db.DbDriver._report_state' sleeping for 119.98 seconds {{(pid=98044) _run_loop /opt/stack/data/venv/lib/python3.12/site-packages/oslo_service/backend/_threading/loopingcall.py:125}}
May 12 19:31:07.805309 np0000000633 nova-conductor[98048]: DEBUG oslo.service.backend._threading.loopingcall [-] Fixed interval looping call 'nova.servicegroup.drivers.db.DbDriver._report_state' sleeping for 119.99 seconds {{(pid=98048) _run_loop /opt/stack/data/venv/lib/python3.12/site-packages/oslo_service/backend/_threading/loopingcall.py:125}}
May 12 19:31:07.820811 np0000000633 nova-conductor[98046]: DEBUG oslo.service.backend._threading.loopingcall [-] Fixed interval looping call 'nova.servicegroup.drivers.db.DbDriver._report_state' sleeping for 119.99 seconds {{(pid=98046) _run_loop /opt/stack/data/venv/lib/python3.12/site-packages/oslo_service/backend/_threading/loopingcall.py:125}}
May 12 19:31:11.440901 np0000000633 nova-conductor[96463]: DEBUG dbcounter [-] [96463] Writing DB stats nova_api:SELECT=1 {{(pid=96463) stat_writer /opt/stack/data/venv/lib/python3.12/site-packages/dbcounter.py:115}}
May 12 19:31:11.523084 np0000000633 nova-conductor[96463]: DEBUG dbcounter [-] [96463] Writing DB stats nova_cell0:SELECT=1 {{(pid=96463) stat_writer /opt/stack/data/venv/lib/python3.12/site-packages/dbcounter.py:115}}
May 12 19:31:11.527154 np0000000633 nova-conductor[96463]: DEBUG dbcounter [-] [96463] Writing DB stats nova_cell1:SELECT=1 {{(pid=96463) stat_writer /opt/stack/data/venv/lib/python3.12/site-packages/dbcounter.py:115}}
May 12 19:31:17.782351 np0000000633 nova-conductor[98044]: DEBUG dbcounter [-] [98044] Writing DB stats nova_cell0:SELECT=4,nova_cell0:INSERT=1,nova_cell0:UPDATE=1 {{(pid=98044) stat_writer /opt/stack/data/venv/lib/python3.12/site-packages/dbcounter.py:115}}
May 12 19:31:17.803445 np0000000633 nova-conductor[98048]: DEBUG dbcounter [-] [98048] Writing DB stats nova_cell0:SELECT=3 {{(pid=98048) stat_writer /opt/stack/data/venv/lib/python3.12/site-packages/dbcounter.py:115}}
May 12 19:31:17.817645 np0000000633 nova-conductor[98046]: DEBUG dbcounter [-] [98046] Writing DB stats nova_cell0:SELECT=3 {{(pid=98046) stat_writer /opt/stack/data/venv/lib/python3.12/site-packages/dbcounter.py:115}}
May 12 19:31:27.810042 np0000000633 nova-conductor[98046]: DEBUG oslo.service.backend._threading.loopingcall [None req-932f9062-3873-4d6d-93c8-b866bd88c0be None None] Dynamic interval looping call 'nova.service.Service.periodic_tasks' sleeping for 60.00 seconds {{(pid=98046) _run_loop /opt/stack/data/venv/lib/python3.12/site-packages/oslo_service/backend/_threading/loopingcall.py:125}}
May 12 19:31:58.791487 np0000000633 nova-conductor[98048]: DEBUG oslo.service.backend._threading.loopingcall [None req-dd8b8b06-f588-4e7f-bf0f-2835774a5bbb None None] Dynamic interval looping call 'nova.service.Service.periodic_tasks' sleeping for 60.00 seconds {{(pid=98048) _run_loop /opt/stack/data/venv/lib/python3.12/site-packages/oslo_service/backend/_threading/loopingcall.py:125}}
May 12 19:32:06.768871 np0000000633 nova-conductor[98044]: DEBUG oslo.service.backend._threading.loopingcall [None req-7492c29c-2922-447d-869c-83003ee9274c None None] Dynamic interval looping call 'nova.service.Service.periodic_tasks' sleeping for 60.00 seconds {{(pid=98044) _run_loop /opt/stack/data/venv/lib/python3.12/site-packages/oslo_service/backend/_threading/loopingcall.py:125}}
May 12 19:32:27.810484 np0000000633 nova-conductor[98046]: DEBUG oslo.service.backend._threading.loopingcall [None req-932f9062-3873-4d6d-93c8-b866bd88c0be None None] Dynamic interval looping call 'nova.service.Service.periodic_tasks' sleeping for 60.00 seconds {{(pid=98046) _run_loop /opt/stack/data/venv/lib/python3.12/site-packages/oslo_service/backend/_threading/loopingcall.py:125}}
May 12 19:32:58.792014 np0000000633 nova-conductor[98048]: DEBUG oslo.service.backend._threading.loopingcall [None req-dd8b8b06-f588-4e7f-bf0f-2835774a5bbb None None] Dynamic interval looping call 'nova.service.Service.periodic_tasks' sleeping for 60.00 seconds {{(pid=98048) _run_loop /opt/stack/data/venv/lib/python3.12/site-packages/oslo_service/backend/_threading/loopingcall.py:125}}
May 12 19:33:06.769744 np0000000633 nova-conductor[98044]: DEBUG oslo.service.backend._threading.loopingcall [None req-7492c29c-2922-447d-869c-83003ee9274c None None] Dynamic interval looping call 'nova.service.Service.periodic_tasks' sleeping for 60.00 seconds {{(pid=98044) _run_loop /opt/stack/data/venv/lib/python3.12/site-packages/oslo_service/backend/_threading/loopingcall.py:125}}
May 12 19:33:07.775664 np0000000633 nova-conductor[98044]: DEBUG oslo.service.backend._threading.loopingcall [-] Fixed interval looping call 'nova.servicegroup.drivers.db.DbDriver._report_state' sleeping for 119.99 seconds {{(pid=98044) _run_loop /opt/stack/data/venv/lib/python3.12/site-packages/oslo_service/backend/_threading/loopingcall.py:125}}
May 12 19:33:07.799028 np0000000633 nova-conductor[98048]: DEBUG oslo.service.backend._threading.loopingcall [-] Fixed interval looping call 'nova.servicegroup.drivers.db.DbDriver._report_state' sleeping for 120.00 seconds {{(pid=98048) _run_loop /opt/stack/data/venv/lib/python3.12/site-packages/oslo_service/backend/_threading/loopingcall.py:125}}
May 12 19:33:07.814417 np0000000633 nova-conductor[98046]: DEBUG oslo.service.backend._threading.loopingcall [-] Fixed interval looping call 'nova.servicegroup.drivers.db.DbDriver._report_state' sleeping for 120.00 seconds {{(pid=98046) _run_loop /opt/stack/data/venv/lib/python3.12/site-packages/oslo_service/backend/_threading/loopingcall.py:125}}
May 12 19:33:17.771191 np0000000633 nova-conductor[98044]: DEBUG dbcounter [-] [98044] Writing DB stats nova_cell0:SELECT=1,nova_cell0:UPDATE=1 {{(pid=98044) stat_writer /opt/stack/data/venv/lib/python3.12/site-packages/dbcounter.py:115}}
May 12 19:33:17.797384 np0000000633 nova-conductor[98048]: DEBUG dbcounter [-] [98048] Writing DB stats nova_cell0:SELECT=1 {{(pid=98048) stat_writer /opt/stack/data/venv/lib/python3.12/site-packages/dbcounter.py:115}}
May 12 19:33:17.812810 np0000000633 nova-conductor[98046]: DEBUG dbcounter [-] [98046] Writing DB stats nova_cell0:SELECT=1 {{(pid=98046) stat_writer /opt/stack/data/venv/lib/python3.12/site-packages/dbcounter.py:115}}
May 12 19:33:27.811909 np0000000633 nova-conductor[98046]: DEBUG oslo.service.backend._threading.loopingcall [None req-932f9062-3873-4d6d-93c8-b866bd88c0be None None] Dynamic interval looping call 'nova.service.Service.periodic_tasks' sleeping for 60.00 seconds {{(pid=98046) _run_loop /opt/stack/data/venv/lib/python3.12/site-packages/oslo_service/backend/_threading/loopingcall.py:125}}
May 12 19:33:57.240658 np0000000633 nova-conductor[98044]: DEBUG oslo_db.sqlalchemy.engines [None req-6a2cc920-7eb5-4467-ac33-90f0ec2d3479 tempest-ServerStableDeviceRescueTest-833587857 tempest-ServerStableDeviceRescueTest-833587857-project-member] Parent process 96463 forked (98044) with an open database connection, which is being discarded and recreated. {{(pid=98044) checkout /opt/stack/data/venv/lib/python3.12/site-packages/oslo_db/sqlalchemy/engines.py:402}}
May 12 19:33:57.243977 np0000000633 nova-conductor[98044]: DEBUG dbcounter [-] [98044] Writer thread running {{(pid=98044) stat_writer /opt/stack/data/venv/lib/python3.12/site-packages/dbcounter.py:102}}
May 12 19:33:58.265168 np0000000633 nova-conductor[98044]: DEBUG nova.conductor.manager [None req-6a2cc920-7eb5-4467-ac33-90f0ec2d3479 tempest-ServerStableDeviceRescueTest-833587857 tempest-ServerStableDeviceRescueTest-833587857-project-member] Took 1.02 seconds to select destinations for 1 instance(s). {{(pid=98044) _schedule_instances /opt/stack/nova/nova/conductor/manager.py:968}}
May 12 19:33:58.293235 np0000000633 nova-conductor[98044]: DEBUG oslo_concurrency.lockutils [None req-6a2cc920-7eb5-4467-ac33-90f0ec2d3479 tempest-ServerStableDeviceRescueTest-833587857 tempest-ServerStableDeviceRescueTest-833587857-project-member] Acquiring lock "ef2928f6-a66e-472d-a837-3d44e1d6fa36" by "nova.context.set_target_cell..get_or_set_cached_cell_and_set_connections" {{(pid=98044) inner /opt/stack/data/venv/lib/python3.12/site-packages/oslo_concurrency/lockutils.py:506}}
May 12 19:33:58.293535 np0000000633 nova-conductor[98044]: DEBUG oslo_concurrency.lockutils [None req-6a2cc920-7eb5-4467-ac33-90f0ec2d3479 tempest-ServerStableDeviceRescueTest-833587857 tempest-ServerStableDeviceRescueTest-833587857-project-member] Lock "ef2928f6-a66e-472d-a837-3d44e1d6fa36" acquired by "nova.context.set_target_cell..get_or_set_cached_cell_and_set_connections" :: waited 0.000s {{(pid=98044) inner /opt/stack/data/venv/lib/python3.12/site-packages/oslo_concurrency/lockutils.py:519}}
May 12 19:33:58.294932 np0000000633 nova-conductor[98044]: DEBUG oslo_concurrency.lockutils [None req-6a2cc920-7eb5-4467-ac33-90f0ec2d3479 tempest-ServerStableDeviceRescueTest-833587857 tempest-ServerStableDeviceRescueTest-833587857-project-member] Lock "ef2928f6-a66e-472d-a837-3d44e1d6fa36" "released" by "nova.context.set_target_cell..get_or_set_cached_cell_and_set_connections" :: held 0.001s {{(pid=98044) inner /opt/stack/data/venv/lib/python3.12/site-packages/oslo_concurrency/lockutils.py:538}}
May 12 19:33:58.297544 np0000000633 nova-conductor[98044]: INFO dbcounter [None req-6a2cc920-7eb5-4467-ac33-90f0ec2d3479 tempest-ServerStableDeviceRescueTest-833587857 tempest-ServerStableDeviceRescueTest-833587857-project-member] Registered counter for database nova_cell1
May 12 19:33:58.305669 np0000000633 nova-conductor[98044]: DEBUG oslo_db.sqlalchemy.engines [None req-6a2cc920-7eb5-4467-ac33-90f0ec2d3479 tempest-ServerStableDeviceRescueTest-833587857 tempest-ServerStableDeviceRescueTest-833587857-project-member] MySQL server mode set to STRICT_TRANS_TABLES,STRICT_ALL_TABLES,NO_ZERO_IN_DATE,NO_ZERO_DATE,ERROR_FOR_DIVISION_BY_ZERO,TRADITIONAL,NO_ENGINE_SUBSTITUTION {{(pid=98044) _check_effective_sql_mode /opt/stack/data/venv/lib/python3.12/site-packages/oslo_db/sqlalchemy/engines.py:325}}
May 12 19:33:58.312545 np0000000633 nova-conductor[98044]: DEBUG dbcounter [-] [98044] Writer thread running {{(pid=98044) stat_writer /opt/stack/data/venv/lib/python3.12/site-packages/dbcounter.py:102}}
May 12 19:33:58.366830 np0000000633 nova-conductor[98044]: INFO nova.utils [None req-6a2cc920-7eb5-4467-ac33-90f0ec2d3479 tempest-ServerStableDeviceRescueTest-833587857 tempest-ServerStableDeviceRescueTest-833587857-project-member] The cell worker thread pool ForkProcess-1.cell_worker is initialized
May 12 19:33:58.367014 np0000000633 nova-conductor[98044]: DEBUG oslo_concurrency.lockutils [None req-6a2cc920-7eb5-4467-ac33-90f0ec2d3479 tempest-ServerStableDeviceRescueTest-833587857 tempest-ServerStableDeviceRescueTest-833587857-project-member] Acquiring lock "00000000-0000-0000-0000-000000000000" by "nova.context.set_target_cell..get_or_set_cached_cell_and_set_connections" {{(pid=98044) inner /opt/stack/data/venv/lib/python3.12/site-packages/oslo_concurrency/lockutils.py:506}}
May 12 19:33:58.367104 np0000000633 nova-conductor[98044]: DEBUG oslo_concurrency.lockutils [None req-6a2cc920-7eb5-4467-ac33-90f0ec2d3479 tempest-ServerStableDeviceRescueTest-833587857 tempest-ServerStableDeviceRescueTest-833587857-project-member] Lock "00000000-0000-0000-0000-000000000000" acquired by "nova.context.set_target_cell..get_or_set_cached_cell_and_set_connections" :: waited 0.000s {{(pid=98044) inner /opt/stack/data/venv/lib/python3.12/site-packages/oslo_concurrency/lockutils.py:519}}
May 12 19:33:58.367406 np0000000633 nova-conductor[98044]: DEBUG oslo_concurrency.lockutils [None req-6a2cc920-7eb5-4467-ac33-90f0ec2d3479 tempest-ServerStableDeviceRescueTest-833587857 tempest-ServerStableDeviceRescueTest-833587857-project-member] Lock "00000000-0000-0000-0000-000000000000" "released" by "nova.context.set_target_cell..get_or_set_cached_cell_and_set_connections" :: held 0.000s {{(pid=98044) inner /opt/stack/data/venv/lib/python3.12/site-packages/oslo_concurrency/lockutils.py:538}}
May 12 19:33:58.367987 np0000000633 nova-conductor[98044]: DEBUG oslo_concurrency.lockutils [None req-6a2cc920-7eb5-4467-ac33-90f0ec2d3479 tempest-ServerStableDeviceRescueTest-833587857 tempest-ServerStableDeviceRescueTest-833587857-project-member] Acquiring lock "ef2928f6-a66e-472d-a837-3d44e1d6fa36" by "nova.context.set_target_cell..get_or_set_cached_cell_and_set_connections" {{(pid=98044) inner /opt/stack/data/venv/lib/python3.12/site-packages/oslo_concurrency/lockutils.py:506}}
May 12 19:33:58.368164 np0000000633 nova-conductor[98044]: DEBUG oslo_concurrency.lockutils [None req-6a2cc920-7eb5-4467-ac33-90f0ec2d3479 tempest-ServerStableDeviceRescueTest-833587857 tempest-ServerStableDeviceRescueTest-833587857-project-member] Lock "ef2928f6-a66e-472d-a837-3d44e1d6fa36" acquired by "nova.context.set_target_cell..get_or_set_cached_cell_and_set_connections" :: waited 0.000s {{(pid=98044) inner /opt/stack/data/venv/lib/python3.12/site-packages/oslo_concurrency/lockutils.py:519}}
May 12 19:33:58.369297 np0000000633 nova-conductor[98044]: DEBUG oslo_concurrency.lockutils [None req-6a2cc920-7eb5-4467-ac33-90f0ec2d3479 tempest-ServerStableDeviceRescueTest-833587857 tempest-ServerStableDeviceRescueTest-833587857-project-member] Lock "ef2928f6-a66e-472d-a837-3d44e1d6fa36" "released" by "nova.context.set_target_cell..get_or_set_cached_cell_and_set_connections" :: held 0.000s {{(pid=98044) inner /opt/stack/data/venv/lib/python3.12/site-packages/oslo_concurrency/lockutils.py:538}}
May 12 19:33:58.369760 np0000000633 nova-conductor[98044]: INFO dbcounter [None req-6a2cc920-7eb5-4467-ac33-90f0ec2d3479 tempest-ServerStableDeviceRescueTest-833587857 tempest-ServerStableDeviceRescueTest-833587857-project-member] Registered counter for database nova_cell0
May 12 19:33:58.380650 np0000000633 nova-conductor[98044]: DEBUG oslo_db.sqlalchemy.engines [None req-6a2cc920-7eb5-4467-ac33-90f0ec2d3479 tempest-ServerStableDeviceRescueTest-833587857 tempest-ServerStableDeviceRescueTest-833587857-project-member] MySQL server mode set to STRICT_TRANS_TABLES,STRICT_ALL_TABLES,NO_ZERO_IN_DATE,NO_ZERO_DATE,ERROR_FOR_DIVISION_BY_ZERO,TRADITIONAL,NO_ENGINE_SUBSTITUTION {{(pid=98044) _check_effective_sql_mode /opt/stack/data/venv/lib/python3.12/site-packages/oslo_db/sqlalchemy/engines.py:325}}
May 12 19:33:58.386816 np0000000633 nova-conductor[98044]: DEBUG dbcounter [-] [98044] Writer thread running {{(pid=98044) stat_writer /opt/stack/data/venv/lib/python3.12/site-packages/dbcounter.py:102}}
May 12 19:33:58.394785 np0000000633 nova-conductor[98044]: DEBUG nova.quota [None req-6a2cc920-7eb5-4467-ac33-90f0ec2d3479 tempest-ServerStableDeviceRescueTest-833587857 tempest-ServerStableDeviceRescueTest-833587857-project-member] Getting quotas for project 71671538109145349169c841d0c7233c. Resources: {'ram', 'instances', 'cores'} {{(pid=98044) _get_quotas /opt/stack/nova/nova/quota.py:392}}
May 12 19:33:58.399299 np0000000633 nova-conductor[98044]: DEBUG nova.quota [None req-6a2cc920-7eb5-4467-ac33-90f0ec2d3479 tempest-ServerStableDeviceRescueTest-833587857 tempest-ServerStableDeviceRescueTest-833587857-project-member] Getting quotas for user a0fd4bff452045a4a89b9c072b531b05 and project 71671538109145349169c841d0c7233c. Resources: {'ram', 'instances', 'cores'} {{(pid=98044) _get_quotas /opt/stack/nova/nova/quota.py:382}}
May 12 19:33:58.405289 np0000000633 nova-conductor[98044]: DEBUG nova.conductor.manager [None req-6a2cc920-7eb5-4467-ac33-90f0ec2d3479 tempest-ServerStableDeviceRescueTest-833587857 tempest-ServerStableDeviceRescueTest-833587857-project-member] [instance: 01d22ff2-585b-4b87-879e-a89a75c62d94] Selected host: np0000000633; Selected node: np0000000633; Alternates: [] {{(pid=98044) schedule_and_build_instances /opt/stack/nova/nova/conductor/manager.py:1784}}
May 12 19:33:58.406038 np0000000633 nova-conductor[98044]: DEBUG oslo_concurrency.lockutils [None req-6a2cc920-7eb5-4467-ac33-90f0ec2d3479 tempest-ServerStableDeviceRescueTest-833587857 tempest-ServerStableDeviceRescueTest-833587857-project-member] Acquiring lock "ef2928f6-a66e-472d-a837-3d44e1d6fa36" by "nova.context.set_target_cell..get_or_set_cached_cell_and_set_connections" {{(pid=98044) inner /opt/stack/data/venv/lib/python3.12/site-packages/oslo_concurrency/lockutils.py:506}}
May 12 19:33:58.406038 np0000000633 nova-conductor[98044]: DEBUG oslo_concurrency.lockutils [None req-6a2cc920-7eb5-4467-ac33-90f0ec2d3479 tempest-ServerStableDeviceRescueTest-833587857 tempest-ServerStableDeviceRescueTest-833587857-project-member] Lock "ef2928f6-a66e-472d-a837-3d44e1d6fa36" acquired by "nova.context.set_target_cell..get_or_set_cached_cell_and_set_connections" :: waited 0.000s {{(pid=98044) inner /opt/stack/data/venv/lib/python3.12/site-packages/oslo_concurrency/lockutils.py:519}}
May 12 19:33:58.406038 np0000000633 nova-conductor[98044]: DEBUG oslo_concurrency.lockutils [None req-6a2cc920-7eb5-4467-ac33-90f0ec2d3479 tempest-ServerStableDeviceRescueTest-833587857 tempest-ServerStableDeviceRescueTest-833587857-project-member] Lock "ef2928f6-a66e-472d-a837-3d44e1d6fa36" "released" by "nova.context.set_target_cell..get_or_set_cached_cell_and_set_connections" :: held 0.000s {{(pid=98044) inner /opt/stack/data/venv/lib/python3.12/site-packages/oslo_concurrency/lockutils.py:538}}
May 12 19:33:58.413319 np0000000633 nova-conductor[98044]: DEBUG nova.conductor.manager [None req-6a2cc920-7eb5-4467-ac33-90f0ec2d3479 tempest-ServerStableDeviceRescueTest-833587857 tempest-ServerStableDeviceRescueTest-833587857-project-member] [instance: 01d22ff2-585b-4b87-879e-a89a75c62d94] block_device_mapping [BlockDeviceMapping(attachment_id=,boot_index=0,connection_info=None,created_at=,delete_on_termination=True,deleted=,deleted_at=,destination_type='local',device_name=None,device_type='disk',disk_bus=None,encrypted=False,encryption_format=None,encryption_options=None,encryption_secret_uuid=None,guest_format=None,id=,image_id='e9a27f49-8c58-4a68-b931-427a2ff7e6f2',instance=,instance_uuid=,no_device=False,snapshot_id=None,source_type='image',tag=None,updated_at=,uuid=,volume_id=None,volume_size=None,volume_type=None)] {{(pid=98044) _create_block_device_mapping /opt/stack/nova/nova/conductor/manager.py:1529}}
May 12 19:33:58.414739 np0000000633 nova-conductor[98044]: DEBUG oslo_concurrency.lockutils [None req-6a2cc920-7eb5-4467-ac33-90f0ec2d3479 tempest-ServerStableDeviceRescueTest-833587857 tempest-ServerStableDeviceRescueTest-833587857-project-member] Acquiring lock "ef2928f6-a66e-472d-a837-3d44e1d6fa36" by "nova.context.set_target_cell..get_or_set_cached_cell_and_set_connections" {{(pid=98044) inner /opt/stack/data/venv/lib/python3.12/site-packages/oslo_concurrency/lockutils.py:506}}
May 12 19:33:58.414971 np0000000633 nova-conductor[98044]: DEBUG oslo_concurrency.lockutils [None req-6a2cc920-7eb5-4467-ac33-90f0ec2d3479 tempest-ServerStableDeviceRescueTest-833587857 tempest-ServerStableDeviceRescueTest-833587857-project-member] Lock "ef2928f6-a66e-472d-a837-3d44e1d6fa36" acquired by "nova.context.set_target_cell..get_or_set_cached_cell_and_set_connections" :: waited 0.000s {{(pid=98044) inner /opt/stack/data/venv/lib/python3.12/site-packages/oslo_concurrency/lockutils.py:519}}
May 12 19:33:58.415071 np0000000633 nova-conductor[98044]: DEBUG oslo_concurrency.lockutils [None req-6a2cc920-7eb5-4467-ac33-90f0ec2d3479 tempest-ServerStableDeviceRescueTest-833587857 tempest-ServerStableDeviceRescueTest-833587857-project-member] Lock "ef2928f6-a66e-472d-a837-3d44e1d6fa36" "released" by "nova.context.set_target_cell..get_or_set_cached_cell_and_set_connections" :: held 0.000s {{(pid=98044) inner /opt/stack/data/venv/lib/python3.12/site-packages/oslo_concurrency/lockutils.py:538}}
May 12 19:33:58.447533 np0000000633 nova-conductor[98044]: DEBUG oslo_concurrency.lockutils [None req-6a2cc920-7eb5-4467-ac33-90f0ec2d3479 tempest-ServerStableDeviceRescueTest-833587857 tempest-ServerStableDeviceRescueTest-833587857-project-member] Acquiring lock "ef2928f6-a66e-472d-a837-3d44e1d6fa36" by "nova.context.set_target_cell..get_or_set_cached_cell_and_set_connections" {{(pid=98044) inner /opt/stack/data/venv/lib/python3.12/site-packages/oslo_concurrency/lockutils.py:506}}
May 12 19:33:58.447720 np0000000633 nova-conductor[98044]: DEBUG oslo_concurrency.lockutils [None req-6a2cc920-7eb5-4467-ac33-90f0ec2d3479 tempest-ServerStableDeviceRescueTest-833587857 tempest-ServerStableDeviceRescueTest-833587857-project-member] Lock "ef2928f6-a66e-472d-a837-3d44e1d6fa36" acquired by "nova.context.set_target_cell..get_or_set_cached_cell_and_set_connections" :: waited 0.000s {{(pid=98044) inner /opt/stack/data/venv/lib/python3.12/site-packages/oslo_concurrency/lockutils.py:519}}
May 12 19:33:58.447825 np0000000633 nova-conductor[98044]: DEBUG oslo_concurrency.lockutils [None req-6a2cc920-7eb5-4467-ac33-90f0ec2d3479 tempest-ServerStableDeviceRescueTest-833587857 tempest-ServerStableDeviceRescueTest-833587857-project-member] Lock "ef2928f6-a66e-472d-a837-3d44e1d6fa36" "released" by "nova.context.set_target_cell..get_or_set_cached_cell_and_set_connections" :: held 0.000s {{(pid=98044) inner /opt/stack/data/venv/lib/python3.12/site-packages/oslo_concurrency/lockutils.py:538}}
May 12 19:33:58.447998 np0000000633 nova-conductor[98044]: DEBUG oslo_concurrency.lockutils [None req-6a2cc920-7eb5-4467-ac33-90f0ec2d3479 tempest-ServerStableDeviceRescueTest-833587857 tempest-ServerStableDeviceRescueTest-833587857-project-member] Acquiring lock "compute-rpcapi-router" {{(pid=98044) lock /opt/stack/data/venv/lib/python3.12/site-packages/oslo_concurrency/lockutils.py:390}}
May 12 19:33:58.448107 np0000000633 nova-conductor[98044]: DEBUG oslo_concurrency.lockutils [None req-6a2cc920-7eb5-4467-ac33-90f0ec2d3479 tempest-ServerStableDeviceRescueTest-833587857 tempest-ServerStableDeviceRescueTest-833587857-project-member] Acquired lock "compute-rpcapi-router" {{(pid=98044) lock /opt/stack/data/venv/lib/python3.12/site-packages/oslo_concurrency/lockutils.py:393}}
May 12 19:33:58.448546 np0000000633 nova-conductor[98044]: DEBUG oslo_concurrency.lockutils [None req-e8e99baf-aec0-40b4-a9c1-6778b6e5a7f1 None None] Acquiring lock "00000000-0000-0000-0000-000000000000" by "nova.context.set_target_cell..get_or_set_cached_cell_and_set_connections" {{(pid=98044) inner /opt/stack/data/venv/lib/python3.12/site-packages/oslo_concurrency/lockutils.py:506}}
May 12 19:33:58.448720 np0000000633 nova-conductor[98044]: DEBUG oslo_concurrency.lockutils [None req-e8e99baf-aec0-40b4-a9c1-6778b6e5a7f1 None None] Lock "00000000-0000-0000-0000-000000000000" acquired by "nova.context.set_target_cell..get_or_set_cached_cell_and_set_connections" :: waited 0.000s {{(pid=98044) inner /opt/stack/data/venv/lib/python3.12/site-packages/oslo_concurrency/lockutils.py:519}}
May 12 19:33:58.448867 np0000000633 nova-conductor[98044]: DEBUG oslo_concurrency.lockutils [None req-e8e99baf-aec0-40b4-a9c1-6778b6e5a7f1 None None] Lock "00000000-0000-0000-0000-000000000000" "released" by "nova.context.set_target_cell..get_or_set_cached_cell_and_set_connections" :: held 0.000s {{(pid=98044) inner /opt/stack/data/venv/lib/python3.12/site-packages/oslo_concurrency/lockutils.py:538}}
May 12 19:33:58.449476 np0000000633 nova-conductor[98044]: DEBUG oslo_concurrency.lockutils [None req-e8e99baf-aec0-40b4-a9c1-6778b6e5a7f1 None None] Acquiring lock "ef2928f6-a66e-472d-a837-3d44e1d6fa36" by "nova.context.set_target_cell..get_or_set_cached_cell_and_set_connections" {{(pid=98044) inner /opt/stack/data/venv/lib/python3.12/site-packages/oslo_concurrency/lockutils.py:506}}
May 12 19:33:58.449637 np0000000633 nova-conductor[98044]: DEBUG oslo_concurrency.lockutils [None req-e8e99baf-aec0-40b4-a9c1-6778b6e5a7f1 None None] Lock "ef2928f6-a66e-472d-a837-3d44e1d6fa36" acquired by "nova.context.set_target_cell..get_or_set_cached_cell_and_set_connections" :: waited 0.000s {{(pid=98044) inner /opt/stack/data/venv/lib/python3.12/site-packages/oslo_concurrency/lockutils.py:519}}
May 12 19:33:58.452339 np0000000633 nova-conductor[98044]: DEBUG oslo_concurrency.lockutils [None req-e8e99baf-aec0-40b4-a9c1-6778b6e5a7f1 None None] Lock "ef2928f6-a66e-472d-a837-3d44e1d6fa36" "released" by "nova.context.set_target_cell..get_or_set_cached_cell_and_set_connections" :: held 0.001s {{(pid=98044) inner /opt/stack/data/venv/lib/python3.12/site-packages/oslo_concurrency/lockutils.py:538}}
May 12 19:33:58.456618 np0000000633 nova-conductor[98044]: INFO nova.compute.rpcapi [None req-e8e99baf-aec0-40b4-a9c1-6778b6e5a7f1 None None] Automatically selected compute RPC version 6.5 from minimum service version 72
May 12 19:33:58.457008 np0000000633 nova-conductor[98044]: DEBUG oslo_concurrency.lockutils [None req-e8e99baf-aec0-40b4-a9c1-6778b6e5a7f1 None None] Releasing lock "compute-rpcapi-router" {{(pid=98044) lock /opt/stack/data/venv/lib/python3.12/site-packages/oslo_concurrency/lockutils.py:413}}
May 12 19:33:58.792534 np0000000633 nova-conductor[98048]: DEBUG oslo.service.backend._threading.loopingcall [None req-dd8b8b06-f588-4e7f-bf0f-2835774a5bbb None None] Dynamic interval looping call 'nova.service.Service.periodic_tasks' sleeping for 60.00 seconds {{(pid=98048) _run_loop /opt/stack/data/venv/lib/python3.12/site-packages/oslo_service/backend/_threading/loopingcall.py:125}}
May 12 19:33:59.218446 np0000000633 nova-conductor[98048]: DEBUG dbcounter [-] [98048] Writer thread running {{(pid=98048) stat_writer /opt/stack/data/venv/lib/python3.12/site-packages/dbcounter.py:102}}
May 12 19:33:59.741842 np0000000633 nova-conductor[98048]: DEBUG nova.conductor.manager [None req-13b5df9c-9f02-45f3-86ce-08f00c3deab8 tempest-AttachVolumeShelveTestJSON-2014161180 tempest-AttachVolumeShelveTestJSON-2014161180-project-member] Took 0.52 seconds to select destinations for 1 instance(s). {{(pid=98048) _schedule_instances /opt/stack/nova/nova/conductor/manager.py:968}}
May 12 19:33:59.766580 np0000000633 nova-conductor[98048]: DEBUG oslo_concurrency.lockutils [None req-13b5df9c-9f02-45f3-86ce-08f00c3deab8 tempest-AttachVolumeShelveTestJSON-2014161180 tempest-AttachVolumeShelveTestJSON-2014161180-project-member] Acquiring lock "ef2928f6-a66e-472d-a837-3d44e1d6fa36" by "nova.context.set_target_cell..get_or_set_cached_cell_and_set_connections" {{(pid=98048) inner /opt/stack/data/venv/lib/python3.12/site-packages/oslo_concurrency/lockutils.py:506}}
May 12 19:33:59.766786 np0000000633 nova-conductor[98048]: DEBUG oslo_concurrency.lockutils [None req-13b5df9c-9f02-45f3-86ce-08f00c3deab8 tempest-AttachVolumeShelveTestJSON-2014161180 tempest-AttachVolumeShelveTestJSON-2014161180-project-member] Lock "ef2928f6-a66e-472d-a837-3d44e1d6fa36" acquired by "nova.context.set_target_cell..get_or_set_cached_cell_and_set_connections" :: waited 0.000s {{(pid=98048) inner /opt/stack/data/venv/lib/python3.12/site-packages/oslo_concurrency/lockutils.py:519}}
May 12 19:33:59.768205 np0000000633 nova-conductor[98048]: DEBUG oslo_concurrency.lockutils [None req-13b5df9c-9f02-45f3-86ce-08f00c3deab8 tempest-AttachVolumeShelveTestJSON-2014161180 tempest-AttachVolumeShelveTestJSON-2014161180-project-member] Lock "ef2928f6-a66e-472d-a837-3d44e1d6fa36" "released" by "nova.context.set_target_cell..get_or_set_cached_cell_and_set_connections" :: held 0.001s {{(pid=98048) inner /opt/stack/data/venv/lib/python3.12/site-packages/oslo_concurrency/lockutils.py:538}}
May 12 19:33:59.769828 np0000000633 nova-conductor[98048]: INFO dbcounter [None req-13b5df9c-9f02-45f3-86ce-08f00c3deab8 tempest-AttachVolumeShelveTestJSON-2014161180 tempest-AttachVolumeShelveTestJSON-2014161180-project-member] Registered counter for database nova_cell1
May 12 19:33:59.775705 np0000000633 nova-conductor[98048]: DEBUG oslo_db.sqlalchemy.engines [None req-13b5df9c-9f02-45f3-86ce-08f00c3deab8 tempest-AttachVolumeShelveTestJSON-2014161180 tempest-AttachVolumeShelveTestJSON-2014161180-project-member] MySQL server mode set to STRICT_TRANS_TABLES,STRICT_ALL_TABLES,NO_ZERO_IN_DATE,NO_ZERO_DATE,ERROR_FOR_DIVISION_BY_ZERO,TRADITIONAL,NO_ENGINE_SUBSTITUTION {{(pid=98048) _check_effective_sql_mode /opt/stack/data/venv/lib/python3.12/site-packages/oslo_db/sqlalchemy/engines.py:325}}
May 12 19:33:59.781562 np0000000633 nova-conductor[98048]: DEBUG dbcounter [-] [98048] Writer thread running {{(pid=98048) stat_writer /opt/stack/data/venv/lib/python3.12/site-packages/dbcounter.py:102}}
May 12 19:33:59.836072 np0000000633 nova-conductor[98048]: INFO nova.utils [None req-13b5df9c-9f02-45f3-86ce-08f00c3deab8 tempest-AttachVolumeShelveTestJSON-2014161180 tempest-AttachVolumeShelveTestJSON-2014161180-project-member] The cell worker thread pool ForkProcess-3.cell_worker is initialized
May 12 19:33:59.836518 np0000000633 nova-conductor[98048]: DEBUG oslo_concurrency.lockutils [None req-13b5df9c-9f02-45f3-86ce-08f00c3deab8 tempest-AttachVolumeShelveTestJSON-2014161180 tempest-AttachVolumeShelveTestJSON-2014161180-project-member] Acquiring lock "00000000-0000-0000-0000-000000000000" by "nova.context.set_target_cell..get_or_set_cached_cell_and_set_connections" {{(pid=98048) inner /opt/stack/data/venv/lib/python3.12/site-packages/oslo_concurrency/lockutils.py:506}}
May 12 19:33:59.836518 np0000000633 nova-conductor[98048]: DEBUG oslo_concurrency.lockutils [None req-13b5df9c-9f02-45f3-86ce-08f00c3deab8 tempest-AttachVolumeShelveTestJSON-2014161180 tempest-AttachVolumeShelveTestJSON-2014161180-project-member] Lock "00000000-0000-0000-0000-000000000000" acquired by "nova.context.set_target_cell..get_or_set_cached_cell_and_set_connections" :: waited 0.000s {{(pid=98048) inner /opt/stack/data/venv/lib/python3.12/site-packages/oslo_concurrency/lockutils.py:519}}
May 12 19:33:59.836641 np0000000633 nova-conductor[98048]: DEBUG oslo_concurrency.lockutils [None req-13b5df9c-9f02-45f3-86ce-08f00c3deab8 tempest-AttachVolumeShelveTestJSON-2014161180 tempest-AttachVolumeShelveTestJSON-2014161180-project-member] Lock "00000000-0000-0000-0000-000000000000" "released" by "nova.context.set_target_cell..get_or_set_cached_cell_and_set_connections" :: held 0.000s {{(pid=98048) inner /opt/stack/data/venv/lib/python3.12/site-packages/oslo_concurrency/lockutils.py:538}}
May 12 19:33:59.837249 np0000000633 nova-conductor[98048]: DEBUG oslo_concurrency.lockutils [None req-13b5df9c-9f02-45f3-86ce-08f00c3deab8 tempest-AttachVolumeShelveTestJSON-2014161180 tempest-AttachVolumeShelveTestJSON-2014161180-project-member] Acquiring lock "ef2928f6-a66e-472d-a837-3d44e1d6fa36" by "nova.context.set_target_cell..get_or_set_cached_cell_and_set_connections" {{(pid=98048) inner /opt/stack/data/venv/lib/python3.12/site-packages/oslo_concurrency/lockutils.py:506}}
May 12 19:33:59.837638 np0000000633 nova-conductor[98048]: DEBUG oslo_concurrency.lockutils [None req-13b5df9c-9f02-45f3-86ce-08f00c3deab8 tempest-AttachVolumeShelveTestJSON-2014161180 tempest-AttachVolumeShelveTestJSON-2014161180-project-member] Lock "ef2928f6-a66e-472d-a837-3d44e1d6fa36" acquired by "nova.context.set_target_cell..get_or_set_cached_cell_and_set_connections" :: waited 0.000s {{(pid=98048) inner /opt/stack/data/venv/lib/python3.12/site-packages/oslo_concurrency/lockutils.py:519}}
May 12 19:33:59.837638 np0000000633 nova-conductor[98048]: DEBUG oslo_concurrency.lockutils [None req-13b5df9c-9f02-45f3-86ce-08f00c3deab8 tempest-AttachVolumeShelveTestJSON-2014161180 tempest-AttachVolumeShelveTestJSON-2014161180-project-member] Lock "ef2928f6-a66e-472d-a837-3d44e1d6fa36" "released" by "nova.context.set_target_cell..get_or_set_cached_cell_and_set_connections" :: held 0.000s {{(pid=98048) inner /opt/stack/data/venv/lib/python3.12/site-packages/oslo_concurrency/lockutils.py:538}}
May 12 19:33:59.838873 np0000000633 nova-conductor[98048]: INFO dbcounter [None req-13b5df9c-9f02-45f3-86ce-08f00c3deab8 tempest-AttachVolumeShelveTestJSON-2014161180 tempest-AttachVolumeShelveTestJSON-2014161180-project-member] Registered counter for database nova_cell0
May 12 19:33:59.851347 np0000000633 nova-conductor[98048]: DEBUG oslo_db.sqlalchemy.engines [None req-13b5df9c-9f02-45f3-86ce-08f00c3deab8 tempest-AttachVolumeShelveTestJSON-2014161180 tempest-AttachVolumeShelveTestJSON-2014161180-project-member] MySQL server mode set to STRICT_TRANS_TABLES,STRICT_ALL_TABLES,NO_ZERO_IN_DATE,NO_ZERO_DATE,ERROR_FOR_DIVISION_BY_ZERO,TRADITIONAL,NO_ENGINE_SUBSTITUTION {{(pid=98048) _check_effective_sql_mode /opt/stack/data/venv/lib/python3.12/site-packages/oslo_db/sqlalchemy/engines.py:325}}
May 12 19:33:59.857384 np0000000633 nova-conductor[98048]: DEBUG dbcounter [-] [98048] Writer thread running {{(pid=98048) stat_writer /opt/stack/data/venv/lib/python3.12/site-packages/dbcounter.py:102}}
May 12 19:33:59.867999 np0000000633 nova-conductor[98048]: DEBUG nova.quota [None req-13b5df9c-9f02-45f3-86ce-08f00c3deab8 tempest-AttachVolumeShelveTestJSON-2014161180 tempest-AttachVolumeShelveTestJSON-2014161180-project-member] Getting quotas for project 2deb12feff4f45c486056fa3f5f6b519. Resources: {'ram', 'instances', 'cores'} {{(pid=98048) _get_quotas /opt/stack/nova/nova/quota.py:392}}
May 12 19:33:59.870763 np0000000633 nova-conductor[98048]: DEBUG nova.quota [None req-13b5df9c-9f02-45f3-86ce-08f00c3deab8 tempest-AttachVolumeShelveTestJSON-2014161180 tempest-AttachVolumeShelveTestJSON-2014161180-project-member] Getting quotas for user 164eddff9bd943e89d6d820f55eae16e and project 2deb12feff4f45c486056fa3f5f6b519. Resources: {'ram', 'instances', 'cores'} {{(pid=98048) _get_quotas /opt/stack/nova/nova/quota.py:382}}
May 12 19:33:59.877124 np0000000633 nova-conductor[98048]: DEBUG nova.conductor.manager [None req-13b5df9c-9f02-45f3-86ce-08f00c3deab8 tempest-AttachVolumeShelveTestJSON-2014161180 tempest-AttachVolumeShelveTestJSON-2014161180-project-member] [instance: b8f4e59d-4dbf-4b45-b2f5-85f84dff5dba] Selected host: np0000000633; Selected node: np0000000633; Alternates: [] {{(pid=98048) schedule_and_build_instances /opt/stack/nova/nova/conductor/manager.py:1784}}
May 12 19:33:59.877820 np0000000633 nova-conductor[98048]: DEBUG oslo_concurrency.lockutils [None req-13b5df9c-9f02-45f3-86ce-08f00c3deab8 tempest-AttachVolumeShelveTestJSON-2014161180 tempest-AttachVolumeShelveTestJSON-2014161180-project-member] Acquiring lock "ef2928f6-a66e-472d-a837-3d44e1d6fa36" by "nova.context.set_target_cell..get_or_set_cached_cell_and_set_connections" {{(pid=98048) inner /opt/stack/data/venv/lib/python3.12/site-packages/oslo_concurrency/lockutils.py:506}}
May 12 19:33:59.877820 np0000000633 nova-conductor[98048]: DEBUG oslo_concurrency.lockutils [None req-13b5df9c-9f02-45f3-86ce-08f00c3deab8 tempest-AttachVolumeShelveTestJSON-2014161180 tempest-AttachVolumeShelveTestJSON-2014161180-project-member] Lock "ef2928f6-a66e-472d-a837-3d44e1d6fa36" acquired by "nova.context.set_target_cell..get_or_set_cached_cell_and_set_connections" :: waited 0.000s {{(pid=98048) inner /opt/stack/data/venv/lib/python3.12/site-packages/oslo_concurrency/lockutils.py:519}}
May 12 19:33:59.877900 np0000000633 nova-conductor[98048]: DEBUG oslo_concurrency.lockutils [None req-13b5df9c-9f02-45f3-86ce-08f00c3deab8 tempest-AttachVolumeShelveTestJSON-2014161180 tempest-AttachVolumeShelveTestJSON-2014161180-project-member] Lock "ef2928f6-a66e-472d-a837-3d44e1d6fa36" "released" by "nova.context.set_target_cell..get_or_set_cached_cell_and_set_connections" :: held 0.000s {{(pid=98048) inner /opt/stack/data/venv/lib/python3.12/site-packages/oslo_concurrency/lockutils.py:538}}
May 12 19:33:59.885749 np0000000633 nova-conductor[98048]: DEBUG nova.conductor.manager [None req-13b5df9c-9f02-45f3-86ce-08f00c3deab8 tempest-AttachVolumeShelveTestJSON-2014161180 tempest-AttachVolumeShelveTestJSON-2014161180-project-member] [instance: b8f4e59d-4dbf-4b45-b2f5-85f84dff5dba] block_device_mapping [BlockDeviceMapping(attachment_id=,boot_index=0,connection_info=None,created_at=,delete_on_termination=True,deleted=,deleted_at=,destination_type='local',device_name=None,device_type='disk',disk_bus=None,encrypted=False,encryption_format=None,encryption_options=None,encryption_secret_uuid=None,guest_format=None,id=,image_id='e9a27f49-8c58-4a68-b931-427a2ff7e6f2',instance=,instance_uuid=,no_device=False,snapshot_id=None,source_type='image',tag=None,updated_at=,uuid=,volume_id=None,volume_size=None,volume_type=None)] {{(pid=98048) _create_block_device_mapping /opt/stack/nova/nova/conductor/manager.py:1529}}
