Jul 03 13:55:25.275382 np0000004424 devstack@g-api.service[102724]: DEBUG glance.api.middleware.version_negotiation [None req-b46dd469-5d34-4af7-b146-867a5873bd12 tempest-ServerBootFromVolumeStableRescueTest-329940074 tempest-ServerBootFromVolumeStableRescueTest-329940074-project-member] Determining version of request: PATCH /v2/images/5a541f2f-0d2e-494a-ba5a-27d6cae89f50 Accept: */* {{(pid=102724) process_request /opt/stack/glance/glance/api/middleware/version_negotiation.py:44}}
Jul 03 13:55:25.275382 np0000004424 devstack@g-api.service[102724]: DEBUG glance.api.middleware.version_negotiation [None req-b46dd469-5d34-4af7-b146-867a5873bd12 tempest-ServerBootFromVolumeStableRescueTest-329940074 tempest-ServerBootFromVolumeStableRescueTest-329940074-project-member] Using url versioning {{(pid=102724) process_request /opt/stack/glance/glance/api/middleware/version_negotiation.py:57}}
Jul 03 13:55:25.275607 np0000004424 devstack@g-api.service[102724]: DEBUG glance.api.middleware.version_negotiation [None req-b46dd469-5d34-4af7-b146-867a5873bd12 tempest-ServerBootFromVolumeStableRescueTest-329940074 tempest-ServerBootFromVolumeStableRescueTest-329940074-project-member] Matched version: v2 {{(pid=102724) process_request /opt/stack/glance/glance/api/middleware/version_negotiation.py:69}}
Jul 03 13:55:25.275607 np0000004424 devstack@g-api.service[102724]: DEBUG glance.api.middleware.version_negotiation [None req-b46dd469-5d34-4af7-b146-867a5873bd12 tempest-ServerBootFromVolumeStableRescueTest-329940074 tempest-ServerBootFromVolumeStableRescueTest-329940074-project-member] new path /v2/images/5a541f2f-0d2e-494a-ba5a-27d6cae89f50 {{(pid=102724) process_request /opt/stack/glance/glance/api/middleware/version_negotiation.py:70}}
Jul 03 13:55:25.470252 np0000004424 devstack@g-api.service[102724]: [pid: 102724|app: 0|req: 72/290] 127.0.0.1 () {46 vars in 1158 bytes} [Fri Jul 3 13:55:25 2026] PATCH /v2/images/5a541f2f-0d2e-494a-ba5a-27d6cae89f50 => generated 1469 bytes in 195 msecs (HTTP/1.1 200) 4 headers in 158 bytes (1 switches on core 0)
Jul 03 13:55:25.517395 np0000004424 devstack@g-api.service[102727]: DEBUG glance.api.middleware.version_negotiation [None req-fc1b9410-0b69-4109-b508-2f53e54720e3 tempest-ServerBootFromVolumeStableRescueTest-329940074 tempest-ServerBootFromVolumeStableRescueTest-329940074-project-member] Determining version of request: GET /v2/images/5a541f2f-0d2e-494a-ba5a-27d6cae89f50 Accept: */* {{(pid=102727) process_request /opt/stack/glance/glance/api/middleware/version_negotiation.py:44}}
Jul 03 13:55:25.518260 np0000004424 devstack@g-api.service[102727]: DEBUG glance.api.middleware.version_negotiation [None req-fc1b9410-0b69-4109-b508-2f53e54720e3 tempest-ServerBootFromVolumeStableRescueTest-329940074 tempest-ServerBootFromVolumeStableRescueTest-329940074-project-member] Using url versioning {{(pid=102727) process_request /opt/stack/glance/glance/api/middleware/version_negotiation.py:57}}
Jul 03 13:55:25.518260 np0000004424 devstack@g-api.service[102727]: DEBUG glance.api.middleware.version_negotiation [None req-fc1b9410-0b69-4109-b508-2f53e54720e3 tempest-ServerBootFromVolumeStableRescueTest-329940074 tempest-ServerBootFromVolumeStableRescueTest-329940074-project-member] Matched version: v2 {{(pid=102727) process_request /opt/stack/glance/glance/api/middleware/version_negotiation.py:69}}
Jul 03 13:55:25.518260 np0000004424 devstack@g-api.service[102727]: DEBUG glance.api.middleware.version_negotiation [None req-fc1b9410-0b69-4109-b508-2f53e54720e3 tempest-ServerBootFromVolumeStableRescueTest-329940074 tempest-ServerBootFromVolumeStableRescueTest-329940074-project-member] new path /v2/images/5a541f2f-0d2e-494a-ba5a-27d6cae89f50 {{(pid=102727) process_request /opt/stack/glance/glance/api/middleware/version_negotiation.py:70}}
Jul 03 13:55:25.538112 np0000004424 devstack@g-api.service[102727]: [pid: 102727|app: 0|req: 73/291] 127.0.0.1 () {44 vars in 1115 bytes} [Fri Jul 3 13:55:25 2026] GET /v2/images/5a541f2f-0d2e-494a-ba5a-27d6cae89f50 => generated 1469 bytes in 20 msecs (HTTP/1.1 200) 4 headers in 158 bytes (1 switches on core 0)
Jul 03 13:55:25.553344 np0000004424 devstack@g-api.service[102725]: DEBUG glance.api.middleware.version_negotiation [None req-fc1b9410-0b69-4109-b508-2f53e54720e3 tempest-ServerBootFromVolumeStableRescueTest-329940074 tempest-ServerBootFromVolumeStableRescueTest-329940074-project-member] Determining version of request: GET /v2/images/5a541f2f-0d2e-494a-ba5a-27d6cae89f50 Accept: application/json {{(pid=102725) process_request /opt/stack/glance/glance/api/middleware/version_negotiation.py:44}}
Jul 03 13:55:25.553562 np0000004424 devstack@g-api.service[102725]: DEBUG glance.api.middleware.version_negotiation [None req-fc1b9410-0b69-4109-b508-2f53e54720e3 tempest-ServerBootFromVolumeStableRescueTest-329940074 tempest-ServerBootFromVolumeStableRescueTest-329940074-project-member] Using url versioning {{(pid=102725) process_request /opt/stack/glance/glance/api/middleware/version_negotiation.py:57}}
Jul 03 13:55:25.553736 np0000004424 devstack@g-api.service[102725]: DEBUG glance.api.middleware.version_negotiation [None req-fc1b9410-0b69-4109-b508-2f53e54720e3 tempest-ServerBootFromVolumeStableRescueTest-329940074 tempest-ServerBootFromVolumeStableRescueTest-329940074-project-member] Matched version: v2 {{(pid=102725) process_request /opt/stack/glance/glance/api/middleware/version_negotiation.py:69}}
Jul 03 13:55:25.553893 np0000004424 devstack@g-api.service[102725]: DEBUG glance.api.middleware.version_negotiation [None req-fc1b9410-0b69-4109-b508-2f53e54720e3 tempest-ServerBootFromVolumeStableRescueTest-329940074 tempest-ServerBootFromVolumeStableRescueTest-329940074-project-member] new path /v2/images/5a541f2f-0d2e-494a-ba5a-27d6cae89f50 {{(pid=102725) process_request /opt/stack/glance/glance/api/middleware/version_negotiation.py:70}}
Jul 03 13:55:25.566111 np0000004424 devstack@g-api.service[102725]: [pid: 102725|app: 0|req: 75/292] 127.0.0.1 () {40 vars in 838 bytes} [Fri Jul 3 13:55:25 2026] GET /v2/images/5a541f2f-0d2e-494a-ba5a-27d6cae89f50 => generated 1469 bytes in 13 msecs (HTTP/1.1 200) 4 headers in 158 bytes (1 switches on core 0)
Jul 03 13:55:25.627476 np0000004424 devstack@g-api.service[102726]: DEBUG glance.api.middleware.version_negotiation [None req-fc1b9410-0b69-4109-b508-2f53e54720e3 tempest-ServerBootFromVolumeStableRescueTest-329940074 tempest-ServerBootFromVolumeStableRescueTest-329940074-project-member] Determining version of request: PUT /v2/images/5a541f2f-0d2e-494a-ba5a-27d6cae89f50/file Accept: */* {{(pid=102726) process_request /opt/stack/glance/glance/api/middleware/version_negotiation.py:44}}
Jul 03 13:55:25.627623 np0000004424 devstack@g-api.service[102726]: DEBUG glance.api.middleware.version_negotiation [None req-fc1b9410-0b69-4109-b508-2f53e54720e3 tempest-ServerBootFromVolumeStableRescueTest-329940074 tempest-ServerBootFromVolumeStableRescueTest-329940074-project-member] Using url versioning {{(pid=102726) process_request /opt/stack/glance/glance/api/middleware/version_negotiation.py:57}}
Jul 03 13:55:25.627690 np0000004424 devstack@g-api.service[102726]: DEBUG glance.api.middleware.version_negotiation [None req-fc1b9410-0b69-4109-b508-2f53e54720e3 tempest-ServerBootFromVolumeStableRescueTest-329940074 tempest-ServerBootFromVolumeStableRescueTest-329940074-project-member] Matched version: v2 {{(pid=102726) process_request /opt/stack/glance/glance/api/middleware/version_negotiation.py:69}}
Jul 03 13:55:25.627782 np0000004424 devstack@g-api.service[102726]: DEBUG glance.api.middleware.version_negotiation [None req-fc1b9410-0b69-4109-b508-2f53e54720e3 tempest-ServerBootFromVolumeStableRescueTest-329940074 tempest-ServerBootFromVolumeStableRescueTest-329940074-project-member] new path /v2/images/5a541f2f-0d2e-494a-ba5a-27d6cae89f50/file {{(pid=102726) process_request /opt/stack/glance/glance/api/middleware/version_negotiation.py:70}}
Jul 03 13:55:26.146457 np0000004424 devstack@g-api.service[102726]: INFO glance.api.v2.image_data [None req-fc1b9410-0b69-4109-b508-2f53e54720e3 tempest-ServerBootFromVolumeStableRescueTest-329940074 tempest-ServerBootFromVolumeStableRescueTest-329940074-project-member] Unable to create trust: no such option collect_timing in group [keystone_authtoken] Use the existing user token.
Jul 03 13:55:26.510162 np0000004424 devstack@g-api.service[102724]: DEBUG glance.api.middleware.version_negotiation [None req-fc1b9410-0b69-4109-b508-2f53e54720e3 tempest-ServerBootFromVolumeStableRescueTest-329940074 tempest-ServerBootFromVolumeStableRescueTest-329940074-project-member] Determining version of request: GET /v2/images/6ab6ad19-4967-4c81-af8f-3ae3e4b4e724 Accept: */* {{(pid=102724) process_request /opt/stack/glance/glance/api/middleware/version_negotiation.py:44}}
Jul 03 13:55:26.510438 np0000004424 devstack@g-api.service[102724]: DEBUG glance.api.middleware.version_negotiation [None req-fc1b9410-0b69-4109-b508-2f53e54720e3 tempest-ServerBootFromVolumeStableRescueTest-329940074 tempest-ServerBootFromVolumeStableRescueTest-329940074-project-member] Using url versioning {{(pid=102724) process_request /opt/stack/glance/glance/api/middleware/version_negotiation.py:57}}
Jul 03 13:55:26.510519 np0000004424 devstack@g-api.service[102724]: DEBUG glance.api.middleware.version_negotiation [None req-fc1b9410-0b69-4109-b508-2f53e54720e3 tempest-ServerBootFromVolumeStableRescueTest-329940074 tempest-ServerBootFromVolumeStableRescueTest-329940074-project-member] Matched version: v2 {{(pid=102724) process_request /opt/stack/glance/glance/api/middleware/version_negotiation.py:69}}
Jul 03 13:55:26.510562 np0000004424 devstack@g-api.service[102724]: DEBUG glance.api.middleware.version_negotiation [None req-fc1b9410-0b69-4109-b508-2f53e54720e3 tempest-ServerBootFromVolumeStableRescueTest-329940074 tempest-ServerBootFromVolumeStableRescueTest-329940074-project-member] new path /v2/images/6ab6ad19-4967-4c81-af8f-3ae3e4b4e724 {{(pid=102724) process_request /opt/stack/glance/glance/api/middleware/version_negotiation.py:70}}
Jul 03 13:55:26.522193 np0000004424 devstack@g-api.service[102724]: [pid: 102724|app: 0|req: 73/293] 127.0.0.1 () {44 vars in 1115 bytes} [Fri Jul 3 13:55:26 2026] GET /v2/images/6ab6ad19-4967-4c81-af8f-3ae3e4b4e724 => generated 1044 bytes in 12 msecs (HTTP/1.1 200) 4 headers in 158 bytes (1 switches on core 0)
Jul 03 13:55:26.527005 np0000004424 devstack@g-api.service[102727]: DEBUG glance.api.middleware.version_negotiation [None req-fc1b9410-0b69-4109-b508-2f53e54720e3 tempest-ServerBootFromVolumeStableRescueTest-329940074 tempest-ServerBootFromVolumeStableRescueTest-329940074-project-member] Determining version of request: GET /v2/schemas/image Accept: */* {{(pid=102727) process_request /opt/stack/glance/glance/api/middleware/version_negotiation.py:44}}
Jul 03 13:55:26.527253 np0000004424 devstack@g-api.service[102727]: DEBUG glance.api.middleware.version_negotiation [None req-fc1b9410-0b69-4109-b508-2f53e54720e3 tempest-ServerBootFromVolumeStableRescueTest-329940074 tempest-ServerBootFromVolumeStableRescueTest-329940074-project-member] Using url versioning {{(pid=102727) process_request /opt/stack/glance/glance/api/middleware/version_negotiation.py:57}}
Jul 03 13:55:26.527253 np0000004424 devstack@g-api.service[102727]: DEBUG glance.api.middleware.version_negotiation [None req-fc1b9410-0b69-4109-b508-2f53e54720e3 tempest-ServerBootFromVolumeStableRescueTest-329940074 tempest-ServerBootFromVolumeStableRescueTest-329940074-project-member] Matched version: v2 {{(pid=102727) process_request /opt/stack/glance/glance/api/middleware/version_negotiation.py:69}}
Jul 03 13:55:26.527359 np0000004424 devstack@g-api.service[102727]: DEBUG glance.api.middleware.version_negotiation [None req-fc1b9410-0b69-4109-b508-2f53e54720e3 tempest-ServerBootFromVolumeStableRescueTest-329940074 tempest-ServerBootFromVolumeStableRescueTest-329940074-project-member] new path /v2/schemas/image {{(pid=102727) process_request /opt/stack/glance/glance/api/middleware/version_negotiation.py:70}}
Jul 03 13:55:26.531712 np0000004424 devstack@g-api.service[102727]: [pid: 102727|app: 0|req: 74/294] 127.0.0.1 () {44 vars in 1055 bytes} [Fri Jul 3 13:55:26 2026] GET /v2/schemas/image => generated 6083 bytes in 5 msecs (HTTP/1.1 200) 4 headers in 158 bytes (1 switches on core 0)
Jul 03 13:55:26.539963 np0000004424 devstack@g-api.service[102725]: DEBUG glance.api.middleware.version_negotiation [None req-7b991600-5bfe-4160-879f-e95c074e7f52 tempest-ServerBootFromVolumeStableRescueTest-329940074 tempest-ServerBootFromVolumeStableRescueTest-329940074-project-member] Determining version of request: GET /v2/schemas/image Accept: */* {{(pid=102725) process_request /opt/stack/glance/glance/api/middleware/version_negotiation.py:44}}
Jul 03 13:55:26.540473 np0000004424 devstack@g-api.service[102725]: DEBUG glance.api.middleware.version_negotiation [None req-7b991600-5bfe-4160-879f-e95c074e7f52 tempest-ServerBootFromVolumeStableRescueTest-329940074 tempest-ServerBootFromVolumeStableRescueTest-329940074-project-member] Using url versioning {{(pid=102725) process_request /opt/stack/glance/glance/api/middleware/version_negotiation.py:57}}
Jul 03 13:55:26.540473 np0000004424 devstack@g-api.service[102725]: DEBUG glance.api.middleware.version_negotiation [None req-7b991600-5bfe-4160-879f-e95c074e7f52 tempest-ServerBootFromVolumeStableRescueTest-329940074 tempest-ServerBootFromVolumeStableRescueTest-329940074-project-member] Matched version: v2 {{(pid=102725) process_request /opt/stack/glance/glance/api/middleware/version_negotiation.py:69}}
Jul 03 13:55:26.540473 np0000004424 devstack@g-api.service[102725]: DEBUG glance.api.middleware.version_negotiation [None req-7b991600-5bfe-4160-879f-e95c074e7f52 tempest-ServerBootFromVolumeStableRescueTest-329940074 tempest-ServerBootFromVolumeStableRescueTest-329940074-project-member] new path /v2/schemas/image {{(pid=102725) process_request /opt/stack/glance/glance/api/middleware/version_negotiation.py:70}}
Jul 03 13:55:26.543259 np0000004424 devstack@g-api.service[102725]: [pid: 102725|app: 0|req: 76/295] 127.0.0.1 () {44 vars in 1055 bytes} [Fri Jul 3 13:55:26 2026] GET /v2/schemas/image => generated 6083 bytes in 3 msecs (HTTP/1.1 200) 4 headers in 158 bytes (1 switches on core 0)
Jul 03 13:55:26.554640 np0000004424 devstack@g-api.service[102724]: DEBUG glance.api.middleware.version_negotiation [None req-167d4cde-5a0e-4b8f-82c5-a030f1f5a08f tempest-ServerActionsV293TestJSON-689607387 tempest-ServerActionsV293TestJSON-689607387-project-member] Determining version of request: GET /v2/images/6ab6ad19-4967-4c81-af8f-3ae3e4b4e724 Accept: */* {{(pid=102724) process_request /opt/stack/glance/glance/api/middleware/version_negotiation.py:44}}
Jul 03 13:55:26.555164 np0000004424 devstack@g-api.service[102724]: DEBUG glance.api.middleware.version_negotiation [None req-167d4cde-5a0e-4b8f-82c5-a030f1f5a08f tempest-ServerActionsV293TestJSON-689607387 tempest-ServerActionsV293TestJSON-689607387-project-member] Using url versioning {{(pid=102724) process_request /opt/stack/glance/glance/api/middleware/version_negotiation.py:57}}
Jul 03 13:55:26.555164 np0000004424 devstack@g-api.service[102724]: DEBUG glance.api.middleware.version_negotiation [None req-167d4cde-5a0e-4b8f-82c5-a030f1f5a08f tempest-ServerActionsV293TestJSON-689607387 tempest-ServerActionsV293TestJSON-689607387-project-member] Matched version: v2 {{(pid=102724) process_request /opt/stack/glance/glance/api/middleware/version_negotiation.py:69}}
Jul 03 13:55:26.555164 np0000004424 devstack@g-api.service[102724]: DEBUG glance.api.middleware.version_negotiation [None req-167d4cde-5a0e-4b8f-82c5-a030f1f5a08f tempest-ServerActionsV293TestJSON-689607387 tempest-ServerActionsV293TestJSON-689607387-project-member] new path /v2/images/6ab6ad19-4967-4c81-af8f-3ae3e4b4e724 {{(pid=102724) process_request /opt/stack/glance/glance/api/middleware/version_negotiation.py:70}}
Jul 03 13:55:26.565908 np0000004424 devstack@g-api.service[102724]: [pid: 102724|app: 0|req: 74/296] 127.0.0.1 () {44 vars in 1115 bytes} [Fri Jul 3 13:55:26 2026] GET /v2/images/6ab6ad19-4967-4c81-af8f-3ae3e4b4e724 => generated 1044 bytes in 11 msecs (HTTP/1.1 200) 4 headers in 158 bytes (1 switches on core 0)
Jul 03 13:55:26.578004 np0000004424 devstack@g-api.service[102727]: DEBUG glance.api.middleware.version_negotiation [None req-167d4cde-5a0e-4b8f-82c5-a030f1f5a08f tempest-ServerActionsV293TestJSON-689607387 tempest-ServerActionsV293TestJSON-689607387-project-member] Determining version of request: GET /v2/images/5a541f2f-0d2e-494a-ba5a-27d6cae89f50 Accept: application/json {{(pid=102727) process_request /opt/stack/glance/glance/api/middleware/version_negotiation.py:44}}
Jul 03 13:55:26.578220 np0000004424 devstack@g-api.service[102727]: DEBUG glance.api.middleware.version_negotiation [None req-167d4cde-5a0e-4b8f-82c5-a030f1f5a08f tempest-ServerActionsV293TestJSON-689607387 tempest-ServerActionsV293TestJSON-689607387-project-member] Using url versioning {{(pid=102727) process_request /opt/stack/glance/glance/api/middleware/version_negotiation.py:57}}
Jul 03 13:55:26.578490 np0000004424 devstack@g-api.service[102725]: DEBUG glance.api.middleware.version_negotiation [None req-167d4cde-5a0e-4b8f-82c5-a030f1f5a08f tempest-ServerActionsV293TestJSON-689607387 tempest-ServerActionsV293TestJSON-689607387-project-member] Determining version of request: GET /v2/schemas/image Accept: */* {{(pid=102725) process_request /opt/stack/glance/glance/api/middleware/version_negotiation.py:44}}
Jul 03 13:55:26.578735 np0000004424 devstack@g-api.service[102725]: DEBUG glance.api.middleware.version_negotiation [None req-167d4cde-5a0e-4b8f-82c5-a030f1f5a08f tempest-ServerActionsV293TestJSON-689607387 tempest-ServerActionsV293TestJSON-689607387-project-member] Using url versioning {{(pid=102725) process_request /opt/stack/glance/glance/api/middleware/version_negotiation.py:57}}
Jul 03 13:55:26.578878 np0000004424 devstack@g-api.service[102725]: DEBUG glance.api.middleware.version_negotiation [None req-167d4cde-5a0e-4b8f-82c5-a030f1f5a08f tempest-ServerActionsV293TestJSON-689607387 tempest-ServerActionsV293TestJSON-689607387-project-member] Matched version: v2 {{(pid=102725) process_request /opt/stack/glance/glance/api/middleware/version_negotiation.py:69}}
Jul 03 13:55:26.579001 np0000004424 devstack@g-api.service[102725]: DEBUG glance.api.middleware.version_negotiation [None req-167d4cde-5a0e-4b8f-82c5-a030f1f5a08f tempest-ServerActionsV293TestJSON-689607387 tempest-ServerActionsV293TestJSON-689607387-project-member] new path /v2/schemas/image {{(pid=102725) process_request /opt/stack/glance/glance/api/middleware/version_negotiation.py:70}}
Jul 03 13:55:26.579120 np0000004424 devstack@g-api.service[102727]: DEBUG glance.api.middleware.version_negotiation [None req-167d4cde-5a0e-4b8f-82c5-a030f1f5a08f tempest-ServerActionsV293TestJSON-689607387 tempest-ServerActionsV293TestJSON-689607387-project-member] Matched version: v2 {{(pid=102727) process_request /opt/stack/glance/glance/api/middleware/version_negotiation.py:69}}
Jul 03 13:55:26.579327 np0000004424 devstack@g-api.service[102727]: DEBUG glance.api.middleware.version_negotiation [None req-167d4cde-5a0e-4b8f-82c5-a030f1f5a08f tempest-ServerActionsV293TestJSON-689607387 tempest-ServerActionsV293TestJSON-689607387-project-member] new path /v2/images/5a541f2f-0d2e-494a-ba5a-27d6cae89f50 {{(pid=102727) process_request /opt/stack/glance/glance/api/middleware/version_negotiation.py:70}}
Jul 03 13:55:26.581978 np0000004424 devstack@g-api.service[102725]: [pid: 102725|app: 0|req: 77/297] 127.0.0.1 () {44 vars in 1055 bytes} [Fri Jul 3 13:55:26 2026] GET /v2/schemas/image => generated 6083 bytes in 3 msecs (HTTP/1.1 200) 4 headers in 158 bytes (1 switches on core 0)
Jul 03 13:55:26.593709 np0000004424 devstack@g-api.service[102724]: DEBUG glance.api.middleware.version_negotiation [None req-167d4cde-5a0e-4b8f-82c5-a030f1f5a08f tempest-ServerActionsV293TestJSON-689607387 tempest-ServerActionsV293TestJSON-689607387-project-member] Determining version of request: GET /v2/schemas/image Accept: */* {{(pid=102724) process_request /opt/stack/glance/glance/api/middleware/version_negotiation.py:44}}
Jul 03 13:55:26.593936 np0000004424 devstack@g-api.service[102724]: DEBUG glance.api.middleware.version_negotiation [None req-167d4cde-5a0e-4b8f-82c5-a030f1f5a08f tempest-ServerActionsV293TestJSON-689607387 tempest-ServerActionsV293TestJSON-689607387-project-member] Using url versioning {{(pid=102724) process_request /opt/stack/glance/glance/api/middleware/version_negotiation.py:57}}
Jul 03 13:55:26.594106 np0000004424 devstack@g-api.service[102724]: DEBUG glance.api.middleware.version_negotiation [None req-167d4cde-5a0e-4b8f-82c5-a030f1f5a08f tempest-ServerActionsV293TestJSON-689607387 tempest-ServerActionsV293TestJSON-689607387-project-member] Matched version: v2 {{(pid=102724) process_request /opt/stack/glance/glance/api/middleware/version_negotiation.py:69}}
Jul 03 13:55:26.594194 np0000004424 devstack@g-api.service[102724]: DEBUG glance.api.middleware.version_negotiation [None req-167d4cde-5a0e-4b8f-82c5-a030f1f5a08f tempest-ServerActionsV293TestJSON-689607387 tempest-ServerActionsV293TestJSON-689607387-project-member] new path /v2/schemas/image {{(pid=102724) process_request /opt/stack/glance/glance/api/middleware/version_negotiation.py:70}}
Jul 03 13:55:26.599716 np0000004424 devstack@g-api.service[102724]: [pid: 102724|app: 0|req: 75/298] 127.0.0.1 () {44 vars in 1055 bytes} [Fri Jul 3 13:55:26 2026] GET /v2/schemas/image => generated 6083 bytes in 5 msecs (HTTP/1.1 200) 4 headers in 158 bytes (1 switches on core 0)
Jul 03 13:55:26.604646 np0000004424 devstack@g-api.service[102727]: [pid: 102727|app: 0|req: 75/299] 127.0.0.1 () {40 vars in 838 bytes} [Fri Jul 3 13:55:26 2026] GET /v2/images/5a541f2f-0d2e-494a-ba5a-27d6cae89f50 => generated 1469 bytes in 28 msecs (HTTP/1.1 200) 4 headers in 158 bytes (1 switches on core 0)
Jul 03 13:55:26.637197 np0000004424 devstack@g-api.service[102725]: DEBUG glance.api.middleware.version_negotiation [None req-167d4cde-5a0e-4b8f-82c5-a030f1f5a08f tempest-ServerActionsV293TestJSON-689607387 tempest-ServerActionsV293TestJSON-689607387-project-member] Determining version of request: GET /v2/images/6ab6ad19-4967-4c81-af8f-3ae3e4b4e724 Accept: */* {{(pid=102725) process_request /opt/stack/glance/glance/api/middleware/version_negotiation.py:44}}
Jul 03 13:55:26.637372 np0000004424 devstack@g-api.service[102725]: DEBUG glance.api.middleware.version_negotiation [None req-167d4cde-5a0e-4b8f-82c5-a030f1f5a08f tempest-ServerActionsV293TestJSON-689607387 tempest-ServerActionsV293TestJSON-689607387-project-member] Using url versioning {{(pid=102725) process_request /opt/stack/glance/glance/api/middleware/version_negotiation.py:57}}
Jul 03 13:55:26.637495 np0000004424 devstack@g-api.service[102725]: DEBUG glance.api.middleware.version_negotiation [None req-167d4cde-5a0e-4b8f-82c5-a030f1f5a08f tempest-ServerActionsV293TestJSON-689607387 tempest-ServerActionsV293TestJSON-689607387-project-member] Matched version: v2 {{(pid=102725) process_request /opt/stack/glance/glance/api/middleware/version_negotiation.py:69}}
Jul 03 13:55:26.637573 np0000004424 devstack@g-api.service[102725]: DEBUG glance.api.middleware.version_negotiation [None req-167d4cde-5a0e-4b8f-82c5-a030f1f5a08f tempest-ServerActionsV293TestJSON-689607387 tempest-ServerActionsV293TestJSON-689607387-project-member] new path /v2/images/6ab6ad19-4967-4c81-af8f-3ae3e4b4e724 {{(pid=102725) process_request /opt/stack/glance/glance/api/middleware/version_negotiation.py:70}}
Jul 03 13:55:26.647330 np0000004424 devstack@g-api.service[102725]: [pid: 102725|app: 0|req: 78/300] 127.0.0.1 () {44 vars in 1115 bytes} [Fri Jul 3 13:55:26 2026] GET /v2/images/6ab6ad19-4967-4c81-af8f-3ae3e4b4e724 => generated 1044 bytes in 10 msecs (HTTP/1.1 200) 4 headers in 158 bytes (1 switches on core 0)
Jul 03 13:55:26.658120 np0000004424 devstack@g-api.service[102724]: DEBUG glance.api.middleware.version_negotiation [None req-167d4cde-5a0e-4b8f-82c5-a030f1f5a08f tempest-ServerActionsV293TestJSON-689607387 tempest-ServerActionsV293TestJSON-689607387-project-member] Determining version of request: GET /v2/schemas/image Accept: */* {{(pid=102724) process_request /opt/stack/glance/glance/api/middleware/version_negotiation.py:44}}
Jul 03 13:55:26.661078 np0000004424 devstack@g-api.service[102724]: DEBUG glance.api.middleware.version_negotiation [None req-167d4cde-5a0e-4b8f-82c5-a030f1f5a08f tempest-ServerActionsV293TestJSON-689607387 tempest-ServerActionsV293TestJSON-689607387-project-member] Using url versioning {{(pid=102724) process_request /opt/stack/glance/glance/api/middleware/version_negotiation.py:57}}
Jul 03 13:55:26.661078 np0000004424 devstack@g-api.service[102724]: DEBUG glance.api.middleware.version_negotiation [None req-167d4cde-5a0e-4b8f-82c5-a030f1f5a08f tempest-ServerActionsV293TestJSON-689607387 tempest-ServerActionsV293TestJSON-689607387-project-member] Matched version: v2 {{(pid=102724) process_request /opt/stack/glance/glance/api/middleware/version_negotiation.py:69}}
Jul 03 13:55:26.661078 np0000004424 devstack@g-api.service[102724]: DEBUG glance.api.middleware.version_negotiation [None req-167d4cde-5a0e-4b8f-82c5-a030f1f5a08f tempest-ServerActionsV293TestJSON-689607387 tempest-ServerActionsV293TestJSON-689607387-project-member] new path /v2/schemas/image {{(pid=102724) process_request /opt/stack/glance/glance/api/middleware/version_negotiation.py:70}}
Jul 03 13:55:26.661078 np0000004424 devstack@g-api.service[102724]: [pid: 102724|app: 0|req: 76/301] 127.0.0.1 () {44 vars in 1055 bytes} [Fri Jul 3 13:55:26 2026] GET /v2/schemas/image => generated 6083 bytes in 3 msecs (HTTP/1.1 200) 4 headers in 158 bytes (1 switches on core 0)
Jul 03 13:55:26.671876 np0000004424 devstack@g-api.service[102726]: DEBUG glance.location [None req-fc1b9410-0b69-4109-b508-2f53e54720e3 tempest-ServerBootFromVolumeStableRescueTest-329940074 tempest-ServerBootFromVolumeStableRescueTest-329940074-project-member] Enabling in-flight format inspection for qcow2 {{(pid=102726) set_data /opt/stack/glance/glance/location.py:596}}
Jul 03 13:55:26.672370 np0000004424 devstack@g-api.service[102726]: DEBUG glance_store.backend [None req-fc1b9410-0b69-4109-b508-2f53e54720e3 tempest-ServerBootFromVolumeStableRescueTest-329940074 tempest-ServerBootFromVolumeStableRescueTest-329940074-project-member] Attempting to import store swift {{(pid=102726) _load_store /opt/stack/data/venv/lib/python3.12/site-packages/glance_store/backend.py:215}}
Jul 03 13:55:26.674309 np0000004424 devstack@g-api.service[102726]: DEBUG glance_store.capabilities [None req-fc1b9410-0b69-4109-b508-2f53e54720e3 tempest-ServerBootFromVolumeStableRescueTest-329940074 tempest-ServerBootFromVolumeStableRescueTest-329940074-project-member] Store glance_store._drivers.swift.store.SingleTenantStore doesn't support updating dynamic storage capabilities. Please overwrite 'update_capabilities' method of the store to implement updating logics if needed. {{(pid=102726) update_capabilities /opt/stack/data/venv/lib/python3.12/site-packages/glance_store/capabilities.py:91}}
Jul 03 13:55:26.674765 np0000004424 devstack@g-api.service[102726]: DEBUG glance_store.driver [None req-fc1b9410-0b69-4109-b508-2f53e54720e3 tempest-ServerBootFromVolumeStableRescueTest-329940074 tempest-ServerBootFromVolumeStableRescueTest-329940074-project-member] Late loading location class glance_store._drivers.swift.store.StoreLocation {{(pid=102726) get_store_location_class /opt/stack/data/venv/lib/python3.12/site-packages/glance_store/driver.py:134}}
Jul 03 13:55:26.674992 np0000004424 devstack@g-api.service[102726]: DEBUG glance_store.location [None req-fc1b9410-0b69-4109-b508-2f53e54720e3 tempest-ServerBootFromVolumeStableRescueTest-329940074 tempest-ServerBootFromVolumeStableRescueTest-329940074-project-member] Registering scheme swift+https with {'store': , 'location_class': , 'store_entry': 'swift'} {{(pid=102726) register_scheme_map /opt/stack/data/venv/lib/python3.12/site-packages/glance_store/location.py:146}}
Jul 03 13:55:26.675138 np0000004424 devstack@g-api.service[102726]: DEBUG glance_store.location [None req-fc1b9410-0b69-4109-b508-2f53e54720e3 tempest-ServerBootFromVolumeStableRescueTest-329940074 tempest-ServerBootFromVolumeStableRescueTest-329940074-project-member] Registering scheme swift+https with {'store': , 'location_class': , 'store_entry': 'swift'} {{(pid=102726) register_scheme_map /opt/stack/data/venv/lib/python3.12/site-packages/glance_store/location.py:146}}
Jul 03 13:55:26.675336 np0000004424 devstack@g-api.service[102726]: DEBUG glance_store.location [None req-fc1b9410-0b69-4109-b508-2f53e54720e3 tempest-ServerBootFromVolumeStableRescueTest-329940074 tempest-ServerBootFromVolumeStableRescueTest-329940074-project-member] Registering scheme swift with {'store': , 'location_class': , 'store_entry': 'swift'} {{(pid=102726) register_scheme_map /opt/stack/data/venv/lib/python3.12/site-packages/glance_store/location.py:146}}
Jul 03 13:55:26.675493 np0000004424 devstack@g-api.service[102726]: DEBUG glance_store.location [None req-fc1b9410-0b69-4109-b508-2f53e54720e3 tempest-ServerBootFromVolumeStableRescueTest-329940074 tempest-ServerBootFromVolumeStableRescueTest-329940074-project-member] Registering scheme swift+https with {'store': , 'location_class': , 'store_entry': 'swift'} {{(pid=102726) register_scheme_map /opt/stack/data/venv/lib/python3.12/site-packages/glance_store/location.py:146}}
Jul 03 13:55:26.675640 np0000004424 devstack@g-api.service[102726]: DEBUG glance_store.location [None req-fc1b9410-0b69-4109-b508-2f53e54720e3 tempest-ServerBootFromVolumeStableRescueTest-329940074 tempest-ServerBootFromVolumeStableRescueTest-329940074-project-member] Registering scheme swift with {'store': , 'location_class': , 'store_entry': 'swift'} {{(pid=102726) register_scheme_map /opt/stack/data/venv/lib/python3.12/site-packages/glance_store/location.py:146}}
Jul 03 13:55:26.675777 np0000004424 devstack@g-api.service[102726]: DEBUG glance_store.location [None req-fc1b9410-0b69-4109-b508-2f53e54720e3 tempest-ServerBootFromVolumeStableRescueTest-329940074 tempest-ServerBootFromVolumeStableRescueTest-329940074-project-member] Registering scheme swift+http with {'store': , 'location_class': , 'store_entry': 'swift'} {{(pid=102726) register_scheme_map /opt/stack/data/venv/lib/python3.12/site-packages/glance_store/location.py:146}}
Jul 03 13:55:26.675967 np0000004424 devstack@g-api.service[102726]: DEBUG glance_store.location [None req-fc1b9410-0b69-4109-b508-2f53e54720e3 tempest-ServerBootFromVolumeStableRescueTest-329940074 tempest-ServerBootFromVolumeStableRescueTest-329940074-project-member] Registering scheme swift+https with {'store': , 'location_class': , 'store_entry': 'swift'} {{(pid=102726) register_scheme_map /opt/stack/data/venv/lib/python3.12/site-packages/glance_store/location.py:146}}
Jul 03 13:55:26.676121 np0000004424 devstack@g-api.service[102726]: DEBUG glance_store.location [None req-fc1b9410-0b69-4109-b508-2f53e54720e3 tempest-ServerBootFromVolumeStableRescueTest-329940074 tempest-ServerBootFromVolumeStableRescueTest-329940074-project-member] Registering scheme swift with {'store': , 'location_class': , 'store_entry': 'swift'} {{(pid=102726) register_scheme_map /opt/stack/data/venv/lib/python3.12/site-packages/glance_store/location.py:146}}
Jul 03 13:55:26.676248 np0000004424 devstack@g-api.service[102726]: DEBUG glance_store.location [None req-fc1b9410-0b69-4109-b508-2f53e54720e3 tempest-ServerBootFromVolumeStableRescueTest-329940074 tempest-ServerBootFromVolumeStableRescueTest-329940074-project-member] Registering scheme swift+http with {'store': , 'location_class': , 'store_entry': 'swift'} {{(pid=102726) register_scheme_map /opt/stack/data/venv/lib/python3.12/site-packages/glance_store/location.py:146}}
Jul 03 13:55:26.676410 np0000004424 devstack@g-api.service[102726]: DEBUG glance_store.location [None req-fc1b9410-0b69-4109-b508-2f53e54720e3 tempest-ServerBootFromVolumeStableRescueTest-329940074 tempest-ServerBootFromVolumeStableRescueTest-329940074-project-member] Registering scheme swift+config with {'store': , 'location_class': , 'store_entry': 'swift'} {{(pid=102726) register_scheme_map /opt/stack/data/venv/lib/python3.12/site-packages/glance_store/location.py:146}}
Jul 03 13:55:26.995473 np0000004424 devstack@g-api.service[102726]: DEBUG swiftclient [None req-fc1b9410-0b69-4109-b508-2f53e54720e3 tempest-ServerBootFromVolumeStableRescueTest-329940074 tempest-ServerBootFromVolumeStableRescueTest-329940074-project-member] REQ: curl -i https://10.4.3.181:8080/v1/AUTH_8c9604d671fe4454be2a8206b737f7ef/glance -I -H "X-Auth-Token: gAAAAABqR79O7usF..." {{(pid=102726) http_log /opt/stack/data/venv/lib/python3.12/site-packages/swiftclient/client.py:160}}
Jul 03 13:55:26.995642 np0000004424 devstack@g-api.service[102726]: DEBUG swiftclient [None req-fc1b9410-0b69-4109-b508-2f53e54720e3 tempest-ServerBootFromVolumeStableRescueTest-329940074 tempest-ServerBootFromVolumeStableRescueTest-329940074-project-member] RESP STATUS: 204 No Content {{(pid=102726) http_log /opt/stack/data/venv/lib/python3.12/site-packages/swiftclient/client.py:161}}
Jul 03 13:55:26.996107 np0000004424 devstack@g-api.service[102726]: DEBUG swiftclient [None req-fc1b9410-0b69-4109-b508-2f53e54720e3 tempest-ServerBootFromVolumeStableRescueTest-329940074 tempest-ServerBootFromVolumeStableRescueTest-329940074-project-member] RESP HEADERS: {'Date': 'Fri, 03 Jul 2026 13:55:26 GMT', 'Server': 'Apache/2.4.58 (Ubuntu)', 'Content-Type': 'text/plain; charset=utf-8', 'X-Container-Object-Count': '7', 'X-Container-Bytes-Used': '141557760', 'X-Timestamp': '1783086490.45888', 'Last-Modified': 'Fri, 03 Jul 2026 13:48:11 GMT', 'Accept-Ranges': 'bytes', 'X-Storage-Policy': 'Policy-0', 'X-Container-Sharding': 'False', 'Vary': 'Accept', 'X-Trans-Id': 'tx1b1683a4990949689feab-006a47bf4e', 'X-Openstack-Request-Id': 'tx1b1683a4990949689feab-006a47bf4e', 'Connection': 'close'} {{(pid=102726) http_log /opt/stack/data/venv/lib/python3.12/site-packages/swiftclient/client.py:162}}
Jul 03 13:55:26.996220 np0000004424 devstack@g-api.service[102726]: DEBUG glance_store._drivers.swift.store [None req-fc1b9410-0b69-4109-b508-2f53e54720e3 tempest-ServerBootFromVolumeStableRescueTest-329940074 tempest-ServerBootFromVolumeStableRescueTest-329940074-project-member] Adding image object '5a541f2f-0d2e-494a-ba5a-27d6cae89f50' to Swift {{(pid=102726) add /opt/stack/data/venv/lib/python3.12/site-packages/glance_store/_drivers/swift/store.py:970}}
Jul 03 13:55:26.996286 np0000004424 devstack@g-api.service[102726]: DEBUG glance_store._drivers.swift.store [None req-fc1b9410-0b69-4109-b508-2f53e54720e3 tempest-ServerBootFromVolumeStableRescueTest-329940074 tempest-ServerBootFromVolumeStableRescueTest-329940074-project-member] Cannot determine image size because it is either not provided in the request or chunked-transfer encoding is used. Adding image as a segmented object to Swift. {{(pid=102726) add /opt/stack/data/venv/lib/python3.12/site-packages/glance_store/_drivers/swift/store.py:994}}
Jul 03 13:55:27.004431 np0000004424 devstack@g-api.service[102726]: DEBUG oslo_utils.imageutils.format_inspector [None req-fc1b9410-0b69-4109-b508-2f53e54720e3 tempest-ServerBootFromVolumeStableRescueTest-329940074 tempest-ServerBootFromVolumeStableRescueTest-329940074-project-member] Format inspector for vmdk does not match, excluding from consideration (Signature KDMV not found: b'QFI\xfb') {{(pid=102726) _process_chunk /opt/stack/data/venv/lib/python3.12/site-packages/oslo_utils/imageutils/format_inspector.py:1758}}
Jul 03 13:55:27.008368 np0000004424 devstack@g-api.service[102726]: DEBUG oslo_utils.imageutils.format_inspector [None req-fc1b9410-0b69-4109-b508-2f53e54720e3 tempest-ServerBootFromVolumeStableRescueTest-329940074 tempest-ServerBootFromVolumeStableRescueTest-329940074-project-member] Format inspector for vhdx does not match, excluding from consideration (Region signature not found at 30000) {{(pid=102726) _process_chunk /opt/stack/data/venv/lib/python3.12/site-packages/oslo_utils/imageutils/format_inspector.py:1758}}
Jul 03 13:55:27.141575 np0000004424 devstack@g-api.service[102727]: DEBUG glance.api.middleware.version_negotiation [None req-acf2f5ad-0a68-4eac-8683-4f5f26dde5e7 tempest-ServerBootFromVolumeStableRescueTest-329940074 tempest-ServerBootFromVolumeStableRescueTest-329940074-project-member] Determining version of request: GET /versions Accept: */* {{(pid=102727) process_request /opt/stack/glance/glance/api/middleware/version_negotiation.py:44}}
Jul 03 13:55:27.142230 np0000004424 devstack@g-api.service[102727]: [pid: 102727|app: 0|req: 76/302] 127.0.0.1 () {44 vars in 1039 bytes} [Fri Jul 3 13:55:27 2026] GET /versions => generated 1407 bytes in 1 msecs (HTTP/1.1 200) 3 headers in 92 bytes (1 switches on core 0)
Jul 03 13:55:27.150501 np0000004424 devstack@g-api.service[102725]: DEBUG glance.api.middleware.version_negotiation [None req-167d4cde-5a0e-4b8f-82c5-a030f1f5a08f tempest-ServerActionsV293TestJSON-689607387 tempest-ServerActionsV293TestJSON-689607387-project-member] Determining version of request: GET /v2/images/6ab6ad19-4967-4c81-af8f-3ae3e4b4e724/locations Accept: */* {{(pid=102725) process_request /opt/stack/glance/glance/api/middleware/version_negotiation.py:44}}
Jul 03 13:55:27.150671 np0000004424 devstack@g-api.service[102725]: DEBUG glance.api.middleware.version_negotiation [None req-167d4cde-5a0e-4b8f-82c5-a030f1f5a08f tempest-ServerActionsV293TestJSON-689607387 tempest-ServerActionsV293TestJSON-689607387-project-member] Using url versioning {{(pid=102725) process_request /opt/stack/glance/glance/api/middleware/version_negotiation.py:57}}
Jul 03 13:55:27.150936 np0000004424 devstack@g-api.service[102725]: DEBUG glance.api.middleware.version_negotiation [None req-167d4cde-5a0e-4b8f-82c5-a030f1f5a08f tempest-ServerActionsV293TestJSON-689607387 tempest-ServerActionsV293TestJSON-689607387-project-member] Matched version: v2 {{(pid=102725) process_request /opt/stack/glance/glance/api/middleware/version_negotiation.py:69}}
Jul 03 13:55:27.151190 np0000004424 devstack@g-api.service[102725]: DEBUG glance.api.middleware.version_negotiation [None req-167d4cde-5a0e-4b8f-82c5-a030f1f5a08f tempest-ServerActionsV293TestJSON-689607387 tempest-ServerActionsV293TestJSON-689607387-project-member] new path /v2/images/6ab6ad19-4967-4c81-af8f-3ae3e4b4e724/locations {{(pid=102725) process_request /opt/stack/glance/glance/api/middleware/version_negotiation.py:70}}
Jul 03 13:55:27.295228 np0000004424 devstack@g-api.service[102725]: [pid: 102725|app: 0|req: 79/303] 127.0.0.1 () {44 vars in 1135 bytes} [Fri Jul 3 13:55:27 2026] GET /v2/images/6ab6ad19-4967-4c81-af8f-3ae3e4b4e724/locations => generated 92 bytes in 144 msecs (HTTP/1.1 200) 4 headers in 156 bytes (1 switches on core 0)
Jul 03 13:55:27.300559 np0000004424 devstack@g-api.service[102726]: DEBUG swiftclient [None req-fc1b9410-0b69-4109-b508-2f53e54720e3 tempest-ServerBootFromVolumeStableRescueTest-329940074 tempest-ServerBootFromVolumeStableRescueTest-329940074-project-member] REQ: curl -i https://10.4.3.181:8080/v1/AUTH_8c9604d671fe4454be2a8206b737f7ef/glance/5a541f2f-0d2e-494a-ba5a-27d6cae89f50-00001 -X PUT -H "X-Auth-Token: gAAAAABqR79O7usF..." {{(pid=102726) http_log /opt/stack/data/venv/lib/python3.12/site-packages/swiftclient/client.py:160}}
Jul 03 13:55:27.300774 np0000004424 devstack@g-api.service[102726]: DEBUG swiftclient [None req-fc1b9410-0b69-4109-b508-2f53e54720e3 tempest-ServerBootFromVolumeStableRescueTest-329940074 tempest-ServerBootFromVolumeStableRescueTest-329940074-project-member] RESP STATUS: 201 Created {{(pid=102726) http_log /opt/stack/data/venv/lib/python3.12/site-packages/swiftclient/client.py:161}}
Jul 03 13:55:27.300774 np0000004424 devstack@g-api.service[102726]: DEBUG swiftclient [None req-fc1b9410-0b69-4109-b508-2f53e54720e3 tempest-ServerBootFromVolumeStableRescueTest-329940074 tempest-ServerBootFromVolumeStableRescueTest-329940074-project-member] RESP HEADERS: {'Date': 'Fri, 03 Jul 2026 13:55:27 GMT', 'Server': 'Apache/2.4.58 (Ubuntu)', 'Content-Type': 'text/html; charset=UTF-8', 'Content-Length': '0', 'Etag': '4fa343ee581d8d2e78533191fd1ac3e1', 'Last-Modified': 'Fri, 03 Jul 2026 13:55:28 GMT', 'X-Trans-Id': 'tx82f9e17f622347d389a7c-006a47bf4f', 'X-Openstack-Request-Id': 'tx82f9e17f622347d389a7c-006a47bf4f', 'Connection': 'close'} {{(pid=102726) http_log /opt/stack/data/venv/lib/python3.12/site-packages/swiftclient/client.py:162}}
Jul 03 13:55:27.301613 np0000004424 devstack@g-api.service[102726]: DEBUG glance_store._drivers.swift.store [None req-fc1b9410-0b69-4109-b508-2f53e54720e3 tempest-ServerBootFromVolumeStableRescueTest-329940074 tempest-ServerBootFromVolumeStableRescueTest-329940074-project-member] Wrote chunk 5a541f2f-0d2e-494a-ba5a-27d6cae89f50-00001 (1/?) of length 23527424 to Swift returning MD5 of content: 4fa343ee581d8d2e78533191fd1ac3e1 {{(pid=102726) add /opt/stack/data/venv/lib/python3.12/site-packages/glance_store/_drivers/swift/store.py:1059}}
Jul 03 13:55:27.301613 np0000004424 devstack@g-api.service[102726]: DEBUG glance_store._drivers.swift.store [None req-fc1b9410-0b69-4109-b508-2f53e54720e3 tempest-ServerBootFromVolumeStableRescueTest-329940074 tempest-ServerBootFromVolumeStableRescueTest-329940074-project-member] Not writing zero-length chunk. {{(pid=102726) add /opt/stack/data/venv/lib/python3.12/site-packages/glance_store/_drivers/swift/store.py:1028}}
Jul 03 13:55:27.303709 np0000004424 devstack@g-api.service[102724]: DEBUG glance.api.middleware.version_negotiation [None req-167d4cde-5a0e-4b8f-82c5-a030f1f5a08f tempest-ServerActionsV293TestJSON-689607387 tempest-ServerActionsV293TestJSON-689607387-project-member] Determining version of request: GET /v2/images/6ab6ad19-4967-4c81-af8f-3ae3e4b4e724 Accept: */* {{(pid=102724) process_request /opt/stack/glance/glance/api/middleware/version_negotiation.py:44}}
Jul 03 13:55:27.303888 np0000004424 devstack@g-api.service[102724]: DEBUG glance.api.middleware.version_negotiation [None req-167d4cde-5a0e-4b8f-82c5-a030f1f5a08f tempest-ServerActionsV293TestJSON-689607387 tempest-ServerActionsV293TestJSON-689607387-project-member] Using url versioning {{(pid=102724) process_request /opt/stack/glance/glance/api/middleware/version_negotiation.py:57}}
Jul 03 13:55:27.304073 np0000004424 devstack@g-api.service[102724]: DEBUG glance.api.middleware.version_negotiation [None req-167d4cde-5a0e-4b8f-82c5-a030f1f5a08f tempest-ServerActionsV293TestJSON-689607387 tempest-ServerActionsV293TestJSON-689607387-project-member] Matched version: v2 {{(pid=102724) process_request /opt/stack/glance/glance/api/middleware/version_negotiation.py:69}}
Jul 03 13:55:27.304202 np0000004424 devstack@g-api.service[102724]: DEBUG glance.api.middleware.version_negotiation [None req-167d4cde-5a0e-4b8f-82c5-a030f1f5a08f tempest-ServerActionsV293TestJSON-689607387 tempest-ServerActionsV293TestJSON-689607387-project-member] new path /v2/images/6ab6ad19-4967-4c81-af8f-3ae3e4b4e724 {{(pid=102724) process_request /opt/stack/glance/glance/api/middleware/version_negotiation.py:70}}
Jul 03 13:55:27.323784 np0000004424 devstack@g-api.service[102724]: [pid: 102724|app: 0|req: 77/304] 127.0.0.1 () {44 vars in 1115 bytes} [Fri Jul 3 13:55:27 2026] GET /v2/images/6ab6ad19-4967-4c81-af8f-3ae3e4b4e724 => generated 1044 bytes in 20 msecs (HTTP/1.1 200) 4 headers in 158 bytes (1 switches on core 0)
Jul 03 13:55:27.327213 np0000004424 devstack@g-api.service[102726]: DEBUG swiftclient [None req-fc1b9410-0b69-4109-b508-2f53e54720e3 tempest-ServerBootFromVolumeStableRescueTest-329940074 tempest-ServerBootFromVolumeStableRescueTest-329940074-project-member] REQ: curl -i https://10.4.3.181:8080/v1/AUTH_8c9604d671fe4454be2a8206b737f7ef/glance/5a541f2f-0d2e-494a-ba5a-27d6cae89f50 -X PUT -H "X-Object-Manifest: glance/5a541f2f-0d2e-494a-ba5a-27d6cae89f50-" -H "X-Auth-Token: gAAAAABqR79O7usF..." -H "Content-Length: 0" {{(pid=102726) http_log /opt/stack/data/venv/lib/python3.12/site-packages/swiftclient/client.py:160}}
Jul 03 13:55:27.327325 np0000004424 devstack@g-api.service[102726]: DEBUG swiftclient [None req-fc1b9410-0b69-4109-b508-2f53e54720e3 tempest-ServerBootFromVolumeStableRescueTest-329940074 tempest-ServerBootFromVolumeStableRescueTest-329940074-project-member] RESP STATUS: 201 Created {{(pid=102726) http_log /opt/stack/data/venv/lib/python3.12/site-packages/swiftclient/client.py:161}}
Jul 03 13:55:27.327454 np0000004424 devstack@g-api.service[102726]: DEBUG swiftclient [None req-fc1b9410-0b69-4109-b508-2f53e54720e3 tempest-ServerBootFromVolumeStableRescueTest-329940074 tempest-ServerBootFromVolumeStableRescueTest-329940074-project-member] RESP HEADERS: {'Date': 'Fri, 03 Jul 2026 13:55:27 GMT', 'Server': 'Apache/2.4.58 (Ubuntu)', 'Content-Type': 'text/html; charset=UTF-8', 'Content-Length': '0', 'Etag': 'd41d8cd98f00b204e9800998ecf8427e', 'Last-Modified': 'Fri, 03 Jul 2026 13:55:28 GMT', 'X-Trans-Id': 'tx53692399cc4c4f699403b-006a47bf4f', 'X-Openstack-Request-Id': 'tx53692399cc4c4f699403b-006a47bf4f', 'Connection': 'close'} {{(pid=102726) http_log /opt/stack/data/venv/lib/python3.12/site-packages/swiftclient/client.py:162}}
Jul 03 13:55:27.327962 np0000004424 devstack@g-api.service[102726]: INFO glance.location [None req-fc1b9410-0b69-4109-b508-2f53e54720e3 tempest-ServerBootFromVolumeStableRescueTest-329940074 tempest-ServerBootFromVolumeStableRescueTest-329940074-project-member] Image format matched and virtual size computed: 1073741824
Jul 03 13:55:27.332435 np0000004424 devstack@g-api.service[102727]: DEBUG glance.api.middleware.version_negotiation [None req-acf2f5ad-0a68-4eac-8683-4f5f26dde5e7 tempest-ServerBootFromVolumeStableRescueTest-329940074 tempest-ServerBootFromVolumeStableRescueTest-329940074-project-member] Determining version of request: GET /v2/schemas/image Accept: */* {{(pid=102727) process_request /opt/stack/glance/glance/api/middleware/version_negotiation.py:44}}
Jul 03 13:55:27.332505 np0000004424 devstack@g-api.service[102727]: DEBUG glance.api.middleware.version_negotiation [None req-acf2f5ad-0a68-4eac-8683-4f5f26dde5e7 tempest-ServerBootFromVolumeStableRescueTest-329940074 tempest-ServerBootFromVolumeStableRescueTest-329940074-project-member] Using url versioning {{(pid=102727) process_request /opt/stack/glance/glance/api/middleware/version_negotiation.py:57}}
Jul 03 13:55:27.332579 np0000004424 devstack@g-api.service[102727]: DEBUG glance.api.middleware.version_negotiation [None req-acf2f5ad-0a68-4eac-8683-4f5f26dde5e7 tempest-ServerBootFromVolumeStableRescueTest-329940074 tempest-ServerBootFromVolumeStableRescueTest-329940074-project-member] Matched version: v2 {{(pid=102727) process_request /opt/stack/glance/glance/api/middleware/version_negotiation.py:69}}
Jul 03 13:55:27.332664 np0000004424 devstack@g-api.service[102727]: DEBUG glance.api.middleware.version_negotiation [None req-acf2f5ad-0a68-4eac-8683-4f5f26dde5e7 tempest-ServerBootFromVolumeStableRescueTest-329940074 tempest-ServerBootFromVolumeStableRescueTest-329940074-project-member] new path /v2/schemas/image {{(pid=102727) process_request /opt/stack/glance/glance/api/middleware/version_negotiation.py:70}}
Jul 03 13:55:27.336833 np0000004424 devstack@g-api.service[102727]: [pid: 102727|app: 0|req: 77/305] 127.0.0.1 () {44 vars in 1055 bytes} [Fri Jul 3 13:55:27 2026] GET /v2/schemas/image => generated 6083 bytes in 4 msecs (HTTP/1.1 200) 4 headers in 158 bytes (1 switches on core 0)
Jul 03 13:55:27.347993 np0000004424 devstack@g-api.service[102725]: DEBUG glance.api.middleware.version_negotiation [None req-167d4cde-5a0e-4b8f-82c5-a030f1f5a08f service glance] Determining version of request: GET /v2/schemas/image Accept: */* {{(pid=102725) process_request /opt/stack/glance/glance/api/middleware/version_negotiation.py:44}}
Jul 03 13:55:27.348215 np0000004424 devstack@g-api.service[102725]: DEBUG glance.api.middleware.version_negotiation [None req-167d4cde-5a0e-4b8f-82c5-a030f1f5a08f service glance] Using url versioning {{(pid=102725) process_request /opt/stack/glance/glance/api/middleware/version_negotiation.py:57}}
Jul 03 13:55:27.348589 np0000004424 devstack@g-api.service[102725]: DEBUG glance.api.middleware.version_negotiation [None req-167d4cde-5a0e-4b8f-82c5-a030f1f5a08f service glance] Matched version: v2 {{(pid=102725) process_request /opt/stack/glance/glance/api/middleware/version_negotiation.py:69}}
Jul 03 13:55:27.348796 np0000004424 devstack@g-api.service[102725]: DEBUG glance.api.middleware.version_negotiation [None req-167d4cde-5a0e-4b8f-82c5-a030f1f5a08f service glance] new path /v2/schemas/image {{(pid=102725) process_request /opt/stack/glance/glance/api/middleware/version_negotiation.py:70}}
Jul 03 13:55:27.351662 np0000004424 devstack@g-api.service[102725]: [pid: 102725|app: 0|req: 80/306] 127.0.0.1 () {44 vars in 1055 bytes} [Fri Jul 3 13:55:27 2026] GET /v2/schemas/image => generated 6083 bytes in 4 msecs (HTTP/1.1 200) 4 headers in 158 bytes (1 switches on core 0)
Jul 03 13:55:27.397846 np0000004424 devstack@g-api.service[102726]: DEBUG glance_store.backend [None req-fc1b9410-0b69-4109-b508-2f53e54720e3 tempest-ServerBootFromVolumeStableRescueTest-329940074 tempest-ServerBootFromVolumeStableRescueTest-329940074-project-member] Attempting to import store swift {{(pid=102726) _load_store /opt/stack/data/venv/lib/python3.12/site-packages/glance_store/backend.py:215}}
