Jul 09 23:13:17.693445 np0000004931 devstack@g-api.service[99713]: DEBUG glance.api.middleware.version_negotiation [None req-ee62bb55-0945-41bf-b589-82b068f2cc44 tempest-ServerActionsV293TestJSON-1981533297 tempest-ServerActionsV293TestJSON-1981533297-project-member] Using url versioning {{(pid=99713) process_request /opt/stack/glance/glance/api/middleware/version_negotiation.py:57}}
Jul 09 23:13:17.693511 np0000004931 devstack@g-api.service[99713]: DEBUG glance.api.middleware.version_negotiation [None req-ee62bb55-0945-41bf-b589-82b068f2cc44 tempest-ServerActionsV293TestJSON-1981533297 tempest-ServerActionsV293TestJSON-1981533297-project-member] Matched version: v2 {{(pid=99713) process_request /opt/stack/glance/glance/api/middleware/version_negotiation.py:69}}
Jul 09 23:13:17.693617 np0000004931 devstack@g-api.service[99713]: DEBUG glance.api.middleware.version_negotiation [None req-ee62bb55-0945-41bf-b589-82b068f2cc44 tempest-ServerActionsV293TestJSON-1981533297 tempest-ServerActionsV293TestJSON-1981533297-project-member] new path /v2/schemas/image {{(pid=99713) process_request /opt/stack/glance/glance/api/middleware/version_negotiation.py:70}}
Jul 09 23:13:17.695927 np0000004931 devstack@g-api.service[99713]: [pid: 99713|app: 0|req: 67/201] 127.0.0.1 () {44 vars in 1055 bytes} [Thu Jul 9 23:13:17 2026] GET /v2/schemas/image => generated 6083 bytes in 3 msecs (HTTP/1.1 200) 4 headers in 158 bytes (1 switches on core 0)
Jul 09 23:13:18.724625 np0000004931 devstack@g-api.service[99714]: DEBUG glance.api.middleware.version_negotiation [None req-ee62bb55-0945-41bf-b589-82b068f2cc44 tempest-ServerActionsV293TestJSON-1981533297 tempest-ServerActionsV293TestJSON-1981533297-project-member] Determining version of request: DELETE /v2/images/bfb32d74-86e7-4a9b-87f1-b57ab833617c Accept: application/json {{(pid=99714) process_request /opt/stack/glance/glance/api/middleware/version_negotiation.py:44}}
Jul 09 23:13:18.724625 np0000004931 devstack@g-api.service[99714]: DEBUG glance.api.middleware.version_negotiation [None req-ee62bb55-0945-41bf-b589-82b068f2cc44 tempest-ServerActionsV293TestJSON-1981533297 tempest-ServerActionsV293TestJSON-1981533297-project-member] Using url versioning {{(pid=99714) process_request /opt/stack/glance/glance/api/middleware/version_negotiation.py:57}}
Jul 09 23:13:18.724625 np0000004931 devstack@g-api.service[99714]: DEBUG glance.api.middleware.version_negotiation [None req-ee62bb55-0945-41bf-b589-82b068f2cc44 tempest-ServerActionsV293TestJSON-1981533297 tempest-ServerActionsV293TestJSON-1981533297-project-member] Matched version: v2 {{(pid=99714) process_request /opt/stack/glance/glance/api/middleware/version_negotiation.py:69}}
Jul 09 23:13:18.724625 np0000004931 devstack@g-api.service[99714]: DEBUG glance.api.middleware.version_negotiation [None req-ee62bb55-0945-41bf-b589-82b068f2cc44 tempest-ServerActionsV293TestJSON-1981533297 tempest-ServerActionsV293TestJSON-1981533297-project-member] new path /v2/images/bfb32d74-86e7-4a9b-87f1-b57ab833617c {{(pid=99714) process_request /opt/stack/glance/glance/api/middleware/version_negotiation.py:70}}
Jul 09 23:13:18.739050 np0000004931 devstack@g-api.service[99714]: WARNING glance.api.v2.images [None req-bc8130a0-08bf-4ae3-8bfb-93474b862cb6 tempest-ServerBootFromVolumeStableRescueTest-1661636657 tempest-ServerBootFromVolumeStableRescueTest-1661636657-project-member] After upload to backend, deletion of staged image data has failed because it cannot be found at /tmp/staging//bfb32d74-86e7-4a9b-87f1-b57ab833617c
Jul 09 23:13:18.739513 np0000004931 devstack@g-api.service[99714]: DEBUG glance_store.backend [None req-bc8130a0-08bf-4ae3-8bfb-93474b862cb6 tempest-ServerBootFromVolumeStableRescueTest-1661636657 tempest-ServerBootFromVolumeStableRescueTest-1661636657-project-member] Attempting to import store swift {{(pid=99714) _load_store /opt/stack/data/venv/lib/python3.12/site-packages/glance_store/backend.py:215}}
Jul 09 23:13:18.744011 np0000004931 devstack@g-api.service[99714]: DEBUG glance_store.capabilities [None req-bc8130a0-08bf-4ae3-8bfb-93474b862cb6 tempest-ServerBootFromVolumeStableRescueTest-1661636657 tempest-ServerBootFromVolumeStableRescueTest-1661636657-project-member] Store glance_store._drivers.swift.store.SingleTenantStore doesn't support updating dynamic storage capabilities. Please overwrite 'update_capabilities' method of the store to implement updating logics if needed. {{(pid=99714) update_capabilities /opt/stack/data/venv/lib/python3.12/site-packages/glance_store/capabilities.py:91}}
Jul 09 23:13:18.744138 np0000004931 devstack@g-api.service[99714]: DEBUG glance_store.driver [None req-bc8130a0-08bf-4ae3-8bfb-93474b862cb6 tempest-ServerBootFromVolumeStableRescueTest-1661636657 tempest-ServerBootFromVolumeStableRescueTest-1661636657-project-member] Late loading location class glance_store._drivers.swift.store.StoreLocation {{(pid=99714) get_store_location_class /opt/stack/data/venv/lib/python3.12/site-packages/glance_store/driver.py:134}}
Jul 09 23:13:18.744370 np0000004931 devstack@g-api.service[99714]: DEBUG glance_store.location [None req-bc8130a0-08bf-4ae3-8bfb-93474b862cb6 tempest-ServerBootFromVolumeStableRescueTest-1661636657 tempest-ServerBootFromVolumeStableRescueTest-1661636657-project-member] Registering scheme swift+https with {'store': , 'location_class': , 'store_entry': 'swift'} {{(pid=99714) register_scheme_map /opt/stack/data/venv/lib/python3.12/site-packages/glance_store/location.py:146}}
Jul 09 23:13:18.744485 np0000004931 devstack@g-api.service[99714]: DEBUG glance_store.location [None req-bc8130a0-08bf-4ae3-8bfb-93474b862cb6 tempest-ServerBootFromVolumeStableRescueTest-1661636657 tempest-ServerBootFromVolumeStableRescueTest-1661636657-project-member] Registering scheme swift+https with {'store': , 'location_class': , 'store_entry': 'swift'} {{(pid=99714) register_scheme_map /opt/stack/data/venv/lib/python3.12/site-packages/glance_store/location.py:146}}
Jul 09 23:13:18.746255 np0000004931 devstack@g-api.service[99714]: DEBUG glance_store.location [None req-bc8130a0-08bf-4ae3-8bfb-93474b862cb6 tempest-ServerBootFromVolumeStableRescueTest-1661636657 tempest-ServerBootFromVolumeStableRescueTest-1661636657-project-member] Registering scheme swift with {'store': , 'location_class': , 'store_entry': 'swift'} {{(pid=99714) register_scheme_map /opt/stack/data/venv/lib/python3.12/site-packages/glance_store/location.py:146}}
Jul 09 23:13:18.746378 np0000004931 devstack@g-api.service[99714]: DEBUG glance_store.location [None req-bc8130a0-08bf-4ae3-8bfb-93474b862cb6 tempest-ServerBootFromVolumeStableRescueTest-1661636657 tempest-ServerBootFromVolumeStableRescueTest-1661636657-project-member] Registering scheme swift+https with {'store': , 'location_class': , 'store_entry': 'swift'} {{(pid=99714) register_scheme_map /opt/stack/data/venv/lib/python3.12/site-packages/glance_store/location.py:146}}
Jul 09 23:13:18.746457 np0000004931 devstack@g-api.service[99714]: DEBUG glance_store.location [None req-bc8130a0-08bf-4ae3-8bfb-93474b862cb6 tempest-ServerBootFromVolumeStableRescueTest-1661636657 tempest-ServerBootFromVolumeStableRescueTest-1661636657-project-member] Registering scheme swift with {'store': , 'location_class': , 'store_entry': 'swift'} {{(pid=99714) register_scheme_map /opt/stack/data/venv/lib/python3.12/site-packages/glance_store/location.py:146}}
Jul 09 23:13:18.746536 np0000004931 devstack@g-api.service[99714]: DEBUG glance_store.location [None req-bc8130a0-08bf-4ae3-8bfb-93474b862cb6 tempest-ServerBootFromVolumeStableRescueTest-1661636657 tempest-ServerBootFromVolumeStableRescueTest-1661636657-project-member] Registering scheme swift+http with {'store': , 'location_class': , 'store_entry': 'swift'} {{(pid=99714) register_scheme_map /opt/stack/data/venv/lib/python3.12/site-packages/glance_store/location.py:146}}
Jul 09 23:13:18.746654 np0000004931 devstack@g-api.service[99714]: DEBUG glance_store.location [None req-bc8130a0-08bf-4ae3-8bfb-93474b862cb6 tempest-ServerBootFromVolumeStableRescueTest-1661636657 tempest-ServerBootFromVolumeStableRescueTest-1661636657-project-member] Registering scheme swift+https with {'store': , 'location_class': , 'store_entry': 'swift'} {{(pid=99714) register_scheme_map /opt/stack/data/venv/lib/python3.12/site-packages/glance_store/location.py:146}}
Jul 09 23:13:18.746741 np0000004931 devstack@g-api.service[99714]: DEBUG glance_store.location [None req-bc8130a0-08bf-4ae3-8bfb-93474b862cb6 tempest-ServerBootFromVolumeStableRescueTest-1661636657 tempest-ServerBootFromVolumeStableRescueTest-1661636657-project-member] Registering scheme swift with {'store': , 'location_class': , 'store_entry': 'swift'} {{(pid=99714) register_scheme_map /opt/stack/data/venv/lib/python3.12/site-packages/glance_store/location.py:146}}
Jul 09 23:13:18.746857 np0000004931 devstack@g-api.service[99714]: DEBUG glance_store.location [None req-bc8130a0-08bf-4ae3-8bfb-93474b862cb6 tempest-ServerBootFromVolumeStableRescueTest-1661636657 tempest-ServerBootFromVolumeStableRescueTest-1661636657-project-member] Registering scheme swift+http with {'store': , 'location_class': , 'store_entry': 'swift'} {{(pid=99714) register_scheme_map /opt/stack/data/venv/lib/python3.12/site-packages/glance_store/location.py:146}}
Jul 09 23:13:18.746926 np0000004931 devstack@g-api.service[99714]: DEBUG glance_store.location [None req-bc8130a0-08bf-4ae3-8bfb-93474b862cb6 tempest-ServerBootFromVolumeStableRescueTest-1661636657 tempest-ServerBootFromVolumeStableRescueTest-1661636657-project-member] Registering scheme swift+config with {'store': , 'location_class': , 'store_entry': 'swift'} {{(pid=99714) register_scheme_map /opt/stack/data/venv/lib/python3.12/site-packages/glance_store/location.py:146}}
Jul 09 23:13:18.748352 np0000004931 devstack@g-api.service[99714]: DEBUG keystoneclient.auth.identity.v3.base [None req-bc8130a0-08bf-4ae3-8bfb-93474b862cb6 tempest-ServerBootFromVolumeStableRescueTest-1661636657 tempest-ServerBootFromVolumeStableRescueTest-1661636657-project-member] Making authentication request to https://10.4.3.126/identity/v3/auth/tokens {{(pid=99714) get_auth_ref /opt/stack/data/venv/lib/python3.12/site-packages/keystoneclient/auth/identity/v3/base.py:185}}
Jul 09 23:13:18.799187 np0000004931 devstack@g-api.service[99715]: DEBUG glance.api.middleware.version_negotiation [None req-ee62bb55-0945-41bf-b589-82b068f2cc44 tempest-ServerActionsV293TestJSON-1981533297 tempest-ServerActionsV293TestJSON-1981533297-project-member] Determining version of request: GET /v2/images/c9d62589-6d2c-4b65-b36c-f219989db312 Accept: */* {{(pid=99715) process_request /opt/stack/glance/glance/api/middleware/version_negotiation.py:44}}
Jul 09 23:13:18.799187 np0000004931 devstack@g-api.service[99715]: DEBUG glance.api.middleware.version_negotiation [None req-ee62bb55-0945-41bf-b589-82b068f2cc44 tempest-ServerActionsV293TestJSON-1981533297 tempest-ServerActionsV293TestJSON-1981533297-project-member] Using url versioning {{(pid=99715) process_request /opt/stack/glance/glance/api/middleware/version_negotiation.py:57}}
Jul 09 23:13:18.799187 np0000004931 devstack@g-api.service[99715]: DEBUG glance.api.middleware.version_negotiation [None req-ee62bb55-0945-41bf-b589-82b068f2cc44 tempest-ServerActionsV293TestJSON-1981533297 tempest-ServerActionsV293TestJSON-1981533297-project-member] Matched version: v2 {{(pid=99715) process_request /opt/stack/glance/glance/api/middleware/version_negotiation.py:69}}
Jul 09 23:13:18.799187 np0000004931 devstack@g-api.service[99715]: DEBUG glance.api.middleware.version_negotiation [None req-ee62bb55-0945-41bf-b589-82b068f2cc44 tempest-ServerActionsV293TestJSON-1981533297 tempest-ServerActionsV293TestJSON-1981533297-project-member] new path /v2/images/c9d62589-6d2c-4b65-b36c-f219989db312 {{(pid=99715) process_request /opt/stack/glance/glance/api/middleware/version_negotiation.py:70}}
Jul 09 23:13:18.813023 np0000004931 devstack@g-api.service[99715]: [pid: 99715|app: 0|req: 70/202] 127.0.0.1 () {44 vars in 1115 bytes} [Thu Jul 9 23:13:18 2026] GET /v2/images/c9d62589-6d2c-4b65-b36c-f219989db312 => generated 1044 bytes in 16 msecs (HTTP/1.1 200) 4 headers in 158 bytes (1 switches on core 0)
Jul 09 23:13:18.849726 np0000004931 devstack@g-api.service[99713]: DEBUG glance.api.middleware.version_negotiation [None req-ee62bb55-0945-41bf-b589-82b068f2cc44 tempest-ServerActionsV293TestJSON-1981533297 tempest-ServerActionsV293TestJSON-1981533297-project-member] Determining version of request: GET /v2/schemas/image Accept: */* {{(pid=99713) process_request /opt/stack/glance/glance/api/middleware/version_negotiation.py:44}}
Jul 09 23:13:18.850074 np0000004931 devstack@g-api.service[99713]: DEBUG glance.api.middleware.version_negotiation [None req-ee62bb55-0945-41bf-b589-82b068f2cc44 tempest-ServerActionsV293TestJSON-1981533297 tempest-ServerActionsV293TestJSON-1981533297-project-member] Using url versioning {{(pid=99713) process_request /opt/stack/glance/glance/api/middleware/version_negotiation.py:57}}
Jul 09 23:13:18.850074 np0000004931 devstack@g-api.service[99713]: DEBUG glance.api.middleware.version_negotiation [None req-ee62bb55-0945-41bf-b589-82b068f2cc44 tempest-ServerActionsV293TestJSON-1981533297 tempest-ServerActionsV293TestJSON-1981533297-project-member] Matched version: v2 {{(pid=99713) process_request /opt/stack/glance/glance/api/middleware/version_negotiation.py:69}}
Jul 09 23:13:18.850241 np0000004931 devstack@g-api.service[99713]: DEBUG glance.api.middleware.version_negotiation [None req-ee62bb55-0945-41bf-b589-82b068f2cc44 tempest-ServerActionsV293TestJSON-1981533297 tempest-ServerActionsV293TestJSON-1981533297-project-member] new path /v2/schemas/image {{(pid=99713) process_request /opt/stack/glance/glance/api/middleware/version_negotiation.py:70}}
Jul 09 23:13:18.851679 np0000004931 devstack@g-api.service[99714]: DEBUG keystoneclient.auth.identity.v3.base [None req-bc8130a0-08bf-4ae3-8bfb-93474b862cb6 tempest-ServerBootFromVolumeStableRescueTest-1661636657 tempest-ServerBootFromVolumeStableRescueTest-1661636657-project-member] {"token": {"methods": ["password"], "user": {"domain": {"id": "default", "name": "Default"}, "id": "577a525503754abc81957d50ae001331", "name": "glance-swift", "password_expires_at": null}, "audit_ids": ["WQ1wvuosTIyn-7OqJSiHJA"], "expires_at": "2026-07-10T00:13:18.000000Z", "issued_at": "2026-07-09T23:13:18.000000Z", "project": {"domain": {"id": "default", "name": "Default"}, "id": "32d0aebad45e46a99a31495c3856f36d", "name": "service"}, "is_domain": false, "roles": [{"id": "4d8272392ce841fd9da07445da641fa9", "name": "ResellerAdmin"}, {"id": "ded44fc4905b4a7482ab6066f3a2a5b0", "name": "service"}], "catalog": [{"endpoints": [{"id": "df7c5d551ebb486da27ae30367217895", "interface": "public", "region_id": "RegionOne", "url": "https://10.4.3.126/compute/v2/32d0aebad45e46a99a31495c3856f36d", "region": "RegionOne"}], "id": "07fa0a7f135141adaf7c80e534fc95c7", "type": "compute_legacy", "name": "nova_legacy"}, {"endpoints": [{"id": "08e420ecd4c0481a932c02288dc65b19", "interface": "public", "region_id": "RegionOne", "url": "https://10.4.3.126/networking", "region": "RegionOne"}], "id": "3806d7cf28fb4c92961abb4da97887c2", "type": "network", "name": "neutron"}, {"endpoints": [{"id": "9f9750a885d84481a5dfbc7766becbab", "interface": "public", "region_id": "RegionOne", "url": "https://10.4.3.126/compute/v2.1", "region": "RegionOne"}], "id": "5903c1ac513549e78462308fc27a7109", "type": "compute", "name": "nova"}, {"endpoints": [{"id": "ce12382f233749f4875d7b62c1694938", "interface": "public", "region_id": "RegionOne", "url": "https://10.4.3.126/image", "region": "RegionOne"}], "id": "70023fde8a3b4e06a5c99ec7ce50c498", "type": "image", "name": "glance"}, {"endpoints": [{"id": "4c02e54737114abb9a08bcacc6cfd951", "interface": "admin", "region_id": "RegionOne", "url": "https://10.4.3.126:8080", "region": "RegionOne"}, {"id": "ace53d5dfafb4254847e99bce6124665", "interface": "public", "region_id": "RegionOne", "url": "https://10.4.3.126:8080/v1/AUTH_32d0aebad45e46a99a31495c3856f36d", "region": "RegionOne"}], "id": "987a6f629b2948a4b898b5ae3e668f87", "type": "object-store", "name": "swift"}, {"endpoints": [{"id": "22e299cd50b040c49c4ef9b58293eed3", "interface": "public", "region_id": "RegionOne", "url": "https://10.4.3.126/placement", "region": "RegionOne"}], "id": "9e23a9c0e1f1455c8a46925d6c27f589", "type": "placement", "name": "placement"}, {"endpoints": [{"id": "e4799bfc83da45f5a065dac625866807", "interface": "public", "region_id": "RegionOne", "url": "https://10.4.3.126/identity", "region": "RegionOne"}], "id": "b968942e640b42678d0a58eb813d211e", "type": "identity", "name": "keystone"}, {"endpoints": [{"id": "0b1d47619d524d88bc060a979170e6b2", "interface": "public", "region_id": "RegionOne", "url": "https://10.4.3.126/volume/v3", "region": "RegionOne"}], "id": "c1aff13424d942d69fe6a5fc871e31aa", "type": "block-storage", "name": "cinder"}]}} {{(pid=99714) get_auth_ref /opt/stack/data/venv/lib/python3.12/site-packages/keystoneclient/auth/identity/v3/base.py:190}}
Jul 09 23:13:18.852305 np0000004931 devstack@g-api.service[99714]: DEBUG keystoneclient.httpclient [None req-bc8130a0-08bf-4ae3-8bfb-93474b862cb6 tempest-ServerBootFromVolumeStableRescueTest-1661636657 tempest-ServerBootFromVolumeStableRescueTest-1661636657-project-member] Failed to find endpoint for management url admin endpoint for identity service not found {{(pid=99714) _process_management_url /opt/stack/data/venv/lib/python3.12/site-packages/keystoneclient/httpclient.py:670}}
Jul 09 23:13:18.852369 np0000004931 devstack@g-api.service[99713]: [pid: 99713|app: 0|req: 68/203] 127.0.0.1 () {44 vars in 1055 bytes} [Thu Jul 9 23:13:18 2026] GET /v2/schemas/image => generated 6083 bytes in 3 msecs (HTTP/1.1 200) 4 headers in 158 bytes (1 switches on core 0)
Jul 09 23:13:18.979030 np0000004931 devstack@g-api.service[99714]: DEBUG swiftclient [None req-bc8130a0-08bf-4ae3-8bfb-93474b862cb6 tempest-ServerBootFromVolumeStableRescueTest-1661636657 tempest-ServerBootFromVolumeStableRescueTest-1661636657-project-member] REQ: curl -i https://10.4.3.126:8080/v1/AUTH_32d0aebad45e46a99a31495c3856f36d/glance/bfb32d74-86e7-4a9b-87f1-b57ab833617c -I -H "X-Auth-Token: gAAAAABqUCsOonny..." {{(pid=99714) http_log /opt/stack/data/venv/lib/python3.12/site-packages/swiftclient/client.py:160}}
Jul 09 23:13:18.979030 np0000004931 devstack@g-api.service[99714]: DEBUG swiftclient [None req-bc8130a0-08bf-4ae3-8bfb-93474b862cb6 tempest-ServerBootFromVolumeStableRescueTest-1661636657 tempest-ServerBootFromVolumeStableRescueTest-1661636657-project-member] RESP STATUS: 200 OK {{(pid=99714) http_log /opt/stack/data/venv/lib/python3.12/site-packages/swiftclient/client.py:161}}
Jul 09 23:13:18.979314 np0000004931 devstack@g-api.service[99714]: DEBUG swiftclient [None req-bc8130a0-08bf-4ae3-8bfb-93474b862cb6 tempest-ServerBootFromVolumeStableRescueTest-1661636657 tempest-ServerBootFromVolumeStableRescueTest-1661636657-project-member] RESP HEADERS: {'Date': 'Thu, 09 Jul 2026 23:13:18 GMT', 'Server': 'Apache/2.4.58 (Ubuntu)', 'Content-Type': 'application/octet-stream', 'Content-Length': '23527424', 'X-Object-Manifest': 'glance/bfb32d74-86e7-4a9b-87f1-b57ab833617c-', 'Last-Modified': 'Thu, 09 Jul 2026 23:11:03 GMT', 'X-Timestamp': '1783638662.05038', 'Accept-Ranges': 'bytes', 'Etag': '"9c424351ecc3b84373f916fa8ecd34a2"', 'X-Trans-Id': 'tx5ea973386bfe48418ef36-006a502b0e', 'X-Openstack-Request-Id': 'tx5ea973386bfe48418ef36-006a502b0e', 'Connection': 'close'} {{(pid=99714) http_log /opt/stack/data/venv/lib/python3.12/site-packages/swiftclient/client.py:162}}
Jul 09 23:13:18.997059 np0000004931 devstack@g-api.service[99714]: DEBUG swiftclient [None req-bc8130a0-08bf-4ae3-8bfb-93474b862cb6 tempest-ServerBootFromVolumeStableRescueTest-1661636657 tempest-ServerBootFromVolumeStableRescueTest-1661636657-project-member] REQ: curl -i https://10.4.3.126:8080/v1/AUTH_32d0aebad45e46a99a31495c3856f36d/glance?format=json&prefix=bfb32d74-86e7-4a9b-87f1-b57ab833617c- -X GET -H "X-Auth-Token: gAAAAABqUCsOonny..." -H "Accept-Encoding: gzip" {{(pid=99714) http_log /opt/stack/data/venv/lib/python3.12/site-packages/swiftclient/client.py:160}}
Jul 09 23:13:18.997059 np0000004931 devstack@g-api.service[99714]: DEBUG swiftclient [None req-bc8130a0-08bf-4ae3-8bfb-93474b862cb6 tempest-ServerBootFromVolumeStableRescueTest-1661636657 tempest-ServerBootFromVolumeStableRescueTest-1661636657-project-member] RESP STATUS: 200 OK {{(pid=99714) http_log /opt/stack/data/venv/lib/python3.12/site-packages/swiftclient/client.py:161}}
Jul 09 23:13:18.997181 np0000004931 devstack@g-api.service[99714]: DEBUG swiftclient [None req-bc8130a0-08bf-4ae3-8bfb-93474b862cb6 tempest-ServerBootFromVolumeStableRescueTest-1661636657 tempest-ServerBootFromVolumeStableRescueTest-1661636657-project-member] RESP HEADERS: {'Date': 'Thu, 09 Jul 2026 23:13:18 GMT', 'Server': 'Apache/2.4.58 (Ubuntu)', 'Content-Type': 'application/json; charset=utf-8', 'Content-Length': '210', 'X-Container-Object-Count': '5', 'X-Container-Bytes-Used': '87883776', 'X-Timestamp': '1783638512.96484', 'Last-Modified': 'Thu, 09 Jul 2026 23:08:33 GMT', 'Accept-Ranges': 'bytes', 'X-Storage-Policy': 'Policy-0', 'X-Container-Sharding': 'False', 'X-Trans-Id': 'tx6eac537cb4b84eae96eac-006a502b0e', 'X-Openstack-Request-Id': 'tx6eac537cb4b84eae96eac-006a502b0e', 'Connection': 'close'} {{(pid=99714) http_log /opt/stack/data/venv/lib/python3.12/site-packages/swiftclient/client.py:162}}
Jul 09 23:13:18.997660 np0000004931 devstack@g-api.service[99714]: DEBUG swiftclient [None req-bc8130a0-08bf-4ae3-8bfb-93474b862cb6 tempest-ServerBootFromVolumeStableRescueTest-1661636657 tempest-ServerBootFromVolumeStableRescueTest-1661636657-project-member] RESP BODY: b'[{"bytes": 23527424, "hash": "4fa343ee581d8d2e78533191fd1ac3e1", "name": "bfb32d74-86e7-4a9b-87f1-b57ab833617c-00001", "content_type": "application/octet-stream", "last_modified": "2026-07-09T23:11:01.748500"}]' {{(pid=99714) http_log /opt/stack/data/venv/lib/python3.12/site-packages/swiftclient/client.py:166}}
Jul 09 23:13:19.018779 np0000004931 devstack@g-api.service[99714]: DEBUG swiftclient [None req-bc8130a0-08bf-4ae3-8bfb-93474b862cb6 tempest-ServerBootFromVolumeStableRescueTest-1661636657 tempest-ServerBootFromVolumeStableRescueTest-1661636657-project-member] REQ: curl -i https://10.4.3.126:8080/v1/AUTH_32d0aebad45e46a99a31495c3856f36d/glance/bfb32d74-86e7-4a9b-87f1-b57ab833617c-00001 DELETE -H "X-Auth-Token: gAAAAABqUCsOonny..." {{(pid=99714) http_log /opt/stack/data/venv/lib/python3.12/site-packages/swiftclient/client.py:160}}
Jul 09 23:13:19.018952 np0000004931 devstack@g-api.service[99714]: DEBUG swiftclient [None req-bc8130a0-08bf-4ae3-8bfb-93474b862cb6 tempest-ServerBootFromVolumeStableRescueTest-1661636657 tempest-ServerBootFromVolumeStableRescueTest-1661636657-project-member] RESP STATUS: 204 No Content {{(pid=99714) http_log /opt/stack/data/venv/lib/python3.12/site-packages/swiftclient/client.py:161}}
Jul 09 23:13:19.019098 np0000004931 devstack@g-api.service[99714]: DEBUG swiftclient [None req-bc8130a0-08bf-4ae3-8bfb-93474b862cb6 tempest-ServerBootFromVolumeStableRescueTest-1661636657 tempest-ServerBootFromVolumeStableRescueTest-1661636657-project-member] RESP HEADERS: {'Date': 'Thu, 09 Jul 2026 23:13:19 GMT', 'Server': 'Apache/2.4.58 (Ubuntu)', 'Content-Type': 'text/html; charset=UTF-8', 'X-Trans-Id': 'tx4dfb4a6e9fc44e40adbed-006a502b0f', 'X-Openstack-Request-Id': 'tx4dfb4a6e9fc44e40adbed-006a502b0f', 'Connection': 'close'} {{(pid=99714) http_log /opt/stack/data/venv/lib/python3.12/site-packages/swiftclient/client.py:162}}
Jul 09 23:13:19.042854 np0000004931 devstack@g-api.service[99714]: DEBUG swiftclient [None req-bc8130a0-08bf-4ae3-8bfb-93474b862cb6 tempest-ServerBootFromVolumeStableRescueTest-1661636657 tempest-ServerBootFromVolumeStableRescueTest-1661636657-project-member] REQ: curl -i https://10.4.3.126:8080/v1/AUTH_32d0aebad45e46a99a31495c3856f36d/glance/bfb32d74-86e7-4a9b-87f1-b57ab833617c DELETE -H "X-Auth-Token: gAAAAABqUCsOonny..." {{(pid=99714) http_log /opt/stack/data/venv/lib/python3.12/site-packages/swiftclient/client.py:160}}
Jul 09 23:13:19.042854 np0000004931 devstack@g-api.service[99714]: DEBUG swiftclient [None req-bc8130a0-08bf-4ae3-8bfb-93474b862cb6 tempest-ServerBootFromVolumeStableRescueTest-1661636657 tempest-ServerBootFromVolumeStableRescueTest-1661636657-project-member] RESP STATUS: 204 No Content {{(pid=99714) http_log /opt/stack/data/venv/lib/python3.12/site-packages/swiftclient/client.py:161}}
Jul 09 23:13:19.042854 np0000004931 devstack@g-api.service[99714]: DEBUG swiftclient [None req-bc8130a0-08bf-4ae3-8bfb-93474b862cb6 tempest-ServerBootFromVolumeStableRescueTest-1661636657 tempest-ServerBootFromVolumeStableRescueTest-1661636657-project-member] RESP HEADERS: {'Date': 'Thu, 09 Jul 2026 23:13:19 GMT', 'Server': 'Apache/2.4.58 (Ubuntu)', 'Content-Type': 'text/html; charset=UTF-8', 'X-Trans-Id': 'tx8c02f2786302425183700-006a502b0f', 'X-Openstack-Request-Id': 'tx8c02f2786302425183700-006a502b0f', 'Connection': 'close'} {{(pid=99714) http_log /opt/stack/data/venv/lib/python3.12/site-packages/swiftclient/client.py:162}}
Jul 09 23:13:19.128722 np0000004931 devstack@g-api.service[99714]: DEBUG glance.api.middleware.cache [None req-bc8130a0-08bf-4ae3-8bfb-93474b862cb6 tempest-ServerBootFromVolumeStableRescueTest-1661636657 tempest-ServerBootFromVolumeStableRescueTest-1661636657-project-member] Removing image bfb32d74-86e7-4a9b-87f1-b57ab833617c from cache {{(pid=99714) _process_DELETE_response /opt/stack/glance/glance/api/middleware/cache.py:264}}
Jul 09 23:13:19.129807 np0000004931 devstack@g-api.service[99714]: DEBUG glance.image_cache.drivers.centralized_db [None req-bc8130a0-08bf-4ae3-8bfb-93474b862cb6 tempest-ServerBootFromVolumeStableRescueTest-1661636657 tempest-ServerBootFromVolumeStableRescueTest-1661636657-project-member] Deleting image cache file '/opt/stack/data/glance/cache/bfb32d74-86e7-4a9b-87f1-b57ab833617c' {{(pid=99714) delete_cached_file /opt/stack/glance/glance/image_cache/drivers/centralized_db.py:400}}
Jul 09 23:13:19.140778 np0000004931 devstack@g-api.service[99714]: [pid: 99714|app: 0|req: 66/204] 127.0.0.1 () {40 vars in 841 bytes} [Thu Jul 9 23:13:18 2026] DELETE /v2/images/bfb32d74-86e7-4a9b-87f1-b57ab833617c => generated 0 bytes in 417 msecs (HTTP/1.1 204) 4 headers in 171 bytes (1 switches on core 0)
Jul 09 23:13:22.049307 np0000004931 devstack@g-api.service[99715]: DEBUG glance.api.middleware.version_negotiation [None req-ee62bb55-0945-41bf-b589-82b068f2cc44 tempest-ServerActionsV293TestJSON-1981533297 tempest-ServerActionsV293TestJSON-1981533297-project-member] Determining version of request: GET /v2/images/c9d62589-6d2c-4b65-b36c-f219989db312 Accept: */* {{(pid=99715) process_request /opt/stack/glance/glance/api/middleware/version_negotiation.py:44}}
Jul 09 23:13:22.049612 np0000004931 devstack@g-api.service[99715]: DEBUG glance.api.middleware.version_negotiation [None req-ee62bb55-0945-41bf-b589-82b068f2cc44 tempest-ServerActionsV293TestJSON-1981533297 tempest-ServerActionsV293TestJSON-1981533297-project-member] Using url versioning {{(pid=99715) process_request /opt/stack/glance/glance/api/middleware/version_negotiation.py:57}}
Jul 09 23:13:22.049612 np0000004931 devstack@g-api.service[99715]: DEBUG glance.api.middleware.version_negotiation [None req-ee62bb55-0945-41bf-b589-82b068f2cc44 tempest-ServerActionsV293TestJSON-1981533297 tempest-ServerActionsV293TestJSON-1981533297-project-member] Matched version: v2 {{(pid=99715) process_request /opt/stack/glance/glance/api/middleware/version_negotiation.py:69}}
Jul 09 23:13:22.049612 np0000004931 devstack@g-api.service[99715]: DEBUG glance.api.middleware.version_negotiation [None req-ee62bb55-0945-41bf-b589-82b068f2cc44 tempest-ServerActionsV293TestJSON-1981533297 tempest-ServerActionsV293TestJSON-1981533297-project-member] new path /v2/images/c9d62589-6d2c-4b65-b36c-f219989db312 {{(pid=99715) process_request /opt/stack/glance/glance/api/middleware/version_negotiation.py:70}}
Jul 09 23:13:22.057525 np0000004931 devstack@g-api.service[99715]: [pid: 99715|app: 0|req: 71/205] 127.0.0.1 () {44 vars in 1115 bytes} [Thu Jul 9 23:13:22 2026] GET /v2/images/c9d62589-6d2c-4b65-b36c-f219989db312 => generated 1044 bytes in 8 msecs (HTTP/1.1 200) 4 headers in 158 bytes (1 switches on core 0)
Jul 09 23:13:22.083261 np0000004931 devstack@g-api.service[99713]: DEBUG glance.api.middleware.version_negotiation [None req-ee62bb55-0945-41bf-b589-82b068f2cc44 tempest-ServerActionsV293TestJSON-1981533297 tempest-ServerActionsV293TestJSON-1981533297-project-member] Determining version of request: GET /v2/schemas/image Accept: */* {{(pid=99713) process_request /opt/stack/glance/glance/api/middleware/version_negotiation.py:44}}
Jul 09 23:13:22.083612 np0000004931 devstack@g-api.service[99713]: DEBUG glance.api.middleware.version_negotiation [None req-ee62bb55-0945-41bf-b589-82b068f2cc44 tempest-ServerActionsV293TestJSON-1981533297 tempest-ServerActionsV293TestJSON-1981533297-project-member] Using url versioning {{(pid=99713) process_request /opt/stack/glance/glance/api/middleware/version_negotiation.py:57}}
Jul 09 23:13:22.083612 np0000004931 devstack@g-api.service[99713]: DEBUG glance.api.middleware.version_negotiation [None req-ee62bb55-0945-41bf-b589-82b068f2cc44 tempest-ServerActionsV293TestJSON-1981533297 tempest-ServerActionsV293TestJSON-1981533297-project-member] Matched version: v2 {{(pid=99713) process_request /opt/stack/glance/glance/api/middleware/version_negotiation.py:69}}
Jul 09 23:13:22.083612 np0000004931 devstack@g-api.service[99713]: DEBUG glance.api.middleware.version_negotiation [None req-ee62bb55-0945-41bf-b589-82b068f2cc44 tempest-ServerActionsV293TestJSON-1981533297 tempest-ServerActionsV293TestJSON-1981533297-project-member] new path /v2/schemas/image {{(pid=99713) process_request /opt/stack/glance/glance/api/middleware/version_negotiation.py:70}}
Jul 09 23:13:22.085806 np0000004931 devstack@g-api.service[99713]: [pid: 99713|app: 0|req: 69/206] 127.0.0.1 () {44 vars in 1055 bytes} [Thu Jul 9 23:13:22 2026] GET /v2/schemas/image => generated 6083 bytes in 3 msecs (HTTP/1.1 200) 4 headers in 158 bytes (1 switches on core 0)
Jul 09 23:13:22.122494 np0000004931 devstack@g-api.service[99714]: DEBUG glance.api.middleware.version_negotiation [None req-bc8130a0-08bf-4ae3-8bfb-93474b862cb6 tempest-ServerBootFromVolumeStableRescueTest-1661636657 tempest-ServerBootFromVolumeStableRescueTest-1661636657-project-member] Determining version of request: GET /v2/images/c9d62589-6d2c-4b65-b36c-f219989db312 Accept: */* {{(pid=99714) process_request /opt/stack/glance/glance/api/middleware/version_negotiation.py:44}}
Jul 09 23:13:22.122849 np0000004931 devstack@g-api.service[99714]: DEBUG glance.api.middleware.version_negotiation [None req-bc8130a0-08bf-4ae3-8bfb-93474b862cb6 tempest-ServerBootFromVolumeStableRescueTest-1661636657 tempest-ServerBootFromVolumeStableRescueTest-1661636657-project-member] Using url versioning {{(pid=99714) process_request /opt/stack/glance/glance/api/middleware/version_negotiation.py:57}}
Jul 09 23:13:22.123099 np0000004931 devstack@g-api.service[99714]: DEBUG glance.api.middleware.version_negotiation [None req-bc8130a0-08bf-4ae3-8bfb-93474b862cb6 tempest-ServerBootFromVolumeStableRescueTest-1661636657 tempest-ServerBootFromVolumeStableRescueTest-1661636657-project-member] Matched version: v2 {{(pid=99714) process_request /opt/stack/glance/glance/api/middleware/version_negotiation.py:69}}
Jul 09 23:13:22.123318 np0000004931 devstack@g-api.service[99714]: DEBUG glance.api.middleware.version_negotiation [None req-bc8130a0-08bf-4ae3-8bfb-93474b862cb6 tempest-ServerBootFromVolumeStableRescueTest-1661636657 tempest-ServerBootFromVolumeStableRescueTest-1661636657-project-member] new path /v2/images/c9d62589-6d2c-4b65-b36c-f219989db312 {{(pid=99714) process_request /opt/stack/glance/glance/api/middleware/version_negotiation.py:70}}
Jul 09 23:13:22.133954 np0000004931 devstack@g-api.service[99714]: [pid: 99714|app: 0|req: 67/207] 127.0.0.1 () {44 vars in 1115 bytes} [Thu Jul 9 23:13:22 2026] GET /v2/images/c9d62589-6d2c-4b65-b36c-f219989db312 => generated 1044 bytes in 12 msecs (HTTP/1.1 200) 4 headers in 158 bytes (1 switches on core 0)
Jul 09 23:13:22.140397 np0000004931 devstack@g-api.service[99715]: DEBUG glance.api.middleware.version_negotiation [None req-ee62bb55-0945-41bf-b589-82b068f2cc44 tempest-ServerActionsV293TestJSON-1981533297 tempest-ServerActionsV293TestJSON-1981533297-project-member] Determining version of request: GET /v2/schemas/image Accept: */* {{(pid=99715) process_request /opt/stack/glance/glance/api/middleware/version_negotiation.py:44}}
Jul 09 23:13:22.140539 np0000004931 devstack@g-api.service[99715]: DEBUG glance.api.middleware.version_negotiation [None req-ee62bb55-0945-41bf-b589-82b068f2cc44 tempest-ServerActionsV293TestJSON-1981533297 tempest-ServerActionsV293TestJSON-1981533297-project-member] Using url versioning {{(pid=99715) process_request /opt/stack/glance/glance/api/middleware/version_negotiation.py:57}}
Jul 09 23:13:22.140663 np0000004931 devstack@g-api.service[99715]: DEBUG glance.api.middleware.version_negotiation [None req-ee62bb55-0945-41bf-b589-82b068f2cc44 tempest-ServerActionsV293TestJSON-1981533297 tempest-ServerActionsV293TestJSON-1981533297-project-member] Matched version: v2 {{(pid=99715) process_request /opt/stack/glance/glance/api/middleware/version_negotiation.py:69}}
Jul 09 23:13:22.140764 np0000004931 devstack@g-api.service[99715]: DEBUG glance.api.middleware.version_negotiation [None req-ee62bb55-0945-41bf-b589-82b068f2cc44 tempest-ServerActionsV293TestJSON-1981533297 tempest-ServerActionsV293TestJSON-1981533297-project-member] new path /v2/schemas/image {{(pid=99715) process_request /opt/stack/glance/glance/api/middleware/version_negotiation.py:70}}
Jul 09 23:13:22.142986 np0000004931 devstack@g-api.service[99715]: [pid: 99715|app: 0|req: 72/208] 127.0.0.1 () {44 vars in 1055 bytes} [Thu Jul 9 23:13:22 2026] GET /v2/schemas/image => generated 6083 bytes in 3 msecs (HTTP/1.1 200) 4 headers in 158 bytes (1 switches on core 0)
Jul 09 23:13:22.150104 np0000004931 devstack@g-api.service[99713]: DEBUG glance.api.middleware.version_negotiation [None req-ee62bb55-0945-41bf-b589-82b068f2cc44 tempest-ServerActionsV293TestJSON-1981533297 tempest-ServerActionsV293TestJSON-1981533297-project-member] Determining version of request: GET /v2/schemas/image Accept: */* {{(pid=99713) process_request /opt/stack/glance/glance/api/middleware/version_negotiation.py:44}}
Jul 09 23:13:22.150298 np0000004931 devstack@g-api.service[99713]: DEBUG glance.api.middleware.version_negotiation [None req-ee62bb55-0945-41bf-b589-82b068f2cc44 tempest-ServerActionsV293TestJSON-1981533297 tempest-ServerActionsV293TestJSON-1981533297-project-member] Using url versioning {{(pid=99713) process_request /opt/stack/glance/glance/api/middleware/version_negotiation.py:57}}
Jul 09 23:13:22.150445 np0000004931 devstack@g-api.service[99713]: DEBUG glance.api.middleware.version_negotiation [None req-ee62bb55-0945-41bf-b589-82b068f2cc44 tempest-ServerActionsV293TestJSON-1981533297 tempest-ServerActionsV293TestJSON-1981533297-project-member] Matched version: v2 {{(pid=99713) process_request /opt/stack/glance/glance/api/middleware/version_negotiation.py:69}}
Jul 09 23:13:22.150563 np0000004931 devstack@g-api.service[99713]: DEBUG glance.api.middleware.version_negotiation [None req-ee62bb55-0945-41bf-b589-82b068f2cc44 tempest-ServerActionsV293TestJSON-1981533297 tempest-ServerActionsV293TestJSON-1981533297-project-member] new path /v2/schemas/image {{(pid=99713) process_request /opt/stack/glance/glance/api/middleware/version_negotiation.py:70}}
Jul 09 23:13:22.152827 np0000004931 devstack@g-api.service[99713]: [pid: 99713|app: 0|req: 70/209] 127.0.0.1 () {44 vars in 1055 bytes} [Thu Jul 9 23:13:22 2026] GET /v2/schemas/image => generated 6083 bytes in 3 msecs (HTTP/1.1 200) 4 headers in 158 bytes (1 switches on core 0)
Jul 09 23:13:22.184171 np0000004931 devstack@g-api.service[99714]: DEBUG glance.api.middleware.version_negotiation [None req-ee62bb55-0945-41bf-b589-82b068f2cc44 tempest-ServerActionsV293TestJSON-1981533297 tempest-ServerActionsV293TestJSON-1981533297-project-member] Determining version of request: GET /v2/images/c9d62589-6d2c-4b65-b36c-f219989db312 Accept: */* {{(pid=99714) process_request /opt/stack/glance/glance/api/middleware/version_negotiation.py:44}}
Jul 09 23:13:22.184474 np0000004931 devstack@g-api.service[99714]: DEBUG glance.api.middleware.version_negotiation [None req-ee62bb55-0945-41bf-b589-82b068f2cc44 tempest-ServerActionsV293TestJSON-1981533297 tempest-ServerActionsV293TestJSON-1981533297-project-member] Using url versioning {{(pid=99714) process_request /opt/stack/glance/glance/api/middleware/version_negotiation.py:57}}
Jul 09 23:13:22.184671 np0000004931 devstack@g-api.service[99714]: DEBUG glance.api.middleware.version_negotiation [None req-ee62bb55-0945-41bf-b589-82b068f2cc44 tempest-ServerActionsV293TestJSON-1981533297 tempest-ServerActionsV293TestJSON-1981533297-project-member] Matched version: v2 {{(pid=99714) process_request /opt/stack/glance/glance/api/middleware/version_negotiation.py:69}}
Jul 09 23:13:22.184823 np0000004931 devstack@g-api.service[99714]: DEBUG glance.api.middleware.version_negotiation [None req-ee62bb55-0945-41bf-b589-82b068f2cc44 tempest-ServerActionsV293TestJSON-1981533297 tempest-ServerActionsV293TestJSON-1981533297-project-member] new path /v2/images/c9d62589-6d2c-4b65-b36c-f219989db312 {{(pid=99714) process_request /opt/stack/glance/glance/api/middleware/version_negotiation.py:70}}
Jul 09 23:13:22.196043 np0000004931 devstack@g-api.service[99714]: [pid: 99714|app: 0|req: 68/210] 127.0.0.1 () {44 vars in 1115 bytes} [Thu Jul 9 23:13:22 2026] GET /v2/images/c9d62589-6d2c-4b65-b36c-f219989db312 => generated 1044 bytes in 12 msecs (HTTP/1.1 200) 4 headers in 158 bytes (1 switches on core 0)
Jul 09 23:13:22.202802 np0000004931 devstack@g-api.service[99715]: DEBUG glance.api.middleware.version_negotiation [None req-ee62bb55-0945-41bf-b589-82b068f2cc44 tempest-ServerActionsV293TestJSON-1981533297 tempest-ServerActionsV293TestJSON-1981533297-project-member] Determining version of request: GET /v2/schemas/image Accept: */* {{(pid=99715) process_request /opt/stack/glance/glance/api/middleware/version_negotiation.py:44}}
Jul 09 23:13:22.202926 np0000004931 devstack@g-api.service[99715]: DEBUG glance.api.middleware.version_negotiation [None req-ee62bb55-0945-41bf-b589-82b068f2cc44 tempest-ServerActionsV293TestJSON-1981533297 tempest-ServerActionsV293TestJSON-1981533297-project-member] Using url versioning {{(pid=99715) process_request /opt/stack/glance/glance/api/middleware/version_negotiation.py:57}}
Jul 09 23:13:22.203043 np0000004931 devstack@g-api.service[99715]: DEBUG glance.api.middleware.version_negotiation [None req-ee62bb55-0945-41bf-b589-82b068f2cc44 tempest-ServerActionsV293TestJSON-1981533297 tempest-ServerActionsV293TestJSON-1981533297-project-member] Matched version: v2 {{(pid=99715) process_request /opt/stack/glance/glance/api/middleware/version_negotiation.py:69}}
Jul 09 23:13:22.203131 np0000004931 devstack@g-api.service[99715]: DEBUG glance.api.middleware.version_negotiation [None req-ee62bb55-0945-41bf-b589-82b068f2cc44 tempest-ServerActionsV293TestJSON-1981533297 tempest-ServerActionsV293TestJSON-1981533297-project-member] new path /v2/schemas/image {{(pid=99715) process_request /opt/stack/glance/glance/api/middleware/version_negotiation.py:70}}
Jul 09 23:13:22.205134 np0000004931 devstack@g-api.service[99715]: [pid: 99715|app: 0|req: 73/211] 127.0.0.1 () {44 vars in 1055 bytes} [Thu Jul 9 23:13:22 2026] GET /v2/schemas/image => generated 6083 bytes in 2 msecs (HTTP/1.1 200) 4 headers in 158 bytes (1 switches on core 0)
Jul 09 23:13:22.212038 np0000004931 devstack@g-api.service[99713]: DEBUG glance.api.middleware.version_negotiation [None req-ee62bb55-0945-41bf-b589-82b068f2cc44 tempest-ServerActionsV293TestJSON-1981533297 tempest-ServerActionsV293TestJSON-1981533297-project-member] Determining version of request: GET /v2/schemas/image Accept: */* {{(pid=99713) process_request /opt/stack/glance/glance/api/middleware/version_negotiation.py:44}}
Jul 09 23:13:22.212185 np0000004931 devstack@g-api.service[99713]: DEBUG glance.api.middleware.version_negotiation [None req-ee62bb55-0945-41bf-b589-82b068f2cc44 tempest-ServerActionsV293TestJSON-1981533297 tempest-ServerActionsV293TestJSON-1981533297-project-member] Using url versioning {{(pid=99713) process_request /opt/stack/glance/glance/api/middleware/version_negotiation.py:57}}
Jul 09 23:13:22.212354 np0000004931 devstack@g-api.service[99713]: DEBUG glance.api.middleware.version_negotiation [None req-ee62bb55-0945-41bf-b589-82b068f2cc44 tempest-ServerActionsV293TestJSON-1981533297 tempest-ServerActionsV293TestJSON-1981533297-project-member] Matched version: v2 {{(pid=99713) process_request /opt/stack/glance/glance/api/middleware/version_negotiation.py:69}}
Jul 09 23:13:22.212487 np0000004931 devstack@g-api.service[99713]: DEBUG glance.api.middleware.version_negotiation [None req-ee62bb55-0945-41bf-b589-82b068f2cc44 tempest-ServerActionsV293TestJSON-1981533297 tempest-ServerActionsV293TestJSON-1981533297-project-member] new path /v2/schemas/image {{(pid=99713) process_request /opt/stack/glance/glance/api/middleware/version_negotiation.py:70}}
Jul 09 23:13:22.214521 np0000004931 devstack@g-api.service[99713]: [pid: 99713|app: 0|req: 71/212] 127.0.0.1 () {44 vars in 1055 bytes} [Thu Jul 9 23:13:22 2026] GET /v2/schemas/image => generated 6083 bytes in 2 msecs (HTTP/1.1 200) 4 headers in 158 bytes (1 switches on core 0)
Jul 09 23:13:22.313004 np0000004931 devstack@g-api.service[99714]: DEBUG glance.api.middleware.version_negotiation [None req-ee62bb55-0945-41bf-b589-82b068f2cc44 tempest-ServerActionsV293TestJSON-1981533297 tempest-ServerActionsV293TestJSON-1981533297-project-member] Determining version of request: GET /versions Accept: */* {{(pid=99714) process_request /opt/stack/glance/glance/api/middleware/version_negotiation.py:44}}
Jul 09 23:13:22.313662 np0000004931 devstack@g-api.service[99714]: [pid: 99714|app: 0|req: 69/213] 127.0.0.1 () {44 vars in 1039 bytes} [Thu Jul 9 23:13:22 2026] GET /versions => generated 1515 bytes in 1 msecs (HTTP/1.1 200) 3 headers in 92 bytes (1 switches on core 0)
Jul 09 23:13:22.327261 np0000004931 devstack@g-api.service[99715]: DEBUG glance.api.middleware.version_negotiation [None req-ee62bb55-0945-41bf-b589-82b068f2cc44 tempest-ServerActionsV293TestJSON-1981533297 tempest-ServerActionsV293TestJSON-1981533297-project-member] Determining version of request: GET /v2/images/c9d62589-6d2c-4b65-b36c-f219989db312/locations Accept: */* {{(pid=99715) process_request /opt/stack/glance/glance/api/middleware/version_negotiation.py:44}}
Jul 09 23:13:22.327486 np0000004931 devstack@g-api.service[99715]: DEBUG glance.api.middleware.version_negotiation [None req-ee62bb55-0945-41bf-b589-82b068f2cc44 tempest-ServerActionsV293TestJSON-1981533297 tempest-ServerActionsV293TestJSON-1981533297-project-member] Using url versioning {{(pid=99715) process_request /opt/stack/glance/glance/api/middleware/version_negotiation.py:57}}
Jul 09 23:13:22.327682 np0000004931 devstack@g-api.service[99715]: DEBUG glance.api.middleware.version_negotiation [None req-ee62bb55-0945-41bf-b589-82b068f2cc44 tempest-ServerActionsV293TestJSON-1981533297 tempest-ServerActionsV293TestJSON-1981533297-project-member] Matched version: v2 {{(pid=99715) process_request /opt/stack/glance/glance/api/middleware/version_negotiation.py:69}}
Jul 09 23:13:22.327835 np0000004931 devstack@g-api.service[99715]: DEBUG glance.api.middleware.version_negotiation [None req-ee62bb55-0945-41bf-b589-82b068f2cc44 tempest-ServerActionsV293TestJSON-1981533297 tempest-ServerActionsV293TestJSON-1981533297-project-member] new path /v2/images/c9d62589-6d2c-4b65-b36c-f219989db312/locations {{(pid=99715) process_request /opt/stack/glance/glance/api/middleware/version_negotiation.py:70}}
Jul 09 23:13:22.357929 np0000004931 devstack@g-api.service[99713]: DEBUG glance.api.middleware.version_negotiation [None req-ee62bb55-0945-41bf-b589-82b068f2cc44 tempest-ServerActionsV293TestJSON-1981533297 tempest-ServerActionsV293TestJSON-1981533297-project-member] Determining version of request: GET /v2/images/bd603a13-eac1-42c9-a5d4-e08779b9da2a Accept: */* {{(pid=99713) process_request /opt/stack/glance/glance/api/middleware/version_negotiation.py:44}}
Jul 09 23:13:22.358103 np0000004931 devstack@g-api.service[99713]: DEBUG glance.api.middleware.version_negotiation [None req-ee62bb55-0945-41bf-b589-82b068f2cc44 tempest-ServerActionsV293TestJSON-1981533297 tempest-ServerActionsV293TestJSON-1981533297-project-member] Using url versioning {{(pid=99713) process_request /opt/stack/glance/glance/api/middleware/version_negotiation.py:57}}
Jul 09 23:13:22.358278 np0000004931 devstack@g-api.service[99713]: DEBUG glance.api.middleware.version_negotiation [None req-ee62bb55-0945-41bf-b589-82b068f2cc44 tempest-ServerActionsV293TestJSON-1981533297 tempest-ServerActionsV293TestJSON-1981533297-project-member] Matched version: v2 {{(pid=99713) process_request /opt/stack/glance/glance/api/middleware/version_negotiation.py:69}}
Jul 09 23:13:22.358396 np0000004931 devstack@g-api.service[99713]: DEBUG glance.api.middleware.version_negotiation [None req-ee62bb55-0945-41bf-b589-82b068f2cc44 tempest-ServerActionsV293TestJSON-1981533297 tempest-ServerActionsV293TestJSON-1981533297-project-member] new path /v2/images/bd603a13-eac1-42c9-a5d4-e08779b9da2a {{(pid=99713) process_request /opt/stack/glance/glance/api/middleware/version_negotiation.py:70}}
Jul 09 23:13:22.368629 np0000004931 devstack@g-api.service[99713]: [pid: 99713|app: 0|req: 72/214] 127.0.0.1 () {44 vars in 1115 bytes} [Thu Jul 9 23:13:22 2026] GET /v2/images/bd603a13-eac1-42c9-a5d4-e08779b9da2a => generated 1044 bytes in 11 msecs (HTTP/1.1 200) 4 headers in 158 bytes (1 switches on core 0)
Jul 09 23:13:22.381391 np0000004931 devstack@g-api.service[99715]: [pid: 99715|app: 0|req: 74/215] 127.0.0.1 () {44 vars in 1135 bytes} [Thu Jul 9 23:13:22 2026] GET /v2/images/c9d62589-6d2c-4b65-b36c-f219989db312/locations => generated 92 bytes in 54 msecs (HTTP/1.1 200) 4 headers in 156 bytes (1 switches on core 0)
Jul 09 23:13:22.410676 np0000004931 devstack@g-api.service[99714]: DEBUG glance.api.middleware.version_negotiation [None req-ee62bb55-0945-41bf-b589-82b068f2cc44 tempest-ServerActionsV293TestJSON-1981533297 tempest-ServerActionsV293TestJSON-1981533297-project-member] Determining version of request: GET /v2/schemas/image Accept: */* {{(pid=99714) process_request /opt/stack/glance/glance/api/middleware/version_negotiation.py:44}}
Jul 09 23:13:22.410815 np0000004931 devstack@g-api.service[99714]: DEBUG glance.api.middleware.version_negotiation [None req-ee62bb55-0945-41bf-b589-82b068f2cc44 tempest-ServerActionsV293TestJSON-1981533297 tempest-ServerActionsV293TestJSON-1981533297-project-member] Using url versioning {{(pid=99714) process_request /opt/stack/glance/glance/api/middleware/version_negotiation.py:57}}
Jul 09 23:13:22.410977 np0000004931 devstack@g-api.service[99714]: DEBUG glance.api.middleware.version_negotiation [None req-ee62bb55-0945-41bf-b589-82b068f2cc44 tempest-ServerActionsV293TestJSON-1981533297 tempest-ServerActionsV293TestJSON-1981533297-project-member] Matched version: v2 {{(pid=99714) process_request /opt/stack/glance/glance/api/middleware/version_negotiation.py:69}}
Jul 09 23:13:22.411136 np0000004931 devstack@g-api.service[99714]: DEBUG glance.api.middleware.version_negotiation [None req-ee62bb55-0945-41bf-b589-82b068f2cc44 tempest-ServerActionsV293TestJSON-1981533297 tempest-ServerActionsV293TestJSON-1981533297-project-member] new path /v2/schemas/image {{(pid=99714) process_request /opt/stack/glance/glance/api/middleware/version_negotiation.py:70}}
Jul 09 23:13:22.413595 np0000004931 devstack@g-api.service[99714]: [pid: 99714|app: 0|req: 70/216] 127.0.0.1 () {44 vars in 1055 bytes} [Thu Jul 9 23:13:22 2026] GET /v2/schemas/image => generated 6083 bytes in 3 msecs (HTTP/1.1 200) 4 headers in 158 bytes (1 switches on core 0)
Jul 09 23:13:22.471703 np0000004931 devstack@g-api.service[99713]: DEBUG glance.api.middleware.version_negotiation [None req-35d3fe09-7f31-4939-90ad-34059a9be5cb tempest-ServerActionsTestOtherA-1288984928 tempest-ServerActionsTestOtherA-1288984928-project-member] Determining version of request: GET /v2/images/c9d62589-6d2c-4b65-b36c-f219989db312 Accept: */* {{(pid=99713) process_request /opt/stack/glance/glance/api/middleware/version_negotiation.py:44}}
Jul 09 23:13:22.471823 np0000004931 devstack@g-api.service[99713]: DEBUG glance.api.middleware.version_negotiation [None req-35d3fe09-7f31-4939-90ad-34059a9be5cb tempest-ServerActionsTestOtherA-1288984928 tempest-ServerActionsTestOtherA-1288984928-project-member] Using url versioning {{(pid=99713) process_request /opt/stack/glance/glance/api/middleware/version_negotiation.py:57}}
Jul 09 23:13:22.471936 np0000004931 devstack@g-api.service[99713]: DEBUG glance.api.middleware.version_negotiation [None req-35d3fe09-7f31-4939-90ad-34059a9be5cb tempest-ServerActionsTestOtherA-1288984928 tempest-ServerActionsTestOtherA-1288984928-project-member] Matched version: v2 {{(pid=99713) process_request /opt/stack/glance/glance/api/middleware/version_negotiation.py:69}}
