Jul 09 23:07:40.150695 np0000004931 devstack@neutron-api.service[87574]: DEBUG neutron.api.extensions [None req-f6b9168a-5c5b-4d3f-971b-83cf5e773915 None None] Ext name="Port Binding" alias="binding" description="Expose port bindings of a virtual port to external application" updated="2014-02-03T10:00:00-00:00" {{(pid=87574) _check_extension /opt/stack/neutron/neutron/api/extensions.py:415}}
Jul 09 23:07:40.150804 np0000004931 devstack@neutron-api.service[87575]: DEBUG neutron_lib.callbacks.manager [None req-61c17366-41b3-4723-9339-7c8d3221827e None None] Subscribe: > segment after_create 55550000, False {{(pid=87575) subscribe /opt/stack/data/venv/lib/python3.12/site-packages/neutron_lib/callbacks/manager.py:52}}
Jul 09 23:07:40.150901 np0000004931 devstack@neutron-api.service[87574]: INFO neutron.api.extensions [None req-f6b9168a-5c5b-4d3f-971b-83cf5e773915 None None] Loaded extension: binding
Jul 09 23:07:40.151012 np0000004931 devstack@neutron-api.service[87575]: DEBUG neutron_lib.callbacks.manager [None req-61c17366-41b3-4723-9339-7c8d3221827e None None] Subscribe: > segment after_delete 55550000, False {{(pid=87575) subscribe /opt/stack/data/venv/lib/python3.12/site-packages/neutron_lib/callbacks/manager.py:52}}
Jul 09 23:07:40.151128 np0000004931 devstack@neutron-api.service[87574]: DEBUG neutron.api.extensions [None req-f6b9168a-5c5b-4d3f-971b-83cf5e773915 None None] Loading extension file: portbindings_extended.py {{(pid=87574) _load_all_extensions_from_path /opt/stack/neutron/neutron/api/extensions.py:449}}
Jul 09 23:07:40.151247 np0000004931 devstack@neutron-api.service[87575]: DEBUG neutron_lib.callbacks.manager [None req-61c17366-41b3-4723-9339-7c8d3221827e None None] Subscribe: > allowed_address_pair before_create 55550000, False {{(pid=87575) subscribe /opt/stack/data/venv/lib/python3.12/site-packages/neutron_lib/callbacks/manager.py:52}}
Jul 09 23:07:40.151247 np0000004931 devstack@neutron-api.service[87575]: DEBUG neutron_lib.callbacks.manager [None req-61c17366-41b3-4723-9339-7c8d3221827e None None] Subscribe: > security_group precommit_create 55550000, False {{(pid=87575) subscribe /opt/stack/data/venv/lib/python3.12/site-packages/neutron_lib/callbacks/manager.py:52}}
Jul 09 23:07:40.151510 np0000004931 devstack@neutron-api.service[87574]: DEBUG neutron.api.extensions [None req-f6b9168a-5c5b-4d3f-971b-83cf5e773915 None None] Ext name="Port Bindings Extended" alias="binding-extended" description="Expose port bindings of a virtual port to external application" updated="2017-07-17T10:00:00-00:00" {{(pid=87574) _check_extension /opt/stack/neutron/neutron/api/extensions.py:415}}
Jul 09 23:07:40.151649 np0000004931 devstack@neutron-api.service[87575]: DEBUG neutron_lib.callbacks.manager [None req-61c17366-41b3-4723-9339-7c8d3221827e None None] Subscribe: > security_group after_update 55550000, False {{(pid=87575) subscribe /opt/stack/data/venv/lib/python3.12/site-packages/neutron_lib/callbacks/manager.py:52}}
Jul 09 23:07:40.151769 np0000004931 devstack@neutron-api.service[87574]: INFO neutron.api.extensions [None req-f6b9168a-5c5b-4d3f-971b-83cf5e773915 None None] Loaded extension: binding-extended
Jul 09 23:07:40.151769 np0000004931 devstack@neutron-api.service[87574]: DEBUG neutron.api.extensions [None req-f6b9168a-5c5b-4d3f-971b-83cf5e773915 None None] Loading extension file: portsecurity.py {{(pid=87574) _load_all_extensions_from_path /opt/stack/neutron/neutron/api/extensions.py:449}}
Jul 09 23:07:40.151897 np0000004931 devstack@neutron-api.service[87575]: DEBUG neutron_lib.callbacks.manager [None req-61c17366-41b3-4723-9339-7c8d3221827e None None] Subscribe: > security_group after_create 55550000, False {{(pid=87575) subscribe /opt/stack/data/venv/lib/python3.12/site-packages/neutron_lib/callbacks/manager.py:52}}
Jul 09 23:07:40.151897 np0000004931 devstack@neutron-api.service[87575]: DEBUG neutron_lib.callbacks.manager [None req-61c17366-41b3-4723-9339-7c8d3221827e None None] Subscribe: > security_group precommit_delete 55550000, False {{(pid=87575) subscribe /opt/stack/data/venv/lib/python3.12/site-packages/neutron_lib/callbacks/manager.py:52}}
Jul 09 23:07:40.152096 np0000004931 devstack@neutron-api.service[87574]: DEBUG neutron.api.extensions [None req-f6b9168a-5c5b-4d3f-971b-83cf5e773915 None None] Ext name="Port Security" alias="port-security" description="Provides port security" updated="2012-07-23T10:00:00-00:00" {{(pid=87574) _check_extension /opt/stack/neutron/neutron/api/extensions.py:415}}
Jul 09 23:07:40.152319 np0000004931 devstack@neutron-api.service[87575]: DEBUG neutron_lib.callbacks.manager [None req-61c17366-41b3-4723-9339-7c8d3221827e None None] Subscribe: > security_group after_delete 55550000, False {{(pid=87575) subscribe /opt/stack/data/venv/lib/python3.12/site-packages/neutron_lib/callbacks/manager.py:52}}
Jul 09 23:07:40.152525 np0000004931 devstack@neutron-api.service[87574]: INFO neutron.api.extensions [None req-f6b9168a-5c5b-4d3f-971b-83cf5e773915 None None] Loaded extension: port-security
Jul 09 23:07:40.152646 np0000004931 devstack@neutron-api.service[87575]: DEBUG neutron_lib.callbacks.manager [None req-61c17366-41b3-4723-9339-7c8d3221827e None None] Subscribe: > security_group_rule precommit_create 55550000, False {{(pid=87575) subscribe /opt/stack/data/venv/lib/python3.12/site-packages/neutron_lib/callbacks/manager.py:52}}
Jul 09 23:07:40.152909 np0000004931 devstack@neutron-api.service[87574]: DEBUG neutron.api.extensions [None req-f6b9168a-5c5b-4d3f-971b-83cf5e773915 None None] Loading extension file: project_id.py {{(pid=87574) _load_all_extensions_from_path /opt/stack/neutron/neutron/api/extensions.py:449}}
Jul 09 23:07:40.153106 np0000004931 devstack@neutron-api.service[87575]: DEBUG neutron_lib.callbacks.manager [None req-61c17366-41b3-4723-9339-7c8d3221827e None None] Subscribe: > security_group_rule after_create 55550000, False {{(pid=87575) subscribe /opt/stack/data/venv/lib/python3.12/site-packages/neutron_lib/callbacks/manager.py:52}}
Jul 09 23:07:40.153300 np0000004931 devstack@neutron-api.service[87574]: DEBUG neutron.api.extensions [None req-f6b9168a-5c5b-4d3f-971b-83cf5e773915 None None] Ext name="project_id field enabled" alias="project-id" description="Extension that indicates that project_id field is enabled." updated="2016-09-09T09:09:09-09:09" {{(pid=87574) _check_extension /opt/stack/neutron/neutron/api/extensions.py:415}}
Jul 09 23:07:40.153482 np0000004931 devstack@neutron-api.service[87575]: DEBUG neutron_lib.callbacks.manager [None req-61c17366-41b3-4723-9339-7c8d3221827e None None] Subscribe: > security_group_rule before_delete 55550000, False {{(pid=87575) subscribe /opt/stack/data/venv/lib/python3.12/site-packages/neutron_lib/callbacks/manager.py:52}}
Jul 09 23:07:40.153788 np0000004931 devstack@neutron-api.service[87574]: INFO neutron.api.extensions [None req-f6b9168a-5c5b-4d3f-971b-83cf5e773915 None None] Loaded extension: project-id
Jul 09 23:07:40.154084 np0000004931 devstack@neutron-api.service[87575]: DEBUG neutron_lib.callbacks.manager [None req-61c17366-41b3-4723-9339-7c8d3221827e None None] Subscribe: > address_group after_create 55550000, False {{(pid=87575) subscribe /opt/stack/data/venv/lib/python3.12/site-packages/neutron_lib/callbacks/manager.py:52}}
Jul 09 23:07:40.154234 np0000004931 devstack@neutron-api.service[87574]: DEBUG neutron.api.extensions [None req-f6b9168a-5c5b-4d3f-971b-83cf5e773915 None None] Loading extension file: providernet.py {{(pid=87574) _load_all_extensions_from_path /opt/stack/neutron/neutron/api/extensions.py:449}}
Jul 09 23:07:40.154404 np0000004931 devstack@neutron-api.service[87575]: DEBUG neutron_lib.callbacks.manager [None req-61c17366-41b3-4723-9339-7c8d3221827e None None] Subscribe: > address_group after_update 55550000, False {{(pid=87575) subscribe /opt/stack/data/venv/lib/python3.12/site-packages/neutron_lib/callbacks/manager.py:52}}
Jul 09 23:07:40.154625 np0000004931 devstack@neutron-api.service[87574]: DEBUG neutron.api.extensions [None req-f6b9168a-5c5b-4d3f-971b-83cf5e773915 None None] Ext name="Provider Network" alias="provider" description="Expose mapping of virtual networks to physical networks" updated="2012-09-07T10:00:00-00:00" {{(pid=87574) _check_extension /opt/stack/neutron/neutron/api/extensions.py:415}}
Jul 09 23:07:40.154783 np0000004931 devstack@neutron-api.service[87575]: DEBUG neutron_lib.callbacks.manager [None req-61c17366-41b3-4723-9339-7c8d3221827e None None] Subscribe: > address_group after_delete 55550000, False {{(pid=87575) subscribe /opt/stack/data/venv/lib/python3.12/site-packages/neutron_lib/callbacks/manager.py:52}}
Jul 09 23:07:40.154930 np0000004931 devstack@neutron-api.service[87574]: INFO neutron.api.extensions [None req-f6b9168a-5c5b-4d3f-971b-83cf5e773915 None None] Loaded extension: provider
Jul 09 23:07:40.154930 np0000004931 devstack@neutron-api.service[87574]: DEBUG neutron.api.extensions [None req-f6b9168a-5c5b-4d3f-971b-83cf5e773915 None None] Loading extension file: pvlan.py {{(pid=87574) _load_all_extensions_from_path /opt/stack/neutron/neutron/api/extensions.py:449}}
Jul 09 23:07:40.155197 np0000004931 devstack@neutron-api.service[87575]: DEBUG neutron_lib.callbacks.manager [None req-61c17366-41b3-4723-9339-7c8d3221827e None None] Subscribe: > qos_plugin after_init 55550000, False {{(pid=87575) subscribe /opt/stack/data/venv/lib/python3.12/site-packages/neutron_lib/callbacks/manager.py:52}}
Jul 09 23:07:40.155197 np0000004931 devstack@neutron-api.service[87575]: DEBUG neutron_lib.callbacks.manager [None req-61c17366-41b3-4723-9339-7c8d3221827e None None] Subscribe: > trunk_plugin after_init 55550000, False {{(pid=87575) subscribe /opt/stack/data/venv/lib/python3.12/site-packages/neutron_lib/callbacks/manager.py:52}}
Jul 09 23:07:40.155453 np0000004931 devstack@neutron-api.service[87574]: DEBUG neutron.api.extensions [None req-f6b9168a-5c5b-4d3f-971b-83cf5e773915 None None] Ext name="Private VLAN" alias="pvlan" description="The Private VLAN semantics extension." updated="2026-02-03T10:00:00-00:00" {{(pid=87574) _check_extension /opt/stack/neutron/neutron/api/extensions.py:415}}
Jul 09 23:07:40.156098 np0000004931 devstack@neutron-api.service[87575]: DEBUG neutron_lib.callbacks.manager [None req-61c17366-41b3-4723-9339-7c8d3221827e None None] Subscribe: > logging-plugin after_init 55550000, False {{(pid=87575) subscribe /opt/stack/data/venv/lib/python3.12/site-packages/neutron_lib/callbacks/manager.py:52}}
Jul 09 23:07:40.156461 np0000004931 devstack@neutron-api.service[87574]: INFO neutron.api.extensions [None req-f6b9168a-5c5b-4d3f-971b-83cf5e773915 None None] Extension pvlan not supported by any of loaded plugins
Jul 09 23:07:40.156461 np0000004931 devstack@neutron-api.service[87574]: DEBUG neutron.api.extensions [None req-f6b9168a-5c5b-4d3f-971b-83cf5e773915 None None] Loading extension file: qinq.py {{(pid=87574) _load_all_extensions_from_path /opt/stack/neutron/neutron/api/extensions.py:449}}
Jul 09 23:07:40.156461 np0000004931 devstack@neutron-api.service[87574]: DEBUG neutron.api.extensions [None req-f6b9168a-5c5b-4d3f-971b-83cf5e773915 None None] Ext name="QinQ networks" alias="qinq" description="Expose network 'qinq' attribute in the API. This allows to configure network to allow vlan in vlan configuration using 0x88a8 ethertype (QinQ)." updated="2024-12-02T10:00:00-00:00" {{(pid=87574) _check_extension /opt/stack/neutron/neutron/api/extensions.py:415}}
Jul 09 23:07:40.156461 np0000004931 devstack@neutron-api.service[87574]: INFO neutron.api.extensions [None req-f6b9168a-5c5b-4d3f-971b-83cf5e773915 None None] Loaded extension: qinq
Jul 09 23:07:40.156461 np0000004931 devstack@neutron-api.service[87574]: DEBUG neutron.api.extensions [None req-f6b9168a-5c5b-4d3f-971b-83cf5e773915 None None] Loading extension file: qos.py {{(pid=87574) _load_all_extensions_from_path /opt/stack/neutron/neutron/api/extensions.py:449}}
Jul 09 23:07:40.156868 np0000004931 devstack@neutron-api.service[87575]: INFO neutron.services.logapi.drivers.ovn.driver [None req-61c17366-41b3-4723-9339-7c8d3221827e None None] OVN logging driver registered
Jul 09 23:07:40.156868 np0000004931 devstack@neutron-api.service[87575]: DEBUG neutron_lib.callbacks.manager [None req-61c17366-41b3-4723-9339-7c8d3221827e None None] Subscribe: ._register_pvlan_driver at 0x722d5f219940> pvlan_plugin before_spawn 55550000, False {{(pid=87575) subscribe /opt/stack/data/venv/lib/python3.12/site-packages/neutron_lib/callbacks/manager.py:52}}
Jul 09 23:07:40.156868 np0000004931 devstack@neutron-api.service[87575]: DEBUG neutron_lib.callbacks.manager [None req-61c17366-41b3-4723-9339-7c8d3221827e None None] Subscribe: process after_init 55550000, False {{(pid=87575) subscribe /opt/stack/data/venv/lib/python3.12/site-packages/neutron_lib/callbacks/manager.py:52}}
Jul 09 23:07:40.157188 np0000004931 devstack@neutron-api.service[87574]: DEBUG neutron.api.extensions [None req-f6b9168a-5c5b-4d3f-971b-83cf5e773915 None None] Ext name="Quality of Service" alias="qos" description="The Quality of Service extension." updated="2015-06-08T10:00:00-00:00" {{(pid=87574) _check_extension /opt/stack/neutron/neutron/api/extensions.py:415}}
Jul 09 23:07:40.157188 np0000004931 devstack@neutron-api.service[87574]: INFO neutron.api.extensions [None req-f6b9168a-5c5b-4d3f-971b-83cf5e773915 None None] Extension qos not supported by any of loaded plugins
Jul 09 23:07:40.157188 np0000004931 devstack@neutron-api.service[87574]: DEBUG neutron.api.extensions [None req-f6b9168a-5c5b-4d3f-971b-83cf5e773915 None None] Loading extension file: qos_bw_limit_direction.py {{(pid=87574) _load_all_extensions_from_path /opt/stack/neutron/neutron/api/extensions.py:449}}
Jul 09 23:07:40.157188 np0000004931 devstack@neutron-api.service[87574]: DEBUG neutron.api.extensions [None req-f6b9168a-5c5b-4d3f-971b-83cf5e773915 None None] Ext name="Direction for QoS bandwidth limit rule" alias="qos-bw-limit-direction" description="Allow to configure QoS bandwidth limit rule with specific direction: ingress or egress" updated="2017-04-10T10:00:00-00:00" {{(pid=87574) _check_extension /opt/stack/neutron/neutron/api/extensions.py:415}}
Jul 09 23:07:40.157188 np0000004931 devstack@neutron-api.service[87574]: INFO neutron.api.extensions [None req-f6b9168a-5c5b-4d3f-971b-83cf5e773915 None None] Extension qos-bw-limit-direction not supported by any of loaded plugins
Jul 09 23:07:40.157188 np0000004931 devstack@neutron-api.service[87574]: DEBUG neutron.api.extensions [None req-f6b9168a-5c5b-4d3f-971b-83cf5e773915 None None] Loading extension file: qos_bw_minimum_ingress.py {{(pid=87574) _load_all_extensions_from_path /opt/stack/neutron/neutron/api/extensions.py:449}}
Jul 09 23:07:40.157484 np0000004931 devstack@neutron-api.service[87574]: DEBUG neutron.api.extensions [None req-f6b9168a-5c5b-4d3f-971b-83cf5e773915 None None] Ext name="Ingress direction for QoS minimum bandwidth rule" alias="qos-bw-minimum-ingress" description="Allow to configure QoS minumum bandwidth rule with ingress direction." updated="2018-07-09T10:00:00-00:00" {{(pid=87574) _check_extension /opt/stack/neutron/neutron/api/extensions.py:415}}
Jul 09 23:07:40.157484 np0000004931 devstack@neutron-api.service[87574]: INFO neutron.api.extensions [None req-f6b9168a-5c5b-4d3f-971b-83cf5e773915 None None] Extension qos-bw-minimum-ingress not supported by any of loaded plugins
Jul 09 23:07:40.157484 np0000004931 devstack@neutron-api.service[87574]: DEBUG neutron.api.extensions [None req-f6b9168a-5c5b-4d3f-971b-83cf5e773915 None None] Loading extension file: qos_default.py {{(pid=87574) _load_all_extensions_from_path /opt/stack/neutron/neutron/api/extensions.py:449}}
Jul 09 23:07:40.157733 np0000004931 devstack@neutron-api.service[87575]: DEBUG neutron.plugins.ml2.plugin [None req-61c17366-41b3-4723-9339-7c8d3221827e None None] neutron.plugins.ml2.plugin.Ml2Plugin method _start_rpc_notifiers called with arguments () {} {{(pid=87575) wrapper /opt/stack/data/venv/lib/python3.12/site-packages/oslo_log/helpers.py:77}}
Jul 09 23:07:40.157853 np0000004931 devstack@neutron-api.service[87574]: DEBUG neutron.api.extensions [None req-f6b9168a-5c5b-4d3f-971b-83cf5e773915 None None] Ext name="QoS default policy" alias="qos-default" description="Expose the QoS default policy per project" updated="2017-041-06T10:00:00-00:00" {{(pid=87574) _check_extension /opt/stack/neutron/neutron/api/extensions.py:415}}
Jul 09 23:07:40.157853 np0000004931 devstack@neutron-api.service[87574]: INFO neutron.api.extensions [None req-f6b9168a-5c5b-4d3f-971b-83cf5e773915 None None] Extension qos-default not supported by any of loaded plugins
Jul 09 23:07:40.157853 np0000004931 devstack@neutron-api.service[87574]: DEBUG neutron.api.extensions [None req-f6b9168a-5c5b-4d3f-971b-83cf5e773915 None None] Loading extension file: qos_fip.py {{(pid=87574) _load_all_extensions_from_path /opt/stack/neutron/neutron/api/extensions.py:449}}
Jul 09 23:07:40.158056 np0000004931 devstack@neutron-api.service[87575]: DEBUG neutron_lib.callbacks.manager [None req-61c17366-41b3-4723-9339-7c8d3221827e None None] Subscribe: > port after_create 55550000, False {{(pid=87575) subscribe /opt/stack/data/venv/lib/python3.12/site-packages/neutron_lib/callbacks/manager.py:52}}
Jul 09 23:07:40.158056 np0000004931 devstack@neutron-api.service[87575]: DEBUG neutron_lib.callbacks.manager [None req-61c17366-41b3-4723-9339-7c8d3221827e None None] Subscribe: > port after_update 55550000, False {{(pid=87575) subscribe /opt/stack/data/venv/lib/python3.12/site-packages/neutron_lib/callbacks/manager.py:52}}
Jul 09 23:07:40.158220 np0000004931 devstack@neutron-api.service[87574]: DEBUG neutron.api.extensions [None req-f6b9168a-5c5b-4d3f-971b-83cf5e773915 None None] Ext name="Floating IP QoS" alias="qos-fip" description="The floating IP Quality of Service extension" updated="2017-07-20T00:00:00-00:00" {{(pid=87574) _check_extension /opt/stack/neutron/neutron/api/extensions.py:415}}
Jul 09 23:07:40.158368 np0000004931 devstack@neutron-api.service[87575]: DEBUG neutron_lib.callbacks.manager [None req-61c17366-41b3-4723-9339-7c8d3221827e None None] Subscribe: > port after_delete 55550000, False {{(pid=87575) subscribe /opt/stack/data/venv/lib/python3.12/site-packages/neutron_lib/callbacks/manager.py:52}}
Jul 09 23:07:40.158573 np0000004931 devstack@neutron-api.service[87574]: INFO neutron.api.extensions [None req-f6b9168a-5c5b-4d3f-971b-83cf5e773915 None None] Extension qos-fip not supported by any of loaded plugins
Jul 09 23:07:40.158573 np0000004931 devstack@neutron-api.service[87574]: DEBUG neutron.api.extensions [None req-f6b9168a-5c5b-4d3f-971b-83cf5e773915 None None] Loading extension file: qos_fip_network_policy.py {{(pid=87574) _load_all_extensions_from_path /opt/stack/neutron/neutron/api/extensions.py:449}}
Jul 09 23:07:40.158772 np0000004931 devstack@neutron-api.service[87575]: DEBUG neutron_lib.callbacks.manager [None req-61c17366-41b3-4723-9339-7c8d3221827e None None] Subscribe: > subnet after_create 55550000, False {{(pid=87575) subscribe /opt/stack/data/venv/lib/python3.12/site-packages/neutron_lib/callbacks/manager.py:52}}
Jul 09 23:07:40.158772 np0000004931 devstack@neutron-api.service[87575]: DEBUG neutron_lib.callbacks.manager [None req-61c17366-41b3-4723-9339-7c8d3221827e None None] Subscribe: > subnet after_update 55550000, False {{(pid=87575) subscribe /opt/stack/data/venv/lib/python3.12/site-packages/neutron_lib/callbacks/manager.py:52}}
Jul 09 23:07:40.159064 np0000004931 devstack@neutron-api.service[87574]: DEBUG neutron.api.extensions [None req-f6b9168a-5c5b-4d3f-971b-83cf5e773915 None None] Ext name="QoS floating IP network policy ID" alias="qos-fip-network-policy" description="Adds a the QoS network ID to the floating IP definition" updated="2021-11-15T10:00:00-00:00" {{(pid=87574) _check_extension /opt/stack/neutron/neutron/api/extensions.py:415}}
Jul 09 23:07:40.159360 np0000004931 devstack@neutron-api.service[87575]: DEBUG neutron_lib.callbacks.manager [None req-61c17366-41b3-4723-9339-7c8d3221827e None None] Subscribe: > subnet after_delete 55550000, False {{(pid=87575) subscribe /opt/stack/data/venv/lib/python3.12/site-packages/neutron_lib/callbacks/manager.py:52}}
Jul 09 23:07:40.159612 np0000004931 devstack@neutron-api.service[87574]: INFO neutron.api.extensions [None req-f6b9168a-5c5b-4d3f-971b-83cf5e773915 None None] Extension qos-fip-network-policy not supported by any of loaded plugins
Jul 09 23:07:40.159612 np0000004931 devstack@neutron-api.service[87574]: DEBUG neutron.api.extensions [None req-f6b9168a-5c5b-4d3f-971b-83cf5e773915 None None] Loading extension file: qos_gateway_ip.py {{(pid=87574) _load_all_extensions_from_path /opt/stack/neutron/neutron/api/extensions.py:449}}
Jul 09 23:07:40.159890 np0000004931 devstack@neutron-api.service[87575]: DEBUG neutron_lib.callbacks.manager [None req-61c17366-41b3-4723-9339-7c8d3221827e None None] Subscribe: > network after_create 55550000, False {{(pid=87575) subscribe /opt/stack/data/venv/lib/python3.12/site-packages/neutron_lib/callbacks/manager.py:52}}
Jul 09 23:07:40.159890 np0000004931 devstack@neutron-api.service[87575]: DEBUG neutron_lib.callbacks.manager [None req-61c17366-41b3-4723-9339-7c8d3221827e None None] Subscribe: > network after_update 55550000, False {{(pid=87575) subscribe /opt/stack/data/venv/lib/python3.12/site-packages/neutron_lib/callbacks/manager.py:52}}
Jul 09 23:07:40.160171 np0000004931 devstack@neutron-api.service[87574]: DEBUG neutron.api.extensions [None req-f6b9168a-5c5b-4d3f-971b-83cf5e773915 None None] Ext name="Router gateway IP QoS" alias="qos-gateway-ip" description="The Router gateway IP Quality of Service extension" updated="2018-02-24T00:00:00-00:00" {{(pid=87574) _check_extension /opt/stack/neutron/neutron/api/extensions.py:415}}
Jul 09 23:07:40.160373 np0000004931 devstack@neutron-api.service[87575]: DEBUG neutron_lib.callbacks.manager [None req-61c17366-41b3-4723-9339-7c8d3221827e None None] Subscribe: > network after_delete 55550000, False {{(pid=87575) subscribe /opt/stack/data/venv/lib/python3.12/site-packages/neutron_lib/callbacks/manager.py:52}}
Jul 09 23:07:40.160639 np0000004931 devstack@neutron-api.service[87574]: INFO neutron.api.extensions [None req-f6b9168a-5c5b-4d3f-971b-83cf5e773915 None None] Extension qos-gateway-ip not supported by any of loaded plugins
Jul 09 23:07:40.160840 np0000004931 devstack@neutron-api.service[87575]: DEBUG neutron_lib.callbacks.manager [None req-61c17366-41b3-4723-9339-7c8d3221827e None None] Subscribe: > security_group after_create 55550000, False {{(pid=87575) subscribe /opt/stack/data/venv/lib/python3.12/site-packages/neutron_lib/callbacks/manager.py:52}}
Jul 09 23:07:40.161017 np0000004931 devstack@neutron-api.service[87574]: DEBUG neutron.api.extensions [None req-f6b9168a-5c5b-4d3f-971b-83cf5e773915 None None] Loading extension file: qos_port_network_policy.py {{(pid=87574) _load_all_extensions_from_path /opt/stack/neutron/neutron/api/extensions.py:449}}
Jul 09 23:07:40.161238 np0000004931 devstack@neutron-api.service[87575]: DEBUG neutron_lib.callbacks.manager [None req-61c17366-41b3-4723-9339-7c8d3221827e None None] Subscribe: > security_group after_update 55550000, False {{(pid=87575) subscribe /opt/stack/data/venv/lib/python3.12/site-packages/neutron_lib/callbacks/manager.py:52}}
Jul 09 23:07:40.161238 np0000004931 devstack@neutron-api.service[87575]: DEBUG neutron_lib.callbacks.manager [None req-61c17366-41b3-4723-9339-7c8d3221827e None None] Subscribe: > security_group after_delete 55550000, False {{(pid=87575) subscribe /opt/stack/data/venv/lib/python3.12/site-packages/neutron_lib/callbacks/manager.py:52}}
Jul 09 23:07:40.161437 np0000004931 devstack@neutron-api.service[87574]: DEBUG neutron.api.extensions [None req-f6b9168a-5c5b-4d3f-971b-83cf5e773915 None None] Ext name="QoS port network policy ID" alias="qos-port-network-policy" description="Adds a the QoS network ID to the port definition" updated="2019-11-01T10:00:00-00:00" {{(pid=87574) _check_extension /opt/stack/neutron/neutron/api/extensions.py:415}}
Jul 09 23:07:40.161616 np0000004931 devstack@neutron-api.service[87575]: DEBUG neutron_lib.callbacks.manager [None req-61c17366-41b3-4723-9339-7c8d3221827e None None] Subscribe: > security_group_rule after_create 55550000, False {{(pid=87575) subscribe /opt/stack/data/venv/lib/python3.12/site-packages/neutron_lib/callbacks/manager.py:52}}
Jul 09 23:07:40.161785 np0000004931 devstack@neutron-api.service[87574]: INFO neutron.api.extensions [None req-f6b9168a-5c5b-4d3f-971b-83cf5e773915 None None] Extension qos-port-network-policy not supported by any of loaded plugins
Jul 09 23:07:40.161785 np0000004931 devstack@neutron-api.service[87574]: DEBUG neutron.api.extensions [None req-f6b9168a-5c5b-4d3f-971b-83cf5e773915 None None] Loading extension file: qos_pps_minimum_rule.py {{(pid=87574) _load_all_extensions_from_path /opt/stack/neutron/neutron/api/extensions.py:449}}
Jul 09 23:07:40.161966 np0000004931 devstack@neutron-api.service[87575]: DEBUG neutron_lib.callbacks.manager [None req-61c17366-41b3-4723-9339-7c8d3221827e None None] Subscribe: > security_group_rule after_update 55550000, False {{(pid=87575) subscribe /opt/stack/data/venv/lib/python3.12/site-packages/neutron_lib/callbacks/manager.py:52}}
Jul 09 23:07:40.161966 np0000004931 devstack@neutron-api.service[87575]: DEBUG neutron_lib.callbacks.manager [None req-61c17366-41b3-4723-9339-7c8d3221827e None None] Subscribe: > security_group_rule after_delete 55550000, False {{(pid=87575) subscribe /opt/stack/data/venv/lib/python3.12/site-packages/neutron_lib/callbacks/manager.py:52}}
Jul 09 23:07:40.162260 np0000004931 devstack@neutron-api.service[87574]: DEBUG neutron.api.extensions [None req-f6b9168a-5c5b-4d3f-971b-83cf5e773915 None None] Ext name="QoS minimum packet rate rule" alias="qos-pps-minimum" description="Allow to configure QoS minimum packet rate rule." updated="2021-07-14T10:00:00-00:00" {{(pid=87574) _check_extension /opt/stack/neutron/neutron/api/extensions.py:415}}
Jul 09 23:07:40.162524 np0000004931 devstack@neutron-api.service[87575]: DEBUG neutron_lib.callbacks.manager [None req-61c17366-41b3-4723-9339-7c8d3221827e None None] Subscribe: > address_group after_create 55550000, False {{(pid=87575) subscribe /opt/stack/data/venv/lib/python3.12/site-packages/neutron_lib/callbacks/manager.py:52}}
Jul 09 23:07:40.162815 np0000004931 devstack@neutron-api.service[87574]: INFO neutron.api.extensions [None req-f6b9168a-5c5b-4d3f-971b-83cf5e773915 None None] Extension qos-pps-minimum not supported by any of loaded plugins
Jul 09 23:07:40.163121 np0000004931 devstack@neutron-api.service[87575]: DEBUG neutron_lib.callbacks.manager [None req-61c17366-41b3-4723-9339-7c8d3221827e None None] Subscribe: > address_group after_update 55550000, False {{(pid=87575) subscribe /opt/stack/data/venv/lib/python3.12/site-packages/neutron_lib/callbacks/manager.py:52}}
Jul 09 23:07:40.163394 np0000004931 devstack@neutron-api.service[87574]: DEBUG neutron.api.extensions [None req-f6b9168a-5c5b-4d3f-971b-83cf5e773915 None None] Loading extension file: qos_pps_minimum_rule_alias.py {{(pid=87574) _load_all_extensions_from_path /opt/stack/neutron/neutron/api/extensions.py:449}}
Jul 09 23:07:40.163651 np0000004931 devstack@neutron-api.service[87575]: DEBUG neutron_lib.callbacks.manager [None req-61c17366-41b3-4723-9339-7c8d3221827e None None] Subscribe: > address_group after_delete 55550000, False {{(pid=87575) subscribe /opt/stack/data/venv/lib/python3.12/site-packages/neutron_lib/callbacks/manager.py:52}}
Jul 09 23:07:40.163835 np0000004931 devstack@neutron-api.service[87574]: DEBUG neutron.api.extensions [None req-f6b9168a-5c5b-4d3f-971b-83cf5e773915 None None] Ext name="QoS minimum packet rate rule alias" alias="qos-pps-minimum-rule-alias" description="API to enable GET, PUT and DELETE operations on QoS minimum packet rate rule without specifying policy ID" updated="2021-10-22T10:00:00-00:00" {{(pid=87574) _check_extension /opt/stack/neutron/neutron/api/extensions.py:415}}
Jul 09 23:07:40.164058 np0000004931 devstack@neutron-api.service[87575]: DEBUG neutron.plugins.ml2.ovo_rpc [None req-61c17366-41b3-4723-9339-7c8d3221827e None None] ML2 OVO RPC backend initialized. {{(pid=87575) __init__ /opt/stack/neutron/neutron/plugins/ml2/ovo_rpc.py:117}}
Jul 09 23:07:40.164279 np0000004931 devstack@neutron-api.service[87574]: INFO neutron.api.extensions [None req-f6b9168a-5c5b-4d3f-971b-83cf5e773915 None None] Extension qos-pps-minimum-rule-alias not supported by any of loaded plugins
Jul 09 23:07:40.164279 np0000004931 devstack@neutron-api.service[87574]: DEBUG neutron.api.extensions [None req-f6b9168a-5c5b-4d3f-971b-83cf5e773915 None None] Loading extension file: qos_pps_rule.py {{(pid=87574) _load_all_extensions_from_path /opt/stack/neutron/neutron/api/extensions.py:449}}
Jul 09 23:07:40.164279 np0000004931 devstack@neutron-api.service[87574]: DEBUG neutron.api.extensions [None req-f6b9168a-5c5b-4d3f-971b-83cf5e773915 None None] Ext name="QoS Rule Type Packet per Second Extension" alias="qos-pps" description="Add QoS Rule Type Packet per Second" updated="2021-05-12T10:00:00-00:00" {{(pid=87574) _check_extension /opt/stack/neutron/neutron/api/extensions.py:415}}
Jul 09 23:07:40.164279 np0000004931 devstack@neutron-api.service[87574]: INFO neutron.api.extensions [None req-f6b9168a-5c5b-4d3f-971b-83cf5e773915 None None] Extension qos-pps not supported by any of loaded plugins
Jul 09 23:07:40.164279 np0000004931 devstack@neutron-api.service[87574]: DEBUG neutron.api.extensions [None req-f6b9168a-5c5b-4d3f-971b-83cf5e773915 None None] Loading extension file: qos_rule_type_details.py {{(pid=87574) _load_all_extensions_from_path /opt/stack/neutron/neutron/api/extensions.py:449}}
Jul 09 23:07:40.164279 np0000004931 devstack@neutron-api.service[87574]: DEBUG neutron.api.extensions [None req-f6b9168a-5c5b-4d3f-971b-83cf5e773915 None None] Ext name="Details of QoS rule types" alias="qos-rule-type-details" description="Expose details about QoS rule types supported by loaded backend drivers" updated="2017-06-22T10:00:00-00:00" {{(pid=87574) _check_extension /opt/stack/neutron/neutron/api/extensions.py:415}}
Jul 09 23:07:40.164279 np0000004931 devstack@neutron-api.service[87574]: INFO neutron.api.extensions [None req-f6b9168a-5c5b-4d3f-971b-83cf5e773915 None None] Extension qos-rule-type-details not supported by any of loaded plugins
Jul 09 23:07:40.164704 np0000004931 devstack@neutron-api.service[87575]: INFO neutron.quota [None req-61c17366-41b3-4723-9339-7c8d3221827e None None] Loaded quota_driver: .
Jul 09 23:07:40.165029 np0000004931 devstack@neutron-api.service[87574]: DEBUG neutron.api.extensions [None req-f6b9168a-5c5b-4d3f-971b-83cf5e773915 None None] Loading extension file: qos_rule_type_filter.py {{(pid=87574) _load_all_extensions_from_path /opt/stack/neutron/neutron/api/extensions.py:449}}
Jul 09 23:07:40.165512 np0000004931 devstack@neutron-api.service[87575]: INFO neutron.plugins.ml2.plugin [None req-61c17366-41b3-4723-9339-7c8d3221827e None None] Modular L2 Plugin initialization complete
Jul 09 23:07:40.165774 np0000004931 devstack@neutron-api.service[87574]: DEBUG neutron.api.extensions [None req-f6b9168a-5c5b-4d3f-971b-83cf5e773915 None None] Ext name="Allow to filter the list of QoS rule types" alias="qos-rule-type-filter" description="Allows to filter the QoS rule type list adding two new flags. "all_rules" prints all implemented QoS rule types."all_supported" prints all supported QoS rule types by the loaded mechanism drivers" updated="2022-02-02T10:00:00-00:00" {{(pid=87574) _check_extension /opt/stack/neutron/neutron/api/extensions.py:415}}
Jul 09 23:07:40.165965 np0000004931 devstack@neutron-api.service[87575]: DEBUG neutron.manager [None req-61c17366-41b3-4723-9339-7c8d3221827e None None] Loading services supported by the core plugin {{(pid=87575) _load_services_from_core_plugin /opt/stack/neutron/neutron/manager.py:167}}
Jul 09 23:07:40.166263 np0000004931 devstack@neutron-api.service[87574]: INFO neutron.api.extensions [None req-f6b9168a-5c5b-4d3f-971b-83cf5e773915 None None] Extension qos-rule-type-filter not supported by any of loaded plugins
Jul 09 23:07:40.166263 np0000004931 devstack@neutron-api.service[87574]: DEBUG neutron.api.extensions [None req-f6b9168a-5c5b-4d3f-971b-83cf5e773915 None None] Loading extension file: qos_rules_alias.py {{(pid=87574) _load_all_extensions_from_path /opt/stack/neutron/neutron/api/extensions.py:449}}
Jul 09 23:07:40.166481 np0000004931 devstack@neutron-api.service[87575]: INFO neutron.plugins.ml2.managers [None req-61c17366-41b3-4723-9339-7c8d3221827e None None] Got port-security extension from driver 'port_security'
Jul 09 23:07:40.166641 np0000004931 devstack@neutron-api.service[87574]: DEBUG neutron.api.extensions [None req-f6b9168a-5c5b-4d3f-971b-83cf5e773915 None None] Ext name="Quality of Service rules alias API" alias="qos-rules-alias" description="API to enable GET, PUT and DELETE operations on QoS policy rules without specifying policy ID" updated="2018-10-07T10:00:00-00:00" {{(pid=87574) _check_extension /opt/stack/neutron/neutron/api/extensions.py:415}}
Jul 09 23:07:40.166641 np0000004931 devstack@neutron-api.service[87574]: INFO neutron.api.extensions [None req-f6b9168a-5c5b-4d3f-971b-83cf5e773915 None None] Extension qos-rules-alias not supported by any of loaded plugins
Jul 09 23:07:40.166823 np0000004931 devstack@neutron-api.service[87575]: DEBUG neutron.manager [None req-61c17366-41b3-4723-9339-7c8d3221827e None None] Loading service plugins: ['ovn-router', 'auto_allocate', 'tag', 'timestamp', 'network_ip_availability', 'flavors', 'revisions'] {{(pid=87575) _load_service_plugins /opt/stack/neutron/neutron/manager.py:192}}
Jul 09 23:07:40.167079 np0000004931 devstack@neutron-api.service[87574]: DEBUG neutron.api.extensions [None req-f6b9168a-5c5b-4d3f-971b-83cf5e773915 None None] Loading extension file: quota_check_limit.py {{(pid=87574) _load_all_extensions_from_path /opt/stack/neutron/neutron/api/extensions.py:449}}
Jul 09 23:07:40.167332 np0000004931 devstack@neutron-api.service[87575]: INFO neutron.manager [None req-61c17366-41b3-4723-9339-7c8d3221827e None None] Loading Plugin: ovn-router
Jul 09 23:07:40.167649 np0000004931 devstack@neutron-api.service[87574]: DEBUG neutron.api.extensions [None req-f6b9168a-5c5b-4d3f-971b-83cf5e773915 None None] Ext name="Quota engine limit check" alias="quota-check-limit" description="Support for checking the resource usage before applying a new quota limit" updated="2021-09-08T16:00:00-00:00" {{(pid=87574) _check_extension /opt/stack/neutron/neutron/api/extensions.py:415}}
Jul 09 23:07:40.167649 np0000004931 devstack@neutron-api.service[87574]: INFO neutron.api.extensions [None req-f6b9168a-5c5b-4d3f-971b-83cf5e773915 None None] Loaded extension: quota-check-limit
Jul 09 23:07:40.167649 np0000004931 devstack@neutron-api.service[87574]: DEBUG neutron.api.extensions [None req-f6b9168a-5c5b-4d3f-971b-83cf5e773915 None None] Loading extension file: quota_check_limit_default.py {{(pid=87574) _load_all_extensions_from_path /opt/stack/neutron/neutron/api/extensions.py:449}}
Jul 09 23:07:40.167649 np0000004931 devstack@neutron-api.service[87574]: DEBUG neutron.api.extensions [None req-f6b9168a-5c5b-4d3f-971b-83cf5e773915 None None] Ext name="Quota engine limit check by default" alias="quota-check-limit-default" description="By default, the Neutron quota engine checks the resource usage before applying a new quota limit" updated="2024-08-21T16:00:00-00:00" {{(pid=87574) _check_extension /opt/stack/neutron/neutron/api/extensions.py:415}}
Jul 09 23:07:40.167649 np0000004931 devstack@neutron-api.service[87574]: INFO neutron.api.extensions [None req-f6b9168a-5c5b-4d3f-971b-83cf5e773915 None None] Loaded extension: quota-check-limit-default
Jul 09 23:07:40.167649 np0000004931 devstack@neutron-api.service[87574]: DEBUG neutron.api.extensions [None req-f6b9168a-5c5b-4d3f-971b-83cf5e773915 None None] Loading extension file: quotasv2.py {{(pid=87574) _load_all_extensions_from_path /opt/stack/neutron/neutron/api/extensions.py:449}}
Jul 09 23:07:40.167649 np0000004931 devstack@neutron-api.service[87574]: DEBUG neutron.api.extensions [None req-f6b9168a-5c5b-4d3f-971b-83cf5e773915 None None] Ext name="Quota management support" alias="quotas" description="Expose functions for quotas management per project" updated="2012-07-29T10:00:00-00:00" {{(pid=87574) _check_extension /opt/stack/neutron/neutron/api/extensions.py:415}}
Jul 09 23:07:40.168057 np0000004931 devstack@neutron-api.service[87574]: INFO neutron.api.extensions [None req-f6b9168a-5c5b-4d3f-971b-83cf5e773915 None None] Loaded extension: quotas
Jul 09 23:07:40.168057 np0000004931 devstack@neutron-api.service[87574]: DEBUG neutron.api.extensions [None req-f6b9168a-5c5b-4d3f-971b-83cf5e773915 None None] Loading extension file: quotasv2_detail.py {{(pid=87574) _load_all_extensions_from_path /opt/stack/neutron/neutron/api/extensions.py:449}}
Jul 09 23:07:40.168057 np0000004931 devstack@neutron-api.service[87574]: DEBUG neutron.api.extensions [None req-f6b9168a-5c5b-4d3f-971b-83cf5e773915 None None] Ext name="Quota details management support" alias="quota_details" description="Expose functions for quotas usage statistics per project" updated="2017-02-10T10:00:00-00:00" {{(pid=87574) _check_extension /opt/stack/neutron/neutron/api/extensions.py:415}}
Jul 09 23:07:40.168057 np0000004931 devstack@neutron-api.service[87574]: INFO neutron.api.extensions [None req-f6b9168a-5c5b-4d3f-971b-83cf5e773915 None None] Loaded extension: quota_details
Jul 09 23:07:40.168057 np0000004931 devstack@neutron-api.service[87574]: DEBUG neutron.api.extensions [None req-f6b9168a-5c5b-4d3f-971b-83cf5e773915 None None] Loading extension file: rbac.py {{(pid=87574) _load_all_extensions_from_path /opt/stack/neutron/neutron/api/extensions.py:449}}
Jul 09 23:07:40.168057 np0000004931 devstack@neutron-api.service[87574]: DEBUG neutron.api.extensions [None req-f6b9168a-5c5b-4d3f-971b-83cf5e773915 None None] Ext name="RBAC Policies" alias="rbac-policies" description="Allows creation and modification of policies that control project access to resources." updated="2015-06-17T12:15:12-00:00" {{(pid=87574) _check_extension /opt/stack/neutron/neutron/api/extensions.py:415}}
Jul 09 23:07:40.168057 np0000004931 devstack@neutron-api.service[87574]: INFO neutron.api.extensions [None req-f6b9168a-5c5b-4d3f-971b-83cf5e773915 None None] Loaded extension: rbac-policies
Jul 09 23:07:40.168057 np0000004931 devstack@neutron-api.service[87574]: DEBUG neutron.api.extensions [None req-f6b9168a-5c5b-4d3f-971b-83cf5e773915 None None] Loading extension file: rbac_address_group.py {{(pid=87574) _load_all_extensions_from_path /opt/stack/neutron/neutron/api/extensions.py:449}}
Jul 09 23:07:40.168832 np0000004931 devstack@neutron-api.service[87574]: DEBUG neutron.api.extensions [None req-f6b9168a-5c5b-4d3f-971b-83cf5e773915 None None] Ext name="Add address_group type to RBAC" alias="rbac-address-group" description="Add address_group type to network RBAC" updated="2021-01-20T00:00:00-00:00" {{(pid=87574) _check_extension /opt/stack/neutron/neutron/api/extensions.py:415}}
Jul 09 23:07:40.168832 np0000004931 devstack@neutron-api.service[87574]: INFO neutron.api.extensions [None req-f6b9168a-5c5b-4d3f-971b-83cf5e773915 None None] Extension rbac-address-group not supported by any of loaded plugins
Jul 09 23:07:40.168832 np0000004931 devstack@neutron-api.service[87574]: DEBUG neutron.api.extensions [None req-f6b9168a-5c5b-4d3f-971b-83cf5e773915 None None] Loading extension file: rbac_address_scope.py {{(pid=87574) _load_all_extensions_from_path /opt/stack/neutron/neutron/api/extensions.py:449}}
Jul 09 23:07:40.168832 np0000004931 devstack@neutron-api.service[87574]: DEBUG neutron.api.extensions [None req-f6b9168a-5c5b-4d3f-971b-83cf5e773915 None None] Ext name="Add address_scope type to RBAC" alias="rbac-address-scope" description="Add address_scope type to RBAC" updated="2020-02-12T00:00:00-00:00" {{(pid=87574) _check_extension /opt/stack/neutron/neutron/api/extensions.py:415}}
Jul 09 23:07:40.168832 np0000004931 devstack@neutron-api.service[87574]: INFO neutron.api.extensions [None req-f6b9168a-5c5b-4d3f-971b-83cf5e773915 None None] Loaded extension: rbac-address-scope
Jul 09 23:07:40.168832 np0000004931 devstack@neutron-api.service[87574]: DEBUG neutron.api.extensions [None req-f6b9168a-5c5b-4d3f-971b-83cf5e773915 None None] Loading extension file: rbac_security_groups.py {{(pid=87574) _load_all_extensions_from_path /opt/stack/neutron/neutron/api/extensions.py:449}}
Jul 09 23:07:40.168832 np0000004931 devstack@neutron-api.service[87574]: DEBUG neutron.api.extensions [None req-f6b9168a-5c5b-4d3f-971b-83cf5e773915 None None] Ext name="Add security_group type to network RBAC" alias="rbac-security-groups" description="Add security_group type to network RBAC" updated="2019-02-14T00:00:00-00:00" {{(pid=87574) _check_extension /opt/stack/neutron/neutron/api/extensions.py:415}}
Jul 09 23:07:40.169336 np0000004931 devstack@neutron-api.service[87574]: INFO neutron.api.extensions [None req-f6b9168a-5c5b-4d3f-971b-83cf5e773915 None None] Loaded extension: rbac-security-groups
Jul 09 23:07:40.169336 np0000004931 devstack@neutron-api.service[87574]: DEBUG neutron.api.extensions [None req-f6b9168a-5c5b-4d3f-971b-83cf5e773915 None None] Loading extension file: rbac_subnetpool.py {{(pid=87574) _load_all_extensions_from_path /opt/stack/neutron/neutron/api/extensions.py:449}}
Jul 09 23:07:40.169336 np0000004931 devstack@neutron-api.service[87574]: DEBUG neutron.api.extensions [None req-f6b9168a-5c5b-4d3f-971b-83cf5e773915 None None] Ext name="Add subnetpool type to RBAC" alias="rbac-subnetpool" description="Add subnetpool type to RBAC" updated="2020-02-05T00:00:00-00:00" {{(pid=87574) _check_extension /opt/stack/neutron/neutron/api/extensions.py:415}}
Jul 09 23:07:40.169336 np0000004931 devstack@neutron-api.service[87574]: INFO neutron.api.extensions [None req-f6b9168a-5c5b-4d3f-971b-83cf5e773915 None None] Extension rbac-subnetpool not supported by any of loaded plugins
Jul 09 23:07:40.169336 np0000004931 devstack@neutron-api.service[87574]: DEBUG neutron.api.extensions [None req-f6b9168a-5c5b-4d3f-971b-83cf5e773915 None None] Loading extension file: revisionifmatch.py {{(pid=87574) _load_all_extensions_from_path /opt/stack/neutron/neutron/api/extensions.py:449}}
Jul 09 23:07:40.169336 np0000004931 devstack@neutron-api.service[87574]: DEBUG neutron.api.extensions [None req-f6b9168a-5c5b-4d3f-971b-83cf5e773915 None None] Ext name="If-Match constraints based on revision_number" alias="revision-if-match" description="Extension indicating that If-Match based on revision_number is supported." updated="2016-12-11T00:00:00-00:00" {{(pid=87574) _check_extension /opt/stack/neutron/neutron/api/extensions.py:415}}
Jul 09 23:07:40.169336 np0000004931 devstack@neutron-api.service[87574]: INFO neutron.api.extensions [None req-f6b9168a-5c5b-4d3f-971b-83cf5e773915 None None] Loaded extension: revision-if-match
Jul 09 23:07:40.169336 np0000004931 devstack@neutron-api.service[87574]: DEBUG neutron.api.extensions [None req-f6b9168a-5c5b-4d3f-971b-83cf5e773915 None None] Loading extension file: revisions.py {{(pid=87574) _load_all_extensions_from_path /opt/stack/neutron/neutron/api/extensions.py:449}}
Jul 09 23:07:40.170010 np0000004931 devstack@neutron-api.service[87574]: DEBUG neutron.api.extensions [None req-f6b9168a-5c5b-4d3f-971b-83cf5e773915 None None] Ext name="Resource revision numbers" alias="standard-attr-revisions" description="This extension will display the revision number of neutron resources." updated="2016-04-11T10:00:00-00:00" {{(pid=87574) _check_extension /opt/stack/neutron/neutron/api/extensions.py:415}}
Jul 09 23:07:40.170010 np0000004931 devstack@neutron-api.service[87574]: INFO neutron.api.extensions [None req-f6b9168a-5c5b-4d3f-971b-83cf5e773915 None None] Loaded extension: standard-attr-revisions
Jul 09 23:07:40.170010 np0000004931 devstack@neutron-api.service[87574]: DEBUG neutron.api.extensions [None req-f6b9168a-5c5b-4d3f-971b-83cf5e773915 None None] Loading extension file: router_availability_zone.py {{(pid=87574) _load_all_extensions_from_path /opt/stack/neutron/neutron/api/extensions.py:449}}
Jul 09 23:07:40.170010 np0000004931 devstack@neutron-api.service[87574]: DEBUG neutron.api.extensions [None req-f6b9168a-5c5b-4d3f-971b-83cf5e773915 None None] Ext name="Router Availability Zone" alias="router_availability_zone" description="Availability zone support for router." updated="2015-01-01T10:00:00-00:00" {{(pid=87574) _check_extension /opt/stack/neutron/neutron/api/extensions.py:415}}
Jul 09 23:07:40.170010 np0000004931 devstack@neutron-api.service[87574]: INFO neutron.api.extensions [None req-f6b9168a-5c5b-4d3f-971b-83cf5e773915 None None] Loaded extension: router_availability_zone
Jul 09 23:07:40.170010 np0000004931 devstack@neutron-api.service[87574]: DEBUG neutron.api.extensions [None req-f6b9168a-5c5b-4d3f-971b-83cf5e773915 None None] Loading extension file: router_enable_snat.py {{(pid=87574) _load_all_extensions_from_path /opt/stack/neutron/neutron/api/extensions.py:449}}
Jul 09 23:07:40.170010 np0000004931 devstack@neutron-api.service[87574]: DEBUG neutron.api.extensions [None req-f6b9168a-5c5b-4d3f-971b-83cf5e773915 None None] Ext name="Exposes the router "enable_snat" read-only configuration flag" alias="router-enable-snat" description="Exposes the router "enable_snat" read-only configuration flag" updated="2025-09-18T18:00:00-00:00" {{(pid=87574) _check_extension /opt/stack/neutron/neutron/api/extensions.py:415}}
Jul 09 23:07:40.170374 np0000004931 devstack@neutron-api.service[87574]: INFO neutron.api.extensions [None req-f6b9168a-5c5b-4d3f-971b-83cf5e773915 None None] Loaded extension: router-enable-snat
Jul 09 23:07:40.170374 np0000004931 devstack@neutron-api.service[87574]: DEBUG neutron.api.extensions [None req-f6b9168a-5c5b-4d3f-971b-83cf5e773915 None None] Loading extension file: routerservicetype.py {{(pid=87574) _load_all_extensions_from_path /opt/stack/neutron/neutron/api/extensions.py:449}}
Jul 09 23:07:40.170374 np0000004931 devstack@neutron-api.service[87574]: DEBUG neutron.api.extensions [None req-f6b9168a-5c5b-4d3f-971b-83cf5e773915 None None] Ext name="Router Service Type" alias="router-service-type" description="Provides router service type" updated="2013-01-29T00:00:00-00:00" {{(pid=87574) _check_extension /opt/stack/neutron/neutron/api/extensions.py:415}}
Jul 09 23:07:40.170374 np0000004931 devstack@neutron-api.service[87574]: INFO neutron.api.extensions [None req-f6b9168a-5c5b-4d3f-971b-83cf5e773915 None None] Extension router-service-type not supported by any of loaded plugins
Jul 09 23:07:40.170374 np0000004931 devstack@neutron-api.service[87574]: DEBUG neutron.api.extensions [None req-f6b9168a-5c5b-4d3f-971b-83cf5e773915 None None] Loading extension file: security_groups_default_rules.py {{(pid=87574) _load_all_extensions_from_path /opt/stack/neutron/neutron/api/extensions.py:449}}
Jul 09 23:07:40.170374 np0000004931 devstack@neutron-api.service[87574]: DEBUG neutron.api.extensions [None req-f6b9168a-5c5b-4d3f-971b-83cf5e773915 None None] Ext name="Default rules for security groups" alias="security-groups-default-rules" description="Configure set of security group rules used as default rules for every new security group" updated="2022-12-19T10:00:00-00:00" {{(pid=87574) _check_extension /opt/stack/neutron/neutron/api/extensions.py:415}}
Jul 09 23:07:40.170374 np0000004931 devstack@neutron-api.service[87574]: INFO neutron.api.extensions [None req-f6b9168a-5c5b-4d3f-971b-83cf5e773915 None None] Loaded extension: security-groups-default-rules
Jul 09 23:07:40.170892 np0000004931 devstack@neutron-api.service[87574]: DEBUG neutron.api.extensions [None req-f6b9168a-5c5b-4d3f-971b-83cf5e773915 None None] Loading extension file: security_groups_default_statefulness.py {{(pid=87574) _load_all_extensions_from_path /opt/stack/neutron/neutron/api/extensions.py:449}}
Jul 09 23:07:40.170892 np0000004931 devstack@neutron-api.service[87574]: DEBUG neutron.api.extensions [None req-f6b9168a-5c5b-4d3f-971b-83cf5e773915 None None] Ext name="Security Groups Default Statefulness" alias="security-groups-default-statefulness" description="Allows configuring the default value of the 'stateful' attribute for new security groups, on a per-project or system-wide basis" updated="2026-04-13T00:00:00-00:00" {{(pid=87574) _check_extension /opt/stack/neutron/neutron/api/extensions.py:415}}
Jul 09 23:07:40.170892 np0000004931 devstack@neutron-api.service[87574]: INFO neutron.api.extensions [None req-f6b9168a-5c5b-4d3f-971b-83cf5e773915 None None] Loaded extension: security-groups-default-statefulness
Jul 09 23:07:40.170892 np0000004931 devstack@neutron-api.service[87574]: DEBUG neutron.api.extensions [None req-f6b9168a-5c5b-4d3f-971b-83cf5e773915 None None] Loading extension file: security_groups_normalized_cidr.py {{(pid=87574) _load_all_extensions_from_path /opt/stack/neutron/neutron/api/extensions.py:449}}
Jul 09 23:07:40.170892 np0000004931 devstack@neutron-api.service[87574]: DEBUG neutron.api.extensions [None req-f6b9168a-5c5b-4d3f-971b-83cf5e773915 None None] Ext name="Normalized CIDR field for security group rules" alias="security-groups-normalized-cidr" description="Add new field with normalized remote_ip_prefix cidr in SG rule" updated="2020-07-28T10:00:00-00:00" {{(pid=87574) _check_extension /opt/stack/neutron/neutron/api/extensions.py:415}}
Jul 09 23:07:40.170892 np0000004931 devstack@neutron-api.service[87574]: INFO neutron.api.extensions [None req-f6b9168a-5c5b-4d3f-971b-83cf5e773915 None None] Loaded extension: security-groups-normalized-cidr
